Build Information
Failed to build PropertyList, reference develop (1f0dd3), with Swift 6.2 for macOS (Xcode) using Xcode 26.3 on 9 Oct 2026 05:29:01 UTC.
Build Command
No build command. This typically means the build failed at an early stage where we determine the build command.Build Log
========================================
RunAll
========================================
Builder version: 5.1.1
Interrupt handler set up.
========================================
Checkout
========================================
Clone URL: https://github.com/sinoru/swift-property-list.git
Reference: develop
Initialized empty Git repository in /Users/admin/builder/spi-builder-workspace/.git/
From https://github.com/sinoru/swift-property-list
* branch develop -> FETCH_HEAD
* [new branch] develop -> origin/develop
HEAD is now at 1f0dd3a Cut 1.0.0
Cloned https://github.com/sinoru/swift-property-list.git
Revision (git rev-parse @):
1f0dd3a6b9564e31048e9b7de51a623175f5962d
SUCCESS checkout https://github.com/sinoru/swift-property-list.git at develop
========================================
Build
========================================
Selected platform: macosXcodebuild
Swift version: 6.2
Building package at path: $PWD
https://github.com/sinoru/swift-property-list.git
Command line invocation:
/Applications/Xcode-26.3.0.app/Contents/Developer/usr/bin/xcodebuild -IDEClonedSourcePackagesDirPathOverride=/Users/admin/builder/spi-builder-workspace/.dependencies -resolvePackageDependencies
Resolve Package Graph
package 'spi-builder-workspace' is using Swift tools version 6.3.0 but the installed version is 6.2.4
Resolved source packages:
spi-builder-workspace: (null)
2026-10-09 01:29:01.028 xcodebuild[538:3112] Writing error result bundle to /var/folders/xq/y_g06wb113726d38xsyx71_h0000gn/T/ResultBundle_2026-09-10_01-29-0001.xcresult
xcodebuild: error: Could not resolve package dependencies:
package 'spi-builder-workspace' is using Swift tools version 6.3.0 but the installed version is 6.2.4
Command line invocation:
/Applications/Xcode-26.3.0.app/Contents/Developer/usr/bin/xcodebuild -IDEClonedSourcePackagesDirPathOverride=/Users/admin/builder/spi-builder-workspace/.dependencies -resolvePackageDependencies
Resolve Package Graph
package 'spi-builder-workspace' is using Swift tools version 6.3.0 but the installed version is 6.2.4
Resolved source packages:
spi-builder-workspace: (null)
2026-10-09 01:29:01.936 xcodebuild[600:3628] Writing error result bundle to /var/folders/xq/y_g06wb113726d38xsyx71_h0000gn/T/ResultBundle_2026-09-10_01-29-0001.xcresult
xcodebuild: error: Could not resolve package dependencies:
package 'spi-builder-workspace' is using Swift tools version 6.3.0 but the installed version is 6.2.4
BUILD FAILURE 6.2 macosXcodebuild