The Swift Package Index logo.Swift Package Index

Build Information

Failed to build ElegantCalendar, reference master (3d1e83), with Swift 6.4 for watchOS using Xcode 27.0 on 17 Sep 2026 21:39:16 UTC.

Build Command

env DEVELOPER_DIR=/Applications/Xcode-27.0.0-Release.Candidate.app xcrun xcodebuild -IDEClonedSourcePackagesDirPathOverride=$PWD/.dependencies -skipMacroValidation -skipPackagePluginValidation -derivedDataPath $PWD/.derivedData build -scheme ElegantCalendar -destination generic/platform=watchOS

Build Log

========================================
RunAll
========================================
Builder version: 5.1.0
Interrupt handler set up.
========================================
Checkout
========================================
Clone URL: https://github.com/ThasianX/ElegantCalendar.git
Reference: master
Initialized empty Git repository in /Users/admin/builder/spi-builder-workspace/.git/
From https://github.com/ThasianX/ElegantCalendar
 * branch            master     -> FETCH_HEAD
 * [new branch]      master     -> origin/master
HEAD is now at 3d1e836 Fix issue https://github.com/ThasianX/ElegantCalendar/issues/43
Cloned https://github.com/ThasianX/ElegantCalendar.git
Revision (git rev-parse @):
3d1e8369ffb233e392ee36ad6ff0fd38ad4846b2
SUCCESS checkout https://github.com/ThasianX/ElegantCalendar.git at master
========================================
Build
========================================
Selected platform:         watchOS
Swift version:             6.4
Building package at path:  $PWD
https://github.com/ThasianX/ElegantCalendar.git
Command line invocation:
    /Applications/Xcode-27.0.0-Release.Candidate.app/Contents/Developer/usr/bin/xcodebuild -IDEClonedSourcePackagesDirPathOverride=/Users/admin/builder/spi-builder-workspace/.dependencies -resolvePackageDependencies
Resolve Package Graph
Fetching from https://github.com/ThasianX/ElegantPages
Creating working copy of package ‘ElegantPages’
Checking out 1.4.2 of package ‘ElegantPages’
Resolve Package Graph
Resolved source packages:
  ElegantPages: https://github.com/ThasianX/ElegantPages @ 1.4.2
  ElegantCalendar: /Users/admin/builder/spi-builder-workspace
resolved source packages: ElegantPages, ElegantCalendar
2026-09-17 17:38:23.241 xcodebuild[528:3030] [MT] IDERunDestination: Supported platforms for the buildables in the current scheme is empty.
{
  "dependencies" : [
    {
      "identity" : "elegantpages",
      "requirement" : {
        "range" : [
          {
            "lower_bound" : "1.4.1",
            "upper_bound" : "2.0.0"
          }
        ]
      },
      "type" : "sourceControl",
      "url" : "https://github.com/ThasianX/ElegantPages"
    }
  ],
  "manifest_display_name" : "ElegantCalendar",
  "name" : "ElegantCalendar",
  "path" : "/Users/admin/builder/spi-builder-workspace",
  "platforms" : [
    {
      "name" : "ios",
      "version" : "13.0"
    }
  ],
  "products" : [
    {
      "name" : "ElegantCalendar",
      "targets" : [
        "ElegantCalendar"
      ],
      "type" : {
        "library" : [
          "automatic"
        ]
      }
    }
  ],
  "targets" : [
    {
      "c99name" : "ElegantCalendar",
      "module_type" : "SwiftTarget",
      "name" : "ElegantCalendar",
      "path" : "Sources/ElegantCalendar",
      "product_dependencies" : [
        "ElegantPages"
      ],
      "product_memberships" : [
        "ElegantCalendar"
      ],
      "sources" : [
        "Helpers/Extensions/Axis+Invert.swift",
        "Helpers/Extensions/Calender+Dates.swift",
        "Helpers/Extensions/Color+CustomColors.swift",
        "Helpers/Extensions/Date+DaysFromToday.swift",
        "Helpers/Extensions/Date+toString.swift",
        "Helpers/Extensions/Enumeration+Matching.swift",
        "Helpers/Extensions/EnvironmentKey+CalendarTheme.swift",
        "Helpers/Extensions/Image+Custom.swift",
        "Helpers/Extensions/UIImage+BundleInit.swift",
        "Helpers/Extensions/UIImpactFeedbackGenerator+Haptic.swift",
        "Helpers/Models/CalendarConfiguration.swift",
        "Helpers/Models/CalenderConstants.swift",
        "Helpers/Models/ObservableObjects/ElegantCalendarManager.swift",
        "Helpers/Models/ObservableObjects/MonthlyCalendarManager.swift",
        "Helpers/Models/ObservableObjects/PagerState.swift",
        "Helpers/Models/ObservableObjects/YearlyCalendarManager.swift",
        "Helpers/Models/Protocols/Calendar+Axis.swift",
        "Helpers/Models/Protocols/Calendar+Buildable.swift",
        "Helpers/Models/Protocols/ElegantCalendarCommunicator.swift",
        "Helpers/Models/Protocols/ElegantCalendarDataSource.swift",
        "Helpers/Models/Protocols/ElegantCalendarDelegate.swift",
        "Helpers/Previews/LightDarkThemePreview.swift",
        "Views/ElegantCalendarView.swift",
        "Views/Monthly/DayView.swift",
        "Views/Monthly/MonthView.swift",
        "Views/Monthly/MonthlyCalendarView.swift",
        "Views/Monthly/WeekView.swift",
        "Views/Shared/ScrollBackToTodayButton.swift",
        "Views/Yearly/SmallDayView.swift",
        "Views/Yearly/SmallMonthView.swift",
        "Views/Yearly/SmallWeekView.swift",
        "Views/Yearly/YearView.swift",
        "Views/Yearly/YearlyCalendarView.swift"
      ],
      "type" : "library"
    }
  ],
  "tools_version" : "5.1"
}
{
  "workspace" : {
    "name" : "ElegantCalendar",
    "schemes" : [
      "ElegantCalendar"
    ]
  }
}
2026-09-17 17:39:04.577 xcodebuild[711:4439] [MT] IDERunDestination: Supported platforms for the buildables in the current scheme is empty.
Running build ...
env DEVELOPER_DIR=/Applications/Xcode-27.0.0-Release.Candidate.app xcrun xcodebuild -IDEClonedSourcePackagesDirPathOverride=$PWD/.dependencies -skipMacroValidation -skipPackagePluginValidation -derivedDataPath $PWD/.derivedData build -scheme ElegantCalendar -destination generic/platform=watchOS
Command line invocation:
    /Applications/Xcode-27.0.0-Release.Candidate.app/Contents/Developer/usr/bin/xcodebuild -IDEClonedSourcePackagesDirPathOverride=/Users/admin/builder/spi-builder-workspace/.dependencies -skipMacroValidation -skipPackagePluginValidation -derivedDataPath /Users/admin/builder/spi-builder-workspace/.derivedData build -scheme ElegantCalendar -destination generic/platform=watchOS
Resolve Package Graph
Resolve Package Graph
Resolved source packages:
  ElegantCalendar: /Users/admin/builder/spi-builder-workspace
  ElegantPages: https://github.com/ThasianX/ElegantPages @ 1.4.2
ComputePackagePrebuildTargetDependencyGraph
Prepare packages
CreateBuildRequest
SendProjectDescription
CreateBuildOperation
ComputeTargetDependencyGraph
note: Building targets in dependency order
note: Target dependency graph (4 targets)
    Target 'ElegantCalendar-product' in project 'ElegantCalendar'
        ➜ Explicit dependency on target 'ElegantCalendar' in project 'ElegantCalendar'
        ➜ Explicit dependency on target 'ElegantPages-product' in project 'ElegantPages'
    Target 'ElegantCalendar' in project 'ElegantCalendar'
        ➜ Explicit dependency on target 'ElegantPages-product' in project 'ElegantPages'
    Target 'ElegantPages-product' in project 'ElegantPages'
        ➜ Explicit dependency on target 'ElegantPages' in project 'ElegantPages'
    Target 'ElegantPages' in project 'ElegantPages' (no dependencies)
GatherProvisioningInputs
CreateBuildDescription
ExecuteExternalTool /Applications/Xcode-27.0.0-Release.Candidate.app/Contents/Developer/Toolchains/XcodeDefault.xctoolchain/usr/bin/clang -v -E -dM -isysroot /Applications/Xcode-27.0.0-Release.Candidate.app/Contents/Developer/Platforms/WatchOS.platform/Developer/SDKs/WatchOS27.0.sdk -x c -c /dev/null
ExecuteExternalTool /Applications/Xcode-27.0.0-Release.Candidate.app/Contents/Developer/Toolchains/XcodeDefault.xctoolchain/usr/bin/swiftc --version
ExecuteExternalTool /Applications/Xcode-27.0.0-Release.Candidate.app/Contents/Developer/Toolchains/XcodeDefault.xctoolchain/usr/bin/ld -version_details
Build description signature: 067b9749b1a2a3a1896aae4a260eee03
Build description path: /Users/admin/builder/spi-builder-workspace/.derivedData/Build/Intermediates.noindex/XCBuildData/067b9749b1a2a3a1896aae4a260eee03.xcbuilddata
CreateBuildDirectory /Users/admin/builder/spi-builder-workspace/.derivedData/CompilationCache.noindex
    cd /Users/admin/builder/spi-builder-workspace/.swiftpm/xcode
    builtin-create-build-directory /Users/admin/builder/spi-builder-workspace/.derivedData/CompilationCache.noindex
CreateBuildDirectory /Users/admin/builder/spi-builder-workspace/.derivedData/SDKExplicitPrecompiledModules
    cd /Users/admin/builder/spi-builder-workspace/.swiftpm/xcode
    builtin-create-build-directory /Users/admin/builder/spi-builder-workspace/.derivedData/SDKExplicitPrecompiledModules
CreateBuildDirectory /Users/admin/builder/spi-builder-workspace/.derivedData/ModuleCache.noindex
    cd /Users/admin/builder/spi-builder-workspace/.swiftpm/xcode
    builtin-create-build-directory /Users/admin/builder/spi-builder-workspace/.derivedData/ModuleCache.noindex
ClangStatCache /Applications/Xcode-27.0.0-Release.Candidate.app/Contents/Developer/Toolchains/XcodeDefault.xctoolchain/usr/bin/clang-stat-cache /Applications/Xcode-27.0.0-Release.Candidate.app/Contents/Developer/Platforms/WatchOS.platform/Developer/SDKs/WatchOS27.0.sdk /Users/admin/builder/spi-builder-workspace/.derivedData/SDKStatCaches.noindex/watchos27.0-24R360-e829b21a6f8c9b70876ba0858053c04477534ef55a1706bf4c1112bbb242f0a2.sdkstatcache
    cd /Users/admin/builder/spi-builder-workspace/.swiftpm/xcode
    /Applications/Xcode-27.0.0-Release.Candidate.app/Contents/Developer/Toolchains/XcodeDefault.xctoolchain/usr/bin/clang-stat-cache /Applications/Xcode-27.0.0-Release.Candidate.app/Contents/Developer/Platforms/WatchOS.platform/Developer/SDKs/WatchOS27.0.sdk -o /Users/admin/builder/spi-builder-workspace/.derivedData/SDKStatCaches.noindex/watchos27.0-24R360-e829b21a6f8c9b70876ba0858053c04477534ef55a1706bf4c1112bbb242f0a2.sdkstatcache
CreateBuildDirectory /Users/admin/builder/spi-builder-workspace/.derivedData/Build/Products
    cd /Users/admin/builder/spi-builder-workspace/.swiftpm/xcode
    builtin-create-build-directory /Users/admin/builder/spi-builder-workspace/.derivedData/Build/Products
CreateBuildDirectory /Users/admin/builder/spi-builder-workspace/.derivedData/Build/Intermediates.noindex
    cd /Users/admin/builder/spi-builder-workspace/.swiftpm/xcode
    builtin-create-build-directory /Users/admin/builder/spi-builder-workspace/.derivedData/Build/Intermediates.noindex
CreateBuildDirectory /Users/admin/builder/spi-builder-workspace/.derivedData/Build/Intermediates.noindex/SwiftExplicitPrecompiledModules
    cd /Users/admin/builder/spi-builder-workspace/.swiftpm/xcode
    builtin-create-build-directory /Users/admin/builder/spi-builder-workspace/.derivedData/Build/Intermediates.noindex/SwiftExplicitPrecompiledModules
CreateBuildDirectory /Users/admin/builder/spi-builder-workspace/.derivedData/Build/Intermediates.noindex/PrecompiledHeaders
    cd /Users/admin/builder/spi-builder-workspace/.swiftpm/xcode
    builtin-create-build-directory /Users/admin/builder/spi-builder-workspace/.derivedData/Build/Intermediates.noindex/PrecompiledHeaders
CreateBuildDirectory /Users/admin/builder/spi-builder-workspace/.derivedData/Build/Intermediates.noindex/ExplicitPrecompiledModules
    cd /Users/admin/builder/spi-builder-workspace/.swiftpm/xcode
    builtin-create-build-directory /Users/admin/builder/spi-builder-workspace/.derivedData/Build/Intermediates.noindex/ExplicitPrecompiledModules
CreateBuildDirectory /Users/admin/builder/spi-builder-workspace/.derivedData/Build/Intermediates.noindex/EagerLinkingTBDs/Debug-watchos
    cd /Users/admin/builder/spi-builder-workspace/.swiftpm/xcode
    builtin-create-build-directory /Users/admin/builder/spi-builder-workspace/.derivedData/Build/Intermediates.noindex/EagerLinkingTBDs/Debug-watchos
CreateBuildDirectory /Users/admin/builder/spi-builder-workspace/.derivedData/Build/Products/Debug-watchos
    cd /Users/admin/builder/spi-builder-workspace/.swiftpm/xcode
    builtin-create-build-directory /Users/admin/builder/spi-builder-workspace/.derivedData/Build/Products/Debug-watchos
CreateBuildDirectory /Users/admin/builder/spi-builder-workspace/.derivedData/Build/Products/Debug-watchos/PackageFrameworks
    cd /Users/admin/builder/spi-builder-workspace/.swiftpm/xcode
    builtin-create-build-directory /Users/admin/builder/spi-builder-workspace/.derivedData/Build/Products/Debug-watchos/PackageFrameworks
WriteAuxiliaryFile /Users/admin/builder/spi-builder-workspace/.derivedData/Build/Intermediates.noindex/ElegantPages.build/Debug-watchos/ElegantPages-t.build/ElegantPages.modulemap (in target 'ElegantPages' from project 'ElegantPages')
    cd /Users/admin/builder/spi-builder-workspace/.dependencies/checkouts/ElegantPages
    write-file /Users/admin/builder/spi-builder-workspace/.derivedData/Build/Intermediates.noindex/ElegantPages.build/Debug-watchos/ElegantPages-t.build/ElegantPages.modulemap
WriteAuxiliaryFile /Users/admin/builder/spi-builder-workspace/.derivedData/Build/Intermediates.noindex/ElegantPages.build/Debug-watchos/ElegantPages-t.build/Objects-normal/arm64/ElegantPages_const_extract_protocols.json (in target 'ElegantPages' from project 'ElegantPages')
    cd /Users/admin/builder/spi-builder-workspace/.dependencies/checkouts/ElegantPages
    write-file /Users/admin/builder/spi-builder-workspace/.derivedData/Build/Intermediates.noindex/ElegantPages.build/Debug-watchos/ElegantPages-t.build/Objects-normal/arm64/ElegantPages_const_extract_protocols.json
WriteAuxiliaryFile /Users/admin/builder/spi-builder-workspace/.derivedData/Build/Intermediates.noindex/ElegantPages.build/Debug-watchos/ElegantPages-t.build/Objects-normal/arm64_32/ElegantPages_const_extract_protocols.json (in target 'ElegantPages' from project 'ElegantPages')
    cd /Users/admin/builder/spi-builder-workspace/.dependencies/checkouts/ElegantPages
    write-file /Users/admin/builder/spi-builder-workspace/.derivedData/Build/Intermediates.noindex/ElegantPages.build/Debug-watchos/ElegantPages-t.build/Objects-normal/arm64_32/ElegantPages_const_extract_protocols.json
WriteAuxiliaryFile /Users/admin/builder/spi-builder-workspace/.derivedData/Build/Intermediates.noindex/ElegantPages.build/Debug-watchos/ElegantPages-t.build/Objects-normal/arm64/ElegantPages.SwiftFileList (in target 'ElegantPages' from project 'ElegantPages')
    cd /Users/admin/builder/spi-builder-workspace/.dependencies/checkouts/ElegantPages
    write-file /Users/admin/builder/spi-builder-workspace/.derivedData/Build/Intermediates.noindex/ElegantPages.build/Debug-watchos/ElegantPages-t.build/Objects-normal/arm64/ElegantPages.SwiftFileList
WriteAuxiliaryFile /Users/admin/builder/spi-builder-workspace/.derivedData/Build/Intermediates.noindex/ElegantPages.build/Debug-watchos/ElegantPages-t.build/Objects-normal/arm64_32/ElegantPages.LinkFileList (in target 'ElegantPages' from project 'ElegantPages')
    cd /Users/admin/builder/spi-builder-workspace/.dependencies/checkouts/ElegantPages
    write-file /Users/admin/builder/spi-builder-workspace/.derivedData/Build/Intermediates.noindex/ElegantPages.build/Debug-watchos/ElegantPages-t.build/Objects-normal/arm64_32/ElegantPages.LinkFileList
WriteAuxiliaryFile /Users/admin/builder/spi-builder-workspace/.derivedData/Build/Intermediates.noindex/ElegantPages.build/Debug-watchos/ElegantPages-t.build/Objects-normal/arm64_32/ElegantPages.SwiftFileList (in target 'ElegantPages' from project 'ElegantPages')
    cd /Users/admin/builder/spi-builder-workspace/.dependencies/checkouts/ElegantPages
    write-file /Users/admin/builder/spi-builder-workspace/.derivedData/Build/Intermediates.noindex/ElegantPages.build/Debug-watchos/ElegantPages-t.build/Objects-normal/arm64_32/ElegantPages.SwiftFileList
WriteAuxiliaryFile /Users/admin/builder/spi-builder-workspace/.derivedData/Build/Intermediates.noindex/ElegantPages.build/Debug-watchos/ElegantPages-t.build/Objects-normal/arm64_32/ElegantPages-OutputFileMap.json (in target 'ElegantPages' from project 'ElegantPages')
    cd /Users/admin/builder/spi-builder-workspace/.dependencies/checkouts/ElegantPages
    write-file /Users/admin/builder/spi-builder-workspace/.derivedData/Build/Intermediates.noindex/ElegantPages.build/Debug-watchos/ElegantPages-t.build/Objects-normal/arm64_32/ElegantPages-OutputFileMap.json
WriteAuxiliaryFile /Users/admin/builder/spi-builder-workspace/.derivedData/Build/Intermediates.noindex/ElegantPages.build/Debug-watchos/ElegantPages-t.build/Objects-normal/arm64_32/ElegantPages.SwiftConstValuesFileList (in target 'ElegantPages' from project 'ElegantPages')
    cd /Users/admin/builder/spi-builder-workspace/.dependencies/checkouts/ElegantPages
    write-file /Users/admin/builder/spi-builder-workspace/.derivedData/Build/Intermediates.noindex/ElegantPages.build/Debug-watchos/ElegantPages-t.build/Objects-normal/arm64_32/ElegantPages.SwiftConstValuesFileList
WriteAuxiliaryFile /Users/admin/builder/spi-builder-workspace/.derivedData/Build/Intermediates.noindex/ElegantPages.build/Debug-watchos/ElegantPages-t.build/Objects-normal/arm64/ElegantPages.SwiftConstValuesFileList (in target 'ElegantPages' from project 'ElegantPages')
    cd /Users/admin/builder/spi-builder-workspace/.dependencies/checkouts/ElegantPages
    write-file /Users/admin/builder/spi-builder-workspace/.derivedData/Build/Intermediates.noindex/ElegantPages.build/Debug-watchos/ElegantPages-t.build/Objects-normal/arm64/ElegantPages.SwiftConstValuesFileList
WriteAuxiliaryFile /Users/admin/builder/spi-builder-workspace/.derivedData/Build/Intermediates.noindex/ElegantPages.build/Debug-watchos/ElegantPages-t.build/Objects-normal/arm64/ElegantPages.LinkFileList (in target 'ElegantPages' from project 'ElegantPages')
    cd /Users/admin/builder/spi-builder-workspace/.dependencies/checkouts/ElegantPages
    write-file /Users/admin/builder/spi-builder-workspace/.derivedData/Build/Intermediates.noindex/ElegantPages.build/Debug-watchos/ElegantPages-t.build/Objects-normal/arm64/ElegantPages.LinkFileList
WriteAuxiliaryFile /Users/admin/builder/spi-builder-workspace/.derivedData/Build/Intermediates.noindex/ElegantPages.build/Debug-watchos/ElegantPages-t.build/Objects-normal/arm64/ElegantPages-OutputFileMap.json (in target 'ElegantPages' from project 'ElegantPages')
    cd /Users/admin/builder/spi-builder-workspace/.dependencies/checkouts/ElegantPages
    write-file /Users/admin/builder/spi-builder-workspace/.derivedData/Build/Intermediates.noindex/ElegantPages.build/Debug-watchos/ElegantPages-t.build/Objects-normal/arm64/ElegantPages-OutputFileMap.json
WriteAuxiliaryFile /Users/admin/builder/spi-builder-workspace/.derivedData/Build/Intermediates.noindex/ElegantPages.build/Debug-watchos/ElegantPages-t.build/ElegantPages.DependencyStaticMetadataFileList (in target 'ElegantPages' from project 'ElegantPages')
    cd /Users/admin/builder/spi-builder-workspace/.dependencies/checkouts/ElegantPages
    write-file /Users/admin/builder/spi-builder-workspace/.derivedData/Build/Intermediates.noindex/ElegantPages.build/Debug-watchos/ElegantPages-t.build/ElegantPages.DependencyStaticMetadataFileList
WriteAuxiliaryFile /Users/admin/builder/spi-builder-workspace/.derivedData/Build/Intermediates.noindex/ElegantPages.build/Debug-watchos/ElegantPages-t.build/ElegantPages.DependencyMetadataFileList (in target 'ElegantPages' from project 'ElegantPages')
    cd /Users/admin/builder/spi-builder-workspace/.dependencies/checkouts/ElegantPages
    write-file /Users/admin/builder/spi-builder-workspace/.derivedData/Build/Intermediates.noindex/ElegantPages.build/Debug-watchos/ElegantPages-t.build/ElegantPages.DependencyMetadataFileList
Copy /Users/admin/builder/spi-builder-workspace/.derivedData/Build/Intermediates.noindex/GeneratedModuleMaps-watchos/ElegantPages.modulemap /Users/admin/builder/spi-builder-workspace/.derivedData/Build/Intermediates.noindex/ElegantPages.build/Debug-watchos/ElegantPages-t.build/ElegantPages.modulemap (in target 'ElegantPages' from project 'ElegantPages')
    cd /Users/admin/builder/spi-builder-workspace/.dependencies/checkouts/ElegantPages
    builtin-copy -exclude .DS_Store -exclude CVS -exclude .svn -exclude .git -exclude .hg -resolve-src-symlinks /Users/admin/builder/spi-builder-workspace/.derivedData/Build/Intermediates.noindex/ElegantPages.build/Debug-watchos/ElegantPages-t.build/ElegantPages.modulemap /Users/admin/builder/spi-builder-workspace/.derivedData/Build/Intermediates.noindex/GeneratedModuleMaps-watchos
WriteAuxiliaryFile /Users/admin/builder/spi-builder-workspace/.derivedData/Build/Intermediates.noindex/ElegantCalendar.build/Debug-watchos/ElegantCalendar-t.build/Objects-normal/arm64_32/ElegantCalendar.LinkFileList (in target 'ElegantCalendar' from project 'ElegantCalendar')
    cd /Users/admin/builder/spi-builder-workspace
    write-file /Users/admin/builder/spi-builder-workspace/.derivedData/Build/Intermediates.noindex/ElegantCalendar.build/Debug-watchos/ElegantCalendar-t.build/Objects-normal/arm64_32/ElegantCalendar.LinkFileList
WriteAuxiliaryFile /Users/admin/builder/spi-builder-workspace/.derivedData/Build/Intermediates.noindex/ElegantCalendar.build/Debug-watchos/ElegantCalendar-t.build/Objects-normal/arm64_32/ElegantCalendar_const_extract_protocols.json (in target 'ElegantCalendar' from project 'ElegantCalendar')
    cd /Users/admin/builder/spi-builder-workspace
    write-file /Users/admin/builder/spi-builder-workspace/.derivedData/Build/Intermediates.noindex/ElegantCalendar.build/Debug-watchos/ElegantCalendar-t.build/Objects-normal/arm64_32/ElegantCalendar_const_extract_protocols.json
WriteAuxiliaryFile /Users/admin/builder/spi-builder-workspace/.derivedData/Build/Intermediates.noindex/ElegantCalendar.build/Debug-watchos/ElegantCalendar-t.build/Objects-normal/arm64_32/ElegantCalendar-OutputFileMap.json (in target 'ElegantCalendar' from project 'ElegantCalendar')
    cd /Users/admin/builder/spi-builder-workspace
    write-file /Users/admin/builder/spi-builder-workspace/.derivedData/Build/Intermediates.noindex/ElegantCalendar.build/Debug-watchos/ElegantCalendar-t.build/Objects-normal/arm64_32/ElegantCalendar-OutputFileMap.json
WriteAuxiliaryFile /Users/admin/builder/spi-builder-workspace/.derivedData/Build/Intermediates.noindex/ElegantCalendar.build/Debug-watchos/ElegantCalendar-t.build/Objects-normal/arm64_32/ElegantCalendar.SwiftConstValuesFileList (in target 'ElegantCalendar' from project 'ElegantCalendar')
    cd /Users/admin/builder/spi-builder-workspace
    write-file /Users/admin/builder/spi-builder-workspace/.derivedData/Build/Intermediates.noindex/ElegantCalendar.build/Debug-watchos/ElegantCalendar-t.build/Objects-normal/arm64_32/ElegantCalendar.SwiftConstValuesFileList
WriteAuxiliaryFile /Users/admin/builder/spi-builder-workspace/.derivedData/Build/Intermediates.noindex/ElegantCalendar.build/Debug-watchos/ElegantCalendar-t.build/Objects-normal/arm64_32/ElegantCalendar.SwiftFileList (in target 'ElegantCalendar' from project 'ElegantCalendar')
    cd /Users/admin/builder/spi-builder-workspace
    write-file /Users/admin/builder/spi-builder-workspace/.derivedData/Build/Intermediates.noindex/ElegantCalendar.build/Debug-watchos/ElegantCalendar-t.build/Objects-normal/arm64_32/ElegantCalendar.SwiftFileList
WriteAuxiliaryFile /Users/admin/builder/spi-builder-workspace/.derivedData/Build/Intermediates.noindex/ElegantCalendar.build/Debug-watchos/ElegantCalendar-t.build/Objects-normal/arm64/ElegantCalendar_const_extract_protocols.json (in target 'ElegantCalendar' from project 'ElegantCalendar')
    cd /Users/admin/builder/spi-builder-workspace
    write-file /Users/admin/builder/spi-builder-workspace/.derivedData/Build/Intermediates.noindex/ElegantCalendar.build/Debug-watchos/ElegantCalendar-t.build/Objects-normal/arm64/ElegantCalendar_const_extract_protocols.json
WriteAuxiliaryFile /Users/admin/builder/spi-builder-workspace/.derivedData/Build/Intermediates.noindex/ElegantCalendar.build/Debug-watchos/ElegantCalendar-t.build/Objects-normal/arm64/ElegantCalendar.SwiftFileList (in target 'ElegantCalendar' from project 'ElegantCalendar')
    cd /Users/admin/builder/spi-builder-workspace
    write-file /Users/admin/builder/spi-builder-workspace/.derivedData/Build/Intermediates.noindex/ElegantCalendar.build/Debug-watchos/ElegantCalendar-t.build/Objects-normal/arm64/ElegantCalendar.SwiftFileList
WriteAuxiliaryFile /Users/admin/builder/spi-builder-workspace/.derivedData/Build/Intermediates.noindex/ElegantCalendar.build/Debug-watchos/ElegantCalendar-t.build/Objects-normal/arm64/ElegantCalendar.SwiftConstValuesFileList (in target 'ElegantCalendar' from project 'ElegantCalendar')
    cd /Users/admin/builder/spi-builder-workspace
    write-file /Users/admin/builder/spi-builder-workspace/.derivedData/Build/Intermediates.noindex/ElegantCalendar.build/Debug-watchos/ElegantCalendar-t.build/Objects-normal/arm64/ElegantCalendar.SwiftConstValuesFileList
WriteAuxiliaryFile /Users/admin/builder/spi-builder-workspace/.derivedData/Build/Intermediates.noindex/ElegantCalendar.build/Debug-watchos/ElegantCalendar-t.build/Objects-normal/arm64/ElegantCalendar.LinkFileList (in target 'ElegantCalendar' from project 'ElegantCalendar')
    cd /Users/admin/builder/spi-builder-workspace
    write-file /Users/admin/builder/spi-builder-workspace/.derivedData/Build/Intermediates.noindex/ElegantCalendar.build/Debug-watchos/ElegantCalendar-t.build/Objects-normal/arm64/ElegantCalendar.LinkFileList
WriteAuxiliaryFile /Users/admin/builder/spi-builder-workspace/.derivedData/Build/Intermediates.noindex/ElegantCalendar.build/Debug-watchos/ElegantCalendar-t.build/Objects-normal/arm64/ElegantCalendar-OutputFileMap.json (in target 'ElegantCalendar' from project 'ElegantCalendar')
    cd /Users/admin/builder/spi-builder-workspace
    write-file /Users/admin/builder/spi-builder-workspace/.derivedData/Build/Intermediates.noindex/ElegantCalendar.build/Debug-watchos/ElegantCalendar-t.build/Objects-normal/arm64/ElegantCalendar-OutputFileMap.json
WriteAuxiliaryFile /Users/admin/builder/spi-builder-workspace/.derivedData/Build/Intermediates.noindex/ElegantCalendar.build/Debug-watchos/ElegantCalendar-t.build/ElegantCalendar.modulemap (in target 'ElegantCalendar' from project 'ElegantCalendar')
    cd /Users/admin/builder/spi-builder-workspace
    write-file /Users/admin/builder/spi-builder-workspace/.derivedData/Build/Intermediates.noindex/ElegantCalendar.build/Debug-watchos/ElegantCalendar-t.build/ElegantCalendar.modulemap
WriteAuxiliaryFile /Users/admin/builder/spi-builder-workspace/.derivedData/Build/Intermediates.noindex/ElegantCalendar.build/Debug-watchos/ElegantCalendar-t.build/ElegantCalendar.DependencyStaticMetadataFileList (in target 'ElegantCalendar' from project 'ElegantCalendar')
    cd /Users/admin/builder/spi-builder-workspace
    write-file /Users/admin/builder/spi-builder-workspace/.derivedData/Build/Intermediates.noindex/ElegantCalendar.build/Debug-watchos/ElegantCalendar-t.build/ElegantCalendar.DependencyStaticMetadataFileList
WriteAuxiliaryFile /Users/admin/builder/spi-builder-workspace/.derivedData/Build/Intermediates.noindex/ElegantCalendar.build/Debug-watchos/ElegantCalendar-t.build/ElegantCalendar.DependencyMetadataFileList (in target 'ElegantCalendar' from project 'ElegantCalendar')
    cd /Users/admin/builder/spi-builder-workspace
    write-file /Users/admin/builder/spi-builder-workspace/.derivedData/Build/Intermediates.noindex/ElegantCalendar.build/Debug-watchos/ElegantCalendar-t.build/ElegantCalendar.DependencyMetadataFileList
Copy /Users/admin/builder/spi-builder-workspace/.derivedData/Build/Intermediates.noindex/GeneratedModuleMaps-watchos/ElegantCalendar.modulemap /Users/admin/builder/spi-builder-workspace/.derivedData/Build/Intermediates.noindex/ElegantCalendar.build/Debug-watchos/ElegantCalendar-t.build/ElegantCalendar.modulemap (in target 'ElegantCalendar' from project 'ElegantCalendar')
    cd /Users/admin/builder/spi-builder-workspace
    builtin-copy -exclude .DS_Store -exclude CVS -exclude .svn -exclude .git -exclude .hg -resolve-src-symlinks /Users/admin/builder/spi-builder-workspace/.derivedData/Build/Intermediates.noindex/ElegantCalendar.build/Debug-watchos/ElegantCalendar-t.build/ElegantCalendar.modulemap /Users/admin/builder/spi-builder-workspace/.derivedData/Build/Intermediates.noindex/GeneratedModuleMaps-watchos
SwiftDriver ElegantPages normal arm64 com.apple.xcode.tools.swift.compiler (in target 'ElegantPages' from project 'ElegantPages')
    cd /Users/admin/builder/spi-builder-workspace/.swiftpm/xcode
    builtin-SwiftDriver -- /Applications/Xcode-27.0.0-Release.Candidate.app/Contents/Developer/Toolchains/XcodeDefault.xctoolchain/usr/bin/swiftc -parse-as-library -module-name ElegantPages -Onone @/Users/admin/builder/spi-builder-workspace/.derivedData/Build/Intermediates.noindex/ElegantPages.build/Debug-watchos/ElegantPages-t.build/Objects-normal/arm64/ElegantPages.SwiftFileList -DSWIFT_PACKAGE -DDEBUG -DSWIFT_MODULE_RESOURCE_BUNDLE_UNAVAILABLE -DXcode -plugin-path /Applications/Xcode-27.0.0-Release.Candidate.app/Contents/Developer/Toolchains/XcodeDefault.xctoolchain/usr/lib/swift/host/plugins/testing -enable-experimental-feature DebugDescriptionMacro -sdk /Applications/Xcode-27.0.0-Release.Candidate.app/Contents/Developer/Platforms/WatchOS.platform/Developer/SDKs/WatchOS27.0.sdk -target arm64-apple-watchos9.0 -g -module-cache-path /Users/admin/builder/spi-builder-workspace/.derivedData/ModuleCache.noindex -Xfrontend -serialize-debugging-options -enable-testing -suppress-warnings -index-store-path /Users/admin/builder/spi-builder-workspace/.derivedData/Index.noindex/DataStore -Xcc -D_LIBCPP_HARDENING_MODE\=_LIBCPP_HARDENING_MODE_DEBUG -swift-version 5 -I /Users/admin/builder/spi-builder-workspace/.derivedData/Build/Products/Debug-watchos -Isystem /Applications/Xcode-27.0.0-Release.Candidate.app/Contents/Developer/Platforms/WatchOS.platform/Developer/usr/lib -F /Users/admin/builder/spi-builder-workspace/.derivedData/Build/Products/Debug-watchos -F /Applications/Xcode-27.0.0-Release.Candidate.app/Contents/Developer/Platforms/WatchOS.platform/Developer/Library/Frameworks -F /Applications/Xcode-27.0.0-Release.Candidate.app/Contents/Developer/Platforms/WatchOS.platform/Developer/SDKs/WatchOS27.0.sdk/Developer/Library/Frameworks -c -j10 -enable-batch-mode -incremental -Xcc -ivfsstatcache -Xcc /Users/admin/builder/spi-builder-workspace/.derivedData/SDKStatCaches.noindex/watchos27.0-24R360-e829b21a6f8c9b70876ba0858053c04477534ef55a1706bf4c1112bbb242f0a2.sdkstatcache -output-file-map /Users/admin/builder/spi-builder-workspace/.derivedData/Build/Intermediates.noindex/ElegantPages.build/Debug-watchos/ElegantPages-t.build/Objects-normal/arm64/ElegantPages-OutputFileMap.json -save-temps -no-color-diagnostics -explicit-module-build -module-cache-path /Users/admin/builder/spi-builder-workspace/.derivedData/Build/Intermediates.noindex/SwiftExplicitPrecompiledModules -clang-scanner-module-cache-path /Users/admin/builder/spi-builder-workspace/.derivedData/ModuleCache.noindex -sdk-module-cache-path /Users/admin/builder/spi-builder-workspace/.derivedData/SDKExplicitPrecompiledModules -emit-dependencies -emit-module -emit-module-path /Users/admin/builder/spi-builder-workspace/.derivedData/Build/Intermediates.noindex/ElegantPages.build/Debug-watchos/ElegantPages-t.build/Objects-normal/arm64/ElegantPages.swiftmodule -serialize-diagnostics -dependency-scan-serialize-diagnostics-path /Users/admin/builder/spi-builder-workspace/.derivedData/Build/Intermediates.noindex/ElegantPages.build/Debug-watchos/ElegantPages-t.build/Objects-normal/arm64/ElegantPages-dependency-scan.dia -validate-clang-modules-once -clang-build-session-file /Users/admin/builder/spi-builder-workspace/.derivedData/ModuleCache.noindex/Session.modulevalidation -Xcc -fmodules-prune-interval\=86400 -Xcc -fmodules-prune-after\=345600 -emit-const-values -const-gather-protocols-list /Users/admin/builder/spi-builder-workspace/.derivedData/Build/Intermediates.noindex/ElegantPages.build/Debug-watchos/ElegantPages-t.build/Objects-normal/arm64/ElegantPages_const_extract_protocols.json -Xcc -I/Users/admin/builder/spi-builder-workspace/.derivedData/Build/Products/Debug-watchos/include -Xcc -I/Users/admin/builder/spi-builder-workspace/.derivedData/Build/Intermediates.noindex/ElegantPages.build/Debug-watchos/ElegantPages-t.build/DerivedSources-normal/arm64 -Xcc -I/Users/admin/builder/spi-builder-workspace/.derivedData/Build/Intermediates.noindex/ElegantPages.build/Debug-watchos/ElegantPages-t.build/DerivedSources/arm64 -Xcc -I/Users/admin/builder/spi-builder-workspace/.derivedData/Build/Intermediates.noindex/ElegantPages.build/Debug-watchos/ElegantPages-t.build/DerivedSources -Xcc -DSWIFT_PACKAGE -Xcc -DDEBUG\=1 -emit-objc-header -emit-objc-header-path /Users/admin/builder/spi-builder-workspace/.derivedData/Build/Intermediates.noindex/ElegantPages.build/Debug-watchos/ElegantPages-t.build/Objects-normal/arm64/ElegantPages-Swift.h -working-directory /Users/admin/builder/spi-builder-workspace/.swiftpm/xcode -experimental-emit-module-separately -disable-cmo
SwiftDriver ElegantPages normal arm64_32 com.apple.xcode.tools.swift.compiler (in target 'ElegantPages' from project 'ElegantPages')
    cd /Users/admin/builder/spi-builder-workspace/.swiftpm/xcode
    builtin-SwiftDriver -- /Applications/Xcode-27.0.0-Release.Candidate.app/Contents/Developer/Toolchains/XcodeDefault.xctoolchain/usr/bin/swiftc -parse-as-library -module-name ElegantPages -Onone @/Users/admin/builder/spi-builder-workspace/.derivedData/Build/Intermediates.noindex/ElegantPages.build/Debug-watchos/ElegantPages-t.build/Objects-normal/arm64_32/ElegantPages.SwiftFileList -DSWIFT_PACKAGE -DDEBUG -DSWIFT_MODULE_RESOURCE_BUNDLE_UNAVAILABLE -DXcode -plugin-path /Applications/Xcode-27.0.0-Release.Candidate.app/Contents/Developer/Toolchains/XcodeDefault.xctoolchain/usr/lib/swift/host/plugins/testing -enable-experimental-feature DebugDescriptionMacro -sdk /Applications/Xcode-27.0.0-Release.Candidate.app/Contents/Developer/Platforms/WatchOS.platform/Developer/SDKs/WatchOS27.0.sdk -target arm64_32-apple-watchos9.0 -g -module-cache-path /Users/admin/builder/spi-builder-workspace/.derivedData/ModuleCache.noindex -Xfrontend -serialize-debugging-options -enable-testing -suppress-warnings -index-store-path /Users/admin/builder/spi-builder-workspace/.derivedData/Index.noindex/DataStore -Xcc -D_LIBCPP_HARDENING_MODE\=_LIBCPP_HARDENING_MODE_DEBUG -swift-version 5 -I /Users/admin/builder/spi-builder-workspace/.derivedData/Build/Products/Debug-watchos -Isystem /Applications/Xcode-27.0.0-Release.Candidate.app/Contents/Developer/Platforms/WatchOS.platform/Developer/usr/lib -F /Users/admin/builder/spi-builder-workspace/.derivedData/Build/Products/Debug-watchos -F /Applications/Xcode-27.0.0-Release.Candidate.app/Contents/Developer/Platforms/WatchOS.platform/Developer/Library/Frameworks -F /Applications/Xcode-27.0.0-Release.Candidate.app/Contents/Developer/Platforms/WatchOS.platform/Developer/SDKs/WatchOS27.0.sdk/Developer/Library/Frameworks -c -j10 -enable-batch-mode -incremental -Xcc -ivfsstatcache -Xcc /Users/admin/builder/spi-builder-workspace/.derivedData/SDKStatCaches.noindex/watchos27.0-24R360-e829b21a6f8c9b70876ba0858053c04477534ef55a1706bf4c1112bbb242f0a2.sdkstatcache -output-file-map /Users/admin/builder/spi-builder-workspace/.derivedData/Build/Intermediates.noindex/ElegantPages.build/Debug-watchos/ElegantPages-t.build/Objects-normal/arm64_32/ElegantPages-OutputFileMap.json -save-temps -no-color-diagnostics -explicit-module-build -module-cache-path /Users/admin/builder/spi-builder-workspace/.derivedData/Build/Intermediates.noindex/SwiftExplicitPrecompiledModules -clang-scanner-module-cache-path /Users/admin/builder/spi-builder-workspace/.derivedData/ModuleCache.noindex -sdk-module-cache-path /Users/admin/builder/spi-builder-workspace/.derivedData/SDKExplicitPrecompiledModules -emit-dependencies -emit-module -emit-module-path /Users/admin/builder/spi-builder-workspace/.derivedData/Build/Intermediates.noindex/ElegantPages.build/Debug-watchos/ElegantPages-t.build/Objects-normal/arm64_32/ElegantPages.swiftmodule -serialize-diagnostics -dependency-scan-serialize-diagnostics-path /Users/admin/builder/spi-builder-workspace/.derivedData/Build/Intermediates.noindex/ElegantPages.build/Debug-watchos/ElegantPages-t.build/Objects-normal/arm64_32/ElegantPages-dependency-scan.dia -validate-clang-modules-once -clang-build-session-file /Users/admin/builder/spi-builder-workspace/.derivedData/ModuleCache.noindex/Session.modulevalidation -Xcc -fmodules-prune-interval\=86400 -Xcc -fmodules-prune-after\=345600 -emit-const-values -const-gather-protocols-list /Users/admin/builder/spi-builder-workspace/.derivedData/Build/Intermediates.noindex/ElegantPages.build/Debug-watchos/ElegantPages-t.build/Objects-normal/arm64_32/ElegantPages_const_extract_protocols.json -Xcc -I/Users/admin/builder/spi-builder-workspace/.derivedData/Build/Products/Debug-watchos/include -Xcc -I/Users/admin/builder/spi-builder-workspace/.derivedData/Build/Intermediates.noindex/ElegantPages.build/Debug-watchos/ElegantPages-t.build/DerivedSources-normal/arm64_32 -Xcc -I/Users/admin/builder/spi-builder-workspace/.derivedData/Build/Intermediates.noindex/ElegantPages.build/Debug-watchos/ElegantPages-t.build/DerivedSources/arm64_32 -Xcc -I/Users/admin/builder/spi-builder-workspace/.derivedData/Build/Intermediates.noindex/ElegantPages.build/Debug-watchos/ElegantPages-t.build/DerivedSources -Xcc -DSWIFT_PACKAGE -Xcc -DDEBUG\=1 -emit-objc-header -emit-objc-header-path /Users/admin/builder/spi-builder-workspace/.derivedData/Build/Intermediates.noindex/ElegantPages.build/Debug-watchos/ElegantPages-t.build/Objects-normal/arm64_32/ElegantPages-Swift.h -working-directory /Users/admin/builder/spi-builder-workspace/.swiftpm/xcode -experimental-emit-module-separately -disable-cmo
SwiftExplicitDependencyGeneratePcm arm64_32 /Users/admin/builder/spi-builder-workspace/.derivedData/SDKExplicitPrecompiledModules/ptrauth-BFXF358ME5AK535N5A9Z766WU.pcm
SwiftExplicitDependencyGeneratePcm arm64_32 /Users/admin/builder/spi-builder-workspace/.derivedData/SDKExplicitPrecompiledModules/_SwiftConcurrencyShims-6RTBPQ03V7BM9SPRK8SUE055H.pcm
SwiftExplicitDependencyGeneratePcm arm64 /Users/admin/builder/spi-builder-workspace/.derivedData/SDKExplicitPrecompiledModules/_Builtin_float-C0CW5Q4HGBQYKE77TC42IAFB5.pcm
SwiftExplicitDependencyGeneratePcm arm64 /Users/admin/builder/spi-builder-workspace/.derivedData/SDKExplicitPrecompiledModules/_AvailabilityInternal-BUNV3UXM65NT37THI4W1AM0SF.pcm
SwiftExplicitDependencyGeneratePcm arm64 /Users/admin/builder/spi-builder-workspace/.derivedData/SDKExplicitPrecompiledModules/_Builtin_stdbool-83J96QSOFE9VX04AAS6310UAE.pcm
SwiftExplicitDependencyGeneratePcm arm64_32 /Users/admin/builder/spi-builder-workspace/.derivedData/SDKExplicitPrecompiledModules/_Builtin_float-6KO8O3PEWRCA4WC6PPLOYO6WJ.pcm
SwiftExplicitDependencyGeneratePcm arm64_32 /Users/admin/builder/spi-builder-workspace/.derivedData/SDKExplicitPrecompiledModules/_Builtin_stdbool-A967K8W8YUYEC9SN52KJ7OO88.pcm
SwiftExplicitDependencyGeneratePcm arm64 /Users/admin/builder/spi-builder-workspace/.derivedData/SDKExplicitPrecompiledModules/ptrcheck-AIF0NDOYZ8ORBNHQAQR5NNB8M.pcm
SwiftExplicitDependencyGeneratePcm arm64_32 /Users/admin/builder/spi-builder-workspace/.derivedData/SDKExplicitPrecompiledModules/DeveloperToolsSupport-DZU5G1OCMNWU0AQRULIFHUJ1Z.pcm
SwiftExplicitDependencyGeneratePcm arm64 /Users/admin/builder/spi-builder-workspace/.derivedData/SDKExplicitPrecompiledModules/ptrauth-3TZ9WJCGLYD25HQPWH4968ONX.pcm
SwiftExplicitDependencyGeneratePcm arm64 /Users/admin/builder/spi-builder-workspace/.derivedData/SDKExplicitPrecompiledModules/DeveloperToolsSupport-E7CNISCB36UE8XQ9IOHK9XDX1.pcm
SwiftExplicitDependencyGeneratePcm arm64 /Users/admin/builder/spi-builder-workspace/.derivedData/SDKExplicitPrecompiledModules/SwiftShims-4MXFZPV6FEB0XBYXCGPWAMQGL.pcm
SwiftExplicitDependencyGeneratePcm arm64_32 /Users/admin/builder/spi-builder-workspace/.derivedData/SDKExplicitPrecompiledModules/_AvailabilityInternal-244WAN3Z1QBT7PIA64EZEFY1R.pcm
SwiftExplicitDependencyGeneratePcm arm64_32 /Users/admin/builder/spi-builder-workspace/.derivedData/SDKExplicitPrecompiledModules/SwiftShims-9CQQGWTSNTN9EB5NSHDWUJICH.pcm
SwiftExplicitDependencyGeneratePcm arm64_32 /Users/admin/builder/spi-builder-workspace/.derivedData/SDKExplicitPrecompiledModules/ptrcheck-7ELIH9BTIGVKX3UBITM9N72WD.pcm
SwiftExplicitDependencyGeneratePcm arm64_32 /Users/admin/builder/spi-builder-workspace/.derivedData/SDKExplicitPrecompiledModules/_Builtin_stdarg-D305JG44A2WPI6CJY37X3QJE8.pcm
SwiftExplicitDependencyGeneratePcm arm64 /Users/admin/builder/spi-builder-workspace/.derivedData/SDKExplicitPrecompiledModules/_SwiftConcurrencyShims-659N52XSKR5F0QSB880BH2FJR.pcm
SwiftExplicitDependencyGeneratePcm arm64 /Users/admin/builder/spi-builder-workspace/.derivedData/SDKExplicitPrecompiledModules/_Builtin_stddef-1FU30Y8SWFB7OUUHMJQH5J6FM.pcm
SwiftExplicitDependencyGeneratePcm arm64 /Users/admin/builder/spi-builder-workspace/.derivedData/SDKExplicitPrecompiledModules/_Builtin_stdarg-A7UU8LE6MP85SM26YO7PBZNUQ.pcm
SwiftExplicitDependencyGeneratePcm arm64_32 /Users/admin/builder/spi-builder-workspace/.derivedData/SDKExplicitPrecompiledModules/_Builtin_stddef-H44EFHQX6XSS5MZ7QP6YJZ76.pcm
SwiftExplicitDependencyGeneratePcm arm64 /Users/admin/builder/spi-builder-workspace/.derivedData/SDKExplicitPrecompiledModules/_DarwinFoundation1-7SPX3MD0HMP55E4OLNCPNDQ53.pcm
SwiftExplicitDependencyGeneratePcm arm64_32 /Users/admin/builder/spi-builder-workspace/.derivedData/SDKExplicitPrecompiledModules/_DarwinFoundation1-2GWF9RFMPLQW4PDHS3NARVI3G.pcm
SwiftExplicitDependencyGeneratePcm arm64 /Users/admin/builder/spi-builder-workspace/.derivedData/SDKExplicitPrecompiledModules/_DarwinFoundation2-D0XAPJU49S5E9XMKYOFGSTB1Q.pcm
SwiftExplicitDependencyGeneratePcm arm64 /Users/admin/builder/spi-builder-workspace/.derivedData/SDKExplicitPrecompiledModules/_Builtin_limits-9GWPA2B0H20DYUNYHYCWKABJG.pcm
SwiftExplicitDependencyGeneratePcm arm64_32 /Users/admin/builder/spi-builder-workspace/.derivedData/SDKExplicitPrecompiledModules/_Builtin_limits-3VKBU2AFTD65PAJZ5CJ3LHFM2.pcm
SwiftExplicitDependencyGeneratePcm arm64_32 /Users/admin/builder/spi-builder-workspace/.derivedData/SDKExplicitPrecompiledModules/_DarwinFoundation2-9MY8GOSYRO0M9MKNXF6D3MBNK.pcm
SwiftExplicitDependencyGeneratePcm arm64 /Users/admin/builder/spi-builder-workspace/.derivedData/SDKExplicitPrecompiledModules/sys_types-2KXQLI78OUCDP779AE68GZJ2.pcm
SwiftExplicitDependencyGeneratePcm arm64 /Users/admin/builder/spi-builder-workspace/.derivedData/SDKExplicitPrecompiledModules/_Builtin_stdint-8XMILLJZEGRN2XG7XZUXZ5RLX.pcm
SwiftExplicitDependencyGeneratePcm arm64 /Users/admin/builder/spi-builder-workspace/.derivedData/SDKExplicitPrecompiledModules/string_h-E6PRXK75PHIPCZFWOFCQ3QBMK.pcm
SwiftExplicitDependencyGeneratePcm arm64 /Users/admin/builder/spi-builder-workspace/.derivedData/SDKExplicitPrecompiledModules/_Builtin_tgmath-8NQ96OZ0YHXEC24JI95P01UF8.pcm
SwiftExplicitDependencyGeneratePcm arm64_32 /Users/admin/builder/spi-builder-workspace/.derivedData/SDKExplicitPrecompiledModules/sys_types-8TLLMW08ZJWDGIIPKOYFGHHZW.pcm
SwiftExplicitDependencyGeneratePcm arm64_32 /Users/admin/builder/spi-builder-workspace/.derivedData/SDKExplicitPrecompiledModules/_Builtin_stdint-1HMXWI3V0V4TXHRWZOMZGZ80Y.pcm
SwiftExplicitDependencyGeneratePcm arm64_32 /Users/admin/builder/spi-builder-workspace/.derivedData/SDKExplicitPrecompiledModules/_Builtin_tgmath-23PGCKURCQILXMK0MYZRYDCOU.pcm
SwiftExplicitDependencyGeneratePcm arm64_32 /Users/admin/builder/spi-builder-workspace/.derivedData/SDKExplicitPrecompiledModules/string_h-BFVLUQUSBZWYMLCU9QI7VZALW.pcm
SwiftExplicitDependencyGeneratePcm arm64 /Users/admin/builder/spi-builder-workspace/.derivedData/SDKExplicitPrecompiledModules/_DarwinFoundation3-B97LRG0E9GON2NUE65TVG81HU.pcm
SwiftExplicitDependencyGeneratePcm arm64 /Users/admin/builder/spi-builder-workspace/.derivedData/SDKExplicitPrecompiledModules/_Builtin_stdatomic-7JEFA3KBJJJN6TKJWY3OG1VG5.pcm
SwiftExplicitDependencyGeneratePcm arm64 /Users/admin/builder/spi-builder-workspace/.derivedData/SDKExplicitPrecompiledModules/_Builtin_intrinsics-75960HIPCIYA06IUW8FIIPQT.pcm
SwiftExplicitDependencyGeneratePcm arm64_32 /Users/admin/builder/spi-builder-workspace/.derivedData/SDKExplicitPrecompiledModules/_Builtin_stdatomic-1TY035TURL76BF2U98PZPPZRX.pcm
SwiftExplicitDependencyGeneratePcm arm64_32 /Users/admin/builder/spi-builder-workspace/.derivedData/SDKExplicitPrecompiledModules/_Builtin_intrinsics-196IIAKDQVU42DLOZP9OQCV76.pcm
SwiftExplicitDependencyGeneratePcm arm64_32 /Users/admin/builder/spi-builder-workspace/.derivedData/SDKExplicitPrecompiledModules/_DarwinFoundation3-3DUTYQDQSD9HUAAVY947NMWOI.pcm
SwiftExplicitDependencyGeneratePcm arm64 /Users/admin/builder/spi-builder-workspace/.derivedData/SDKExplicitPrecompiledModules/_Builtin_inttypes-3UQSCM7WNM9EK4HZML8TY5J3D.pcm
SwiftExplicitDependencyGeneratePcm arm64_32 /Users/admin/builder/spi-builder-workspace/.derivedData/SDKExplicitPrecompiledModules/_Builtin_inttypes-D2KPCR4PEX9AQA33NGLUT5SBR.pcm
SwiftExplicitDependencyGeneratePcm arm64 /Users/admin/builder/spi-builder-workspace/.derivedData/SDKExplicitPrecompiledModules/Darwin-3984OXKFNSPE77NT743WK8SEX.pcm
SwiftExplicitDependencyGeneratePcm arm64_32 /Users/admin/builder/spi-builder-workspace/.derivedData/SDKExplicitPrecompiledModules/Darwin-3FVT1SKLN2ZQ5RVOABMTQBB34.pcm
SwiftExplicitDependencyGeneratePcm arm64 /Users/admin/builder/spi-builder-workspace/.derivedData/SDKExplicitPrecompiledModules/simd-EH08NODU6574T74ZKU61VP9BW.pcm
SwiftExplicitDependencyGeneratePcm arm64_32 /Users/admin/builder/spi-builder-workspace/.derivedData/SDKExplicitPrecompiledModules/simd-21UNWYOBUZI1LVSQ99S1XBLMO.pcm
SwiftExplicitDependencyGeneratePcm arm64 /Users/admin/builder/spi-builder-workspace/.derivedData/SDKExplicitPrecompiledModules/ObjectiveC-72IVD3VS2RS8Q28D9PIMY0KQP.pcm
SwiftExplicitDependencyGeneratePcm arm64 /Users/admin/builder/spi-builder-workspace/.derivedData/SDKExplicitPrecompiledModules/MachO-2U90NNSAQILBNBPS1SA4F8TYP.pcm
SwiftExplicitDependencyGeneratePcm arm64_32 /Users/admin/builder/spi-builder-workspace/.derivedData/SDKExplicitPrecompiledModules/MachO-56838ZJ0NC1EBAJ0O6O8QMPDX.pcm
SwiftExplicitDependencyGeneratePcm arm64_32 /Users/admin/builder/spi-builder-workspace/.derivedData/SDKExplicitPrecompiledModules/ObjectiveC-6IJNELR2E80E7LUKESVCP2KET.pcm
SwiftExplicitDependencyGeneratePcm arm64 /Users/admin/builder/spi-builder-workspace/.derivedData/SDKExplicitPrecompiledModules/os_object-3SDKD7F87FTZ26OON37DRYT6O.pcm
SwiftExplicitDependencyGeneratePcm arm64_32 /Users/admin/builder/spi-builder-workspace/.derivedData/SDKExplicitPrecompiledModules/os_object-5YWTC6L4756IWSTPGXS5NM0D0.pcm
SwiftExplicitDependencyGeneratePcm arm64 /Users/admin/builder/spi-builder-workspace/.derivedData/SDKExplicitPrecompiledModules/os_workgroup-89GG5G7YC2D0ZTK6AZXXQ20DH.pcm
SwiftExplicitDependencyGeneratePcm arm64_32 /Users/admin/builder/spi-builder-workspace/.derivedData/SDKExplicitPrecompiledModules/os_workgroup-5JHTPDMNBUNHLJI8LPHKQK1JK.pcm
SwiftExplicitDependencyGeneratePcm arm64 /Users/admin/builder/spi-builder-workspace/.derivedData/SDKExplicitPrecompiledModules/Spatial-44FJGYXFAT2AQAW9Z6T7YS02U.pcm
SwiftExplicitDependencyGeneratePcm arm64_32 /Users/admin/builder/spi-builder-workspace/.derivedData/SDKExplicitPrecompiledModules/Spatial-CWVWNML3T0NXVHZDKVLD3X1YZ.pcm
SwiftExplicitDependencyGeneratePcm arm64_32 /Users/admin/builder/spi-builder-workspace/.derivedData/SDKExplicitPrecompiledModules/Dispatch-2P62F1T4XV63S4P99TUDTOK2Q.pcm
SwiftExplicitDependencyGeneratePcm arm64 /Users/admin/builder/spi-builder-workspace/.derivedData/SDKExplicitPrecompiledModules/Dispatch-1NLJOVAK60XP0DUB05XA59EIM.pcm
SwiftExplicitDependencyGeneratePcm arm64 /Users/admin/builder/spi-builder-workspace/.derivedData/SDKExplicitPrecompiledModules/XPC-40DR0X1DHKGCV4J1IOLFS8MOU.pcm
SwiftExplicitDependencyGeneratePcm arm64_32 /Users/admin/builder/spi-builder-workspace/.derivedData/SDKExplicitPrecompiledModules/CoreFoundation-8E6Y4BA3EXYKUGJ24GT9LGV3N.pcm
SwiftExplicitDependencyGeneratePcm arm64 /Users/admin/builder/spi-builder-workspace/.derivedData/SDKExplicitPrecompiledModules/CoreFoundation-8T2L24YC5NU7WO6WQJWRY7W08.pcm
SwiftExplicitDependencyGeneratePcm arm64_32 /Users/admin/builder/spi-builder-workspace/.derivedData/SDKExplicitPrecompiledModules/XPC-81Y45QFY96XYYFCW2GT6FY8S4.pcm
SwiftExplicitDependencyGeneratePcm arm64_32 /Users/admin/builder/spi-builder-workspace/.derivedData/SDKExplicitPrecompiledModules/os-E5IGB442IA6SBB25TTCOLK2OC.pcm
SwiftExplicitDependencyGeneratePcm arm64 /Users/admin/builder/spi-builder-workspace/.derivedData/SDKExplicitPrecompiledModules/os-5DIL6Z9LFIGLMZAHM7X2T5435.pcm
SwiftExplicitDependencyGeneratePcm arm64 /Users/admin/builder/spi-builder-workspace/.derivedData/SDKExplicitPrecompiledModules/CoreGraphics-DWNZ73GEH98SBJXZ7DEXB420K.pcm
SwiftExplicitDependencyGeneratePcm arm64 /Users/admin/builder/spi-builder-workspace/.derivedData/SDKExplicitPrecompiledModules/CoreAudioTypes-A9MF7N5LT63G21HNFVM6BT14B.pcm
SwiftExplicitDependencyGeneratePcm arm64 /Users/admin/builder/spi-builder-workspace/.derivedData/SDKExplicitPrecompiledModules/Security-6RZ6YBRU8WCUHRFFRVUK5WKMM.pcm
SwiftExplicitDependencyGeneratePcm arm64_32 /Users/admin/builder/spi-builder-workspace/.derivedData/SDKExplicitPrecompiledModules/Security-D7TOWF88VWF67TB9HAFP5UWB1.pcm
SwiftExplicitDependencyGeneratePcm arm64_32 /Users/admin/builder/spi-builder-workspace/.derivedData/SDKExplicitPrecompiledModules/CoreGraphics-9FDXYX6BKBUT6TJ2VF819E7T5.pcm
SwiftExplicitDependencyGeneratePcm arm64_32 /Users/admin/builder/spi-builder-workspace/.derivedData/SDKExplicitPrecompiledModules/CoreAudioTypes-9GVB1DHA32M46R4A9NWSI3I2K.pcm
SwiftExplicitDependencyGeneratePcm arm64 /Users/admin/builder/spi-builder-workspace/.derivedData/SDKExplicitPrecompiledModules/CoreAudio-1B79RJJTP71GE6UY9WLESAN3C.pcm
SwiftExplicitDependencyGeneratePcm arm64_32 /Users/admin/builder/spi-builder-workspace/.derivedData/SDKExplicitPrecompiledModules/CoreAudio-5W6MX6OUPWBMUR8VD5LHT1PZF.pcm
SwiftExplicitDependencyGeneratePcm arm64_32 /Users/admin/builder/spi-builder-workspace/.derivedData/SDKExplicitPrecompiledModules/Foundation-BJ2VQGI3OGR34500MEQ1VKHPH.pcm
SwiftExplicitDependencyGeneratePcm arm64 /Users/admin/builder/spi-builder-workspace/.derivedData/SDKExplicitPrecompiledModules/Foundation-DLBKUSGXN8QHAT8W0OARR9S8A.pcm
SwiftExplicitDependencyGeneratePcm arm64 /Users/admin/builder/spi-builder-workspace/.derivedData/SDKExplicitPrecompiledModules/CoreText-970YJN6NIYGK1316L35Z0O8QT.pcm
SwiftExplicitDependencyGeneratePcm arm64 /Users/admin/builder/spi-builder-workspace/.derivedData/SDKExplicitPrecompiledModules/CoreVideo-8MRR5MNWUOAW2DBPGUQ8FKK4.pcm
SwiftExplicitDependencyGeneratePcm arm64_32 /Users/admin/builder/spi-builder-workspace/.derivedData/SDKExplicitPrecompiledModules/CoreText-C9X2REPZN2V5BSU4G80FCETDR.pcm
SwiftExplicitDependencyGeneratePcm arm64_32 /Users/admin/builder/spi-builder-workspace/.derivedData/SDKExplicitPrecompiledModules/CoreVideo-2P8HI0403J99LBDPKNFJ5D4DL.pcm
SwiftExplicitDependencyGeneratePcm arm64_32 /Users/admin/builder/spi-builder-workspace/.derivedData/SDKExplicitPrecompiledModules/CoreMedia-AO387T8CHWTTZODD1DGT0UAFA.pcm
SwiftExplicitDependencyGeneratePcm arm64 /Users/admin/builder/spi-builder-workspace/.derivedData/SDKExplicitPrecompiledModules/CoreMedia-1AJVCUZNAO74KIKMFVFUUHWDI.pcm
SwiftExplicitDependencyGeneratePcm arm64 /Users/admin/builder/spi-builder-workspace/.derivedData/SDKExplicitPrecompiledModules/DataDetection-7BNVI1SZW5ISQL5SX4WL2X7I5.pcm
SwiftExplicitDependencyGeneratePcm arm64 /Users/admin/builder/spi-builder-workspace/.derivedData/SDKExplicitPrecompiledModules/OSLog-B7VGO357Y3GJG35TST7DKDSI3.pcm
SwiftExplicitDependencyGeneratePcm arm64 /Users/admin/builder/spi-builder-workspace/.derivedData/SDKExplicitPrecompiledModules/UniformTypeIdentifiers-8L08Q8DQJV8C4AW84YVGFGTRN.pcm
SwiftExplicitDependencyGeneratePcm arm64 /Users/admin/builder/spi-builder-workspace/.derivedData/SDKExplicitPrecompiledModules/CoreData-9JFJC4UET8BAO5IPV2JU6W9V8.pcm
SwiftExplicitDependencyGeneratePcm arm64 /Users/admin/builder/spi-builder-workspace/.derivedData/SDKExplicitPrecompiledModules/SceneKit-5HZKIL7XETTTD8TOHYPN8JKRJ.pcm
SwiftExplicitDependencyGeneratePcm arm64 /Users/admin/builder/spi-builder-workspace/.derivedData/SDKExplicitPrecompiledModules/Symbols-3EFABTJ9L5PQDJ7RQCYQWEJMM.pcm
SwiftExplicitDependencyGeneratePcm arm64 /Users/admin/builder/spi-builder-workspace/.derivedData/SDKExplicitPrecompiledModules/UIUtilities-IR7RNW23VAUKYI9MLCS9NL9A.pcm
SwiftExplicitDependencyGeneratePcm arm64 /Users/admin/builder/spi-builder-workspace/.derivedData/SDKExplicitPrecompiledModules/QuartzCore-94KFMWNOU7ZLUZNB4T5DLZC9D.pcm
SwiftExplicitDependencyGeneratePcm arm64_32 /Users/admin/builder/spi-builder-workspace/.derivedData/SDKExplicitPrecompiledModules/Accessibility-F385OMZ5GYBUY5O4QAJB4NRII.pcm
SwiftExplicitDependencyGeneratePcm arm64 /Users/admin/builder/spi-builder-workspace/.derivedData/SDKExplicitPrecompiledModules/_LocationEssentials-5ZZDGDXB6HLQUC72SJW7YJ7MK.pcm
SwiftExplicitDependencyGeneratePcm arm64_32 /Users/admin/builder/spi-builder-workspace/.derivedData/SDKExplicitPrecompiledModules/UniformTypeIdentifiers-CJZ3NTHPSBH4XWX5EVOG56UZS.pcm
SwiftExplicitDependencyGeneratePcm arm64_32 /Users/admin/builder/spi-builder-workspace/.derivedData/SDKExplicitPrecompiledModules/Symbols-1H97WMG76HU94F5VGJR19PXFY.pcm
SwiftExplicitDependencyGeneratePcm arm64_32 /Users/admin/builder/spi-builder-workspace/.derivedData/SDKExplicitPrecompiledModules/SceneKit-DKNLHKM5FJBQ79LSNMSSMBUBR.pcm
SwiftExplicitDependencyGeneratePcm arm64_32 /Users/admin/builder/spi-builder-workspace/.derivedData/SDKExplicitPrecompiledModules/QuartzCore-6375NPYACK5NYVHPMC1QQ8MC2.pcm
SwiftExplicitDependencyGeneratePcm arm64_32 /Users/admin/builder/spi-builder-workspace/.derivedData/SDKExplicitPrecompiledModules/UserNotifications-6TBN8TEAKO014N1T2QD926XED.pcm
SwiftExplicitDependencyGeneratePcm arm64_32 /Users/admin/builder/spi-builder-workspace/.derivedData/SDKExplicitPrecompiledModules/CoreTransferable-5D4IR6X37682FPHJ5CBPTKQV6.pcm
SwiftExplicitDependencyGeneratePcm arm64_32 /Users/admin/builder/spi-builder-workspace/.derivedData/SDKExplicitPrecompiledModules/OSLog-D9AVFY0KWO7RVBIQ73CBIJVCN.pcm
SwiftExplicitDependencyGeneratePcm arm64_32 /Users/admin/builder/spi-builder-workspace/.derivedData/SDKExplicitPrecompiledModules/CoreData-7AU1AFQWUH88EAPDKVMLJPKVD.pcm
SwiftExplicitDependencyGeneratePcm arm64 /Users/admin/builder/spi-builder-workspace/.derivedData/SDKExplicitPrecompiledModules/CoreLocation-ACKJ9K7ABI14F97Y46Y6SRR17.pcm
SwiftExplicitDependencyGeneratePcm arm64 /Users/admin/builder/spi-builder-workspace/.derivedData/SDKExplicitPrecompiledModules/Accessibility-27QMG6ZQ1NKYTNBYFPM1XKNFC.pcm
SwiftExplicitDependencyGeneratePcm arm64 /Users/admin/builder/spi-builder-workspace/.derivedData/SDKExplicitPrecompiledModules/CoreTransferable-9PPG3SLJ55T4LITIFYX2M0NOZ.pcm
SwiftExplicitDependencyGeneratePcm arm64 /Users/admin/builder/spi-builder-workspace/.derivedData/SDKExplicitPrecompiledModules/SwiftUICore-C1DST1IX2Z0PTH5SJJZ1IULRB.pcm
SwiftExplicitDependencyGeneratePcm arm64_32 /Users/admin/builder/spi-builder-workspace/.derivedData/SDKExplicitPrecompiledModules/_LocationEssentials-AQ1OL9QKC3LQLY5CNSRM1HB53.pcm
SwiftExplicitDependencyGeneratePcm arm64_32 /Users/admin/builder/spi-builder-workspace/.derivedData/SDKExplicitPrecompiledModules/DataDetection-U9BF7WHFVA6BZGFXXXP272PS.pcm
SwiftExplicitDependencyGeneratePcm arm64 /Users/admin/builder/spi-builder-workspace/.derivedData/SDKExplicitPrecompiledModules/UserNotifications-ARAH8MEQ0C2L0FBO39HITJMAO.pcm
SwiftExplicitDependencyGeneratePcm arm64_32 /Users/admin/builder/spi-builder-workspace/.derivedData/SDKExplicitPrecompiledModules/UIUtilities-9YFVNIMRC5HRVOIARNWHP1E3H.pcm
SwiftExplicitDependencyGeneratePcm arm64_32 /Users/admin/builder/spi-builder-workspace/.derivedData/SDKExplicitPrecompiledModules/SwiftUICore-3Q7WLRD8MR9R3NGIPUBQCP6F6.pcm
SwiftExplicitDependencyGeneratePcm arm64 /Users/admin/builder/spi-builder-workspace/.derivedData/SDKExplicitPrecompiledModules/CoreMotion-6RD5K48QT1F4L9CATNFD2O7YB.pcm
SwiftExplicitDependencyGeneratePcm arm64_32 /Users/admin/builder/spi-builder-workspace/.derivedData/SDKExplicitPrecompiledModules/CoreLocation-8XU5YMYM4P11RQMYCQAG65ITK.pcm
SwiftExplicitDependencyGeneratePcm arm64 /Users/admin/builder/spi-builder-workspace/.derivedData/SDKExplicitPrecompiledModules/UIKit-27R3P1YMV4C6JLDT661G3MRIA.pcm
SwiftExplicitDependencyGeneratePcm arm64_32 /Users/admin/builder/spi-builder-workspace/.derivedData/SDKExplicitPrecompiledModules/CoreMotion-1XGTVTE5PP32UHME8AC63TL6.pcm
SwiftExplicitDependencyGeneratePcm arm64_32 /Users/admin/builder/spi-builder-workspace/.derivedData/SDKExplicitPrecompiledModules/UIKit-6PPV7YPZ89CZPHYAP072QH8B6.pcm
SwiftExplicitDependencyGeneratePcm arm64 /Users/admin/builder/spi-builder-workspace/.derivedData/SDKExplicitPrecompiledModules/HomeKit-DTS1N4AWILAL1URZ5IOXV5221.pcm
SwiftExplicitDependencyGeneratePcm arm64 /Users/admin/builder/spi-builder-workspace/.derivedData/SDKExplicitPrecompiledModules/MapKit-EJJWC7IL56MPLQMI93GJRE5OG.pcm
SwiftExplicitDependencyGeneratePcm arm64_32 /Users/admin/builder/spi-builder-workspace/.derivedData/SDKExplicitPrecompiledModules/MapKit-CWGB4YMP1VX1NYQN5FULFD5DR.pcm
SwiftExplicitDependencyGeneratePcm arm64_32 /Users/admin/builder/spi-builder-workspace/.derivedData/SDKExplicitPrecompiledModules/HomeKit-DUDZOMSN3UK8GNTNBNMPIWJRN.pcm
SwiftExplicitDependencyGeneratePcm arm64 /Users/admin/builder/spi-builder-workspace/.derivedData/SDKExplicitPrecompiledModules/WatchKit-3VT3K8YON6FJ6OWSUFJMFMP8J.pcm
SwiftExplicitDependencyGeneratePcm arm64_32 /Users/admin/builder/spi-builder-workspace/.derivedData/SDKExplicitPrecompiledModules/WatchKit-FHF6WTKLC2APGK3LA2XJ6516.pcm
SwiftExplicitDependencyGeneratePcm arm64 /Users/admin/builder/spi-builder-workspace/.derivedData/SDKExplicitPrecompiledModules/SwiftUI-APXDH8ULYLM6FD17YRA73TULO.pcm
SwiftCompile normal arm64 Compiling\ ElegantVPages.swift /Users/admin/builder/spi-builder-workspace/.dependencies/checkouts/ElegantPages/Sources/ElegantPages/Pages/Public/ElegantVPages.swift (in target 'ElegantPages' from project 'ElegantPages')
SwiftCompile normal arm64 /Users/admin/builder/spi-builder-workspace/.dependencies/checkouts/ElegantPages/Sources/ElegantPages/Pages/Public/ElegantVPages.swift (in target 'ElegantPages' from project 'ElegantPages')
    cd /Users/admin/builder/spi-builder-workspace/.swiftpm/xcode
    builtin-SwiftPerFileCompile ElegantVPages.swift
/Users/admin/builder/spi-builder-workspace/.dependencies/checkouts/ElegantPages/Sources/ElegantPages/Models/Internal/Constants.swift:5:14: error: 'UIScreen' is unavailable in watchOS
3 | import UIKit
4 |
5 | let screen = UIScreen.main.bounds
  |              `- error: 'UIScreen' is unavailable in watchOS
6 |
/Applications/Xcode-27.0.0-Release.Candidate.app/Contents/Developer/Platforms/WatchOS.platform/Developer/SDKs/WatchOS27.0.sdk/System/Library/Frameworks/UIKit.framework/Headers/UIScreen.h:54:12: note: 'UIScreen' has been explicitly marked unavailable here
 52 |
 53 | UIKIT_EXTERN API_AVAILABLE(ios(2.0)) API_UNAVAILABLE(visionos, watchos) NS_SWIFT_UI_ACTOR
 54 | @interface UIScreen : NSObject <UITraitEnvironment>
    |            `- note: 'UIScreen' has been explicitly marked unavailable here
 55 |
 56 | @property(class, nonatomic, readonly) NSArray<UIScreen *> *screens API_DEPRECATED("Use UIApplication.shared.openSessions to find open sessions with scenes from other screens", ios(3.2, 16.0), visionos(1.0, 1.0)) API_UNAVAILABLE(watchos); // all screens currently attached to the device
SwiftCompile normal arm64 Compiling\ ElegantPagesView.swift /Users/admin/builder/spi-builder-workspace/.dependencies/checkouts/ElegantPages/Sources/ElegantPages/Pages/Internal/ElegantPagesView.swift (in target 'ElegantPages' from project 'ElegantPages')
/Users/admin/builder/spi-builder-workspace/.dependencies/checkouts/ElegantPages/Sources/ElegantPages/Models/Internal/Constants.swift:5:14: error: 'UIScreen' is unavailable in watchOS
3 | import UIKit
4 |
5 | let screen = UIScreen.main.bounds
  |              `- error: 'UIScreen' is unavailable in watchOS
6 |
/Applications/Xcode-27.0.0-Release.Candidate.app/Contents/Developer/Platforms/WatchOS.platform/Developer/SDKs/WatchOS27.0.sdk/System/Library/Frameworks/UIKit.framework/Headers/UIScreen.h:54:12: note: 'UIScreen' has been explicitly marked unavailable here
 52 |
 53 | UIKIT_EXTERN API_AVAILABLE(ios(2.0)) API_UNAVAILABLE(visionos, watchos) NS_SWIFT_UI_ACTOR
 54 | @interface UIScreen : NSObject <UITraitEnvironment>
    |            `- note: 'UIScreen' has been explicitly marked unavailable here
 55 |
 56 | @property(class, nonatomic, readonly) NSArray<UIScreen *> *screens API_DEPRECATED("Use UIApplication.shared.openSessions to find open sessions with scenes from other screens", ios(3.2, 16.0), visionos(1.0, 1.0)) API_UNAVAILABLE(watchos); // all screens currently attached to the device
SwiftCompile normal arm64 /Users/admin/builder/spi-builder-workspace/.dependencies/checkouts/ElegantPages/Sources/ElegantPages/Pages/Internal/ElegantPagesView.swift (in target 'ElegantPages' from project 'ElegantPages')
    cd /Users/admin/builder/spi-builder-workspace/.swiftpm/xcode
    builtin-SwiftPerFileCompile ElegantPagesView.swift
SwiftEmitModule normal arm64 Emitting\ module\ for\ ElegantPages (in target 'ElegantPages' from project 'ElegantPages')
/Users/admin/builder/spi-builder-workspace/.dependencies/checkouts/ElegantPages/Sources/ElegantPages/Lists/Internal/ElegantListController.swift:21:40: error: cannot find type 'Context' in scope
 19 |     let viewForPage: (Int) -> AnyView
 20 |
 21 |     func makeUIViewController(context: Context) -> ElegantTriadPagesController {
    |                                        `- error: cannot find type 'Context' in scope
 22 |         ElegantTriadPagesController(manager: manager,
 23 |                                     axis: axis,
/Users/admin/builder/spi-builder-workspace/.dependencies/checkouts/ElegantPages/Sources/ElegantPages/Lists/Internal/ElegantListController.swift:28:85: error: cannot find type 'Context' in scope
 26 |     }
 27 |
 28 |     func updateUIViewController(_ controller: ElegantTriadPagesController, context: Context) {
    |                                                                                     `- error: cannot find type 'Context' in scope
 29 |         controller.viewForPage = viewForPage
 30 |         DispatchQueue.main.async {
/Users/admin/builder/spi-builder-workspace/.dependencies/checkouts/ElegantPages/Sources/ElegantPages/Lists/Internal/ElegantListController.swift:7:31: error: cannot find type 'UIViewControllerRepresentable' in scope
  5 | private class UpdateUIViewControllerBugFixClass { }
  6 |
  7 | struct ElegantListController: UIViewControllerRepresentable, ElegantListManagerDirectAccess, PageTurnTypeDirectAccess {
    |                               `- error: cannot find type 'UIViewControllerRepresentable' in scope
  8 |
  9 |     typealias UIViewControllerType = ElegantTriadPagesController
/Users/admin/builder/spi-builder-workspace/.dependencies/checkouts/ElegantPages/Sources/ElegantPages/Lists/Internal/ElegantListController.swift:77:31: error: cannot find type 'UIHostingController' in scope
 75 | class ElegantTriadPagesController: UIViewController {
 76 |
 77 |     private var controllers: [UIHostingController<AnyView>]
    |                               `- error: cannot find type 'UIHostingController' in scope
 78 |     private(set) var previousPage: Int
 79 |
/Users/admin/builder/spi-builder-workspace/.dependencies/checkouts/ElegantPages/Sources/ElegantPages/Lists/Internal/ElegantListController.swift:75:36: error: 'UIViewController' is unavailable in watchOS
 73 | }
 74 |
 75 | class ElegantTriadPagesController: UIViewController {
    |                                    `- error: 'UIViewController' is unavailable in watchOS
 76 |
 77 |     private var controllers: [UIHostingController<AnyView>]
/Applications/Xcode-27.0.0-Release.Candidate.app/Contents/Developer/Platforms/WatchOS.platform/Developer/SDKs/WatchOS27.0.sdk/System/Library/Frameworks/UIKit.framework/Headers/UIViewController.h:104:12: note: 'UIViewController' has been explicitly marked unavailable here
102 |
103 | UIKIT_EXTERN API_AVAILABLE(ios(2.0)) API_UNAVAILABLE(watchos) NS_SWIFT_UI_ACTOR
104 | @interface UIViewController : UIResponder <NSCoding, UIAppearanceContainer, UITraitEnvironment, UIContentContainer, UIFocusEnvironment>
    |            `- note: 'UIViewController' has been explicitly marked unavailable here
105 |
106 | /*
/Users/admin/builder/spi-builder-workspace/.dependencies/checkouts/ElegantPages/Sources/ElegantPages/Models/Internal/Constants.swift:5:14: error: 'UIScreen' is unavailable in watchOS
3 | import UIKit
4 |
5 | let screen = UIScreen.main.bounds
  |              `- error: 'UIScreen' is unavailable in watchOS
6 |
/Applications/Xcode-27.0.0-Release.Candidate.app/Contents/Developer/Platforms/WatchOS.platform/Developer/SDKs/WatchOS27.0.sdk/System/Library/Frameworks/UIKit.framework/Headers/UIScreen.h:54:12: note: 'UIScreen' has been explicitly marked unavailable here
 52 |
 53 | UIKIT_EXTERN API_AVAILABLE(ios(2.0)) API_UNAVAILABLE(visionos, watchos) NS_SWIFT_UI_ACTOR
 54 | @interface UIScreen : NSObject <UITraitEnvironment>
    |            `- note: 'UIScreen' has been explicitly marked unavailable here
 55 |
 56 | @property(class, nonatomic, readonly) NSArray<UIScreen *> *screens API_DEPRECATED("Use UIApplication.shared.openSessions to find open sessions with scenes from other screens", ios(3.2, 16.0), visionos(1.0, 1.0)) API_UNAVAILABLE(watchos); // all screens currently attached to the device
/Users/admin/builder/spi-builder-workspace/.dependencies/checkouts/ElegantPages/Sources/ElegantPages/Models/Internal/Constants.swift:5:23: error: 'main' is unavailable in watchOS
3 | import UIKit
4 |
5 | let screen = UIScreen.main.bounds
  |                       `- error: 'main' is unavailable in watchOS
6 |
/Applications/Xcode-27.0.0-Release.Candidate.app/Contents/Developer/Platforms/WatchOS.platform/Developer/SDKs/WatchOS27.0.sdk/System/Library/Frameworks/UIKit.framework/Headers/UIScreen.h:57:49: note: 'main' has been explicitly marked unavailable here
 55 |
 56 | @property(class, nonatomic, readonly) NSArray<UIScreen *> *screens API_DEPRECATED("Use UIApplication.shared.openSessions to find open sessions with scenes from other screens", ios(3.2, 16.0), visionos(1.0, 1.0)) API_UNAVAILABLE(watchos); // all screens currently attached to the device
 57 | @property(class, nonatomic, readonly) UIScreen *mainScreen API_DEPRECATED("Use a UIScreen instance found through context instead (i.e, view.window.windowScene.screen), or for properties like UIScreen.scale with trait equivalents, use a traitCollection found through context.", ios(2.0, 26.0), tvos(9.0, 26.0), visionos(1.0, 26.0)) API_UNAVAILABLE(watchos);
    |                                                 `- note: 'main' has been explicitly marked unavailable here
 58 |
 59 | @property(nonatomic,readonly) CGRect  bounds;                // Bounds of entire screen in points
Failed frontend command:
/Applications/Xcode-27.0.0-Release.Candidate.app/Contents/Developer/Toolchains/XcodeDefault.xctoolchain/usr/bin/swift-frontend -frontend -emit-module -experimental-skip-non-inlinable-function-bodies-without-types /Users/admin/builder/spi-builder-workspace/.dependencies/checkouts/ElegantPages/Sources/ElegantPages/Extensions/Comparable+Clamped.swift /Users/admin/builder/spi-builder-workspace/.dependencies/checkouts/ElegantPages/Sources/ElegantPages/Extensions/View+Erased.swift /Users/admin/builder/spi-builder-workspace/.dependencies/checkouts/ElegantPages/Sources/ElegantPages/Lists/Internal/ElegantListController.swift /Users/admin/builder/spi-builder-workspace/.dependencies/checkouts/ElegantPages/Sources/ElegantPages/Lists/Internal/ElegantListView.swift /Users/admin/builder/spi-builder-workspace/.dependencies/checkouts/ElegantPages/Sources/ElegantPages/Lists/Public/ElegantHList.swift /Users/admin/builder/spi-builder-workspace/.dependencies/checkouts/ElegantPages/Sources/ElegantPages/Lists/Public/ElegantVList.swift /Users/admin/builder/spi-builder-workspace/.dependencies/checkouts/ElegantPages/Sources/ElegantPages/Models/Internal/Constants.swift /Users/admin/builder/spi-builder-workspace/.dependencies/checkouts/ElegantPages/Sources/ElegantPages/Models/Internal/PageState.swift /Users/admin/builder/spi-builder-workspace/.dependencies/checkouts/ElegantPages/Sources/ElegantPages/Models/Internal/ScrollDirection.swift /Users/admin/builder/spi-builder-workspace/.dependencies/checkouts/ElegantPages/Sources/ElegantPages/Models/Public/ElegantListManager.swift /Users/admin/builder/spi-builder-workspace/.dependencies/checkouts/ElegantPages/Sources/ElegantPages/Models/Public/ElegantPagesManager.swift /Users/admin/builder/spi-builder-workspace/.dependencies/checkouts/ElegantPages/Sources/ElegantPages/Models/Public/PageTurnType.swift /Users/admin/builder/spi-builder-workspace/.dependencies/checkouts/ElegantPages/Sources/ElegantPages/Models/Public/PageViewBuilder.swift /Users/admin/builder/spi-builder-workspace/.dependencies/checkouts/ElegantPages/Sources/ElegantPages/Pages/Internal/ElegantPagesView.swift /Users/admin/builder/spi-builder-workspace/.dependencies/checkouts/ElegantPages/Sources/ElegantPages/Pages/Public/ElegantHPages.swift /Users/admin/builder/spi-builder-workspace/.dependencies/checkouts/ElegantPages/Sources/ElegantPages/Pages/Public/ElegantVPages.swift -target arm64-apple-watchos9.0 -disable-cross-import-overlay-search -load-resolved-plugin /Applications/Xcode-27.0.0-Release.Candidate.app/Contents/Developer/Platforms/WatchOS.platform/Developer/usr/lib/swift/host/plugins/libFoundationMacros.dylib\#/Applications/Xcode-27.0.0-Release.Candidate.app/Contents/Developer/Platforms/WatchOS.platform/Developer/usr/bin/swift-plugin-server\#FoundationMacros -load-resolved-plugin /Applications/Xcode-27.0.0-Release.Candidate.app/Contents/Developer/Platforms/WatchOS.platform/Developer/usr/lib/swift/host/plugins/libObservationMacros.dylib\#/Applications/Xcode-27.0.0-Release.Candidate.app/Contents/Developer/Platforms/WatchOS.platform/Developer/usr/bin/swift-plugin-server\#ObservationMacros -load-resolved-plugin /Applications/Xcode-27.0.0-Release.Candidate.app/Contents/Developer/Platforms/WatchOS.platform/Developer/usr/lib/swift/host/plugins/libPreviewsMacros.dylib\#/Applications/Xcode-27.0.0-Release.Candidate.app/Contents/Developer/Platforms/WatchOS.platform/Developer/usr/bin/swift-plugin-server\#PreviewsMacros -load-resolved-plugin /Applications/Xcode-27.0.0-Release.Candidate.app/Contents/Developer/Platforms/WatchOS.platform/Developer/usr/lib/swift/host/plugins/libSwiftMacros.dylib\#/Applications/Xcode-27.0.0-Release.Candidate.app/Contents/Developer/Platforms/WatchOS.platform/Developer/usr/bin/swift-plugin-server\#SwiftMacros -load-resolved-plugin /Applications/Xcode-27.0.0-Release.Candidate.app/Contents/Developer/Platforms/WatchOS.platform/Developer/usr/lib/swift/host/plugins/libSwiftUIMacros.dylib\#/Applications/Xcode-27.0.0-Release.Candidate.app/Contents/Developer/Platforms/WatchOS.platform/Developer/usr/bin/swift-plugin-server\#SwiftUIMacros -disable-implicit-swift-modules -Xcc -fno-implicit-modules -Xcc -fno-implicit-module-maps -explicit-swift-module-map-file /Users/admin/builder/spi-builder-workspace/.derivedData/Build/Intermediates.noindex/ElegantPages.build/Debug-watchos/ElegantPages-t.build/Objects-normal/arm64/ElegantPages-dependencies-2.json -Xllvm -aarch64-use-tbi -enable-objc-interop -stack-check -sdk /Applications/Xcode-27.0.0-Release.Candidate.app/Contents/Developer/Platforms/WatchOS.platform/Developer/SDKs/WatchOS27.0.sdk -I /Users/admin/builder/spi-builder-workspace/.derivedData/Build/Products/Debug-watchos -Isystem /Applications/Xcode-27.0.0-Release.Candidate.app/Contents/Developer/Platforms/WatchOS.platform/Developer/usr/lib -F /Users/admin/builder/spi-builder-workspace/.derivedData/Build/Products/Debug-watchos -F /Applications/Xcode-27.0.0-Release.Candidate.app/Contents/Developer/Platforms/WatchOS.platform/Developer/Library/Frameworks -F /Applications/Xcode-27.0.0-Release.Candidate.app/Contents/Developer/Platforms/WatchOS.platform/Developer/SDKs/WatchOS27.0.sdk/Developer/Library/Frameworks -module-cache-path /Users/admin/builder/spi-builder-workspace/.derivedData/Build/Intermediates.noindex/SwiftExplicitPrecompiledModules -no-color-diagnostics -Xcc -fno-color-diagnostics -enable-testing -g -debug-info-format\=dwarf -dwarf-version\=4 -suppress-warnings -swift-version 5 -Onone -D SWIFT_PACKAGE -D DEBUG -D SWIFT_MODULE_RESOURCE_BUNDLE_UNAVAILABLE -D Xcode -serialize-debugging-options -enable-experimental-feature DebugDescriptionMacro -empty-abi-descriptor -validate-clang-modules-once -clang-build-session-file /Users/admin/builder/spi-builder-workspace/.derivedData/ModuleCache.noindex/Session.modulevalidation -Xcc -working-directory -Xcc /Users/admin/builder/spi-builder-workspace/.swiftpm/xcode -enable-anonymous-context-mangled-names -file-compilation-dir /Users/admin/builder/spi-builder-workspace/.swiftpm/xcode -Xcc -D_LIBCPP_HARDENING_MODE\=_LIBCPP_HARDENING_MODE_DEBUG -Xcc -ivfsstatcache -Xcc /Users/admin/builder/spi-builder-workspace/.derivedData/SDKStatCaches.noindex/watchos27.0-24R360-e829b21a6f8c9b70876ba0858053c04477534ef55a1706bf4c1112bbb242f0a2.sdkstatcache -Xcc -fmodules-prune-interval\=86400 -Xcc -fmodules-prune-after\=345600 -Xcc -I/Users/admin/builder/spi-builder-workspace/.derivedData/Build/Products/Debug-watchos/include -Xcc -I/Users/admin/builder/spi-builder-workspace/.derivedData/Build/Intermediates.noindex/ElegantPages.build/Debug-watchos/ElegantPages-t.build/DerivedSources-normal/arm64 -Xcc -I/Users/admin/builder/spi-builder-workspace/.derivedData/Build/Intermediates.noindex/ElegantPages.build/Debug-watchos/ElegantPages-t.build/DerivedSources/arm64 -Xcc -I/Users/admin/builder/spi-builder-workspace/.derivedData/Build/Intermediates.noindex/ElegantPages.build/Debug-watchos/ElegantPages-t.build/DerivedSources -Xcc -DSWIFT_PACKAGE -Xcc -DDEBUG\=1 -no-auto-bridging-header-chaining -module-name ElegantPages -const-gather-protocols-file /Users/admin/builder/spi-builder-workspace/.derivedData/Build/Intermediates.noindex/ElegantPages.build/Debug-watchos/ElegantPages-t.build/Objects-normal/arm64/ElegantPages_const_extract_protocols.json -disable-clang-spi -clang-target arm64-apple-watchos27.0 -target-sdk-version 27.0 -target-sdk-name watchos27.0 -in-process-plugin-server-path /Applications/Xcode-27.0.0-Release.Candidate.app/Contents/Developer/Toolchains/XcodeDefault.xctoolchain/usr/lib/swift/host/libSwiftInProcPluginServer.dylib -emit-module-doc-path /Users/admin/builder/spi-builder-workspace/.derivedData/Build/Intermediates.noindex/ElegantPages.build/Debug-watchos/ElegantPages-t.build/Objects-normal/arm64/ElegantPages.swiftdoc -emit-module-source-info-path /Users/admin/builder/spi-builder-workspace/.derivedData/Build/Intermediates.noindex/ElegantPages.build/Debug-watchos/ElegantPages-t.build/Objects-normal/arm64/ElegantPages.swiftsourceinfo -emit-objc-header-path /Users/admin/builder/spi-builder-workspace/.derivedData/Build/Intermediates.noindex/ElegantPages.build/Debug-watchos/ElegantPages-t.build/Objects-normal/arm64/ElegantPages-Swift.h -serialize-diagnostics-path /Users/admin/builder/spi-builder-workspace/.derivedData/Build/Intermediates.noindex/ElegantPages.build/Debug-watchos/ElegantPages-t.build/Objects-normal/arm64/ElegantPages-primary-emit-module.dia -emit-dependencies-path /Users/admin/builder/spi-builder-workspace/.derivedData/Build/Intermediates.noindex/ElegantPages.build/Debug-watchos/ElegantPages-t.build/Objects-normal/arm64/ElegantPages-primary-emit-module.d -parse-as-library -o /Users/admin/builder/spi-builder-workspace/.derivedData/Build/Intermediates.noindex/ElegantPages.build/Debug-watchos/ElegantPages-t.build/Objects-normal/arm64/ElegantPages.swiftmodule -emit-abi-descriptor-path /Users/admin/builder/spi-builder-workspace/.derivedData/Build/Intermediates.noindex/ElegantPages.build/Debug-watchos/ElegantPages-t.build/Objects-normal/arm64/ElegantPages.abi.json
SwiftCompile normal arm64 (in target 'ElegantPages' from project 'ElegantPages')
    cd /Users/admin/builder/spi-builder-workspace/.swiftpm/xcode

SwiftCompile normal arm64 Compiling\ PageViewBuilder.swift /Users/admin/builder/spi-builder-workspace/.dependencies/checkouts/ElegantPages/Sources/ElegantPages/Models/Public/PageViewBuilder.swift (in target 'ElegantPages' from project 'ElegantPages')
SwiftCompile normal arm64 /Users/admin/builder/spi-builder-workspace/.dependencies/checkouts/ElegantPages/Sources/ElegantPages/Models/Public/PageViewBuilder.swift (in target 'ElegantPages' from project 'ElegantPages')
    cd /Users/admin/builder/spi-builder-workspace/.swiftpm/xcode
    builtin-SwiftPerFileCompile PageViewBuilder.swift
SwiftCompile normal arm64 Compiling\ ElegantHPages.swift /Users/admin/builder/spi-builder-workspace/.dependencies/checkouts/ElegantPages/Sources/ElegantPages/Pages/Public/ElegantHPages.swift (in target 'ElegantPages' from project 'ElegantPages')
/Users/admin/builder/spi-builder-workspace/.dependencies/checkouts/ElegantPages/Sources/ElegantPages/Models/Internal/Constants.swift:5:14: error: 'UIScreen' is unavailable in watchOS
3 | import UIKit
4 |
5 | let screen = UIScreen.main.bounds
  |              `- error: 'UIScreen' is unavailable in watchOS
6 |
/Applications/Xcode-27.0.0-Release.Candidate.app/Contents/Developer/Platforms/WatchOS.platform/Developer/SDKs/WatchOS27.0.sdk/System/Library/Frameworks/UIKit.framework/Headers/UIScreen.h:54:12: note: 'UIScreen' has been explicitly marked unavailable here
 52 |
 53 | UIKIT_EXTERN API_AVAILABLE(ios(2.0)) API_UNAVAILABLE(visionos, watchos) NS_SWIFT_UI_ACTOR
 54 | @interface UIScreen : NSObject <UITraitEnvironment>
    |            `- note: 'UIScreen' has been explicitly marked unavailable here
 55 |
 56 | @property(class, nonatomic, readonly) NSArray<UIScreen *> *screens API_DEPRECATED("Use UIApplication.shared.openSessions to find open sessions with scenes from other screens", ios(3.2, 16.0), visionos(1.0, 1.0)) API_UNAVAILABLE(watchos); // all screens currently attached to the device
SwiftCompile normal arm64 /Users/admin/builder/spi-builder-workspace/.dependencies/checkouts/ElegantPages/Sources/ElegantPages/Pages/Public/ElegantHPages.swift (in target 'ElegantPages' from project 'ElegantPages')
    cd /Users/admin/builder/spi-builder-workspace/.swiftpm/xcode
    builtin-SwiftPerFileCompile ElegantHPages.swift
SwiftCompile normal arm64 Compiling\ ElegantHList.swift,\ ElegantVList.swift /Users/admin/builder/spi-builder-workspace/.dependencies/checkouts/ElegantPages/Sources/ElegantPages/Lists/Public/ElegantHList.swift /Users/admin/builder/spi-builder-workspace/.dependencies/checkouts/ElegantPages/Sources/ElegantPages/Lists/Public/ElegantVList.swift (in target 'ElegantPages' from project 'ElegantPages')
SwiftCompile normal arm64 /Users/admin/builder/spi-builder-workspace/.dependencies/checkouts/ElegantPages/Sources/ElegantPages/Lists/Public/ElegantHList.swift (in target 'ElegantPages' from project 'ElegantPages')
    cd /Users/admin/builder/spi-builder-workspace/.swiftpm/xcode
    builtin-SwiftPerFileCompile ElegantHList.swift
SwiftCompile normal arm64 /Users/admin/builder/spi-builder-workspace/.dependencies/checkouts/ElegantPages/Sources/ElegantPages/Lists/Public/ElegantVList.swift (in target 'ElegantPages' from project 'ElegantPages')
    cd /Users/admin/builder/spi-builder-workspace/.swiftpm/xcode
    builtin-SwiftPerFileCompile ElegantVList.swift
/Users/admin/builder/spi-builder-workspace/.dependencies/checkouts/ElegantPages/Sources/ElegantPages/Models/Internal/Constants.swift:5:14: error: 'UIScreen' is unavailable in watchOS
3 | import UIKit
4 |
5 | let screen = UIScreen.main.bounds
  |              `- error: 'UIScreen' is unavailable in watchOS
6 |
/Applications/Xcode-27.0.0-Release.Candidate.app/Contents/Developer/Platforms/WatchOS.platform/Developer/SDKs/WatchOS27.0.sdk/System/Library/Frameworks/UIKit.framework/Headers/UIScreen.h:54:12: note: 'UIScreen' has been explicitly marked unavailable here
 52 |
 53 | UIKIT_EXTERN API_AVAILABLE(ios(2.0)) API_UNAVAILABLE(visionos, watchos) NS_SWIFT_UI_ACTOR
 54 | @interface UIScreen : NSObject <UITraitEnvironment>
    |            `- note: 'UIScreen' has been explicitly marked unavailable here
 55 |
 56 | @property(class, nonatomic, readonly) NSArray<UIScreen *> *screens API_DEPRECATED("Use UIApplication.shared.openSessions to find open sessions with scenes from other screens", ios(3.2, 16.0), visionos(1.0, 1.0)) API_UNAVAILABLE(watchos); // all screens currently attached to the device
/Users/admin/builder/spi-builder-workspace/.dependencies/checkouts/ElegantPages/Sources/ElegantPages/Models/Internal/Constants.swift:5:23: error: 'main' is unavailable in watchOS
3 | import UIKit
4 |
5 | let screen = UIScreen.main.bounds
  |                       `- error: 'main' is unavailable in watchOS
6 |
/Applications/Xcode-27.0.0-Release.Candidate.app/Contents/Developer/Platforms/WatchOS.platform/Developer/SDKs/WatchOS27.0.sdk/System/Library/Frameworks/UIKit.framework/Headers/UIScreen.h:57:49: note: 'main' has been explicitly marked unavailable here
 55 |
 56 | @property(class, nonatomic, readonly) NSArray<UIScreen *> *screens API_DEPRECATED("Use UIApplication.shared.openSessions to find open sessions with scenes from other screens", ios(3.2, 16.0), visionos(1.0, 1.0)) API_UNAVAILABLE(watchos); // all screens currently attached to the device
 57 | @property(class, nonatomic, readonly) UIScreen *mainScreen API_DEPRECATED("Use a UIScreen instance found through context instead (i.e, view.window.windowScene.screen), or for properties like UIScreen.scale with trait equivalents, use a traitCollection found through context.", ios(2.0, 26.0), tvos(9.0, 26.0), visionos(1.0, 26.0)) API_UNAVAILABLE(watchos);
    |                                                 `- note: 'main' has been explicitly marked unavailable here
 58 |
 59 | @property(nonatomic,readonly) CGRect  bounds;                // Bounds of entire screen in points
/Users/admin/builder/spi-builder-workspace/.dependencies/checkouts/ElegantPages/Sources/ElegantPages/Lists/Public/ElegantHList.swift:43:18: error: value of type 'ElegantListController' has no member 'frame'
41 |                                   pageTurnType: pageTurnType,
42 |                                   viewForPage: viewForPage)
43 |                 .frame(width: pagerWidth)
   |                  `- error: value of type 'ElegantListController' has no member 'frame'
44 |         }
45 |         .frame(width: screen.width, height: geometry.size.height, alignment: .leading)
SwiftCompile normal arm64 Compiling\ Constants.swift,\ PageState.swift /Users/admin/builder/spi-builder-workspace/.dependencies/checkouts/ElegantPages/Sources/ElegantPages/Models/Internal/Constants.swift /Users/admin/builder/spi-builder-workspace/.dependencies/checkouts/ElegantPages/Sources/ElegantPages/Models/Internal/PageState.swift (in target 'ElegantPages' from project 'ElegantPages')
/Users/admin/builder/spi-builder-workspace/.dependencies/checkouts/ElegantPages/Sources/ElegantPages/Models/Internal/Constants.swift:5:14: error: 'UIScreen' is unavailable in watchOS
3 | import UIKit
4 |
5 | let screen = UIScreen.main.bounds
  |              `- error: 'UIScreen' is unavailable in watchOS
6 |
/Applications/Xcode-27.0.0-Release.Candidate.app/Contents/Developer/Platforms/WatchOS.platform/Developer/SDKs/WatchOS27.0.sdk/System/Library/Frameworks/UIKit.framework/Headers/UIScreen.h:54:12: note: 'UIScreen' has been explicitly marked unavailable here
 52 |
 53 | UIKIT_EXTERN API_AVAILABLE(ios(2.0)) API_UNAVAILABLE(visionos, watchos) NS_SWIFT_UI_ACTOR
 54 | @interface UIScreen : NSObject <UITraitEnvironment>
    |            `- note: 'UIScreen' has been explicitly marked unavailable here
 55 |
 56 | @property(class, nonatomic, readonly) NSArray<UIScreen *> *screens API_DEPRECATED("Use UIApplication.shared.openSessions to find open sessions with scenes from other screens", ios(3.2, 16.0), visionos(1.0, 1.0)) API_UNAVAILABLE(watchos); // all screens currently attached to the device
SwiftCompile normal arm64 /Users/admin/builder/spi-builder-workspace/.dependencies/checkouts/ElegantPages/Sources/ElegantPages/Models/Internal/Constants.swift (in target 'ElegantPages' from project 'ElegantPages')
    cd /Users/admin/builder/spi-builder-workspace/.swiftpm/xcode
    builtin-SwiftPerFileCompile Constants.swift
SwiftCompile normal arm64 /Users/admin/builder/spi-builder-workspace/.dependencies/checkouts/ElegantPages/Sources/ElegantPages/Models/Internal/PageState.swift (in target 'ElegantPages' from project 'ElegantPages')
    cd /Users/admin/builder/spi-builder-workspace/.swiftpm/xcode
    builtin-SwiftPerFileCompile PageState.swift
SwiftCompile normal arm64 Compiling\ ScrollDirection.swift,\ ElegantListManager.swift /Users/admin/builder/spi-builder-workspace/.dependencies/checkouts/ElegantPages/Sources/ElegantPages/Models/Internal/ScrollDirection.swift /Users/admin/builder/spi-builder-workspace/.dependencies/checkouts/ElegantPages/Sources/ElegantPages/Models/Public/ElegantListManager.swift (in target 'ElegantPages' from project 'ElegantPages')
SwiftCompile normal arm64 /Users/admin/builder/spi-builder-workspace/.dependencies/checkouts/ElegantPages/Sources/ElegantPages/Models/Internal/ScrollDirection.swift (in target 'ElegantPages' from project 'ElegantPages')
    cd /Users/admin/builder/spi-builder-workspace/.swiftpm/xcode
    builtin-SwiftPerFileCompile ScrollDirection.swift
SwiftCompile normal arm64 /Users/admin/builder/spi-builder-workspace/.dependencies/checkouts/ElegantPages/Sources/ElegantPages/Models/Public/ElegantListManager.swift (in target 'ElegantPages' from project 'ElegantPages')
    cd /Users/admin/builder/spi-builder-workspace/.swiftpm/xcode
    builtin-SwiftPerFileCompile ElegantListManager.swift
SwiftCompile normal arm64 Compiling\ ElegantPagesManager.swift,\ PageTurnType.swift /Users/admin/builder/spi-builder-workspace/.dependencies/checkouts/ElegantPages/Sources/ElegantPages/Models/Public/ElegantPagesManager.swift /Users/admin/builder/spi-builder-workspace/.dependencies/checkouts/ElegantPages/Sources/ElegantPages/Models/Public/PageTurnType.swift (in target 'ElegantPages' from project 'ElegantPages')
SwiftCompile normal arm64 /Users/admin/builder/spi-builder-workspace/.dependencies/checkouts/ElegantPages/Sources/ElegantPages/Models/Public/ElegantPagesManager.swift (in target 'ElegantPages' from project 'ElegantPages')
    cd /Users/admin/builder/spi-builder-workspace/.swiftpm/xcode
    builtin-SwiftPerFileCompile ElegantPagesManager.swift
SwiftCompile normal arm64 /Users/admin/builder/spi-builder-workspace/.dependencies/checkouts/ElegantPages/Sources/ElegantPages/Models/Public/PageTurnType.swift (in target 'ElegantPages' from project 'ElegantPages')
    cd /Users/admin/builder/spi-builder-workspace/.swiftpm/xcode
    builtin-SwiftPerFileCompile PageTurnType.swift
SwiftCompile normal arm64 Compiling\ ElegantListController.swift,\ ElegantListView.swift /Users/admin/builder/spi-builder-workspace/.dependencies/checkouts/ElegantPages/Sources/ElegantPages/Lists/Internal/ElegantListController.swift /Users/admin/builder/spi-builder-workspace/.dependencies/checkouts/ElegantPages/Sources/ElegantPages/Lists/Internal/ElegantListView.swift (in target 'ElegantPages' from project 'ElegantPages')
/Users/admin/builder/spi-builder-workspace/.dependencies/checkouts/ElegantPages/Sources/ElegantPages/Lists/Internal/ElegantListController.swift:21:40: error: cannot find type 'Context' in scope
 19 |     let viewForPage: (Int) -> AnyView
 20 |
 21 |     func makeUIViewController(context: Context) -> ElegantTriadPagesController {
    |                                        `- error: cannot find type 'Context' in scope
 22 |         ElegantTriadPagesController(manager: manager,
 23 |                                     axis: axis,
/Users/admin/builder/spi-builder-workspace/.dependencies/checkouts/ElegantPages/Sources/ElegantPages/Lists/Internal/ElegantListController.swift:28:85: error: cannot find type 'Context' in scope
 26 |     }
 27 |
 28 |     func updateUIViewController(_ controller: ElegantTriadPagesController, context: Context) {
    |                                                                                     `- error: cannot find type 'Context' in scope
 29 |         controller.viewForPage = viewForPage
 30 |         DispatchQueue.main.async {
/Users/admin/builder/spi-builder-workspace/.dependencies/checkouts/ElegantPages/Sources/ElegantPages/Lists/Internal/ElegantListController.swift:7:31: error: cannot find type 'UIViewControllerRepresentable' in scope
  5 | private class UpdateUIViewControllerBugFixClass { }
  6 |
  7 | struct ElegantListController: UIViewControllerRepresentable, ElegantListManagerDirectAccess, PageTurnTypeDirectAccess {
    |                               `- error: cannot find type 'UIViewControllerRepresentable' in scope
  8 |
  9 |     typealias UIViewControllerType = ElegantTriadPagesController
/Users/admin/builder/spi-builder-workspace/.dependencies/checkouts/ElegantPages/Sources/ElegantPages/Lists/Internal/ElegantListController.swift:77:31: error: cannot find type 'UIHostingController' in scope
 75 | class ElegantTriadPagesController: UIViewController {
 76 |
 77 |     private var controllers: [UIHostingController<AnyView>]
    |                               `- error: cannot find type 'UIHostingController' in scope
 78 |     private(set) var previousPage: Int
 79 |
/Users/admin/builder/spi-builder-workspace/.dependencies/checkouts/ElegantPages/Sources/ElegantPages/Lists/Internal/ElegantListController.swift:75:36: error: 'UIViewController' is unavailable in watchOS
 73 | }
 74 |
 75 | class ElegantTriadPagesController: UIViewController {
    |                                    `- error: 'UIViewController' is unavailable in watchOS
 76 |
 77 |     private var controllers: [UIHostingController<AnyView>]
/Applications/Xcode-27.0.0-Release.Candidate.app/Contents/Developer/Platforms/WatchOS.platform/Developer/SDKs/WatchOS27.0.sdk/System/Library/Frameworks/UIKit.framework/Headers/UIViewController.h:104:12: note: 'UIViewController' has been explicitly marked unavailable here
102 |
103 | UIKIT_EXTERN API_AVAILABLE(ios(2.0)) API_UNAVAILABLE(watchos) NS_SWIFT_UI_ACTOR
104 | @interface UIViewController : UIResponder <NSCoding, UIAppearanceContainer, UITraitEnvironment, UIContentContainer, UIFocusEnvironment>
    |            `- note: 'UIViewController' has been explicitly marked unavailable here
105 |
106 | /*
/Users/admin/builder/spi-builder-workspace/.dependencies/checkouts/ElegantPages/Sources/ElegantPages/Lists/Internal/ElegantListController.swift:92:13: error: cannot find 'UIHostingController' in scope
 90 |
 91 |         controllers = manager.pageRange.map { page in
 92 |             UIHostingController(rootView: viewForPage(page))
    |             `- error: cannot find 'UIHostingController' in scope
 93 |         }
 94 |         super.init(nibName: nil, bundle: nil)
/Users/admin/builder/spi-builder-workspace/.dependencies/checkouts/ElegantPages/Sources/ElegantPages/Models/Internal/Constants.swift:5:14: error: 'UIScreen' is unavailable in watchOS
3 | import UIKit
4 |
5 | let screen = UIScreen.main.bounds
  |              `- error: 'UIScreen' is unavailable in watchOS
6 |
/Applications/Xcode-27.0.0-Release.Candidate.app/Contents/Developer/Platforms/WatchOS.platform/Developer/SDKs/WatchOS27.0.sdk/System/Library/Frameworks/UIKit.framework/Headers/UIScreen.h:54:12: note: 'UIScreen' has been explicitly marked unavailable here
 52 |
 53 | UIKIT_EXTERN API_AVAILABLE(ios(2.0)) API_UNAVAILABLE(visionos, watchos) NS_SWIFT_UI_ACTOR
 54 | @interface UIScreen : NSObject <UITraitEnvironment>
    |            `- note: 'UIScreen' has been explicitly marked unavailable here
 55 |
 56 | @property(class, nonatomic, readonly) NSArray<UIScreen *> *screens API_DEPRECATED("Use UIApplication.shared.openSessions to find open sessions with scenes from other screens", ios(3.2, 16.0), visionos(1.0, 1.0)) API_UNAVAILABLE(watchos); // all screens currently attached to the device
SwiftCompile normal arm64 /Users/admin/builder/spi-builder-workspace/.dependencies/checkouts/ElegantPages/Sources/ElegantPages/Lists/Internal/ElegantListController.swift (in target 'ElegantPages' from project 'ElegantPages')
    cd /Users/admin/builder/spi-builder-workspace/.swiftpm/xcode
    builtin-SwiftPerFileCompile ElegantListController.swift
SwiftCompile normal arm64 /Users/admin/builder/spi-builder-workspace/.dependencies/checkouts/ElegantPages/Sources/ElegantPages/Lists/Internal/ElegantListView.swift (in target 'ElegantPages' from project 'ElegantPages')
    cd /Users/admin/builder/spi-builder-workspace/.swiftpm/xcode
    builtin-SwiftPerFileCompile ElegantListView.swift
SwiftExplicitDependencyGeneratePcm arm64_32 /Users/admin/builder/spi-builder-workspace/.derivedData/SDKExplicitPrecompiledModules/SwiftUI-9AYG9OCT5VOJK7V4MX1WYR86T.pcm
PruneExplicitPrecompiledModules /Users/admin/builder/spi-builder-workspace/.derivedData/Build/Intermediates.noindex/ExplicitPrecompiledModules
PruneExplicitPrecompiledModules /Users/admin/builder/spi-builder-workspace/.derivedData/Build/Intermediates.noindex/SwiftExplicitPrecompiledModules
PruneExplicitPrecompiledModules /Users/admin/builder/spi-builder-workspace/.derivedData/SDKExplicitPrecompiledModules
2026-09-17 17:39:06.738 xcodebuild[712:4486] [MT] IDERunDestination: Supported platforms for the buildables in the current scheme is empty.
** BUILD FAILED **
The following build commands failed:
	SwiftEmitModule normal arm64 Emitting\ module\ for\ ElegantPages (in target 'ElegantPages' from project 'ElegantPages')
	SwiftCompile normal arm64 (in target 'ElegantPages' from project 'ElegantPages')
	Building workspace ElegantCalendar with scheme ElegantCalendar
(3 failures)
Command line invocation:
    /Applications/Xcode-27.0.0-Release.Candidate.app/Contents/Developer/usr/bin/xcodebuild -IDEClonedSourcePackagesDirPathOverride=/Users/admin/builder/spi-builder-workspace/.dependencies -resolvePackageDependencies
Resolve Package Graph
Resolved source packages:
  ElegantPages: https://github.com/ThasianX/ElegantPages @ 1.4.2
  ElegantCalendar: /Users/admin/builder/spi-builder-workspace
resolved source packages: ElegantPages, ElegantCalendar
2026-09-17 17:39:13.499 xcodebuild[870:5085] [MT] IDERunDestination: Supported platforms for the buildables in the current scheme is empty.
{
  "dependencies" : [
    {
      "identity" : "elegantpages",
      "requirement" : {
        "range" : [
          {
            "lower_bound" : "1.4.1",
            "upper_bound" : "2.0.0"
          }
        ]
      },
      "type" : "sourceControl",
      "url" : "https://github.com/ThasianX/ElegantPages"
    }
  ],
  "manifest_display_name" : "ElegantCalendar",
  "name" : "ElegantCalendar",
  "path" : "/Users/admin/builder/spi-builder-workspace",
  "platforms" : [
    {
      "name" : "ios",
      "version" : "13.0"
    }
  ],
  "products" : [
    {
      "name" : "ElegantCalendar",
      "targets" : [
        "ElegantCalendar"
      ],
      "type" : {
        "library" : [
          "automatic"
        ]
      }
    }
  ],
  "targets" : [
    {
      "c99name" : "ElegantCalendar",
      "module_type" : "SwiftTarget",
      "name" : "ElegantCalendar",
      "path" : "Sources/ElegantCalendar",
      "product_dependencies" : [
        "ElegantPages"
      ],
      "product_memberships" : [
        "ElegantCalendar"
      ],
      "sources" : [
        "Helpers/Extensions/Axis+Invert.swift",
        "Helpers/Extensions/Calender+Dates.swift",
        "Helpers/Extensions/Color+CustomColors.swift",
        "Helpers/Extensions/Date+DaysFromToday.swift",
        "Helpers/Extensions/Date+toString.swift",
        "Helpers/Extensions/Enumeration+Matching.swift",
        "Helpers/Extensions/EnvironmentKey+CalendarTheme.swift",
        "Helpers/Extensions/Image+Custom.swift",
        "Helpers/Extensions/UIImage+BundleInit.swift",
        "Helpers/Extensions/UIImpactFeedbackGenerator+Haptic.swift",
        "Helpers/Models/CalendarConfiguration.swift",
        "Helpers/Models/CalenderConstants.swift",
        "Helpers/Models/ObservableObjects/ElegantCalendarManager.swift",
        "Helpers/Models/ObservableObjects/MonthlyCalendarManager.swift",
        "Helpers/Models/ObservableObjects/PagerState.swift",
        "Helpers/Models/ObservableObjects/YearlyCalendarManager.swift",
        "Helpers/Models/Protocols/Calendar+Axis.swift",
        "Helpers/Models/Protocols/Calendar+Buildable.swift",
        "Helpers/Models/Protocols/ElegantCalendarCommunicator.swift",
        "Helpers/Models/Protocols/ElegantCalendarDataSource.swift",
        "Helpers/Models/Protocols/ElegantCalendarDelegate.swift",
        "Helpers/Previews/LightDarkThemePreview.swift",
        "Views/ElegantCalendarView.swift",
        "Views/Monthly/DayView.swift",
        "Views/Monthly/MonthView.swift",
        "Views/Monthly/MonthlyCalendarView.swift",
        "Views/Monthly/WeekView.swift",
        "Views/Shared/ScrollBackToTodayButton.swift",
        "Views/Yearly/SmallDayView.swift",
        "Views/Yearly/SmallMonthView.swift",
        "Views/Yearly/SmallWeekView.swift",
        "Views/Yearly/YearView.swift",
        "Views/Yearly/YearlyCalendarView.swift"
      ],
      "type" : "library"
    }
  ],
  "tools_version" : "5.1"
}
{
  "workspace" : {
    "name" : "ElegantCalendar",
    "schemes" : [
      "ElegantCalendar"
    ]
  }
}
2026-09-17 17:39:14.695 xcodebuild[878:5152] [MT] IDERunDestination: Supported platforms for the buildables in the current scheme is empty.
Running build ...
env DEVELOPER_DIR=/Applications/Xcode-27.0.0-Release.Candidate.app xcrun xcodebuild -IDEClonedSourcePackagesDirPathOverride=$PWD/.dependencies -skipMacroValidation -skipPackagePluginValidation -derivedDataPath $PWD/.derivedData build -scheme ElegantCalendar -destination generic/platform=watchOS
Command line invocation:
    /Applications/Xcode-27.0.0-Release.Candidate.app/Contents/Developer/usr/bin/xcodebuild -IDEClonedSourcePackagesDirPathOverride=/Users/admin/builder/spi-builder-workspace/.dependencies -skipMacroValidation -skipPackagePluginValidation -derivedDataPath /Users/admin/builder/spi-builder-workspace/.derivedData build -scheme ElegantCalendar -destination generic/platform=watchOS
Resolve Package Graph
Resolved source packages:
  ElegantCalendar: /Users/admin/builder/spi-builder-workspace
  ElegantPages: https://github.com/ThasianX/ElegantPages @ 1.4.2
ComputePackagePrebuildTargetDependencyGraph
Prepare packages
CreateBuildRequest
SendProjectDescription
CreateBuildOperation
ComputeTargetDependencyGraph
note: Building targets in dependency order
note: Target dependency graph (4 targets)
    Target 'ElegantCalendar-product' in project 'ElegantCalendar'
        ➜ Explicit dependency on target 'ElegantCalendar' in project 'ElegantCalendar'
        ➜ Explicit dependency on target 'ElegantPages-product' in project 'ElegantPages'
    Target 'ElegantCalendar' in project 'ElegantCalendar'
        ➜ Explicit dependency on target 'ElegantPages-product' in project 'ElegantPages'
    Target 'ElegantPages-product' in project 'ElegantPages'
        ➜ Explicit dependency on target 'ElegantPages' in project 'ElegantPages'
    Target 'ElegantPages' in project 'ElegantPages' (no dependencies)
GatherProvisioningInputs
CreateBuildDescription
ClangStatCache /Applications/Xcode-27.0.0-Release.Candidate.app/Contents/Developer/Toolchains/XcodeDefault.xctoolchain/usr/bin/clang-stat-cache /Applications/Xcode-27.0.0-Release.Candidate.app/Contents/Developer/Platforms/WatchOS.platform/Developer/SDKs/WatchOS27.0.sdk /Users/admin/builder/spi-builder-workspace/.derivedData/SDKStatCaches.noindex/watchos27.0-24R360-e829b21a6f8c9b70876ba0858053c04477534ef55a1706bf4c1112bbb242f0a2.sdkstatcache
    cd /Users/admin/builder/spi-builder-workspace/.swiftpm/xcode
    /Applications/Xcode-27.0.0-Release.Candidate.app/Contents/Developer/Toolchains/XcodeDefault.xctoolchain/usr/bin/clang-stat-cache /Applications/Xcode-27.0.0-Release.Candidate.app/Contents/Developer/Platforms/WatchOS.platform/Developer/SDKs/WatchOS27.0.sdk -o /Users/admin/builder/spi-builder-workspace/.derivedData/SDKStatCaches.noindex/watchos27.0-24R360-e829b21a6f8c9b70876ba0858053c04477534ef55a1706bf4c1112bbb242f0a2.sdkstatcache
SwiftDriver ElegantPages normal arm64 com.apple.xcode.tools.swift.compiler (in target 'ElegantPages' from project 'ElegantPages')
    cd /Users/admin/builder/spi-builder-workspace/.swiftpm/xcode
    builtin-SwiftDriver -- /Applications/Xcode-27.0.0-Release.Candidate.app/Contents/Developer/Toolchains/XcodeDefault.xctoolchain/usr/bin/swiftc -parse-as-library -module-name ElegantPages -Onone @/Users/admin/builder/spi-builder-workspace/.derivedData/Build/Intermediates.noindex/ElegantPages.build/Debug-watchos/ElegantPages-t.build/Objects-normal/arm64/ElegantPages.SwiftFileList -DSWIFT_PACKAGE -DDEBUG -DSWIFT_MODULE_RESOURCE_BUNDLE_UNAVAILABLE -DXcode -plugin-path /Applications/Xcode-27.0.0-Release.Candidate.app/Contents/Developer/Toolchains/XcodeDefault.xctoolchain/usr/lib/swift/host/plugins/testing -enable-experimental-feature DebugDescriptionMacro -sdk /Applications/Xcode-27.0.0-Release.Candidate.app/Contents/Developer/Platforms/WatchOS.platform/Developer/SDKs/WatchOS27.0.sdk -target arm64-apple-watchos9.0 -g -module-cache-path /Users/admin/builder/spi-builder-workspace/.derivedData/ModuleCache.noindex -Xfrontend -serialize-debugging-options -enable-testing -suppress-warnings -index-store-path /Users/admin/builder/spi-builder-workspace/.derivedData/Index.noindex/DataStore -Xcc -D_LIBCPP_HARDENING_MODE\=_LIBCPP_HARDENING_MODE_DEBUG -swift-version 5 -I /Users/admin/builder/spi-builder-workspace/.derivedData/Build/Products/Debug-watchos -Isystem /Applications/Xcode-27.0.0-Release.Candidate.app/Contents/Developer/Platforms/WatchOS.platform/Developer/usr/lib -F /Users/admin/builder/spi-builder-workspace/.derivedData/Build/Products/Debug-watchos -F /Applications/Xcode-27.0.0-Release.Candidate.app/Contents/Developer/Platforms/WatchOS.platform/Developer/Library/Frameworks -F /Applications/Xcode-27.0.0-Release.Candidate.app/Contents/Developer/Platforms/WatchOS.platform/Developer/SDKs/WatchOS27.0.sdk/Developer/Library/Frameworks -c -j10 -enable-batch-mode -incremental -Xcc -ivfsstatcache -Xcc /Users/admin/builder/spi-builder-workspace/.derivedData/SDKStatCaches.noindex/watchos27.0-24R360-e829b21a6f8c9b70876ba0858053c04477534ef55a1706bf4c1112bbb242f0a2.sdkstatcache -output-file-map /Users/admin/builder/spi-builder-workspace/.derivedData/Build/Intermediates.noindex/ElegantPages.build/Debug-watchos/ElegantPages-t.build/Objects-normal/arm64/ElegantPages-OutputFileMap.json -save-temps -no-color-diagnostics -explicit-module-build -module-cache-path /Users/admin/builder/spi-builder-workspace/.derivedData/Build/Intermediates.noindex/SwiftExplicitPrecompiledModules -clang-scanner-module-cache-path /Users/admin/builder/spi-builder-workspace/.derivedData/ModuleCache.noindex -sdk-module-cache-path /Users/admin/builder/spi-builder-workspace/.derivedData/SDKExplicitPrecompiledModules -emit-dependencies -emit-module -emit-module-path /Users/admin/builder/spi-builder-workspace/.derivedData/Build/Intermediates.noindex/ElegantPages.build/Debug-watchos/ElegantPages-t.build/Objects-normal/arm64/ElegantPages.swiftmodule -serialize-diagnostics -dependency-scan-serialize-diagnostics-path /Users/admin/builder/spi-builder-workspace/.derivedData/Build/Intermediates.noindex/ElegantPages.build/Debug-watchos/ElegantPages-t.build/Objects-normal/arm64/ElegantPages-dependency-scan.dia -validate-clang-modules-once -clang-build-session-file /Users/admin/builder/spi-builder-workspace/.derivedData/ModuleCache.noindex/Session.modulevalidation -Xcc -fmodules-prune-interval\=86400 -Xcc -fmodules-prune-after\=345600 -emit-const-values -const-gather-protocols-list /Users/admin/builder/spi-builder-workspace/.derivedData/Build/Intermediates.noindex/ElegantPages.build/Debug-watchos/ElegantPages-t.build/Objects-normal/arm64/ElegantPages_const_extract_protocols.json -Xcc -I/Users/admin/builder/spi-builder-workspace/.derivedData/Build/Products/Debug-watchos/include -Xcc -I/Users/admin/builder/spi-builder-workspace/.derivedData/Build/Intermediates.noindex/ElegantPages.build/Debug-watchos/ElegantPages-t.build/DerivedSources-normal/arm64 -Xcc -I/Users/admin/builder/spi-builder-workspace/.derivedData/Build/Intermediates.noindex/ElegantPages.build/Debug-watchos/ElegantPages-t.build/DerivedSources/arm64 -Xcc -I/Users/admin/builder/spi-builder-workspace/.derivedData/Build/Intermediates.noindex/ElegantPages.build/Debug-watchos/ElegantPages-t.build/DerivedSources -Xcc -DSWIFT_PACKAGE -Xcc -DDEBUG\=1 -emit-objc-header -emit-objc-header-path /Users/admin/builder/spi-builder-workspace/.derivedData/Build/Intermediates.noindex/ElegantPages.build/Debug-watchos/ElegantPages-t.build/Objects-normal/arm64/ElegantPages-Swift.h -working-directory /Users/admin/builder/spi-builder-workspace/.swiftpm/xcode -experimental-emit-module-separately -disable-cmo
SwiftDriver ElegantPages normal arm64_32 com.apple.xcode.tools.swift.compiler (in target 'ElegantPages' from project 'ElegantPages')
    cd /Users/admin/builder/spi-builder-workspace/.swiftpm/xcode
    builtin-SwiftDriver -- /Applications/Xcode-27.0.0-Release.Candidate.app/Contents/Developer/Toolchains/XcodeDefault.xctoolchain/usr/bin/swiftc -parse-as-library -module-name ElegantPages -Onone @/Users/admin/builder/spi-builder-workspace/.derivedData/Build/Intermediates.noindex/ElegantPages.build/Debug-watchos/ElegantPages-t.build/Objects-normal/arm64_32/ElegantPages.SwiftFileList -DSWIFT_PACKAGE -DDEBUG -DSWIFT_MODULE_RESOURCE_BUNDLE_UNAVAILABLE -DXcode -plugin-path /Applications/Xcode-27.0.0-Release.Candidate.app/Contents/Developer/Toolchains/XcodeDefault.xctoolchain/usr/lib/swift/host/plugins/testing -enable-experimental-feature DebugDescriptionMacro -sdk /Applications/Xcode-27.0.0-Release.Candidate.app/Contents/Developer/Platforms/WatchOS.platform/Developer/SDKs/WatchOS27.0.sdk -target arm64_32-apple-watchos9.0 -g -module-cache-path /Users/admin/builder/spi-builder-workspace/.derivedData/ModuleCache.noindex -Xfrontend -serialize-debugging-options -enable-testing -suppress-warnings -index-store-path /Users/admin/builder/spi-builder-workspace/.derivedData/Index.noindex/DataStore -Xcc -D_LIBCPP_HARDENING_MODE\=_LIBCPP_HARDENING_MODE_DEBUG -swift-version 5 -I /Users/admin/builder/spi-builder-workspace/.derivedData/Build/Products/Debug-watchos -Isystem /Applications/Xcode-27.0.0-Release.Candidate.app/Contents/Developer/Platforms/WatchOS.platform/Developer/usr/lib -F /Users/admin/builder/spi-builder-workspace/.derivedData/Build/Products/Debug-watchos -F /Applications/Xcode-27.0.0-Release.Candidate.app/Contents/Developer/Platforms/WatchOS.platform/Developer/Library/Frameworks -F /Applications/Xcode-27.0.0-Release.Candidate.app/Contents/Developer/Platforms/WatchOS.platform/Developer/SDKs/WatchOS27.0.sdk/Developer/Library/Frameworks -c -j10 -enable-batch-mode -incremental -Xcc -ivfsstatcache -Xcc /Users/admin/builder/spi-builder-workspace/.derivedData/SDKStatCaches.noindex/watchos27.0-24R360-e829b21a6f8c9b70876ba0858053c04477534ef55a1706bf4c1112bbb242f0a2.sdkstatcache -output-file-map /Users/admin/builder/spi-builder-workspace/.derivedData/Build/Intermediates.noindex/ElegantPages.build/Debug-watchos/ElegantPages-t.build/Objects-normal/arm64_32/ElegantPages-OutputFileMap.json -save-temps -no-color-diagnostics -explicit-module-build -module-cache-path /Users/admin/builder/spi-builder-workspace/.derivedData/Build/Intermediates.noindex/SwiftExplicitPrecompiledModules -clang-scanner-module-cache-path /Users/admin/builder/spi-builder-workspace/.derivedData/ModuleCache.noindex -sdk-module-cache-path /Users/admin/builder/spi-builder-workspace/.derivedData/SDKExplicitPrecompiledModules -emit-dependencies -emit-module -emit-module-path /Users/admin/builder/spi-builder-workspace/.derivedData/Build/Intermediates.noindex/ElegantPages.build/Debug-watchos/ElegantPages-t.build/Objects-normal/arm64_32/ElegantPages.swiftmodule -serialize-diagnostics -dependency-scan-serialize-diagnostics-path /Users/admin/builder/spi-builder-workspace/.derivedData/Build/Intermediates.noindex/ElegantPages.build/Debug-watchos/ElegantPages-t.build/Objects-normal/arm64_32/ElegantPages-dependency-scan.dia -validate-clang-modules-once -clang-build-session-file /Users/admin/builder/spi-builder-workspace/.derivedData/ModuleCache.noindex/Session.modulevalidation -Xcc -fmodules-prune-interval\=86400 -Xcc -fmodules-prune-after\=345600 -emit-const-values -const-gather-protocols-list /Users/admin/builder/spi-builder-workspace/.derivedData/Build/Intermediates.noindex/ElegantPages.build/Debug-watchos/ElegantPages-t.build/Objects-normal/arm64_32/ElegantPages_const_extract_protocols.json -Xcc -I/Users/admin/builder/spi-builder-workspace/.derivedData/Build/Products/Debug-watchos/include -Xcc -I/Users/admin/builder/spi-builder-workspace/.derivedData/Build/Intermediates.noindex/ElegantPages.build/Debug-watchos/ElegantPages-t.build/DerivedSources-normal/arm64_32 -Xcc -I/Users/admin/builder/spi-builder-workspace/.derivedData/Build/Intermediates.noindex/ElegantPages.build/Debug-watchos/ElegantPages-t.build/DerivedSources/arm64_32 -Xcc -I/Users/admin/builder/spi-builder-workspace/.derivedData/Build/Intermediates.noindex/ElegantPages.build/Debug-watchos/ElegantPages-t.build/DerivedSources -Xcc -DSWIFT_PACKAGE -Xcc -DDEBUG\=1 -emit-objc-header -emit-objc-header-path /Users/admin/builder/spi-builder-workspace/.derivedData/Build/Intermediates.noindex/ElegantPages.build/Debug-watchos/ElegantPages-t.build/Objects-normal/arm64_32/ElegantPages-Swift.h -working-directory /Users/admin/builder/spi-builder-workspace/.swiftpm/xcode -experimental-emit-module-separately -disable-cmo
SwiftCompile normal arm64 Compiling\ ScrollDirection.swift,\ ElegantListManager.swift /Users/admin/builder/spi-builder-workspace/.dependencies/checkouts/ElegantPages/Sources/ElegantPages/Models/Internal/ScrollDirection.swift /Users/admin/builder/spi-builder-workspace/.dependencies/checkouts/ElegantPages/Sources/ElegantPages/Models/Public/ElegantListManager.swift (in target 'ElegantPages' from project 'ElegantPages')
SwiftCompile normal arm64 /Users/admin/builder/spi-builder-workspace/.dependencies/checkouts/ElegantPages/Sources/ElegantPages/Models/Internal/ScrollDirection.swift (in target 'ElegantPages' from project 'ElegantPages')
    cd /Users/admin/builder/spi-builder-workspace/.swiftpm/xcode
    builtin-SwiftPerFileCompile ScrollDirection.swift
SwiftCompile normal arm64 /Users/admin/builder/spi-builder-workspace/.dependencies/checkouts/ElegantPages/Sources/ElegantPages/Models/Public/ElegantListManager.swift (in target 'ElegantPages' from project 'ElegantPages')
    cd /Users/admin/builder/spi-builder-workspace/.swiftpm/xcode
    builtin-SwiftPerFileCompile ElegantListManager.swift
SwiftCompile normal arm64 Compiling\ ElegantHList.swift,\ ElegantVList.swift /Users/admin/builder/spi-builder-workspace/.dependencies/checkouts/ElegantPages/Sources/ElegantPages/Lists/Public/ElegantHList.swift /Users/admin/builder/spi-builder-workspace/.dependencies/checkouts/ElegantPages/Sources/ElegantPages/Lists/Public/ElegantVList.swift (in target 'ElegantPages' from project 'ElegantPages')
/Users/admin/builder/spi-builder-workspace/.dependencies/checkouts/ElegantPages/Sources/ElegantPages/Models/Internal/Constants.swift:5:14: error: 'UIScreen' is unavailable in watchOS
3 | import UIKit
4 |
5 | let screen = UIScreen.main.bounds
  |              `- error: 'UIScreen' is unavailable in watchOS
6 |
/Applications/Xcode-27.0.0-Release.Candidate.app/Contents/Developer/Platforms/WatchOS.platform/Developer/SDKs/WatchOS27.0.sdk/System/Library/Frameworks/UIKit.framework/Headers/UIScreen.h:54:12: note: 'UIScreen' has been explicitly marked unavailable here
 52 |
 53 | UIKIT_EXTERN API_AVAILABLE(ios(2.0)) API_UNAVAILABLE(visionos, watchos) NS_SWIFT_UI_ACTOR
 54 | @interface UIScreen : NSObject <UITraitEnvironment>
    |            `- note: 'UIScreen' has been explicitly marked unavailable here
 55 |
 56 | @property(class, nonatomic, readonly) NSArray<UIScreen *> *screens API_DEPRECATED("Use UIApplication.shared.openSessions to find open sessions with scenes from other screens", ios(3.2, 16.0), visionos(1.0, 1.0)) API_UNAVAILABLE(watchos); // all screens currently attached to the device
/Users/admin/builder/spi-builder-workspace/.dependencies/checkouts/ElegantPages/Sources/ElegantPages/Models/Internal/Constants.swift:5:23: error: 'main' is unavailable in watchOS
3 | import UIKit
4 |
5 | let screen = UIScreen.main.bounds
  |                       `- error: 'main' is unavailable in watchOS
6 |
/Applications/Xcode-27.0.0-Release.Candidate.app/Contents/Developer/Platforms/WatchOS.platform/Developer/SDKs/WatchOS27.0.sdk/System/Library/Frameworks/UIKit.framework/Headers/UIScreen.h:57:49: note: 'main' has been explicitly marked unavailable here
 55 |
 56 | @property(class, nonatomic, readonly) NSArray<UIScreen *> *screens API_DEPRECATED("Use UIApplication.shared.openSessions to find open sessions with scenes from other screens", ios(3.2, 16.0), visionos(1.0, 1.0)) API_UNAVAILABLE(watchos); // all screens currently attached to the device
 57 | @property(class, nonatomic, readonly) UIScreen *mainScreen API_DEPRECATED("Use a UIScreen instance found through context instead (i.e, view.window.windowScene.screen), or for properties like UIScreen.scale with trait equivalents, use a traitCollection found through context.", ios(2.0, 26.0), tvos(9.0, 26.0), visionos(1.0, 26.0)) API_UNAVAILABLE(watchos);
    |                                                 `- note: 'main' has been explicitly marked unavailable here
 58 |
 59 | @property(nonatomic,readonly) CGRect  bounds;                // Bounds of entire screen in points
/Users/admin/builder/spi-builder-workspace/.dependencies/checkouts/ElegantPages/Sources/ElegantPages/Lists/Public/ElegantHList.swift:43:18: error: value of type 'ElegantListController' has no member 'frame'
41 |                                   pageTurnType: pageTurnType,
42 |                                   viewForPage: viewForPage)
43 |                 .frame(width: pagerWidth)
   |                  `- error: value of type 'ElegantListController' has no member 'frame'
44 |         }
45 |         .frame(width: screen.width, height: geometry.size.height, alignment: .leading)
SwiftCompile normal arm64 /Users/admin/builder/spi-builder-workspace/.dependencies/checkouts/ElegantPages/Sources/ElegantPages/Lists/Public/ElegantHList.swift (in target 'ElegantPages' from project 'ElegantPages')
    cd /Users/admin/builder/spi-builder-workspace/.swiftpm/xcode
    builtin-SwiftPerFileCompile ElegantHList.swift
SwiftCompile normal arm64 /Users/admin/builder/spi-builder-workspace/.dependencies/checkouts/ElegantPages/Sources/ElegantPages/Lists/Public/ElegantVList.swift (in target 'ElegantPages' from project 'ElegantPages')
    cd /Users/admin/builder/spi-builder-workspace/.swiftpm/xcode
    builtin-SwiftPerFileCompile ElegantVList.swift
SwiftCompile normal arm64 Compiling\ Comparable+Clamped.swift,\ View+Erased.swift /Users/admin/builder/spi-builder-workspace/.dependencies/checkouts/ElegantPages/Sources/ElegantPages/Extensions/Comparable+Clamped.swift /Users/admin/builder/spi-builder-workspace/.dependencies/checkouts/ElegantPages/Sources/ElegantPages/Extensions/View+Erased.swift (in target 'ElegantPages' from project 'ElegantPages')
SwiftCompile normal arm64 /Users/admin/builder/spi-builder-workspace/.dependencies/checkouts/ElegantPages/Sources/ElegantPages/Extensions/Comparable+Clamped.swift (in target 'ElegantPages' from project 'ElegantPages')
    cd /Users/admin/builder/spi-builder-workspace/.swiftpm/xcode
    builtin-SwiftPerFileCompile Comparable+Clamped.swift
SwiftCompile normal arm64 /Users/admin/builder/spi-builder-workspace/.dependencies/checkouts/ElegantPages/Sources/ElegantPages/Extensions/View+Erased.swift (in target 'ElegantPages' from project 'ElegantPages')
    cd /Users/admin/builder/spi-builder-workspace/.swiftpm/xcode
    builtin-SwiftPerFileCompile View+Erased.swift
SwiftCompile normal arm64 Compiling\ Constants.swift,\ PageState.swift /Users/admin/builder/spi-builder-workspace/.dependencies/checkouts/ElegantPages/Sources/ElegantPages/Models/Internal/Constants.swift /Users/admin/builder/spi-builder-workspace/.dependencies/checkouts/ElegantPages/Sources/ElegantPages/Models/Internal/PageState.swift (in target 'ElegantPages' from project 'ElegantPages')
/Users/admin/builder/spi-builder-workspace/.dependencies/checkouts/ElegantPages/Sources/ElegantPages/Models/Internal/Constants.swift:5:14: error: 'UIScreen' is unavailable in watchOS
3 | import UIKit
4 |
5 | let screen = UIScreen.main.bounds
  |              `- error: 'UIScreen' is unavailable in watchOS
6 |
/Applications/Xcode-27.0.0-Release.Candidate.app/Contents/Developer/Platforms/WatchOS.platform/Developer/SDKs/WatchOS27.0.sdk/System/Library/Frameworks/UIKit.framework/Headers/UIScreen.h:54:12: note: 'UIScreen' has been explicitly marked unavailable here
 52 |
 53 | UIKIT_EXTERN API_AVAILABLE(ios(2.0)) API_UNAVAILABLE(visionos, watchos) NS_SWIFT_UI_ACTOR
 54 | @interface UIScreen : NSObject <UITraitEnvironment>
    |            `- note: 'UIScreen' has been explicitly marked unavailable here
 55 |
 56 | @property(class, nonatomic, readonly) NSArray<UIScreen *> *screens API_DEPRECATED("Use UIApplication.shared.openSessions to find open sessions with scenes from other screens", ios(3.2, 16.0), visionos(1.0, 1.0)) API_UNAVAILABLE(watchos); // all screens currently attached to the device
SwiftCompile normal arm64 /Users/admin/builder/spi-builder-workspace/.dependencies/checkouts/ElegantPages/Sources/ElegantPages/Models/Internal/Constants.swift (in target 'ElegantPages' from project 'ElegantPages')
    cd /Users/admin/builder/spi-builder-workspace/.swiftpm/xcode
    builtin-SwiftPerFileCompile Constants.swift
SwiftCompile normal arm64 /Users/admin/builder/spi-builder-workspace/.dependencies/checkouts/ElegantPages/Sources/ElegantPages/Models/Internal/PageState.swift (in target 'ElegantPages' from project 'ElegantPages')
    cd /Users/admin/builder/spi-builder-workspace/.swiftpm/xcode
    builtin-SwiftPerFileCompile PageState.swift
SwiftCompile normal arm64 Compiling\ ElegantPagesManager.swift,\ PageTurnType.swift /Users/admin/builder/spi-builder-workspace/.dependencies/checkouts/ElegantPages/Sources/ElegantPages/Models/Public/ElegantPagesManager.swift /Users/admin/builder/spi-builder-workspace/.dependencies/checkouts/ElegantPages/Sources/ElegantPages/Models/Public/PageTurnType.swift (in target 'ElegantPages' from project 'ElegantPages')
SwiftCompile normal arm64 /Users/admin/builder/spi-builder-workspace/.dependencies/checkouts/ElegantPages/Sources/ElegantPages/Models/Public/ElegantPagesManager.swift (in target 'ElegantPages' from project 'ElegantPages')
    cd /Users/admin/builder/spi-builder-workspace/.swiftpm/xcode
    builtin-SwiftPerFileCompile ElegantPagesManager.swift
SwiftCompile normal arm64 /Users/admin/builder/spi-builder-workspace/.dependencies/checkouts/ElegantPages/Sources/ElegantPages/Models/Public/PageTurnType.swift (in target 'ElegantPages' from project 'ElegantPages')
    cd /Users/admin/builder/spi-builder-workspace/.swiftpm/xcode
    builtin-SwiftPerFileCompile PageTurnType.swift
SwiftCompile normal arm64 Compiling\ ElegantListController.swift,\ ElegantListView.swift /Users/admin/builder/spi-builder-workspace/.dependencies/checkouts/ElegantPages/Sources/ElegantPages/Lists/Internal/ElegantListController.swift /Users/admin/builder/spi-builder-workspace/.dependencies/checkouts/ElegantPages/Sources/ElegantPages/Lists/Internal/ElegantListView.swift (in target 'ElegantPages' from project 'ElegantPages')
/Users/admin/builder/spi-builder-workspace/.dependencies/checkouts/ElegantPages/Sources/ElegantPages/Lists/Internal/ElegantListController.swift:21:40: error: cannot find type 'Context' in scope
 19 |     let viewForPage: (Int) -> AnyView
 20 |
 21 |     func makeUIViewController(context: Context) -> ElegantTriadPagesController {
    |                                        `- error: cannot find type 'Context' in scope
 22 |         ElegantTriadPagesController(manager: manager,
 23 |                                     axis: axis,
/Users/admin/builder/spi-builder-workspace/.dependencies/checkouts/ElegantPages/Sources/ElegantPages/Lists/Internal/ElegantListController.swift:28:85: error: cannot find type 'Context' in scope
 26 |     }
 27 |
 28 |     func updateUIViewController(_ controller: ElegantTriadPagesController, context: Context) {
    |                                                                                     `- error: cannot find type 'Context' in scope
 29 |         controller.viewForPage = viewForPage
 30 |         DispatchQueue.main.async {
/Users/admin/builder/spi-builder-workspace/.dependencies/checkouts/ElegantPages/Sources/ElegantPages/Lists/Internal/ElegantListController.swift:7:31: error: cannot find type 'UIViewControllerRepresentable' in scope
  5 | private class UpdateUIViewControllerBugFixClass { }
  6 |
  7 | struct ElegantListController: UIViewControllerRepresentable, ElegantListManagerDirectAccess, PageTurnTypeDirectAccess {
    |                               `- error: cannot find type 'UIViewControllerRepresentable' in scope
  8 |
  9 |     typealias UIViewControllerType = ElegantTriadPagesController
/Users/admin/builder/spi-builder-workspace/.dependencies/checkouts/ElegantPages/Sources/ElegantPages/Lists/Internal/ElegantListController.swift:77:31: error: cannot find type 'UIHostingController' in scope
 75 | class ElegantTriadPagesController: UIViewController {
 76 |
 77 |     private var controllers: [UIHostingController<AnyView>]
    |                               `- error: cannot find type 'UIHostingController' in scope
 78 |     private(set) var previousPage: Int
 79 |
/Users/admin/builder/spi-builder-workspace/.dependencies/checkouts/ElegantPages/Sources/ElegantPages/Lists/Internal/ElegantListController.swift:75:36: error: 'UIViewController' is unavailable in watchOS
 73 | }
 74 |
 75 | class ElegantTriadPagesController: UIViewController {
    |                                    `- error: 'UIViewController' is unavailable in watchOS
 76 |
 77 |     private var controllers: [UIHostingController<AnyView>]
/Applications/Xcode-27.0.0-Release.Candidate.app/Contents/Developer/Platforms/WatchOS.platform/Developer/SDKs/WatchOS27.0.sdk/System/Library/Frameworks/UIKit.framework/Headers/UIViewController.h:104:12: note: 'UIViewController' has been explicitly marked unavailable here
102 |
103 | UIKIT_EXTERN API_AVAILABLE(ios(2.0)) API_UNAVAILABLE(watchos) NS_SWIFT_UI_ACTOR
104 | @interface UIViewController : UIResponder <NSCoding, UIAppearanceContainer, UITraitEnvironment, UIContentContainer, UIFocusEnvironment>
    |            `- note: 'UIViewController' has been explicitly marked unavailable here
105 |
106 | /*
SwiftCompile normal arm64 /Users/admin/builder/spi-builder-workspace/.dependencies/checkouts/ElegantPages/Sources/ElegantPages/Lists/Internal/ElegantListController.swift (in target 'ElegantPages' from project 'ElegantPages')
    cd /Users/admin/builder/spi-builder-workspace/.swiftpm/xcode
    builtin-SwiftPerFileCompile ElegantListController.swift
SwiftCompile normal arm64 /Users/admin/builder/spi-builder-workspace/.dependencies/checkouts/ElegantPages/Sources/ElegantPages/Lists/Internal/ElegantListView.swift (in target 'ElegantPages' from project 'ElegantPages')
    cd /Users/admin/builder/spi-builder-workspace/.swiftpm/xcode
    builtin-SwiftPerFileCompile ElegantListView.swift
SwiftCompile normal arm64 Compiling\ ElegantHPages.swift /Users/admin/builder/spi-builder-workspace/.dependencies/checkouts/ElegantPages/Sources/ElegantPages/Pages/Public/ElegantHPages.swift (in target 'ElegantPages' from project 'ElegantPages')
/Users/admin/builder/spi-builder-workspace/.dependencies/checkouts/ElegantPages/Sources/ElegantPages/Models/Internal/Constants.swift:5:14: error: 'UIScreen' is unavailable in watchOS
3 | import UIKit
4 |
5 | let screen = UIScreen.main.bounds
  |              `- error: 'UIScreen' is unavailable in watchOS
6 |
/Applications/Xcode-27.0.0-Release.Candidate.app/Contents/Developer/Platforms/WatchOS.platform/Developer/SDKs/WatchOS27.0.sdk/System/Library/Frameworks/UIKit.framework/Headers/UIScreen.h:54:12: note: 'UIScreen' has been explicitly marked unavailable here
 52 |
 53 | UIKIT_EXTERN API_AVAILABLE(ios(2.0)) API_UNAVAILABLE(visionos, watchos) NS_SWIFT_UI_ACTOR
 54 | @interface UIScreen : NSObject <UITraitEnvironment>
    |            `- note: 'UIScreen' has been explicitly marked unavailable here
 55 |
 56 | @property(class, nonatomic, readonly) NSArray<UIScreen *> *screens API_DEPRECATED("Use UIApplication.shared.openSessions to find open sessions with scenes from other screens", ios(3.2, 16.0), visionos(1.0, 1.0)) API_UNAVAILABLE(watchos); // all screens currently attached to the device
SwiftCompile normal arm64 /Users/admin/builder/spi-builder-workspace/.dependencies/checkouts/ElegantPages/Sources/ElegantPages/Pages/Public/ElegantHPages.swift (in target 'ElegantPages' from project 'ElegantPages')
    cd /Users/admin/builder/spi-builder-workspace/.swiftpm/xcode
    builtin-SwiftPerFileCompile ElegantHPages.swift
SwiftEmitModule normal arm64 Emitting\ module\ for\ ElegantPages (in target 'ElegantPages' from project 'ElegantPages')
/Users/admin/builder/spi-builder-workspace/.dependencies/checkouts/ElegantPages/Sources/ElegantPages/Lists/Internal/ElegantListController.swift:21:40: error: cannot find type 'Context' in scope
 19 |     let viewForPage: (Int) -> AnyView
 20 |
 21 |     func makeUIViewController(context: Context) -> ElegantTriadPagesController {
    |                                        `- error: cannot find type 'Context' in scope
 22 |         ElegantTriadPagesController(manager: manager,
 23 |                                     axis: axis,
/Users/admin/builder/spi-builder-workspace/.dependencies/checkouts/ElegantPages/Sources/ElegantPages/Lists/Internal/ElegantListController.swift:28:85: error: cannot find type 'Context' in scope
 26 |     }
 27 |
 28 |     func updateUIViewController(_ controller: ElegantTriadPagesController, context: Context) {
    |                                                                                     `- error: cannot find type 'Context' in scope
 29 |         controller.viewForPage = viewForPage
 30 |         DispatchQueue.main.async {
/Users/admin/builder/spi-builder-workspace/.dependencies/checkouts/ElegantPages/Sources/ElegantPages/Lists/Internal/ElegantListController.swift:7:31: error: cannot find type 'UIViewControllerRepresentable' in scope
  5 | private class UpdateUIViewControllerBugFixClass { }
  6 |
  7 | struct ElegantListController: UIViewControllerRepresentable, ElegantListManagerDirectAccess, PageTurnTypeDirectAccess {
    |                               `- error: cannot find type 'UIViewControllerRepresentable' in scope
  8 |
  9 |     typealias UIViewControllerType = ElegantTriadPagesController
/Users/admin/builder/spi-builder-workspace/.dependencies/checkouts/ElegantPages/Sources/ElegantPages/Lists/Internal/ElegantListController.swift:77:31: error: cannot find type 'UIHostingController' in scope
 75 | class ElegantTriadPagesController: UIViewController {
 76 |
 77 |     private var controllers: [UIHostingController<AnyView>]
    |                               `- error: cannot find type 'UIHostingController' in scope
 78 |     private(set) var previousPage: Int
 79 |
/Users/admin/builder/spi-builder-workspace/.dependencies/checkouts/ElegantPages/Sources/ElegantPages/Lists/Internal/ElegantListController.swift:75:36: error: 'UIViewController' is unavailable in watchOS
 73 | }
 74 |
 75 | class ElegantTriadPagesController: UIViewController {
    |                                    `- error: 'UIViewController' is unavailable in watchOS
 76 |
 77 |     private var controllers: [UIHostingController<AnyView>]
/Applications/Xcode-27.0.0-Release.Candidate.app/Contents/Developer/Platforms/WatchOS.platform/Developer/SDKs/WatchOS27.0.sdk/System/Library/Frameworks/UIKit.framework/Headers/UIViewController.h:104:12: note: 'UIViewController' has been explicitly marked unavailable here
102 |
103 | UIKIT_EXTERN API_AVAILABLE(ios(2.0)) API_UNAVAILABLE(watchos) NS_SWIFT_UI_ACTOR
104 | @interface UIViewController : UIResponder <NSCoding, UIAppearanceContainer, UITraitEnvironment, UIContentContainer, UIFocusEnvironment>
    |            `- note: 'UIViewController' has been explicitly marked unavailable here
105 |
106 | /*
/Users/admin/builder/spi-builder-workspace/.dependencies/checkouts/ElegantPages/Sources/ElegantPages/Models/Internal/Constants.swift:5:14: error: 'UIScreen' is unavailable in watchOS
3 | import UIKit
4 |
5 | let screen = UIScreen.main.bounds
  |              `- error: 'UIScreen' is unavailable in watchOS
6 |
/Applications/Xcode-27.0.0-Release.Candidate.app/Contents/Developer/Platforms/WatchOS.platform/Developer/SDKs/WatchOS27.0.sdk/System/Library/Frameworks/UIKit.framework/Headers/UIScreen.h:54:12: note: 'UIScreen' has been explicitly marked unavailable here
 52 |
 53 | UIKIT_EXTERN API_AVAILABLE(ios(2.0)) API_UNAVAILABLE(visionos, watchos) NS_SWIFT_UI_ACTOR
 54 | @interface UIScreen : NSObject <UITraitEnvironment>
    |            `- note: 'UIScreen' has been explicitly marked unavailable here
 55 |
 56 | @property(class, nonatomic, readonly) NSArray<UIScreen *> *screens API_DEPRECATED("Use UIApplication.shared.openSessions to find open sessions with scenes from other screens", ios(3.2, 16.0), visionos(1.0, 1.0)) API_UNAVAILABLE(watchos); // all screens currently attached to the device
/Users/admin/builder/spi-builder-workspace/.dependencies/checkouts/ElegantPages/Sources/ElegantPages/Models/Internal/Constants.swift:5:23: error: 'main' is unavailable in watchOS
3 | import UIKit
4 |
5 | let screen = UIScreen.main.bounds
  |                       `- error: 'main' is unavailable in watchOS
6 |
/Applications/Xcode-27.0.0-Release.Candidate.app/Contents/Developer/Platforms/WatchOS.platform/Developer/SDKs/WatchOS27.0.sdk/System/Library/Frameworks/UIKit.framework/Headers/UIScreen.h:57:49: note: 'main' has been explicitly marked unavailable here
 55 |
 56 | @property(class, nonatomic, readonly) NSArray<UIScreen *> *screens API_DEPRECATED("Use UIApplication.shared.openSessions to find open sessions with scenes from other screens", ios(3.2, 16.0), visionos(1.0, 1.0)) API_UNAVAILABLE(watchos); // all screens currently attached to the device
 57 | @property(class, nonatomic, readonly) UIScreen *mainScreen API_DEPRECATED("Use a UIScreen instance found through context instead (i.e, view.window.windowScene.screen), or for properties like UIScreen.scale with trait equivalents, use a traitCollection found through context.", ios(2.0, 26.0), tvos(9.0, 26.0), visionos(1.0, 26.0)) API_UNAVAILABLE(watchos);
    |                                                 `- note: 'main' has been explicitly marked unavailable here
 58 |
 59 | @property(nonatomic,readonly) CGRect  bounds;                // Bounds of entire screen in points
Failed frontend command:
/Applications/Xcode-27.0.0-Release.Candidate.app/Contents/Developer/Toolchains/XcodeDefault.xctoolchain/usr/bin/swift-frontend -frontend -emit-module -experimental-skip-non-inlinable-function-bodies-without-types /Users/admin/builder/spi-builder-workspace/.dependencies/checkouts/ElegantPages/Sources/ElegantPages/Extensions/Comparable+Clamped.swift /Users/admin/builder/spi-builder-workspace/.dependencies/checkouts/ElegantPages/Sources/ElegantPages/Extensions/View+Erased.swift /Users/admin/builder/spi-builder-workspace/.dependencies/checkouts/ElegantPages/Sources/ElegantPages/Lists/Internal/ElegantListController.swift /Users/admin/builder/spi-builder-workspace/.dependencies/checkouts/ElegantPages/Sources/ElegantPages/Lists/Internal/ElegantListView.swift /Users/admin/builder/spi-builder-workspace/.dependencies/checkouts/ElegantPages/Sources/ElegantPages/Lists/Public/ElegantHList.swift /Users/admin/builder/spi-builder-workspace/.dependencies/checkouts/ElegantPages/Sources/ElegantPages/Lists/Public/ElegantVList.swift /Users/admin/builder/spi-builder-workspace/.dependencies/checkouts/ElegantPages/Sources/ElegantPages/Models/Internal/Constants.swift /Users/admin/builder/spi-builder-workspace/.dependencies/checkouts/ElegantPages/Sources/ElegantPages/Models/Internal/PageState.swift /Users/admin/builder/spi-builder-workspace/.dependencies/checkouts/ElegantPages/Sources/ElegantPages/Models/Internal/ScrollDirection.swift /Users/admin/builder/spi-builder-workspace/.dependencies/checkouts/ElegantPages/Sources/ElegantPages/Models/Public/ElegantListManager.swift /Users/admin/builder/spi-builder-workspace/.dependencies/checkouts/ElegantPages/Sources/ElegantPages/Models/Public/ElegantPagesManager.swift /Users/admin/builder/spi-builder-workspace/.dependencies/checkouts/ElegantPages/Sources/ElegantPages/Models/Public/PageTurnType.swift /Users/admin/builder/spi-builder-workspace/.dependencies/checkouts/ElegantPages/Sources/ElegantPages/Models/Public/PageViewBuilder.swift /Users/admin/builder/spi-builder-workspace/.dependencies/checkouts/ElegantPages/Sources/ElegantPages/Pages/Internal/ElegantPagesView.swift /Users/admin/builder/spi-builder-workspace/.dependencies/checkouts/ElegantPages/Sources/ElegantPages/Pages/Public/ElegantHPages.swift /Users/admin/builder/spi-builder-workspace/.dependencies/checkouts/ElegantPages/Sources/ElegantPages/Pages/Public/ElegantVPages.swift -target arm64-apple-watchos9.0 -disable-cross-import-overlay-search -load-resolved-plugin /Applications/Xcode-27.0.0-Release.Candidate.app/Contents/Developer/Platforms/WatchOS.platform/Developer/usr/lib/swift/host/plugins/libFoundationMacros.dylib\#/Applications/Xcode-27.0.0-Release.Candidate.app/Contents/Developer/Platforms/WatchOS.platform/Developer/usr/bin/swift-plugin-server\#FoundationMacros -load-resolved-plugin /Applications/Xcode-27.0.0-Release.Candidate.app/Contents/Developer/Platforms/WatchOS.platform/Developer/usr/lib/swift/host/plugins/libObservationMacros.dylib\#/Applications/Xcode-27.0.0-Release.Candidate.app/Contents/Developer/Platforms/WatchOS.platform/Developer/usr/bin/swift-plugin-server\#ObservationMacros -load-resolved-plugin /Applications/Xcode-27.0.0-Release.Candidate.app/Contents/Developer/Platforms/WatchOS.platform/Developer/usr/lib/swift/host/plugins/libPreviewsMacros.dylib\#/Applications/Xcode-27.0.0-Release.Candidate.app/Contents/Developer/Platforms/WatchOS.platform/Developer/usr/bin/swift-plugin-server\#PreviewsMacros -load-resolved-plugin /Applications/Xcode-27.0.0-Release.Candidate.app/Contents/Developer/Platforms/WatchOS.platform/Developer/usr/lib/swift/host/plugins/libSwiftMacros.dylib\#/Applications/Xcode-27.0.0-Release.Candidate.app/Contents/Developer/Platforms/WatchOS.platform/Developer/usr/bin/swift-plugin-server\#SwiftMacros -load-resolved-plugin /Applications/Xcode-27.0.0-Release.Candidate.app/Contents/Developer/Platforms/WatchOS.platform/Developer/usr/lib/swift/host/plugins/libSwiftUIMacros.dylib\#/Applications/Xcode-27.0.0-Release.Candidate.app/Contents/Developer/Platforms/WatchOS.platform/Developer/usr/bin/swift-plugin-server\#SwiftUIMacros -disable-implicit-swift-modules -Xcc -fno-implicit-modules -Xcc -fno-implicit-module-maps -explicit-swift-module-map-file /Users/admin/builder/spi-builder-workspace/.derivedData/Build/Intermediates.noindex/ElegantPages.build/Debug-watchos/ElegantPages-t.build/Objects-normal/arm64/ElegantPages-dependencies-1.json -Xllvm -aarch64-use-tbi -enable-objc-interop -stack-check -sdk /Applications/Xcode-27.0.0-Release.Candidate.app/Contents/Developer/Platforms/WatchOS.platform/Developer/SDKs/WatchOS27.0.sdk -I /Users/admin/builder/spi-builder-workspace/.derivedData/Build/Products/Debug-watchos -Isystem /Applications/Xcode-27.0.0-Release.Candidate.app/Contents/Developer/Platforms/WatchOS.platform/Developer/usr/lib -F /Users/admin/builder/spi-builder-workspace/.derivedData/Build/Products/Debug-watchos -F /Applications/Xcode-27.0.0-Release.Candidate.app/Contents/Developer/Platforms/WatchOS.platform/Developer/Library/Frameworks -F /Applications/Xcode-27.0.0-Release.Candidate.app/Contents/Developer/Platforms/WatchOS.platform/Developer/SDKs/WatchOS27.0.sdk/Developer/Library/Frameworks -module-cache-path /Users/admin/builder/spi-builder-workspace/.derivedData/Build/Intermediates.noindex/SwiftExplicitPrecompiledModules -no-color-diagnostics -Xcc -fno-color-diagnostics -enable-testing -g -debug-info-format\=dwarf -dwarf-version\=4 -suppress-warnings -swift-version 5 -Onone -D SWIFT_PACKAGE -D DEBUG -D SWIFT_MODULE_RESOURCE_BUNDLE_UNAVAILABLE -D Xcode -serialize-debugging-options -enable-experimental-feature DebugDescriptionMacro -empty-abi-descriptor -validate-clang-modules-once -clang-build-session-file /Users/admin/builder/spi-builder-workspace/.derivedData/ModuleCache.noindex/Session.modulevalidation -Xcc -working-directory -Xcc /Users/admin/builder/spi-builder-workspace/.swiftpm/xcode -enable-anonymous-context-mangled-names -file-compilation-dir /Users/admin/builder/spi-builder-workspace/.swiftpm/xcode -Xcc -D_LIBCPP_HARDENING_MODE\=_LIBCPP_HARDENING_MODE_DEBUG -Xcc -ivfsstatcache -Xcc /Users/admin/builder/spi-builder-workspace/.derivedData/SDKStatCaches.noindex/watchos27.0-24R360-e829b21a6f8c9b70876ba0858053c04477534ef55a1706bf4c1112bbb242f0a2.sdkstatcache -Xcc -fmodules-prune-interval\=86400 -Xcc -fmodules-prune-after\=345600 -Xcc -I/Users/admin/builder/spi-builder-workspace/.derivedData/Build/Products/Debug-watchos/include -Xcc -I/Users/admin/builder/spi-builder-workspace/.derivedData/Build/Intermediates.noindex/ElegantPages.build/Debug-watchos/ElegantPages-t.build/DerivedSources-normal/arm64 -Xcc -I/Users/admin/builder/spi-builder-workspace/.derivedData/Build/Intermediates.noindex/ElegantPages.build/Debug-watchos/ElegantPages-t.build/DerivedSources/arm64 -Xcc -I/Users/admin/builder/spi-builder-workspace/.derivedData/Build/Intermediates.noindex/ElegantPages.build/Debug-watchos/ElegantPages-t.build/DerivedSources -Xcc -DSWIFT_PACKAGE -Xcc -DDEBUG\=1 -no-auto-bridging-header-chaining -module-name ElegantPages -const-gather-protocols-file /Users/admin/builder/spi-builder-workspace/.derivedData/Build/Intermediates.noindex/ElegantPages.build/Debug-watchos/ElegantPages-t.build/Objects-normal/arm64/ElegantPages_const_extract_protocols.json -disable-clang-spi -clang-target arm64-apple-watchos27.0 -target-sdk-version 27.0 -target-sdk-name watchos27.0 -in-process-plugin-server-path /Applications/Xcode-27.0.0-Release.Candidate.app/Contents/Developer/Toolchains/XcodeDefault.xctoolchain/usr/lib/swift/host/libSwiftInProcPluginServer.dylib -emit-module-doc-path /Users/admin/builder/spi-builder-workspace/.derivedData/Build/Intermediates.noindex/ElegantPages.build/Debug-watchos/ElegantPages-t.build/Objects-normal/arm64/ElegantPages.swiftdoc -emit-module-source-info-path /Users/admin/builder/spi-builder-workspace/.derivedData/Build/Intermediates.noindex/ElegantPages.build/Debug-watchos/ElegantPages-t.build/Objects-normal/arm64/ElegantPages.swiftsourceinfo -emit-objc-header-path /Users/admin/builder/spi-builder-workspace/.derivedData/Build/Intermediates.noindex/ElegantPages.build/Debug-watchos/ElegantPages-t.build/Objects-normal/arm64/ElegantPages-Swift.h -serialize-diagnostics-path /Users/admin/builder/spi-builder-workspace/.derivedData/Build/Intermediates.noindex/ElegantPages.build/Debug-watchos/ElegantPages-t.build/Objects-normal/arm64/ElegantPages-primary-emit-module.dia -emit-dependencies-path /Users/admin/builder/spi-builder-workspace/.derivedData/Build/Intermediates.noindex/ElegantPages.build/Debug-watchos/ElegantPages-t.build/Objects-normal/arm64/ElegantPages-primary-emit-module.d -parse-as-library -o /Users/admin/builder/spi-builder-workspace/.derivedData/Build/Intermediates.noindex/ElegantPages.build/Debug-watchos/ElegantPages-t.build/Objects-normal/arm64/ElegantPages.swiftmodule -emit-abi-descriptor-path /Users/admin/builder/spi-builder-workspace/.derivedData/Build/Intermediates.noindex/ElegantPages.build/Debug-watchos/ElegantPages-t.build/Objects-normal/arm64/ElegantPages.abi.json
SwiftCompile normal arm64 (in target 'ElegantPages' from project 'ElegantPages')
    cd /Users/admin/builder/spi-builder-workspace/.swiftpm/xcode

SwiftCompile normal arm64 Compiling\ PageViewBuilder.swift /Users/admin/builder/spi-builder-workspace/.dependencies/checkouts/ElegantPages/Sources/ElegantPages/Models/Public/PageViewBuilder.swift (in target 'ElegantPages' from project 'ElegantPages')
SwiftCompile normal arm64 /Users/admin/builder/spi-builder-workspace/.dependencies/checkouts/ElegantPages/Sources/ElegantPages/Models/Public/PageViewBuilder.swift (in target 'ElegantPages' from project 'ElegantPages')
    cd /Users/admin/builder/spi-builder-workspace/.swiftpm/xcode
    builtin-SwiftPerFileCompile PageViewBuilder.swift
SwiftCompile normal arm64 Compiling\ ElegantVPages.swift /Users/admin/builder/spi-builder-workspace/.dependencies/checkouts/ElegantPages/Sources/ElegantPages/Pages/Public/ElegantVPages.swift (in target 'ElegantPages' from project 'ElegantPages')
/Users/admin/builder/spi-builder-workspace/.dependencies/checkouts/ElegantPages/Sources/ElegantPages/Models/Internal/Constants.swift:5:14: error: 'UIScreen' is unavailable in watchOS
3 | import UIKit
4 |
5 | let screen = UIScreen.main.bounds
  |              `- error: 'UIScreen' is unavailable in watchOS
6 |
/Applications/Xcode-27.0.0-Release.Candidate.app/Contents/Developer/Platforms/WatchOS.platform/Developer/SDKs/WatchOS27.0.sdk/System/Library/Frameworks/UIKit.framework/Headers/UIScreen.h:54:12: note: 'UIScreen' has been explicitly marked unavailable here
 52 |
 53 | UIKIT_EXTERN API_AVAILABLE(ios(2.0)) API_UNAVAILABLE(visionos, watchos) NS_SWIFT_UI_ACTOR
 54 | @interface UIScreen : NSObject <UITraitEnvironment>
    |            `- note: 'UIScreen' has been explicitly marked unavailable here
 55 |
 56 | @property(class, nonatomic, readonly) NSArray<UIScreen *> *screens API_DEPRECATED("Use UIApplication.shared.openSessions to find open sessions with scenes from other screens", ios(3.2, 16.0), visionos(1.0, 1.0)) API_UNAVAILABLE(watchos); // all screens currently attached to the device
SwiftCompile normal arm64 /Users/admin/builder/spi-builder-workspace/.dependencies/checkouts/ElegantPages/Sources/ElegantPages/Pages/Public/ElegantVPages.swift (in target 'ElegantPages' from project 'ElegantPages')
    cd /Users/admin/builder/spi-builder-workspace/.swiftpm/xcode
    builtin-SwiftPerFileCompile ElegantVPages.swift
SwiftExplicitDependencyGeneratePcm arm64_32 /Users/admin/builder/spi-builder-workspace/.derivedData/SDKExplicitPrecompiledModules/SwiftUI-9AYG9OCT5VOJK7V4MX1WYR86T.pcm
PruneExplicitPrecompiledModules /Users/admin/builder/spi-builder-workspace/.derivedData/Build/Intermediates.noindex/ExplicitPrecompiledModules
PruneExplicitPrecompiledModules /Users/admin/builder/spi-builder-workspace/.derivedData/Build/Intermediates.noindex/SwiftExplicitPrecompiledModules
PruneExplicitPrecompiledModules /Users/admin/builder/spi-builder-workspace/.derivedData/SDKExplicitPrecompiledModules
2026-09-17 17:39:15.650 xcodebuild[879:5176] [MT] IDERunDestination: Supported platforms for the buildables in the current scheme is empty.
** BUILD FAILED **
The following build commands failed:
	SwiftEmitModule normal arm64 Emitting\ module\ for\ ElegantPages (in target 'ElegantPages' from project 'ElegantPages')
	SwiftCompile normal arm64 (in target 'ElegantPages' from project 'ElegantPages')
	Building workspace ElegantCalendar with scheme ElegantCalendar
(3 failures)
BUILD FAILURE 6.4 watchOS