The Swift Package Index logo.Swift Package Index

Build Information

Failed to build HUD, reference 1.0.4 (58ec44), with Swift 6.4 for macOS (SPM) on 20 Sep 2026 07:49:18 UTC.

Build Command

env DEVELOPER_DIR=/Applications/Xcode-27.0.0-Release.Candidate.app xcrun swift build --arch arm64

Build Log

========================================
RunAll
========================================
Builder version: 5.1.0
Interrupt handler set up.
========================================
Checkout
========================================
Clone URL: https://github.com/kmatzka/HUD.git
Reference: 1.0.4
Initialized empty Git repository in /Users/admin/builder/spi-builder-workspace/.git/
From https://github.com/kmatzka/HUD
 * tag               1.0.4      -> FETCH_HEAD
HEAD is now at 58ec444 Merge remote-tracking branch 'refs/remotes/origin/main'
Cloned https://github.com/kmatzka/HUD.git
Revision (git rev-parse @):
58ec444ccbc452b13b968a59582b3706c2e4bd86
SUCCESS checkout https://github.com/kmatzka/HUD.git at 1.0.4
========================================
Build
========================================
Selected platform:         macosSpm
Swift version:             6.4
Building package at path:  $PWD
https://github.com/kmatzka/HUD.git
Running build ...
env DEVELOPER_DIR=/Applications/Xcode-27.0.0-Release.Candidate.app xcrun swift build --arch arm64
Building for debugging...
[Planning deferred tasks]
[19 / 28]
[20 / 29] HUD
[30 / 99]
[33 / 99]
[41 / 99]
[43 / 99]
[44 / 99]
[49 / 99]
[51 / 99]
[53 / 99]
[56 / 99]
[61 / 99]
[64 / 99]
[66 / 99]
[67 / 99]
[77 / 99]
[79 / 99]
[80 / 99]
[83 / 99]
[85 / 99]
[90 / 99] HUD
error: SwiftCompile normal arm64 /Users/admin/builder/spi-builder-workspace/Sources/HUD/HUDState.swift failed with a nonzero exit code. Command line:     cd /Users/admin/builder
    builtin-SwiftPerFileCompile HUDState.swift
/Users/admin/builder/spi-builder-workspace/Sources/HUD/HUDState.swift:34:55: error: type 'CGColor' has no member 'label'
32 |     ///   - content: The HUD capsule content to show.
33 |     public func show(autoClosureDelay: Int = 3, content: any View) {
34 |         self.content = content.foregroundColor(Color(.label))
   |                                                       `- error: type 'CGColor' has no member 'label'
35 |         self.autoClosureDelay = autoClosureDelay
36 |
/Users/admin/builder/spi-builder-workspace/Sources/HUD/HUDState.swift:47:55: error: type 'CGColor' has no member 'label'
45 |     ///   - content: The HUD capsule content to show.
46 |     public func configue(autoClosureDelay: Int = 3, content: any View) {
47 |         self.content = content.foregroundColor(Color(.label))
   |                                                       `- error: type 'CGColor' has no member 'label'
48 |         self.autoClosureDelay = autoClosureDelay
49 |     }
Failed frontend command:
/Applications/Xcode-27.0.0-Release.Candidate.app/Contents/Developer/Toolchains/XcodeDefault.xctoolchain/usr/bin/swift-frontend -frontend -c -primary-file /Users/admin/builder/spi-builder-workspace/Sources/HUD/HUDState.swift /Users/admin/builder/spi-builder-workspace/Sources/HUD/HUDViewModifier.swift /Users/admin/builder/spi-builder-workspace/Sources/HUD/HUDview.swift -emit-dependencies-path /Users/admin/builder/spi-builder-workspace/.build/out/Intermediates.noindex/HUD.build/Debug/HUD-t.build/Objects-normal/arm64/HUDState.d -emit-const-values-path /Users/admin/builder/spi-builder-workspace/.build/out/Intermediates.noindex/HUD.build/Debug/HUD-t.build/Objects-normal/arm64/HUDState.swiftconstvalues -emit-reference-dependencies-path /Users/admin/builder/spi-builder-workspace/.build/out/Intermediates.noindex/HUD.build/Debug/HUD-t.build/Objects-normal/arm64/HUDState.swiftdeps -serialize-diagnostics-path /Users/admin/builder/spi-builder-workspace/.build/out/Intermediates.noindex/HUD.build/Debug/HUD-t.build/Objects-normal/arm64/HUDState.dia -target arm64-apple-macos12.0 -disable-cross-import-overlay-search -load-resolved-plugin /Applications/Xcode-27.0.0-Release.Candidate.app/Contents/Developer/Platforms/MacOSX.platform/Developer/usr/lib/swift/host/plugins/libFoundationMacros.dylib\#/Applications/Xcode-27.0.0-Release.Candidate.app/Contents/Developer/Platforms/MacOSX.platform/Developer/usr/bin/swift-plugin-server\#FoundationMacros -load-resolved-plugin /Applications/Xcode-27.0.0-Release.Candidate.app/Contents/Developer/Platforms/MacOSX.platform/Developer/usr/lib/swift/host/plugins/libObservationMacros.dylib\#/Applications/Xcode-27.0.0-Release.Candidate.app/Contents/Developer/Platforms/MacOSX.platform/Developer/usr/bin/swift-plugin-server\#ObservationMacros -load-resolved-plugin /Applications/Xcode-27.0.0-Release.Candidate.app/Contents/Developer/Platforms/MacOSX.platform/Developer/usr/lib/swift/host/plugins/libPreviewsMacros.dylib\#/Applications/Xcode-27.0.0-Release.Candidate.app/Contents/Developer/Platforms/MacOSX.platform/Developer/usr/bin/swift-plugin-server\#PreviewsMacros -load-resolved-plugin /Applications/Xcode-27.0.0-Release.Candidate.app/Contents/Developer/Platforms/MacOSX.platform/Developer/usr/lib/swift/host/plugins/libSwiftMacros.dylib\#/Applications/Xcode-27.0.0-Release.Candidate.app/Contents/Developer/Platforms/MacOSX.platform/Developer/usr/bin/swift-plugin-server\#SwiftMacros -load-resolved-plugin /Applications/Xcode-27.0.0-Release.Candidate.app/Contents/Developer/Platforms/MacOSX.platform/Developer/usr/lib/swift/host/plugins/libSwiftUIMacros.dylib\#/Applications/Xcode-27.0.0-Release.Candidate.app/Contents/Developer/Platforms/MacOSX.platform/Developer/usr/bin/swift-plugin-server\#SwiftUIMacros -disable-implicit-swift-modules -Xcc -fno-implicit-modules -Xcc -fno-implicit-module-maps -explicit-swift-module-map-file /Users/admin/builder/spi-builder-workspace/.build/out/Intermediates.noindex/HUD.build/Debug/HUD-t.build/Objects-normal/arm64/HUD-dependencies-1.json -Xllvm -aarch64-use-tbi -enable-objc-interop -stack-check -sdk /Applications/Xcode-27.0.0-Release.Candidate.app/Contents/Developer/Platforms/MacOSX.platform/Developer/SDKs/MacOSX27.0.sdk -I /Users/admin/builder/spi-builder-workspace/.build/out/Products/Debug -Isystem /Applications/Xcode-27.0.0-Release.Candidate.app/Contents/Developer/Platforms/MacOSX.platform/Developer/usr/lib -F /Users/admin/builder/spi-builder-workspace/.build/out/Products/Debug -F /Applications/Xcode-27.0.0-Release.Candidate.app/Contents/Developer/Platforms/MacOSX.platform/Developer/Library/Frameworks -module-cache-path /Users/admin/builder/spi-builder-workspace/.build/out/Intermediates.noindex/SwiftExplicitPrecompiledModules -color-diagnostics -Xcc -fcolor-diagnostics -enable-testing -g -debug-info-format\=dwarf -dwarf-version\=4 -swift-version 5 -Onone -D SWIFT_PACKAGE -D DEBUG -D SWIFT_MODULE_RESOURCE_BUNDLE_UNAVAILABLE -D Xcode -serialize-debugging-options -enable-experimental-feature DebugDescriptionMacro -empty-abi-descriptor -validate-clang-modules-once -clang-build-session-file /Users/admin/builder/spi-builder-workspace/.build/out/ModuleCache.noindex/Session.modulevalidation -Xcc -working-directory -Xcc /Users/admin/builder -enable-anonymous-context-mangled-names -file-compilation-dir /Users/admin/builder -Xcc -D_LIBCPP_HARDENING_MODE\=_LIBCPP_HARDENING_MODE_DEBUG -Xcc -ivfsstatcache -Xcc /Users/admin/builder/spi-builder-workspace/.build/out/SDKStatCaches.noindex/macosx27.0-26A425-80c5bbf1d171475443272936d42f90a36a22442a12e9d48fe1a705f55a1adfc4.sdkstatcache -Xcc -fmodules-prune-interval\=86400 -Xcc -fmodules-prune-after\=345600 -Xcc -I/Users/admin/builder/spi-builder-workspace/.build/out/Products/Debug/include -Xcc -I/Users/admin/builder/spi-builder-workspace/.build/out/Intermediates.noindex/HUD.build/Debug/HUD-t.build/DerivedSources-normal/arm64 -Xcc -I/Users/admin/builder/spi-builder-workspace/.build/out/Intermediates.noindex/HUD.build/Debug/HUD-t.build/DerivedSources/arm64 -Xcc -I/Users/admin/builder/spi-builder-workspace/.build/out/Intermediates.noindex/HUD.build/Debug/HUD-t.build/DerivedSources -Xcc -DSWIFT_PACKAGE -Xcc -DDEBUG\=1 -no-auto-bridging-header-chaining -module-name HUD -const-gather-protocols-file /Users/admin/builder/spi-builder-workspace/.build/out/Intermediates.noindex/HUD.build/Debug/HUD-t.build/Objects-normal/arm64/HUD_const_extract_protocols.json -disable-clang-spi -clang-target arm64-apple-macos27.0 -target-sdk-version 27.0 -target-sdk-name macosx27.0 -in-process-plugin-server-path /Applications/Xcode-27.0.0-Release.Candidate.app/Contents/Developer/Toolchains/XcodeDefault.xctoolchain/usr/lib/swift/host/libSwiftInProcPluginServer.dylib -parse-as-library -o /Users/admin/builder/spi-builder-workspace/.build/out/Intermediates.noindex/HUD.build/Debug/HUD-t.build/Objects-normal/arm64/HUDState.o -debug-module-path /Users/admin/builder/spi-builder-workspace/.build/out/Intermediates.noindex/HUD.build/Debug/HUD-t.build/Objects-normal/arm64/HUD.swiftmodule -index-unit-output-path /HUD.build/Debug/HUD-t.build/Objects-normal/arm64/HUDState.o -index-store-path /Users/admin/builder/spi-builder-workspace/.build/out -index-system-modules
error: SwiftCompile normal arm64 /Users/admin/builder/spi-builder-workspace/Sources/HUD/HUDViewModifier.swift failed with a nonzero exit code. Command line:     cd /Users/admin/builder
    builtin-SwiftPerFileCompile HUDViewModifier.swift
/Users/admin/builder/spi-builder-workspace/Sources/HUD/HUDViewModifier.swift:98:29: error: 'sleep(for:tolerance:clock:)' is only available in macOS 13.0 or newer
 14 | /// `.modifier(HUDViewModifier())`
 15 | ///
 16 | public struct HUDViewModifier: ViewModifier {
    |               `- note: add '@available' attribute to enclosing struct
 17 |
 18 |     @EnvironmentObject private var hudState: HUDState
    :
 89 |     // MARK: - HUD auto closure task
 90 |
 91 |     private func createHudAutoClosureTask(_ isPresented: Bool) {
    |                  `- note: add '@available' attribute to enclosing instance method
 92 |         autoClosureTask?.cancel()
 93 |         autoClosureTask = nil
    :
 96 |
 97 |         autoClosureTask = Task {
 98 |             try? await Task.sleep(for: .seconds(hudState.autoClosureDelay))
    |                             |- error: 'sleep(for:tolerance:clock:)' is only available in macOS 13.0 or newer
    |                             `- note: add 'if #available' version check
 99 |
100 |             guard !Task.isCancelled else { return }
/Users/admin/builder/spi-builder-workspace/Sources/HUD/HUDViewModifier.swift:98:41: error: 'seconds' is only available in macOS 13.0 or newer
 14 | /// `.modifier(HUDViewModifier())`
 15 | ///
 16 | public struct HUDViewModifier: ViewModifier {
    |               `- note: add '@available' attribute to enclosing struct
 17 |
 18 |     @EnvironmentObject private var hudState: HUDState
    :
 89 |     // MARK: - HUD auto closure task
 90 |
 91 |     private func createHudAutoClosureTask(_ isPresented: Bool) {
    |                  `- note: add '@available' attribute to enclosing instance method
 92 |         autoClosureTask?.cancel()
 93 |         autoClosureTask = nil
    :
 96 |
 97 |         autoClosureTask = Task {
 98 |             try? await Task.sleep(for: .seconds(hudState.autoClosureDelay))
    |                                         |- error: 'seconds' is only available in macOS 13.0 or newer
    |                                         `- note: add 'if #available' version check
 99 |
100 |             guard !Task.isCancelled else { return }
Failed frontend command:
/Applications/Xcode-27.0.0-Release.Candidate.app/Contents/Developer/Toolchains/XcodeDefault.xctoolchain/usr/bin/swift-frontend -frontend -c /Users/admin/builder/spi-builder-workspace/Sources/HUD/HUDState.swift -primary-file /Users/admin/builder/spi-builder-workspace/Sources/HUD/HUDViewModifier.swift /Users/admin/builder/spi-builder-workspace/Sources/HUD/HUDview.swift -emit-dependencies-path /Users/admin/builder/spi-builder-workspace/.build/out/Intermediates.noindex/HUD.build/Debug/HUD-t.build/Objects-normal/arm64/HUDViewModifier.d -emit-const-values-path /Users/admin/builder/spi-builder-workspace/.build/out/Intermediates.noindex/HUD.build/Debug/HUD-t.build/Objects-normal/arm64/HUDViewModifier.swiftconstvalues -emit-reference-dependencies-path /Users/admin/builder/spi-builder-workspace/.build/out/Intermediates.noindex/HUD.build/Debug/HUD-t.build/Objects-normal/arm64/HUDViewModifier.swiftdeps -serialize-diagnostics-path /Users/admin/builder/spi-builder-workspace/.build/out/Intermediates.noindex/HUD.build/Debug/HUD-t.build/Objects-normal/arm64/HUDViewModifier.dia -target arm64-apple-macos12.0 -disable-cross-import-overlay-search -load-resolved-plugin /Applications/Xcode-27.0.0-Release.Candidate.app/Contents/Developer/Platforms/MacOSX.platform/Developer/usr/lib/swift/host/plugins/libFoundationMacros.dylib\#/Applications/Xcode-27.0.0-Release.Candidate.app/Contents/Developer/Platforms/MacOSX.platform/Developer/usr/bin/swift-plugin-server\#FoundationMacros -load-resolved-plugin /Applications/Xcode-27.0.0-Release.Candidate.app/Contents/Developer/Platforms/MacOSX.platform/Developer/usr/lib/swift/host/plugins/libObservationMacros.dylib\#/Applications/Xcode-27.0.0-Release.Candidate.app/Contents/Developer/Platforms/MacOSX.platform/Developer/usr/bin/swift-plugin-server\#ObservationMacros -load-resolved-plugin /Applications/Xcode-27.0.0-Release.Candidate.app/Contents/Developer/Platforms/MacOSX.platform/Developer/usr/lib/swift/host/plugins/libPreviewsMacros.dylib\#/Applications/Xcode-27.0.0-Release.Candidate.app/Contents/Developer/Platforms/MacOSX.platform/Developer/usr/bin/swift-plugin-server\#PreviewsMacros -load-resolved-plugin /Applications/Xcode-27.0.0-Release.Candidate.app/Contents/Developer/Platforms/MacOSX.platform/Developer/usr/lib/swift/host/plugins/libSwiftMacros.dylib\#/Applications/Xcode-27.0.0-Release.Candidate.app/Contents/Developer/Platforms/MacOSX.platform/Developer/usr/bin/swift-plugin-server\#SwiftMacros -load-resolved-plugin /Applications/Xcode-27.0.0-Release.Candidate.app/Contents/Developer/Platforms/MacOSX.platform/Developer/usr/lib/swift/host/plugins/libSwiftUIMacros.dylib\#/Applications/Xcode-27.0.0-Release.Candidate.app/Contents/Developer/Platforms/MacOSX.platform/Developer/usr/bin/swift-plugin-server\#SwiftUIMacros -disable-implicit-swift-modules -Xcc -fno-implicit-modules -Xcc -fno-implicit-module-maps -explicit-swift-module-map-file /Users/admin/builder/spi-builder-workspace/.build/out/Intermediates.noindex/HUD.build/Debug/HUD-t.build/Objects-normal/arm64/HUD-dependencies-1.json -Xllvm -aarch64-use-tbi -enable-objc-interop -stack-check -sdk /Applications/Xcode-27.0.0-Release.Candidate.app/Contents/Developer/Platforms/MacOSX.platform/Developer/SDKs/MacOSX27.0.sdk -I /Users/admin/builder/spi-builder-workspace/.build/out/Products/Debug -Isystem /Applications/Xcode-27.0.0-Release.Candidate.app/Contents/Developer/Platforms/MacOSX.platform/Developer/usr/lib -F /Users/admin/builder/spi-builder-workspace/.build/out/Products/Debug -F /Applications/Xcode-27.0.0-Release.Candidate.app/Contents/Developer/Platforms/MacOSX.platform/Developer/Library/Frameworks -module-cache-path /Users/admin/builder/spi-builder-workspace/.build/out/Intermediates.noindex/SwiftExplicitPrecompiledModules -color-diagnostics -Xcc -fcolor-diagnostics -enable-testing -g -debug-info-format\=dwarf -dwarf-version\=4 -swift-version 5 -Onone -D SWIFT_PACKAGE -D DEBUG -D SWIFT_MODULE_RESOURCE_BUNDLE_UNAVAILABLE -D Xcode -serialize-debugging-options -enable-experimental-feature DebugDescriptionMacro -empty-abi-descriptor -validate-clang-modules-once -clang-build-session-file /Users/admin/builder/spi-builder-workspace/.build/out/ModuleCache.noindex/Session.modulevalidation -Xcc -working-directory -Xcc /Users/admin/builder -enable-anonymous-context-mangled-names -file-compilation-dir /Users/admin/builder -Xcc -D_LIBCPP_HARDENING_MODE\=_LIBCPP_HARDENING_MODE_DEBUG -Xcc -ivfsstatcache -Xcc /Users/admin/builder/spi-builder-workspace/.build/out/SDKStatCaches.noindex/macosx27.0-26A425-80c5bbf1d171475443272936d42f90a36a22442a12e9d48fe1a705f55a1adfc4.sdkstatcache -Xcc -fmodules-prune-interval\=86400 -Xcc -fmodules-prune-after\=345600 -Xcc -I/Users/admin/builder/spi-builder-workspace/.build/out/Products/Debug/include -Xcc -I/Users/admin/builder/spi-builder-workspace/.build/out/Intermediates.noindex/HUD.build/Debug/HUD-t.build/DerivedSources-normal/arm64 -Xcc -I/Users/admin/builder/spi-builder-workspace/.build/out/Intermediates.noindex/HUD.build/Debug/HUD-t.build/DerivedSources/arm64 -Xcc -I/Users/admin/builder/spi-builder-workspace/.build/out/Intermediates.noindex/HUD.build/Debug/HUD-t.build/DerivedSources -Xcc -DSWIFT_PACKAGE -Xcc -DDEBUG\=1 -no-auto-bridging-header-chaining -module-name HUD -const-gather-protocols-file /Users/admin/builder/spi-builder-workspace/.build/out/Intermediates.noindex/HUD.build/Debug/HUD-t.build/Objects-normal/arm64/HUD_const_extract_protocols.json -disable-clang-spi -clang-target arm64-apple-macos27.0 -target-sdk-version 27.0 -target-sdk-name macosx27.0 -in-process-plugin-server-path /Applications/Xcode-27.0.0-Release.Candidate.app/Contents/Developer/Toolchains/XcodeDefault.xctoolchain/usr/lib/swift/host/libSwiftInProcPluginServer.dylib -parse-as-library -o /Users/admin/builder/spi-builder-workspace/.build/out/Intermediates.noindex/HUD.build/Debug/HUD-t.build/Objects-normal/arm64/HUDViewModifier.o -debug-module-path /Users/admin/builder/spi-builder-workspace/.build/out/Intermediates.noindex/HUD.build/Debug/HUD-t.build/Objects-normal/arm64/HUD.swiftmodule -index-unit-output-path /HUD.build/Debug/HUD-t.build/Objects-normal/arm64/HUDViewModifier.o -index-store-path /Users/admin/builder/spi-builder-workspace/.build/out -index-system-modules
error: Build failed
BUILD FAILURE 6.4 macosSpm