Build Information
Failed to build Rokt-Widget, reference 5.5.5 (697989), with Swift 6.2 for Wasm on 17 Oct 2026 00:23:31 UTC.
Build Command
bash -c docker run --pull=always --rm -v "checkouts-54344845-1":/host -w "$PWD" -e JAVA_HOME="/root/.sdkman/candidates/java/current" -e SPI_BUILD="1" -e SPI_PROCESSING="1" registry.gitlab.com/saguaro1/spi-images:wasm-6.2-latest swift build --swift-sdk swift-6.2-RELEASE_wasm 2>&1Build Log
========================================
RunAll
========================================
Builder version: 5.1.3
Interrupt handler set up.
========================================
Checkout
========================================
Clone URL: https://github.com/ROKT/rokt-sdk-ios.git
Reference: 5.5.5
Initialized empty Git repository in /host/spi-builder-workspace/.git/
hint: Using 'master' as the name for the initial branch. This default branch name
hint: is subject to change. To configure the initial branch name to use in all
hint: of your new repositories, which will suppress this warning, call:
hint:
hint: git config --global init.defaultBranch <name>
hint:
hint: Names commonly chosen instead of 'master' are 'main', 'trunk' and
hint: 'development'. The just-created branch can be renamed via this command:
hint:
hint: git branch -m <name>
From https://github.com/ROKT/rokt-sdk-ios
* tag 5.5.5 -> FETCH_HEAD
HEAD is now at 6979894 Release 5.5.5 (#352)
Cloned https://github.com/ROKT/rokt-sdk-ios.git
Revision (git rev-parse @):
6979894ec9d06d060bf991a83833ada79fcda484
SUCCESS checkout https://github.com/ROKT/rokt-sdk-ios.git at 5.5.5
========================================
Build
========================================
Selected platform: wasm
Swift version: 6.2
Building package at path: $PWD
https://github.com/ROKT/rokt-sdk-ios.git
Running build ...
bash -c docker run --pull=always --rm -v "checkouts-54344845-1":/host -w "$PWD" -e JAVA_HOME="/root/.sdkman/candidates/java/current" -e SPI_BUILD="1" -e SPI_PROCESSING="1" registry.gitlab.com/saguaro1/spi-images:wasm-6.2-latest swift build --swift-sdk swift-6.2-RELEASE_wasm 2>&1
wasm-6.2-latest: Pulling from saguaro1/spi-images
Digest: sha256:0563b842faffea9ddc6fe15fbd2051d02dff3ef29dc4b5bfe0a0910a084eee81
Status: Image is up to date for registry.gitlab.com/saguaro1/spi-images:wasm-6.2-latest
Fetching https://github.com/WeTransfer/Mocker.git
Fetching https://github.com/ROKT/rokt-ux-helper-ios.git
Fetching https://github.com/ROKT/rokt-contracts-apple.git
Fetching https://github.com/surpher/PactSwift.git
Fetching https://github.com/ROKT/dcui-swift-schema.git
[1/628] Fetching dcui-swift-schema
[52/2534] Fetching dcui-swift-schema, mocker
[72/2937] Fetching dcui-swift-schema, mocker, rokt-contracts-apple
[89/10098] Fetching dcui-swift-schema, mocker, rokt-contracts-apple, pactswift
[800/24044] Fetching dcui-swift-schema, mocker, rokt-contracts-apple, pactswift, rokt-ux-helper-ios
Fetched https://github.com/ROKT/rokt-contracts-apple.git from cache (0.39s)
[2087/23641] Fetching dcui-swift-schema, mocker, pactswift, rokt-ux-helper-ios
Fetched https://github.com/ROKT/rokt-ux-helper-ios.git from cache (0.60s)
[4969/9695] Fetching dcui-swift-schema, mocker, pactswift
Fetched https://github.com/ROKT/dcui-swift-schema.git from cache (4.51s)
Fetched https://github.com/WeTransfer/Mocker.git from cache (4.51s)
Fetched https://github.com/surpher/PactSwift.git from cache (4.58s)
Computing version for https://github.com/ROKT/dcui-swift-schema.git
Computed https://github.com/ROKT/dcui-swift-schema.git at 2.10.0 (4.75s)
Computing version for https://github.com/ROKT/rokt-contracts-apple.git
Computed https://github.com/ROKT/rokt-contracts-apple.git at 2.0.2 (0.13s)
Computing version for https://github.com/surpher/PactSwift.git
Computed https://github.com/surpher/PactSwift.git at 1.2.1 (0.17s)
Fetching https://github.com/surpher/PactSwiftServer.git
[1/345] Fetching pactswiftserver
Fetched https://github.com/surpher/PactSwiftServer.git from cache (8.38s)
Computing version for https://github.com/surpher/PactSwiftServer.git
Computed https://github.com/surpher/PactSwiftServer.git at 0.4.7 (8.55s)
Computing version for https://github.com/ROKT/rokt-ux-helper-ios.git
Computed https://github.com/ROKT/rokt-ux-helper-ios.git at 2.1.4 (0.14s)
Computing version for https://github.com/WeTransfer/Mocker.git
Computed https://github.com/WeTransfer/Mocker.git at 2.6.0 (0.16s)
Creating working copy for https://github.com/WeTransfer/Mocker.git
Working copy of https://github.com/WeTransfer/Mocker.git resolved at 2.6.0
Creating working copy for https://github.com/ROKT/rokt-contracts-apple.git
Working copy of https://github.com/ROKT/rokt-contracts-apple.git resolved at 2.0.2
Creating working copy for https://github.com/surpher/PactSwift.git
Working copy of https://github.com/surpher/PactSwift.git resolved at 1.2.1
Creating working copy for https://github.com/ROKT/rokt-ux-helper-ios.git
Working copy of https://github.com/ROKT/rokt-ux-helper-ios.git resolved at 2.1.4
Creating working copy for https://github.com/surpher/PactSwiftServer.git
Working copy of https://github.com/surpher/PactSwiftServer.git resolved at 0.4.7
Creating working copy for https://github.com/ROKT/dcui-swift-schema.git
Working copy of https://github.com/ROKT/dcui-swift-schema.git resolved at 2.10.0
Building for debugging...
[0/8] Write sources
[0/8] Copying PrivacyInfo.xcprivacy
[0/8] Write sources
[5/8] Copying PrivacyInfo.xcprivacy
[5/8] Copying Info.plist
[7/8] Write swift-version-24593BA9C3E375BF.txt
[9/17] Compiling RoktContracts RoktEmbeddedView.swift
/host/spi-builder-workspace/.build/checkouts/rokt-contracts-apple/Sources/RoktContracts/Events/RoktEvent.swift:1:8: error: no such module 'CoreGraphics'
1 | import CoreGraphics
| `- error: no such module 'CoreGraphics'
2 | import Foundation
3 |
[10/17] Compiling RoktContracts PaymentTypes.swift
/host/spi-builder-workspace/.build/checkouts/rokt-contracts-apple/Sources/RoktContracts/Events/RoktEvent.swift:1:8: error: no such module 'CoreGraphics'
1 | import CoreGraphics
| `- error: no such module 'CoreGraphics'
2 | import Foundation
3 |
[11/17] Compiling RoktContracts PaymentExtension.swift
/host/spi-builder-workspace/.build/checkouts/rokt-contracts-apple/Sources/RoktContracts/Events/RoktEvent.swift:1:8: error: no such module 'CoreGraphics'
1 | import CoreGraphics
| `- error: no such module 'CoreGraphics'
2 | import Foundation
3 |
error: emit-module command failed with exit code 1 (use -v to see invocation)
[12/17] Emitting module RoktContracts
/host/spi-builder-workspace/.build/checkouts/rokt-contracts-apple/Sources/RoktContracts/Events/RoktEvent.swift:1:8: error: no such module 'CoreGraphics'
1 | import CoreGraphics
| `- error: no such module 'CoreGraphics'
2 | import Foundation
3 |
[13/17] Compiling RoktContracts RoktConfig.swift
/host/spi-builder-workspace/.build/checkouts/rokt-contracts-apple/Sources/RoktContracts/Events/RoktEvent.swift:1:8: error: no such module 'CoreGraphics'
1 | import CoreGraphics
| `- error: no such module 'CoreGraphics'
2 | import Foundation
3 |
[14/17] Compiling RoktContracts RoktPlacementOptions.swift
/host/spi-builder-workspace/.build/checkouts/rokt-contracts-apple/Sources/RoktContracts/Events/RoktEvent.swift:1:8: error: no such module 'CoreGraphics'
1 | import CoreGraphics
| `- error: no such module 'CoreGraphics'
2 | import Foundation
3 |
[15/17] Compiling RoktContracts RoktEvent.swift
/host/spi-builder-workspace/.build/checkouts/rokt-contracts-apple/Sources/RoktContracts/Events/RoktEvent.swift:1:8: error: no such module 'CoreGraphics'
1 | import CoreGraphics
| `- error: no such module 'CoreGraphics'
2 | import Foundation
3 |
[16/17] Emitting module DcuiSchema
BUILD FAILURE 6.2 wasm