The Swift Package Index logo.Swift Package Index

Build Information

Failed to build SpiderWebService, reference 1.0.2 (dd1029), with Swift 6.4 for Wasm on 19 Sep 2026 03:25:32 UTC.

Build Command

bash -c docker run --pull=always --rm -v "checkouts-53886770-0":/host -w "$PWD" -e JAVA_HOME="/root/.sdkman/candidates/java/current" -e SPI_BUILD="1" -e SPI_PROCESSING="1" registry.gitlab.com/saguaro1/spi-images:wasm-6.4-latest swift build --swift-sdk swift-6.4.x-DEVELOPMENT-SNAPSHOT-2026-09-04-a_wasm 2>&1

Build Log

========================================
RunAll
========================================
Builder version: 5.1.0
Interrupt handler set up.
========================================
Checkout
========================================
Clone URL: https://github.com/Nomi-ngj/SpiderWebService.git
Reference: 1.0.2
Initialized empty Git repository in /host/spi-builder-workspace/.git/
hint: Using 'master' as the name for the initial branch. This default branch name
hint: is subject to change. To configure the initial branch name to use in all
hint: of your new repositories, which will suppress this warning, call:
hint:
hint: 	git config --global init.defaultBranch <name>
hint:
hint: Names commonly chosen instead of 'master' are 'main', 'trunk' and
hint: 'development'. The just-created branch can be renamed via this command:
hint:
hint: 	git branch -m <name>
From https://github.com/Nomi-ngj/SpiderWebService
 * tag               1.0.2      -> FETCH_HEAD
HEAD is now at dd10290 Adding Version
Cloned https://github.com/Nomi-ngj/SpiderWebService.git
Revision (git rev-parse @):
dd10290d53368e74f168ad7b5abaf7638aa17b06
SUCCESS checkout https://github.com/Nomi-ngj/SpiderWebService.git at 1.0.2
========================================
Build
========================================
Selected platform:         wasm
Swift version:             6.4
Building package at path:  $PWD
https://github.com/Nomi-ngj/SpiderWebService.git
Running build ...
bash -c docker run --pull=always --rm -v "checkouts-53886770-0":/host -w "$PWD" -e JAVA_HOME="/root/.sdkman/candidates/java/current" -e SPI_BUILD="1" -e SPI_PROCESSING="1" registry.gitlab.com/saguaro1/spi-images:wasm-6.4-latest swift build --swift-sdk swift-6.4.x-DEVELOPMENT-SNAPSHOT-2026-09-04-a_wasm 2>&1
wasm-6.4-latest: Pulling from saguaro1/spi-images
Digest: sha256:4328fdb43c680d205c1d6761b1e3267aa38277eefdda9ddfb17b6a0f1a77857a
Status: Image is up to date for registry.gitlab.com/saguaro1/spi-images:wasm-6.4-latest
Building for debugging...
[Planning deferred tasks]
error: SwiftCompile normal wasm32 failed with a nonzero exit code. Command line:     cd /host

/host/spi-builder-workspace/Sources/SpiderWebService/Extension/URL+Expressible.swift:10:1: warning: extension declares a conformance of imported type 'Optional' to imported protocols 'ExpressibleByStringLiteral', 'ExpressibleByUnicodeScalarLiteral', 'ExpressibleByExtendedGraphemeClusterLiteral'; this will not behave correctly if the owners of 'Swift' introduce this conformance in the future
 8 | import Foundation
 9 |
10 | extension URL?: ExpressibleByStringLiteral,
   | |- warning: extension declares a conformance of imported type 'Optional' to imported protocols 'ExpressibleByStringLiteral', 'ExpressibleByUnicodeScalarLiteral', 'ExpressibleByExtendedGraphemeClusterLiteral'; this will not behave correctly if the owners of 'Swift' introduce this conformance in the future
   | `- note: add '@retroactive' to silence this warning
11 |                 ExpressibleByUnicodeScalarLiteral,
12 |                 ExpressibleByExtendedGraphemeClusterLiteral {
/host/spi-builder-workspace/Sources/SpiderWebService/Extension/URLRequest.swift:10:18: error: cannot find type 'URLRequest' in scope
 8 | import Foundation
 9 |
10 | public extension URLRequest {
   |                  `- error: cannot find type 'URLRequest' in scope
11 |     init(
12 |         url: URL?,
/host/spi-builder-workspace/Sources/SpiderWebService/Extension/URLRequest.swift:37:8: error: non-nominal type 'URLResponse' (aka 'AnyObject') cannot be extended [#]8;;https://docs.swift.org/compiler/documentation/diagnostics/nominal-types\NominalTypes]8;;\]
35 | }
36 |
37 | public extension URLResponse {
   |        `- error: non-nominal type 'URLResponse' (aka 'AnyObject') cannot be extended [#]8;;https://docs.swift.org/compiler/documentation/diagnostics/nominal-types\NominalTypes]8;;\]
38 |     func toHTTP() throws -> HTTPURLResponse {
39 |         guard let httpResponse = self as? HTTPURLResponse else { throw NetworkError.invalidHTTPResponse }
/host/spi-builder-workspace/Sources/SpiderWebService/HTTPURLResponse.swift:10:8: error: non-nominal type 'HTTPURLResponse' (aka 'AnyObject') cannot be extended [#]8;;https://docs.swift.org/compiler/documentation/diagnostics/nominal-types\NominalTypes]8;;\]
 8 | import Foundation
 9 |
10 | public extension HTTPURLResponse {
   |        `- error: non-nominal type 'HTTPURLResponse' (aka 'AnyObject') cannot be extended [#]8;;https://docs.swift.org/compiler/documentation/diagnostics/nominal-types\NominalTypes]8;;\]
11 |     var hasSuccessStatusCode: Bool { (200..<300).contains(statusCode) }
12 | }
/host/spi-builder-workspace/Sources/SpiderWebService/Request.swift:24:35: error: cannot find type 'URLRequest' in scope
22 |
23 | public extension Request {
24 |     func toURLRequest() throws -> URLRequest {
   |                                   `- error: cannot find type 'URLRequest' in scope
25 |         return try URLRequest(
26 |             url: url,
[#NominalTypes]: <https://docs.swift.org/compiler/documentation/diagnostics/nominal-types>
Failed frontend command:
/usr/bin/swift-frontend -frontend -emit-module -experimental-skip-non-inlinable-function-bodies-without-types /host/spi-builder-workspace/Sources/SpiderWebService/Extension/Decodable+decoding.swift /host/spi-builder-workspace/Sources/SpiderWebService/Extension/URL+Expressible.swift /host/spi-builder-workspace/Sources/SpiderWebService/Extension/URLRequest.swift /host/spi-builder-workspace/Sources/SpiderWebService/HTTPMethod.swift /host/spi-builder-workspace/Sources/SpiderWebService/HTTPURLResponse.swift /host/spi-builder-workspace/Sources/SpiderWebService/NetworkError.swift /host/spi-builder-workspace/Sources/SpiderWebService/Request.swift -target wasm32-unknown-wasip1 -disable-objc-interop -sdk /root/.swiftpm/swift-sdks/swift-6.4.x-DEVELOPMENT-SNAPSHOT-2026-09-04-a_wasm.artifactbundle/swift-6.4.x-DEVELOPMENT-SNAPSHOT-2026-09-04-a_wasm/wasm32-unknown-wasip1/WASI.sdk -sysroot /root/.swiftpm/swift-sdks/swift-6.4.x-DEVELOPMENT-SNAPSHOT-2026-09-04-a_wasm.artifactbundle/swift-6.4.x-DEVELOPMENT-SNAPSHOT-2026-09-04-a_wasm/wasm32-unknown-wasip1/WASI.sdk -I /host/spi-builder-workspace/.build/out/Products/Debug-webassembly-wasm32 -module-cache-path /host/spi-builder-workspace/.build/out/ModuleCache.noindex -color-diagnostics -Xcc -fcolor-diagnostics -enable-testing -g -debug-info-format\=dwarf -dwarf-version\=4 -swift-version 5 -Onone -D SWIFT_PACKAGE -D DEBUG -D SWIFT_MODULE_RESOURCE_BUNDLE_UNAVAILABLE -D Xcode -serialize-debugging-options -enable-experimental-feature DebugDescriptionMacro -empty-abi-descriptor -external-plugin-path /usr/lib/swift/host/plugins/testing\#/usr/bin/swift-plugin-server -validate-clang-modules-once -clang-build-session-file /host/spi-builder-workspace/.build/out/ModuleCache.noindex/Session.modulevalidation -Xcc -working-directory -Xcc /host -resource-dir /root/.swiftpm/swift-sdks/swift-6.4.x-DEVELOPMENT-SNAPSHOT-2026-09-04-a_wasm.artifactbundle/swift-6.4.x-DEVELOPMENT-SNAPSHOT-2026-09-04-a_wasm/wasm32-unknown-wasip1/swift.xctoolchain/usr/lib/swift_static -use-static-resource-dir -enable-anonymous-context-mangled-names -file-compilation-dir /host -Xcc -resource-dir -Xcc /root/.swiftpm/swift-sdks/swift-6.4.x-DEVELOPMENT-SNAPSHOT-2026-09-04-a_wasm.artifactbundle/swift-6.4.x-DEVELOPMENT-SNAPSHOT-2026-09-04-a_wasm/wasm32-unknown-wasip1/swift.xctoolchain/usr/lib/swift_static/clang -Xcc -D_LIBCPP_HARDENING_MODE\=_LIBCPP_HARDENING_MODE_DEBUG -Xcc -fmodules-prune-interval\=86400 -Xcc -fmodules-prune-after\=345600 -Xcc -I/host/spi-builder-workspace/.build/out/Products/Debug-webassembly-wasm32/include -Xcc -I/host/spi-builder-workspace/.build/out/Intermediates.noindex/SpiderWebService.build/Debug-webassembly-wasm32/SpiderWebService-t.build/DerivedSources-normal/wasm32 -Xcc -I/host/spi-builder-workspace/.build/out/Intermediates.noindex/SpiderWebService.build/Debug-webassembly-wasm32/SpiderWebService-t.build/DerivedSources/wasm32 -Xcc -I/host/spi-builder-workspace/.build/out/Intermediates.noindex/SpiderWebService.build/Debug-webassembly-wasm32/SpiderWebService-t.build/DerivedSources -Xcc -DSWIFT_PACKAGE -Xcc -DDEBUG\=1 -no-auto-bridging-header-chaining -module-name SpiderWebService -const-gather-protocols-file /host/spi-builder-workspace/.build/out/Intermediates.noindex/SpiderWebService.build/Debug-webassembly-wasm32/SpiderWebService-t.build/Objects-normal/wasm32/SpiderWebService_const_extract_protocols.json -in-process-plugin-server-path /usr/lib/swift/host/libSwiftInProcPluginServer.so -plugin-path /usr/lib/swift/host/plugins -plugin-path /usr/local/lib/swift/host/plugins -emit-module-doc-path /host/spi-builder-workspace/.build/out/Intermediates.noindex/SpiderWebService.build/Debug-webassembly-wasm32/SpiderWebService-t.build/Objects-normal/wasm32/Modules/SpiderWebService.swiftdoc -emit-module-source-info-path /host/spi-builder-workspace/.build/out/Intermediates.noindex/SpiderWebService.build/Debug-webassembly-wasm32/SpiderWebService-t.build/Objects-normal/wasm32/Modules/SpiderWebService.swiftsourceinfo -emit-objc-header-path /host/spi-builder-workspace/.build/out/Intermediates.noindex/SpiderWebService.build/Debug-webassembly-wasm32/SpiderWebService-t.build/Objects-normal/wasm32/SpiderWebService-Swift.h -serialize-diagnostics-path /host/spi-builder-workspace/.build/out/Intermediates.noindex/SpiderWebService.build/Debug-webassembly-wasm32/SpiderWebService-t.build/Objects-normal/wasm32/SpiderWebService-primary-emit-module.dia -emit-dependencies-path /host/spi-builder-workspace/.build/out/Intermediates.noindex/SpiderWebService.build/Debug-webassembly-wasm32/SpiderWebSe[26 / 34] SpiderWebService
rvice-t.build/Objects-normal/wasm32/SpiderWebService-primary-emit-module.d -parse-as-library -o /host/spi-builder-workspace/.build/out/Intermediates.noindex/SpiderWebService.build/Debug-webassembly-wasm32/SpiderWebService-t.build/Objects-normal/wasm32/Modules/SpiderWebService.swiftmodule
error: Build failed
BUILD FAILURE 6.4 wasm