Build Information
Failed to build SwiftEntryKit, reference 2.0.0 (5ad36c), with Swift 6.4 for visionOS using Xcode 27.0 on 17 Sep 2026 22:59:43 UTC.
Build Command
env DEVELOPER_DIR=/Applications/Xcode-27.0.0-Release.Candidate.app xcrun xcodebuild -IDEClonedSourcePackagesDirPathOverride=$PWD/.dependencies -skipMacroValidation -skipPackagePluginValidation -derivedDataPath $PWD/.derivedData build -scheme SwiftEntryKit -destination generic/platform=xrOSBuild Log
========================================
RunAll
========================================
Builder version: 5.1.0
Interrupt handler set up.
========================================
Checkout
========================================
Clone URL: https://github.com/huri000/SwiftEntryKit.git
Reference: 2.0.0
Initialized empty Git repository in /Users/admin/builder/spi-builder-workspace/.git/
From https://github.com/huri000/SwiftEntryKit
* tag 2.0.0 -> FETCH_HEAD
HEAD is now at 5ad36cc Release 2.0.0 (#361)
Cloned https://github.com/huri000/SwiftEntryKit.git
Revision (git rev-parse @):
5ad36cccf0c4b9fea32f4e9b17a8e38f07563ef0
SUCCESS checkout https://github.com/huri000/SwiftEntryKit.git at 2.0.0
========================================
Build
========================================
Selected platform: visionOS
Swift version: 6.4
Building package at path: $PWD
https://github.com/huri000/SwiftEntryKit.git
Command line invocation:
/Applications/Xcode-27.0.0-Release.Candidate.app/Contents/Developer/usr/bin/xcodebuild -IDEClonedSourcePackagesDirPathOverride=/Users/admin/builder/spi-builder-workspace/.dependencies -resolvePackageDependencies
Resolve Package Graph
Resolve Package Graph
Resolved source packages:
SwiftEntryKit: /Users/admin/builder/spi-builder-workspace
resolved source packages: SwiftEntryKit
2026-09-17 18:58:50.449 xcodebuild[528:3045] [MT] IDERunDestination: Supported platforms for the buildables in the current scheme is empty.
{
"dependencies" : [
],
"manifest_display_name" : "SwiftEntryKit",
"name" : "SwiftEntryKit",
"path" : "/Users/admin/builder/spi-builder-workspace",
"platforms" : [
{
"name" : "ios",
"version" : "9.0"
}
],
"products" : [
{
"name" : "SwiftEntryKit",
"targets" : [
"SwiftEntryKit"
],
"type" : {
"library" : [
"automatic"
]
}
}
],
"swift_languages_versions" : [
"5"
],
"targets" : [
{
"c99name" : "SwiftEntryKit",
"module_type" : "SwiftTarget",
"name" : "SwiftEntryKit",
"path" : "Source",
"product_memberships" : [
"SwiftEntryKit"
],
"sources" : [
"Extensions/QuickLayout/QLCompatibility.swift",
"Extensions/QuickLayout/QLUtils.swift",
"Extensions/QuickLayout/UIView+QLContentWrap.swift",
"Extensions/QuickLayout/UIView+QuickLayout.swift",
"Extensions/QuickLayout/UIViewArray+QuickLayout.swift",
"Extensions/UIApplication+EKAppearance.swift",
"Extensions/UIColor+Utils.swift",
"Extensions/UIEdgeInsets+Utils.swift",
"Extensions/UIRectCorner+Short.swift",
"Extensions/UIView+Shadow.swift",
"Extensions/UIView+Utils.swift",
"Infra/EKBackgroundView.swift",
"Infra/EKContentView.swift",
"Infra/EKEntryView.swift",
"Infra/EKRootViewController.swift",
"Infra/EKStyleView.swift",
"Infra/EKWindow.swift",
"Infra/EKWindowProvider.swift",
"Infra/EKWrapperView.swift",
"Infra/EntryCachingHeuristic.swift",
"MessageViews/EKAlertMessageView.swift",
"MessageViews/EKFormMessageView.swift",
"MessageViews/EKMessageContentView.swift",
"MessageViews/EKNotificationMessageView.swift",
"MessageViews/EKPopUpMessageView.swift",
"MessageViews/EKRatingMessageView.swift",
"MessageViews/EKSimpleMessageView.swift",
"MessageViews/MessagesUtils/EKButtonBarView.swift",
"MessageViews/MessagesUtils/EKButtonView.swift",
"MessageViews/MessagesUtils/EKRatingSymbolView.swift",
"MessageViews/MessagesUtils/EKRatingSymbolsContainerView.swift",
"MessageViews/MessagesUtils/EKTextField.swift",
"MessageViews/MessagesUtils/EntryAppearanceDescriptor.swift",
"MessageViews/Notes/EKAccessoryNoteMessageView.swift",
"MessageViews/Notes/EKImageNoteMessageView.swift",
"MessageViews/Notes/EKNoteMessageView.swift",
"MessageViews/Notes/EKProcessingNoteMessageView.swift",
"MessageViews/Notes/EKXStatusBarMessageView.swift",
"Model/EKAlertMessage.swift",
"Model/EKColor.swift",
"Model/EKNotificationMessage.swift",
"Model/EKPopUpMessage.swift",
"Model/EKProperty.swift",
"Model/EKRatingMessage.swift",
"Model/EKSimpleMessage.swift",
"Model/EntryAttributes/EKAttributes+Animation.swift",
"Model/EntryAttributes/EKAttributes+BackgroundStyle.swift",
"Model/EntryAttributes/EKAttributes+DisplayMode.swift",
"Model/EntryAttributes/EKAttributes+Duration.swift",
"Model/EntryAttributes/EKAttributes+FrameStyle.swift",
"Model/EntryAttributes/EKAttributes+HapticFeedback.swift",
"Model/EntryAttributes/EKAttributes+LifecycleActions.swift",
"Model/EntryAttributes/EKAttributes+PopBehavior.swift",
"Model/EntryAttributes/EKAttributes+Position.swift",
"Model/EntryAttributes/EKAttributes+PositionConstraints.swift",
"Model/EntryAttributes/EKAttributes+Precedence.swift",
"Model/EntryAttributes/EKAttributes+Presets.swift",
"Model/EntryAttributes/EKAttributes+Scroll.swift",
"Model/EntryAttributes/EKAttributes+Shadow.swift",
"Model/EntryAttributes/EKAttributes+StatusBar.swift",
"Model/EntryAttributes/EKAttributes+UserInteraction.swift",
"Model/EntryAttributes/EKAttributes+Validations.swift",
"Model/EntryAttributes/EKAttributes+WindowLevel.swift",
"Model/EntryAttributes/EKAttributes.swift",
"SwiftEntryKit.swift",
"Utils/GradientView.swift",
"Utils/HapticFeedbackGenerator.swift",
"Utils/UIView+Responder.swift"
],
"type" : "library"
}
],
"tools_version" : "5.0"
}
{
"workspace" : {
"name" : "SwiftEntryKit",
"schemes" : [
"SwiftEntryKit"
]
}
}
2026-09-17 18:59:31.814 xcodebuild[687:4395] [MT] IDERunDestination: Supported platforms for the buildables in the current scheme is empty.
Running build ...
env DEVELOPER_DIR=/Applications/Xcode-27.0.0-Release.Candidate.app xcrun xcodebuild -IDEClonedSourcePackagesDirPathOverride=$PWD/.dependencies -skipMacroValidation -skipPackagePluginValidation -derivedDataPath $PWD/.derivedData build -scheme SwiftEntryKit -destination generic/platform=xrOS
Command line invocation:
/Applications/Xcode-27.0.0-Release.Candidate.app/Contents/Developer/usr/bin/xcodebuild -IDEClonedSourcePackagesDirPathOverride=/Users/admin/builder/spi-builder-workspace/.dependencies -skipMacroValidation -skipPackagePluginValidation -derivedDataPath /Users/admin/builder/spi-builder-workspace/.derivedData build -scheme SwiftEntryKit -destination generic/platform=xrOS
Resolve Package Graph
Resolved source packages:
SwiftEntryKit: /Users/admin/builder/spi-builder-workspace
ComputePackagePrebuildTargetDependencyGraph
Prepare packages
CreateBuildRequest
SendProjectDescription
CreateBuildOperation
ComputeTargetDependencyGraph
note: Building targets in dependency order
note: Target dependency graph (2 targets)
Target 'SwiftEntryKit-product' in project 'SwiftEntryKit'
➜ Explicit dependency on target 'SwiftEntryKit' in project 'SwiftEntryKit'
Target 'SwiftEntryKit' in project 'SwiftEntryKit' (no dependencies)
GatherProvisioningInputs
CreateBuildDescription
ExecuteExternalTool /Applications/Xcode-27.0.0-Release.Candidate.app/Contents/Developer/Toolchains/XcodeDefault.xctoolchain/usr/bin/clang -v -E -dM -isysroot /Applications/Xcode-27.0.0-Release.Candidate.app/Contents/Developer/Platforms/XROS.platform/Developer/SDKs/XROS27.0.sdk -x c -c /dev/null
ExecuteExternalTool /Applications/Xcode-27.0.0-Release.Candidate.app/Contents/Developer/Toolchains/XcodeDefault.xctoolchain/usr/bin/swiftc --version
ExecuteExternalTool /Applications/Xcode-27.0.0-Release.Candidate.app/Contents/Developer/Toolchains/XcodeDefault.xctoolchain/usr/bin/ld -version_details
Build description signature: 1ec4180fdc5cf397359e19e63ce2a618
Build description path: /Users/admin/builder/spi-builder-workspace/.derivedData/Build/Intermediates.noindex/XCBuildData/1ec4180fdc5cf397359e19e63ce2a618.xcbuilddata
CreateBuildDirectory /Users/admin/builder/spi-builder-workspace/.derivedData/SDKExplicitPrecompiledModules
cd /Users/admin/builder/spi-builder-workspace/.swiftpm/xcode
builtin-create-build-directory /Users/admin/builder/spi-builder-workspace/.derivedData/SDKExplicitPrecompiledModules
CreateBuildDirectory /Users/admin/builder/spi-builder-workspace/.derivedData/ModuleCache.noindex
cd /Users/admin/builder/spi-builder-workspace/.swiftpm/xcode
builtin-create-build-directory /Users/admin/builder/spi-builder-workspace/.derivedData/ModuleCache.noindex
CreateBuildDirectory /Users/admin/builder/spi-builder-workspace/.derivedData/CompilationCache.noindex
cd /Users/admin/builder/spi-builder-workspace/.swiftpm/xcode
builtin-create-build-directory /Users/admin/builder/spi-builder-workspace/.derivedData/CompilationCache.noindex
ClangStatCache /Applications/Xcode-27.0.0-Release.Candidate.app/Contents/Developer/Toolchains/XcodeDefault.xctoolchain/usr/bin/clang-stat-cache /Applications/Xcode-27.0.0-Release.Candidate.app/Contents/Developer/Platforms/XROS.platform/Developer/SDKs/XROS27.0.sdk /Users/admin/builder/spi-builder-workspace/.derivedData/SDKStatCaches.noindex/xros27.0-24M361-e829b21a6f8c9b70876ba0858053c044735bd543db762f57723cac368afd1ce4.sdkstatcache
cd /Users/admin/builder/spi-builder-workspace/.swiftpm/xcode
/Applications/Xcode-27.0.0-Release.Candidate.app/Contents/Developer/Toolchains/XcodeDefault.xctoolchain/usr/bin/clang-stat-cache /Applications/Xcode-27.0.0-Release.Candidate.app/Contents/Developer/Platforms/XROS.platform/Developer/SDKs/XROS27.0.sdk -o /Users/admin/builder/spi-builder-workspace/.derivedData/SDKStatCaches.noindex/xros27.0-24M361-e829b21a6f8c9b70876ba0858053c044735bd543db762f57723cac368afd1ce4.sdkstatcache
CreateBuildDirectory /Users/admin/builder/spi-builder-workspace/.derivedData/Build/Products
cd /Users/admin/builder/spi-builder-workspace/.swiftpm/xcode
builtin-create-build-directory /Users/admin/builder/spi-builder-workspace/.derivedData/Build/Products
CreateBuildDirectory /Users/admin/builder/spi-builder-workspace/.derivedData/Build/Intermediates.noindex
cd /Users/admin/builder/spi-builder-workspace/.swiftpm/xcode
builtin-create-build-directory /Users/admin/builder/spi-builder-workspace/.derivedData/Build/Intermediates.noindex
CreateBuildDirectory /Users/admin/builder/spi-builder-workspace/.derivedData/Build/Intermediates.noindex/PrecompiledHeaders
cd /Users/admin/builder/spi-builder-workspace/.swiftpm/xcode
builtin-create-build-directory /Users/admin/builder/spi-builder-workspace/.derivedData/Build/Intermediates.noindex/PrecompiledHeaders
CreateBuildDirectory /Users/admin/builder/spi-builder-workspace/.derivedData/Build/Intermediates.noindex/ExplicitPrecompiledModules
cd /Users/admin/builder/spi-builder-workspace/.swiftpm/xcode
builtin-create-build-directory /Users/admin/builder/spi-builder-workspace/.derivedData/Build/Intermediates.noindex/ExplicitPrecompiledModules
CreateBuildDirectory /Users/admin/builder/spi-builder-workspace/.derivedData/Build/Intermediates.noindex/SwiftExplicitPrecompiledModules
cd /Users/admin/builder/spi-builder-workspace/.swiftpm/xcode
builtin-create-build-directory /Users/admin/builder/spi-builder-workspace/.derivedData/Build/Intermediates.noindex/SwiftExplicitPrecompiledModules
CreateBuildDirectory /Users/admin/builder/spi-builder-workspace/.derivedData/Build/Intermediates.noindex/EagerLinkingTBDs/Debug-xros
cd /Users/admin/builder/spi-builder-workspace/.swiftpm/xcode
builtin-create-build-directory /Users/admin/builder/spi-builder-workspace/.derivedData/Build/Intermediates.noindex/EagerLinkingTBDs/Debug-xros
CreateBuildDirectory /Users/admin/builder/spi-builder-workspace/.derivedData/Build/Products/Debug-xros
cd /Users/admin/builder/spi-builder-workspace/.swiftpm/xcode
builtin-create-build-directory /Users/admin/builder/spi-builder-workspace/.derivedData/Build/Products/Debug-xros
CreateBuildDirectory /Users/admin/builder/spi-builder-workspace/.derivedData/Build/Products/Debug-xros/PackageFrameworks
cd /Users/admin/builder/spi-builder-workspace/.swiftpm/xcode
builtin-create-build-directory /Users/admin/builder/spi-builder-workspace/.derivedData/Build/Products/Debug-xros/PackageFrameworks
WriteAuxiliaryFile /Users/admin/builder/spi-builder-workspace/.derivedData/Build/Intermediates.noindex/SwiftEntryKit.build/Debug-xros/SwiftEntryKit-t.build/SwiftEntryKit.DependencyStaticMetadataFileList (in target 'SwiftEntryKit' from project 'SwiftEntryKit')
cd /Users/admin/builder/spi-builder-workspace
write-file /Users/admin/builder/spi-builder-workspace/.derivedData/Build/Intermediates.noindex/SwiftEntryKit.build/Debug-xros/SwiftEntryKit-t.build/SwiftEntryKit.DependencyStaticMetadataFileList
WriteAuxiliaryFile /Users/admin/builder/spi-builder-workspace/.derivedData/Build/Intermediates.noindex/SwiftEntryKit.build/Debug-xros/SwiftEntryKit-t.build/SwiftEntryKit.DependencyMetadataFileList (in target 'SwiftEntryKit' from project 'SwiftEntryKit')
cd /Users/admin/builder/spi-builder-workspace
write-file /Users/admin/builder/spi-builder-workspace/.derivedData/Build/Intermediates.noindex/SwiftEntryKit.build/Debug-xros/SwiftEntryKit-t.build/SwiftEntryKit.DependencyMetadataFileList
WriteAuxiliaryFile /Users/admin/builder/spi-builder-workspace/.derivedData/Build/Intermediates.noindex/SwiftEntryKit.build/Debug-xros/SwiftEntryKit-t.build/SwiftEntryKit.modulemap (in target 'SwiftEntryKit' from project 'SwiftEntryKit')
cd /Users/admin/builder/spi-builder-workspace
write-file /Users/admin/builder/spi-builder-workspace/.derivedData/Build/Intermediates.noindex/SwiftEntryKit.build/Debug-xros/SwiftEntryKit-t.build/SwiftEntryKit.modulemap
WriteAuxiliaryFile /Users/admin/builder/spi-builder-workspace/.derivedData/Build/Intermediates.noindex/SwiftEntryKit.build/Debug-xros/SwiftEntryKit-t.build/Objects-normal/arm64/SwiftEntryKit-OutputFileMap.json (in target 'SwiftEntryKit' from project 'SwiftEntryKit')
cd /Users/admin/builder/spi-builder-workspace
write-file /Users/admin/builder/spi-builder-workspace/.derivedData/Build/Intermediates.noindex/SwiftEntryKit.build/Debug-xros/SwiftEntryKit-t.build/Objects-normal/arm64/SwiftEntryKit-OutputFileMap.json
WriteAuxiliaryFile /Users/admin/builder/spi-builder-workspace/.derivedData/Build/Intermediates.noindex/SwiftEntryKit.build/Debug-xros/SwiftEntryKit-t.build/Objects-normal/arm64/SwiftEntryKit.LinkFileList (in target 'SwiftEntryKit' from project 'SwiftEntryKit')
cd /Users/admin/builder/spi-builder-workspace
write-file /Users/admin/builder/spi-builder-workspace/.derivedData/Build/Intermediates.noindex/SwiftEntryKit.build/Debug-xros/SwiftEntryKit-t.build/Objects-normal/arm64/SwiftEntryKit.LinkFileList
WriteAuxiliaryFile /Users/admin/builder/spi-builder-workspace/.derivedData/Build/Intermediates.noindex/SwiftEntryKit.build/Debug-xros/SwiftEntryKit-t.build/Objects-normal/arm64/SwiftEntryKit.SwiftFileList (in target 'SwiftEntryKit' from project 'SwiftEntryKit')
cd /Users/admin/builder/spi-builder-workspace
write-file /Users/admin/builder/spi-builder-workspace/.derivedData/Build/Intermediates.noindex/SwiftEntryKit.build/Debug-xros/SwiftEntryKit-t.build/Objects-normal/arm64/SwiftEntryKit.SwiftFileList
WriteAuxiliaryFile /Users/admin/builder/spi-builder-workspace/.derivedData/Build/Intermediates.noindex/SwiftEntryKit.build/Debug-xros/SwiftEntryKit-t.build/Objects-normal/arm64/SwiftEntryKit_const_extract_protocols.json (in target 'SwiftEntryKit' from project 'SwiftEntryKit')
cd /Users/admin/builder/spi-builder-workspace
write-file /Users/admin/builder/spi-builder-workspace/.derivedData/Build/Intermediates.noindex/SwiftEntryKit.build/Debug-xros/SwiftEntryKit-t.build/Objects-normal/arm64/SwiftEntryKit_const_extract_protocols.json
WriteAuxiliaryFile /Users/admin/builder/spi-builder-workspace/.derivedData/Build/Intermediates.noindex/SwiftEntryKit.build/Debug-xros/SwiftEntryKit-t.build/Objects-normal/arm64/SwiftEntryKit.SwiftConstValuesFileList (in target 'SwiftEntryKit' from project 'SwiftEntryKit')
cd /Users/admin/builder/spi-builder-workspace
write-file /Users/admin/builder/spi-builder-workspace/.derivedData/Build/Intermediates.noindex/SwiftEntryKit.build/Debug-xros/SwiftEntryKit-t.build/Objects-normal/arm64/SwiftEntryKit.SwiftConstValuesFileList
Copy /Users/admin/builder/spi-builder-workspace/.derivedData/Build/Intermediates.noindex/GeneratedModuleMaps-xros/SwiftEntryKit.modulemap /Users/admin/builder/spi-builder-workspace/.derivedData/Build/Intermediates.noindex/SwiftEntryKit.build/Debug-xros/SwiftEntryKit-t.build/SwiftEntryKit.modulemap (in target 'SwiftEntryKit' from project 'SwiftEntryKit')
cd /Users/admin/builder/spi-builder-workspace
builtin-copy -exclude .DS_Store -exclude CVS -exclude .svn -exclude .git -exclude .hg -resolve-src-symlinks /Users/admin/builder/spi-builder-workspace/.derivedData/Build/Intermediates.noindex/SwiftEntryKit.build/Debug-xros/SwiftEntryKit-t.build/SwiftEntryKit.modulemap /Users/admin/builder/spi-builder-workspace/.derivedData/Build/Intermediates.noindex/GeneratedModuleMaps-xros
SwiftDriver SwiftEntryKit normal arm64 com.apple.xcode.tools.swift.compiler (in target 'SwiftEntryKit' from project 'SwiftEntryKit')
cd /Users/admin/builder/spi-builder-workspace/.swiftpm/xcode
builtin-SwiftDriver -- /Applications/Xcode-27.0.0-Release.Candidate.app/Contents/Developer/Toolchains/XcodeDefault.xctoolchain/usr/bin/swiftc -parse-as-library -module-name SwiftEntryKit -Onone @/Users/admin/builder/spi-builder-workspace/.derivedData/Build/Intermediates.noindex/SwiftEntryKit.build/Debug-xros/SwiftEntryKit-t.build/Objects-normal/arm64/SwiftEntryKit.SwiftFileList -DSWIFT_PACKAGE -DDEBUG -DSWIFT_MODULE_RESOURCE_BUNDLE_UNAVAILABLE -DXcode -plugin-path /Applications/Xcode-27.0.0-Release.Candidate.app/Contents/Developer/Toolchains/XcodeDefault.xctoolchain/usr/lib/swift/host/plugins/testing -enable-experimental-feature DebugDescriptionMacro -sdk /Applications/Xcode-27.0.0-Release.Candidate.app/Contents/Developer/Platforms/XROS.platform/Developer/SDKs/XROS27.0.sdk -target arm64-apple-xros1.0 -g -module-cache-path /Users/admin/builder/spi-builder-workspace/.derivedData/ModuleCache.noindex -Xfrontend -serialize-debugging-options -enable-testing -index-store-path /Users/admin/builder/spi-builder-workspace/.derivedData/Index.noindex/DataStore -Xcc -D_LIBCPP_HARDENING_MODE\=_LIBCPP_HARDENING_MODE_DEBUG -swift-version 5 -I /Users/admin/builder/spi-builder-workspace/.derivedData/Build/Products/Debug-xros -Isystem /Applications/Xcode-27.0.0-Release.Candidate.app/Contents/Developer/Platforms/XROS.platform/Developer/usr/lib -F /Users/admin/builder/spi-builder-workspace/.derivedData/Build/Products/Debug-xros -F /Applications/Xcode-27.0.0-Release.Candidate.app/Contents/Developer/Platforms/XROS.platform/Developer/Library/Frameworks -F /Applications/Xcode-27.0.0-Release.Candidate.app/Contents/Developer/Platforms/XROS.platform/Developer/SDKs/XROS27.0.sdk/Developer/Library/Frameworks -c -j10 -enable-batch-mode -incremental -Xcc -ivfsstatcache -Xcc /Users/admin/builder/spi-builder-workspace/.derivedData/SDKStatCaches.noindex/xros27.0-24M361-e829b21a6f8c9b70876ba0858053c044735bd543db762f57723cac368afd1ce4.sdkstatcache -output-file-map /Users/admin/builder/spi-builder-workspace/.derivedData/Build/Intermediates.noindex/SwiftEntryKit.build/Debug-xros/SwiftEntryKit-t.build/Objects-normal/arm64/SwiftEntryKit-OutputFileMap.json -save-temps -no-color-diagnostics -explicit-module-build -module-cache-path /Users/admin/builder/spi-builder-workspace/.derivedData/Build/Intermediates.noindex/SwiftExplicitPrecompiledModules -clang-scanner-module-cache-path /Users/admin/builder/spi-builder-workspace/.derivedData/ModuleCache.noindex -sdk-module-cache-path /Users/admin/builder/spi-builder-workspace/.derivedData/SDKExplicitPrecompiledModules -emit-dependencies -emit-module -emit-module-path /Users/admin/builder/spi-builder-workspace/.derivedData/Build/Intermediates.noindex/SwiftEntryKit.build/Debug-xros/SwiftEntryKit-t.build/Objects-normal/arm64/SwiftEntryKit.swiftmodule -serialize-diagnostics -dependency-scan-serialize-diagnostics-path /Users/admin/builder/spi-builder-workspace/.derivedData/Build/Intermediates.noindex/SwiftEntryKit.build/Debug-xros/SwiftEntryKit-t.build/Objects-normal/arm64/SwiftEntryKit-dependency-scan.dia -validate-clang-modules-once -clang-build-session-file /Users/admin/builder/spi-builder-workspace/.derivedData/ModuleCache.noindex/Session.modulevalidation -Xcc -fmodules-prune-interval\=86400 -Xcc -fmodules-prune-after\=345600 -emit-const-values -const-gather-protocols-list /Users/admin/builder/spi-builder-workspace/.derivedData/Build/Intermediates.noindex/SwiftEntryKit.build/Debug-xros/SwiftEntryKit-t.build/Objects-normal/arm64/SwiftEntryKit_const_extract_protocols.json -Xcc -I/Users/admin/builder/spi-builder-workspace/.derivedData/Build/Products/Debug-xros/include -Xcc -I/Users/admin/builder/spi-builder-workspace/.derivedData/Build/Intermediates.noindex/SwiftEntryKit.build/Debug-xros/SwiftEntryKit-t.build/DerivedSources-normal/arm64 -Xcc -I/Users/admin/builder/spi-builder-workspace/.derivedData/Build/Intermediates.noindex/SwiftEntryKit.build/Debug-xros/SwiftEntryKit-t.build/DerivedSources/arm64 -Xcc -I/Users/admin/builder/spi-builder-workspace/.derivedData/Build/Intermediates.noindex/SwiftEntryKit.build/Debug-xros/SwiftEntryKit-t.build/DerivedSources -Xcc -DSWIFT_PACKAGE -Xcc -DDEBUG\=1 -emit-objc-header -emit-objc-header-path /Users/admin/builder/spi-builder-workspace/.derivedData/Build/Intermediates.noindex/SwiftEntryKit.build/Debug-xros/SwiftEntryKit-t.build/Objects-normal/arm64/SwiftEntryKit-Swift.h -working-directory /Users/admin/builder/spi-builder-workspace/.swiftpm/xcode -experimental-emit-module-separately -disable-cmo
SwiftExplicitDependencyGeneratePcm arm64 /Users/admin/builder/spi-builder-workspace/.derivedData/SDKExplicitPrecompiledModules/ptrcheck-BXA97MNLI4BB0HF5I8MJE403D.pcm
SwiftExplicitDependencyGeneratePcm arm64 /Users/admin/builder/spi-builder-workspace/.derivedData/SDKExplicitPrecompiledModules/_Builtin_stdbool-5BU2ADS7JXQMYENKQHW9X8XOU.pcm
SwiftExplicitDependencyGeneratePcm arm64 /Users/admin/builder/spi-builder-workspace/.derivedData/SDKExplicitPrecompiledModules/_Builtin_float-6WKHNW5S40U2QGHXXGETUDIRA.pcm
SwiftExplicitDependencyGeneratePcm arm64 /Users/admin/builder/spi-builder-workspace/.derivedData/SDKExplicitPrecompiledModules/_Builtin_stddef-5NQ9Z1GV07GBSRQGAQCGXGVRI.pcm
SwiftExplicitDependencyGeneratePcm arm64 /Users/admin/builder/spi-builder-workspace/.derivedData/SDKExplicitPrecompiledModules/DeveloperToolsSupport-46GOQP8J1QTHLYQSJW81T8UZ3.pcm
SwiftExplicitDependencyGeneratePcm arm64 /Users/admin/builder/spi-builder-workspace/.derivedData/SDKExplicitPrecompiledModules/_AvailabilityInternal-1Q8IQP6M38UWSGZ95UCEY2M44.pcm
SwiftExplicitDependencyGeneratePcm arm64 /Users/admin/builder/spi-builder-workspace/.derivedData/SDKExplicitPrecompiledModules/SwiftShims-CI4H5RO9IYFFWQ2COB512Q2S9.pcm
SwiftExplicitDependencyGeneratePcm arm64 /Users/admin/builder/spi-builder-workspace/.derivedData/SDKExplicitPrecompiledModules/_Builtin_stdarg-CDA349K2K4US766844K8E0PVA.pcm
SwiftExplicitDependencyGeneratePcm arm64 /Users/admin/builder/spi-builder-workspace/.derivedData/SDKExplicitPrecompiledModules/ptrauth-1WBA714DZSVUL5JQDJ08CLKZ.pcm
SwiftExplicitDependencyGeneratePcm arm64 /Users/admin/builder/spi-builder-workspace/.derivedData/SDKExplicitPrecompiledModules/_SwiftConcurrencyShims-C8XHKSHX96D5YYALNM4W70Z0O.pcm
SwiftExplicitDependencyGeneratePcm arm64 /Users/admin/builder/spi-builder-workspace/.derivedData/SDKExplicitPrecompiledModules/_DarwinFoundation1-5RGRVV2TZ6WC4WZW5IXF8NQ04.pcm
SwiftExplicitDependencyGeneratePcm arm64 /Users/admin/builder/spi-builder-workspace/.derivedData/SDKExplicitPrecompiledModules/_DarwinFoundation2-ENTECK156YEWITZRRBTOCE4KR.pcm
SwiftExplicitDependencyGeneratePcm arm64 /Users/admin/builder/spi-builder-workspace/.derivedData/SDKExplicitPrecompiledModules/_Builtin_limits-425JDMN5HPM3D0UEI8LEHP6NM.pcm
SwiftExplicitDependencyGeneratePcm arm64 /Users/admin/builder/spi-builder-workspace/.derivedData/SDKExplicitPrecompiledModules/_Builtin_tgmath-BPYSMHWI520EQRL2HW519ZY7Z.pcm
SwiftExplicitDependencyGeneratePcm arm64 /Users/admin/builder/spi-builder-workspace/.derivedData/SDKExplicitPrecompiledModules/_Builtin_stdint-8OR6T47OOYJA90ZBO3N1USDE.pcm
SwiftExplicitDependencyGeneratePcm arm64 /Users/admin/builder/spi-builder-workspace/.derivedData/SDKExplicitPrecompiledModules/string_h-2GT67HHHHK5CF1V1S31LH0PU2.pcm
SwiftExplicitDependencyGeneratePcm arm64 /Users/admin/builder/spi-builder-workspace/.derivedData/SDKExplicitPrecompiledModules/sys_types-AYM0BHR77VKMWZCO2T0XGV2HF.pcm
SwiftExplicitDependencyGeneratePcm arm64 /Users/admin/builder/spi-builder-workspace/.derivedData/SDKExplicitPrecompiledModules/_DarwinFoundation3-9ZHN6JKBS40BBA81RQMV8H0IC.pcm
SwiftExplicitDependencyGeneratePcm arm64 /Users/admin/builder/spi-builder-workspace/.derivedData/SDKExplicitPrecompiledModules/_Builtin_stdatomic-1VUZPM79PNCAHXVBERD53WRSF.pcm
SwiftExplicitDependencyGeneratePcm arm64 /Users/admin/builder/spi-builder-workspace/.derivedData/SDKExplicitPrecompiledModules/_Builtin_intrinsics-BC5IJI3YI34RQ61ZNVDRDZ6RN.pcm
SwiftExplicitDependencyGeneratePcm arm64 /Users/admin/builder/spi-builder-workspace/.derivedData/SDKExplicitPrecompiledModules/_Builtin_inttypes-11B64KJD36B3YOHBR1BBXBJY8.pcm
SwiftExplicitDependencyGeneratePcm arm64 /Users/admin/builder/spi-builder-workspace/.derivedData/SDKExplicitPrecompiledModules/Darwin-60P5LVNQO3ESRRM5DCJ05PFNK.pcm
SwiftExplicitDependencyGeneratePcm arm64 /Users/admin/builder/spi-builder-workspace/.derivedData/SDKExplicitPrecompiledModules/simd-9XXAB17Y6E4BBPQADD61NZ23.pcm
SwiftExplicitDependencyGeneratePcm arm64 /Users/admin/builder/spi-builder-workspace/.derivedData/SDKExplicitPrecompiledModules/ObjectiveC-26TIBFYCEJZVP216ZZAU1X8KN.pcm
SwiftExplicitDependencyGeneratePcm arm64 /Users/admin/builder/spi-builder-workspace/.derivedData/SDKExplicitPrecompiledModules/MachO-3XTHY7HWV6RF3KXKYQVHUBUXK.pcm
SwiftExplicitDependencyGeneratePcm arm64 /Users/admin/builder/spi-builder-workspace/.derivedData/SDKExplicitPrecompiledModules/os_object-692CJ8BG6RE5H04487EJJOVXW.pcm
SwiftExplicitDependencyGeneratePcm arm64 /Users/admin/builder/spi-builder-workspace/.derivedData/SDKExplicitPrecompiledModules/os_workgroup-4U1VXMWIZD80E7PRUQF2G7P9X.pcm
SwiftExplicitDependencyGeneratePcm arm64 /Users/admin/builder/spi-builder-workspace/.derivedData/SDKExplicitPrecompiledModules/Dispatch-CLT3466HKC22GCKAWSCNG0H7T.pcm
SwiftExplicitDependencyGeneratePcm arm64 /Users/admin/builder/spi-builder-workspace/.derivedData/SDKExplicitPrecompiledModules/Spatial-5E0I2846LO3ZE24CSVR2O57TI.pcm
SwiftExplicitDependencyGeneratePcm arm64 /Users/admin/builder/spi-builder-workspace/.derivedData/SDKExplicitPrecompiledModules/CoreFoundation-AVLTZVCXBU2TO75JCN4AGU8XJ.pcm
SwiftExplicitDependencyGeneratePcm arm64 /Users/admin/builder/spi-builder-workspace/.derivedData/SDKExplicitPrecompiledModules/XPC-EP5EU7FNGP4VOA3EDM18P1KHO.pcm
SwiftExplicitDependencyGeneratePcm arm64 /Users/admin/builder/spi-builder-workspace/.derivedData/SDKExplicitPrecompiledModules/os-1004XEJ3IXOOAU0KL58SM3D0K.pcm
SwiftExplicitDependencyGeneratePcm arm64 /Users/admin/builder/spi-builder-workspace/.derivedData/SDKExplicitPrecompiledModules/CFNetwork-5MI70N1VLDQSWTX4COWLMSIRO.pcm
SwiftExplicitDependencyGeneratePcm arm64 /Users/admin/builder/spi-builder-workspace/.derivedData/SDKExplicitPrecompiledModules/Security-8TH2M8WJIQMET4SADWX0N8372.pcm
SwiftExplicitDependencyGeneratePcm arm64 /Users/admin/builder/spi-builder-workspace/.derivedData/SDKExplicitPrecompiledModules/CoreGraphics-BFUJ177R223UT2ZI327ZTZY91.pcm
SwiftExplicitDependencyGeneratePcm arm64 /Users/admin/builder/spi-builder-workspace/.derivedData/SDKExplicitPrecompiledModules/Foundation-8GON1KVEKRN3NOQI8RETBRWJP.pcm
SwiftExplicitDependencyGeneratePcm arm64 /Users/admin/builder/spi-builder-workspace/.derivedData/SDKExplicitPrecompiledModules/ImageIO-5CC6COR9KJYI1UBL7CSHLU2OG.pcm
SwiftExplicitDependencyGeneratePcm arm64 /Users/admin/builder/spi-builder-workspace/.derivedData/SDKExplicitPrecompiledModules/CoreText-6F9TY5TEPCCZ1K2KYM4GMEGHD.pcm
SwiftExplicitDependencyGeneratePcm arm64 /Users/admin/builder/spi-builder-workspace/.derivedData/SDKExplicitPrecompiledModules/Symbols-8G2XC01RPQ5HYIZE6JNUT864I.pcm
SwiftExplicitDependencyGeneratePcm arm64 /Users/admin/builder/spi-builder-workspace/.derivedData/SDKExplicitPrecompiledModules/_LocationEssentials-8GQGFVARUE99D8VJX3TINY0VP.pcm
SwiftExplicitDependencyGeneratePcm arm64 /Users/admin/builder/spi-builder-workspace/.derivedData/SDKExplicitPrecompiledModules/DataDetection-BANTQ3WXXGKZJYC0LLB3MD9K0.pcm
SwiftExplicitDependencyGeneratePcm arm64 /Users/admin/builder/spi-builder-workspace/.derivedData/SDKExplicitPrecompiledModules/UIUtilities-AOVGLUWEAN6CG2UZFNESGSP6C.pcm
SwiftExplicitDependencyGeneratePcm arm64 /Users/admin/builder/spi-builder-workspace/.derivedData/SDKExplicitPrecompiledModules/UniformTypeIdentifiers-E5KMWDZEKS4QW9RO1KBRDEXV6.pcm
SwiftExplicitDependencyGeneratePcm arm64 /Users/admin/builder/spi-builder-workspace/.derivedData/SDKExplicitPrecompiledModules/CoreTransferable-8TBYAKHCX6UC8QQSS7BD8GQK5.pcm
SwiftExplicitDependencyGeneratePcm arm64 /Users/admin/builder/spi-builder-workspace/.derivedData/SDKExplicitPrecompiledModules/Accessibility-1DR4J4YDVDGAYQTZ0FKZ1PU09.pcm
SwiftExplicitDependencyGeneratePcm arm64 /Users/admin/builder/spi-builder-workspace/.derivedData/SDKExplicitPrecompiledModules/UserNotifications-8IIV1V1FPNAPA4LY1Y23LOM2N.pcm
SwiftExplicitDependencyGeneratePcm arm64 /Users/admin/builder/spi-builder-workspace/.derivedData/SDKExplicitPrecompiledModules/FileProvider-C9I28SI56F2SEVH1BCWTKGODO.pcm
SwiftExplicitDependencyGeneratePcm arm64 /Users/admin/builder/spi-builder-workspace/.derivedData/SDKExplicitPrecompiledModules/OSLog-BNGT87TS0GMBFF7TY70HHB69.pcm
SwiftExplicitDependencyGeneratePcm arm64 /Users/admin/builder/spi-builder-workspace/.derivedData/SDKExplicitPrecompiledModules/IOSurface-5FE9U89GVFF9A7X7AGO2R8ENI.pcm
SwiftExplicitDependencyGeneratePcm arm64 /Users/admin/builder/spi-builder-workspace/.derivedData/SDKExplicitPrecompiledModules/CoreLocation-1SN37095DAPVJ068LLP9TBDQX.pcm
SwiftExplicitDependencyGeneratePcm arm64 /Users/admin/builder/spi-builder-workspace/.derivedData/SDKExplicitPrecompiledModules/Metal-EKNUM9P3PRIBHZK1ZBD6BA2T7.pcm
SwiftExplicitDependencyGeneratePcm arm64 /Users/admin/builder/spi-builder-workspace/.derivedData/SDKExplicitPrecompiledModules/OpenGLES-56BKSYXNVAP91BYZRWAKQZKGI.pcm
SwiftExplicitDependencyGeneratePcm arm64 /Users/admin/builder/spi-builder-workspace/.derivedData/SDKExplicitPrecompiledModules/CoreMotion-10LV922UPGE28QX2SOIO7ALIZ.pcm
SwiftExplicitDependencyGeneratePcm arm64 /Users/admin/builder/spi-builder-workspace/.derivedData/SDKExplicitPrecompiledModules/CoreVideo-E12HJSJSLO0YKWYBES11UKJ02.pcm
SwiftExplicitDependencyGeneratePcm arm64 /Users/admin/builder/spi-builder-workspace/.derivedData/SDKExplicitPrecompiledModules/CoreImage-8WF1P230U10QM666EQMNV7OF1.pcm
SwiftExplicitDependencyGeneratePcm arm64 /Users/admin/builder/spi-builder-workspace/.derivedData/SDKExplicitPrecompiledModules/QuartzCore-12T8WVKUNCL1N7VXH87MM4YOB.pcm
SwiftExplicitDependencyGeneratePcm arm64 /Users/admin/builder/spi-builder-workspace/.derivedData/SDKExplicitPrecompiledModules/SwiftUICore-6OBBMA39VFD4CB6SG2PE41FAP.pcm
SwiftExplicitDependencyGeneratePcm arm64 /Users/admin/builder/spi-builder-workspace/.derivedData/SDKExplicitPrecompiledModules/UIKit-2D2PMAAE45TMO6S28UCGCO5BR.pcm
SwiftEmitModule normal arm64 Emitting\ module\ for\ SwiftEntryKit (in target 'SwiftEntryKit' from project 'SwiftEntryKit')
/Users/admin/builder/spi-builder-workspace/Source/Model/EntryAttributes/EKAttributes+HapticFeedback.swift:21:20: error: 'UINotificationFeedbackGenerator' is unavailable in visionOS
19 |
20 | @available(iOS 10.0, *)
21 | var value: UINotificationFeedbackGenerator.FeedbackType? {
| `- error: 'UINotificationFeedbackGenerator' is unavailable in visionOS
22 | switch self {
23 | case .success:
/Applications/Xcode-27.0.0-Release.Candidate.app/Contents/Developer/Platforms/XROS.platform/Developer/SDKs/XROS27.0.sdk/System/Library/Frameworks/UIKit.framework/Headers/UINotificationFeedbackGenerator.h:21:12: note: 'UINotificationFeedbackGenerator' has been explicitly marked unavailable here
19 | // UINotificationFeedbackGenerator is used to give user feedback when an notification is displayed
20 | UIKIT_EXTERN API_AVAILABLE(ios(10.0)) API_UNAVAILABLE(visionos, tvos) API_UNAVAILABLE(watchos) NS_SWIFT_UI_ACTOR
21 | @interface UINotificationFeedbackGenerator : UIFeedbackGenerator
| `- note: 'UINotificationFeedbackGenerator' has been explicitly marked unavailable here
22 |
23 | /// call when a notification is displayed, passing the corresponding type
Failed frontend command:
SwiftCompile normal arm64 (in target 'SwiftEntryKit' from project 'SwiftEntryKit')
cd /Users/admin/builder/spi-builder-workspace/.swiftpm/xcode
/Applications/Xcode-27.0.0-Release.Candidate.app/Contents/Developer/Toolchains/XcodeDefault.xctoolchain/usr/bin/swift-frontend -frontend -emit-module -experimental-skip-non-inlinable-function-bodies-without-types /Users/admin/builder/spi-builder-workspace/Source/Extensions/QuickLayout/QLCompatibility.swift /Users/admin/builder/spi-builder-workspace/Source/Extensions/QuickLayout/QLUtils.swift /Users/admin/builder/spi-builder-workspace/Source/Extensions/QuickLayout/UIView+QLContentWrap.swift /Users/admin/builder/spi-builder-workspace/Source/Extensions/QuickLayout/UIView+QuickLayout.swift /Users/admin/builder/spi-builder-workspace/Source/Extensions/QuickLayout/UIViewArray+QuickLayout.swift /Users/admin/builder/spi-builder-workspace/Source/Extensions/UIApplication+EKAppearance.swift /Users/admin/builder/spi-builder-workspace/Source/Extensions/UIColor+Utils.swift /Users/admin/builder/spi-builder-workspace/Source/Extensions/UIEdgeInsets+Utils.swift /Users/admin/builder/spi-builder-workspace/Source/Extensions/UIRectCorner+Short.swift /Users/admin/builder/spi-builder-workspace/Source/Extensions/UIView+Shadow.swift /Users/admin/builder/spi-builder-workspace/Source/Extensions/UIView+Utils.swift /Users/admin/builder/spi-builder-workspace/Source/Infra/EKBackgroundView.swift /Users/admin/builder/spi-builder-workspace/Source/Infra/EKContentView.swift /Users/admin/builder/spi-builder-workspace/Source/Infra/EKEntryView.swift /Users/admin/builder/spi-builder-workspace/Source/Infra/EKRootViewController.swift /Users/admin/builder/spi-builder-workspace/Source/Infra/EKStyleView.swift /Users/admin/builder/spi-builder-workspace/Source/Infra/EKWindow.swift /Users/admin/builder/spi-builder-workspace/Source/Infra/EKWindowProvider.swift /Users/admin/builder/spi-builder-workspace/Source/Infra/EKWrapperView.swift /Users/admin/builder/spi-builder-workspace/Source/Infra/EntryCachingHeuristic.swift /Users/admin/builder/spi-builder-workspace/Source/MessageViews/EKAlertMessageView.swift /Users/admin/builder/spi-builder-workspace/Source/MessageViews/EKFormMessageView.swift /Users/admin/builder/spi-builder-workspace/Source/MessageViews/EKMessageContentView.swift /Users/admin/builder/spi-builder-workspace/Source/MessageViews/EKNotificationMessageView.swift /Users/admin/builder/spi-builder-workspace/Source/MessageViews/EKPopUpMessageView.swift /Users/admin/builder/spi-builder-workspace/Source/MessageViews/EKRatingMessageView.swift /Users/admin/builder/spi-builder-workspace/Source/MessageViews/EKSimpleMessageView.swift /Users/admin/builder/spi-builder-workspace/Source/MessageViews/MessagesUtils/EKButtonBarView.swift /Users/admin/builder/spi-builder-workspace/Source/MessageViews/MessagesUtils/EKButtonView.swift /Users/admin/builder/spi-builder-workspace/Source/MessageViews/MessagesUtils/EKRatingSymbolView.swift /Users/admin/builder/spi-builder-workspace/Source/MessageViews/MessagesUtils/EKRatingSymbolsContainerView.swift /Users/admin/builder/spi-builder-workspace/Source/MessageViews/MessagesUtils/EKTextField.swift /Users/admin/builder/spi-builder-workspace/Source/MessageViews/MessagesUtils/EntryAppearanceDescriptor.swift /Users/admin/builder/spi-builder-workspace/Source/MessageViews/Notes/EKAccessoryNoteMessageView.swift /Users/admin/builder/spi-builder-workspace/Source/MessageViews/Notes/EKImageNoteMessageView.swift /Users/admin/builder/spi-builder-workspace/Source/MessageViews/Notes/EKNoteMessageView.swift /Users/admin/builder/spi-builder-workspace/Source/MessageViews/Notes/EKProcessingNoteMessageView.swift /Users/admin/builder/spi-builder-workspace/Source/MessageViews/Notes/EKXStatusBarMessageView.swift /Users/admin/builder/spi-builder-workspace/Source/Model/EKAlertMessage.swift /Users/admin/builder/spi-builder-workspace/Source/Model/EKColor.swift /Users/admin/builder/spi-builder-workspace/Source/Model/EKNotificationMessage.swift /Users/admin/builder/spi-builder-workspace/Source/Model/EKPopUpMessage.swift /Users/admin/builder/spi-builder-workspace/Source/Model/EKProperty.swift /Users/admin/builder/spi-builder-workspace/Source/Model/EKRatingMessage.swift /Users/admin/builder/spi-builder-workspace/Source/Model/EKSimpleMessage.swift /Users/admin/builder/spi-builder-workspace/Source/Model/EntryAttributes/EKAttributes+Animation.swift /Users/admin/builder/spi-builder-workspace/Source/Model/EntryAttributes/EKAttributes+BackgroundStyle.swift /Users/admin/builder/spi-builder-workspace/Source/Model/EntryAttributes/EKAttributes+DisplayMode.swift /Users/admin/builder/spi-builder-workspace/Source/Model/EntryAttributes/EKAttributes+Duration.swift /Users/admin/builder/spi-builder-workspace/Source/Model/EntryAttributes/EKAttributes+FrameStyle.swift /Users/admin/builder/spi-builder-workspace/Source/Model/EntryAttributes/EKAttributes+HapticFeedback.swift /Users/admin/builder/spi-builder-workspace/Source/Model/EntryAttributes/EKAttributes+LifecycleActions.swift /Users/admin/builder/spi-builder-workspace/Source/Model/EntryAttributes/EKAttributes+PopBehavior.swift /Users/admin/builder/spi-builder-workspace/Source/Model/EntryAttributes/EKAttributes+Position.swift /Users/admin/builder/spi-builder-workspace/Source/Model/EntryAttributes/EKAttributes+PositionConstraints.swift /Users/admin/builder/spi-builder-workspace/Source/Model/EntryAttributes/EKAttributes+Precedence.swift /Users/admin/builder/spi-builder-workspace/Source/Model/EntryAttributes/EKAttributes+Presets.swift /Users/admin/builder/spi-builder-workspace/Source/Model/EntryAttributes/EKAttributes+Scroll.swift /Users/admin/builder/spi-builder-workspace/Source/Model/EntryAttributes/EKAttributes+Shadow.swift /Users/admin/builder/spi-builder-workspace/Source/Model/EntryAttributes/EKAttributes+StatusBar.swift /Users/admin/builder/spi-builder-workspace/Source/Model/EntryAttributes/EKAttributes+UserInteraction.swift /Users/admin/builder/spi-builder-workspace/Source/Model/EntryAttributes/EKAttributes+Validations.swift /Users/admin/builder/spi-builder-workspace/Source/Model/EntryAttributes/EKAttributes+WindowLevel.swift /Users/admin/builder/spi-builder-workspace/Source/Model/EntryAttributes/EKAttributes.swift /Users/admin/builder/spi-builder-workspace/Source/SwiftEntryKit.swift /Users/admin/builder/spi-builder-workspace/Source/Utils/GradientView.swift /Users/admin/builder/spi-builder-workspace/Source/Utils/HapticFeedbackGenerator.swift /Users/admin/builder/spi-builder-workspace/Source/Utils/UIView+Responder.swift -target arm64-apple-xros1.0 -disable-cross-import-overlay-search -load-resolved-plugin /Applications/Xcode-27.0.0-Release.Candidate.app/Contents/Developer/Platforms/XROS.platform/Developer/usr/lib/swift/host/plugins/libFoundationMacros.dylib\#/Applications/Xcode-27.0.0-Release.Candidate.app/Contents/Developer/Platforms/XROS.platform/Developer/usr/bin/swift-plugin-server\#FoundationMacros -load-resolved-plugin /Applications/Xcode-27.0.0-Release.Candidate.app/Contents/Developer/Platforms/XROS.platform/Developer/usr/lib/swift/host/plugins/libObservationMacros.dylib\#/Applications/Xcode-27.0.0-Release.Candidate.app/Contents/Developer/Platforms/XROS.platform/Developer/usr/bin/swift-plugin-server\#ObservationMacros -load-resolved-plugin /Applications/Xcode-27.0.0-Release.Candidate.app/Contents/Developer/Platforms/XROS.platform/Developer/usr/lib/swift/host/plugins/libPreviewsMacros.dylib\#/Applications/Xcode-27.0.0-Release.Candidate.app/Contents/Developer/Platforms/XROS.platform/Developer/usr/bin/swift-plugin-server\#PreviewsMacros -load-resolved-plugin /Applications/Xcode-27.0.0-Release.Candidate.app/Contents/Developer/Platforms/XROS.platform/Developer/usr/lib/swift/host/plugins/libSwiftMacros.dylib\#/Applications/Xcode-27.0.0-Release.Candidate.app/Contents/Developer/Platforms/XROS.platform/Developer/usr/bin/swift-plugin-server\#SwiftMacros -load-resolved-plugin /Applications/Xcode-27.0.0-Release.Candidate.app/Contents/Developer/Platforms/XROS.platform/Developer/usr/lib/swift/host/plugins/libSwiftUIMacros.dylib\#/Applications/Xcode-27.0.0-Release.Candidate.app/Contents/Developer/Platforms/XROS.platform/Developer/usr/bin/swift-plugin-server\#SwiftUIMacros -disable-implicit-swift-modules -Xcc -fno-implicit-modules -Xcc -fno-implicit-module-maps -explicit-swift-module-map-file /Users/admin/builder/spi-builder-workspace/.derivedData/Build/Intermediates.noindex/SwiftEntryKit.build/Debug-xros/SwiftEntryKit-t.build/Objects-normal/arm64/SwiftEntryKit-dependencies-1.json -Xllvm -aarch64-use-tbi -enable-objc-interop -stack-check -sdk /Applications/Xcode-27.0.0-Release.Candidate.app/Contents/Developer/Platforms/XROS.platform/Developer/SDKs/XROS27.0.sdk -I /Users/admin/builder/spi-builder-workspace/.derivedData/Build/Products/Debug-xros -Isystem /Applications/Xcode-27.0.0-Release.Candidate.app/Contents/Developer/Platforms/XROS.platform/Developer/usr/lib -F /Users/admin/builder/spi-builder-workspace/.derivedData/Build/Products/Debug-xros -F /Applications/Xcode-27.0.0-Release.Candidate.app/Contents/Developer/Platforms/XROS.platform/Developer/Library/Frameworks -F /Applications/Xcode-27.0.0-Release.Candidate.app/Contents/Developer/Platforms/XROS.platform/Developer/SDKs/XROS27.0.sdk/Developer/Library/Frameworks -module-cache-path /Users/admin/builder/spi-builder-workspace/.derivedData/Build/Intermediates.noindex/SwiftExplicitPrecompiledModules -no-color-diagnostics -Xcc -fno-color-diagnostics -enable-testing -g -debug-info-format\=dwarf -dwarf-version\=4 -swift-version 5 -Onone -D SWIFT_PACKAGE -D DEBUG -D SWIFT_MODULE_RESOURCE_BUNDLE_UNAVAILABLE -D Xcode -serialize-debugging-options -enable-experimental-feature DebugDescriptionMacro -empty-abi-descriptor -validate-clang-modules-once -clang-build-session-file /Users/admin/builder/spi-builder-workspace/.derivedData/ModuleCache.noindex/Session.modulevalidation -Xcc -working-directory -Xcc /Users/admin/builder/spi-builder-workspace/.swiftpm/xcode -enable-anonymous-context-mangled-names -file-compilation-dir /Users/admin/builder/spi-builder-workspace/.swiftpm/xcode -Xcc -D_LIBCPP_HARDENING_MODE\=_LIBCPP_HARDENING_MODE_DEBUG -Xcc -ivfsstatcache -Xcc /Users/admin/builder/spi-builder-workspace/.derivedData/SDKStatCaches.noindex/xros27.0-24M361-e829b21a6f8c9b70876ba0858053c044735bd543db762f57723cac368afd1ce4.sdkstatcache -Xcc -fmodules-prune-interval\=86400 -Xcc -fmodules-prune-after\=345600 -Xcc -I/Users/admin/builder/spi-builder-workspace/.derivedData/Build/Products/Debug-xros/include -Xcc -I/Users/admin/builder/spi-builder-workspace/.derivedData/Build/Intermediates.noindex/SwiftEntryKit.build/Debug-xros/SwiftEntryKit-t.build/DerivedSources-normal/arm64 -Xcc -I/Users/admin/builder/spi-builder-workspace/.derivedData/Build/Intermediates.noindex/SwiftEntryKit.build/Debug-xros/SwiftEntryKit-t.build/DerivedSources/arm64 -Xcc -I/Users/admin/builder/spi-builder-workspace/.derivedData/Build/Intermediates.noindex/SwiftEntryKit.build/Debug-xros/SwiftEntryKit-t.build/DerivedSources -Xcc -DSWIFT_PACKAGE -Xcc -DDEBUG\=1 -no-auto-bridging-header-chaining -module-name SwiftEntryKit -const-gather-protocols-file /Users/admin/builder/spi-builder-workspace/.derivedData/Build/Intermediates.noindex/SwiftEntryKit.build/Debug-xros/SwiftEntryKit-t.build/Objects-normal/arm64/SwiftEntryKit_const_extract_protocols.json -disable-clang-spi -clang-target arm64-apple-xros27.0 -target-sdk-version 27.0 -target-sdk-name xros27.0 -in-process-plugin-server-path /Applications/Xcode-27.0.0-Release.Candidate.app/Contents/Developer/Toolchains/XcodeDefault.xctoolchain/usr/lib/swift/host/libSwiftInProcPluginServer.dylib -emit-module-doc-path /Users/admin/builder/spi-builder-workspace/.derivedData/Build/Intermediates.noindex/SwiftEntryKit.build/Debug-xros/SwiftEntryKit-t.build/Objects-normal/arm64/SwiftEntryKit.swiftdoc -emit-module-source-info-path /Users/admin/builder/spi-builder-workspace/.derivedData/Build/Intermediates.noindex/SwiftEntryKit.build/Debug-xros/SwiftEntryKit-t.build/Objects-normal/arm64/SwiftEntryKit.swiftsourceinfo -emit-objc-header-path /Users/admin/builder/spi-builder-workspace/.derivedData/Build/Intermediates.noindex/SwiftEntryKit.build/Debug-xros/SwiftEntryKit-t.build/Objects-normal/arm64/SwiftEntryKit-Swift.h -serialize-diagnostics-path /Users/admin/builder/spi-builder-workspace/.derivedData/Build/Intermediates.noindex/SwiftEntryKit.build/Debug-xros/SwiftEntryKit-t.build/Objects-normal/arm64/SwiftEntryKit-primary-emit-module.dia -emit-dependencies-path /Users/admin/builder/spi-builder-workspace/.derivedData/Build/Intermediates.noindex/SwiftEntryKit.build/Debug-xros/SwiftEntryKit-t.build/Objects-normal/arm64/SwiftEntryKit-primary-emit-module.d -parse-as-library -o /Users/admin/builder/spi-builder-workspace/.derivedData/Build/Intermediates.noindex/SwiftEntryKit.build/Debug-xros/SwiftEntryKit-t.build/Objects-normal/arm64/SwiftEntryKit.swiftmodule -emit-abi-descriptor-path /Users/admin/builder/spi-builder-workspace/.derivedData/Build/Intermediates.noindex/SwiftEntryKit.build/Debug-xros/SwiftEntryKit-t.build/Objects-normal/arm64/SwiftEntryKit.abi.json
SwiftCompile normal arm64 Compiling\ EKNoteMessageView.swift,\ EKProcessingNoteMessageView.swift,\ EKXStatusBarMessageView.swift,\ EKAlertMessage.swift,\ EKColor.swift,\ EKNotificationMessage.swift,\ EKPopUpMessage.swift /Users/admin/builder/spi-builder-workspace/Source/MessageViews/Notes/EKNoteMessageView.swift /Users/admin/builder/spi-builder-workspace/Source/MessageViews/Notes/EKProcessingNoteMessageView.swift /Users/admin/builder/spi-builder-workspace/Source/MessageViews/Notes/EKXStatusBarMessageView.swift /Users/admin/builder/spi-builder-workspace/Source/Model/EKAlertMessage.swift /Users/admin/builder/spi-builder-workspace/Source/Model/EKColor.swift /Users/admin/builder/spi-builder-workspace/Source/Model/EKNotificationMessage.swift /Users/admin/builder/spi-builder-workspace/Source/Model/EKPopUpMessage.swift (in target 'SwiftEntryKit' from project 'SwiftEntryKit')
SwiftCompile normal arm64 /Users/admin/builder/spi-builder-workspace/Source/MessageViews/Notes/EKNoteMessageView.swift (in target 'SwiftEntryKit' from project 'SwiftEntryKit')
cd /Users/admin/builder/spi-builder-workspace/.swiftpm/xcode
builtin-SwiftPerFileCompile EKNoteMessageView.swift
SwiftCompile normal arm64 /Users/admin/builder/spi-builder-workspace/Source/MessageViews/Notes/EKProcessingNoteMessageView.swift (in target 'SwiftEntryKit' from project 'SwiftEntryKit')
cd /Users/admin/builder/spi-builder-workspace/.swiftpm/xcode
builtin-SwiftPerFileCompile EKProcessingNoteMessageView.swift
SwiftCompile normal arm64 /Users/admin/builder/spi-builder-workspace/Source/MessageViews/Notes/EKXStatusBarMessageView.swift (in target 'SwiftEntryKit' from project 'SwiftEntryKit')
cd /Users/admin/builder/spi-builder-workspace/.swiftpm/xcode
builtin-SwiftPerFileCompile EKXStatusBarMessageView.swift
SwiftCompile normal arm64 /Users/admin/builder/spi-builder-workspace/Source/Model/EKAlertMessage.swift (in target 'SwiftEntryKit' from project 'SwiftEntryKit')
cd /Users/admin/builder/spi-builder-workspace/.swiftpm/xcode
builtin-SwiftPerFileCompile EKAlertMessage.swift
SwiftCompile normal arm64 /Users/admin/builder/spi-builder-workspace/Source/Model/EKColor.swift (in target 'SwiftEntryKit' from project 'SwiftEntryKit')
cd /Users/admin/builder/spi-builder-workspace/.swiftpm/xcode
builtin-SwiftPerFileCompile EKColor.swift
SwiftCompile normal arm64 /Users/admin/builder/spi-builder-workspace/Source/Model/EKNotificationMessage.swift (in target 'SwiftEntryKit' from project 'SwiftEntryKit')
cd /Users/admin/builder/spi-builder-workspace/.swiftpm/xcode
builtin-SwiftPerFileCompile EKNotificationMessage.swift
SwiftCompile normal arm64 /Users/admin/builder/spi-builder-workspace/Source/Model/EKPopUpMessage.swift (in target 'SwiftEntryKit' from project 'SwiftEntryKit')
cd /Users/admin/builder/spi-builder-workspace/.swiftpm/xcode
builtin-SwiftPerFileCompile EKPopUpMessage.swift
/Users/admin/builder/spi-builder-workspace/Source/MessageViews/Notes/EKNoteMessageView.swift:37:27: error: 'UIScreen' is unavailable in visionOS
35 | // MARK: Setup
36 | public init(with content: EKProperty.LabelContent) {
37 | super.init(frame: UIScreen.main.bounds)
| `- error: 'UIScreen' is unavailable in visionOS
38 | setup(with: content)
39 | }
/Applications/Xcode-27.0.0-Release.Candidate.app/Contents/Developer/Platforms/XROS.platform/Developer/SDKs/XROS27.0.sdk/System/Library/Frameworks/UIKit.framework/Headers/UIScreen.h:54:12: note: 'UIScreen' has been explicitly marked unavailable here
52 |
53 | UIKIT_EXTERN API_AVAILABLE(ios(2.0)) API_UNAVAILABLE(visionos, watchos) NS_SWIFT_UI_ACTOR
54 | @interface UIScreen : NSObject <UITraitEnvironment>
| `- note: 'UIScreen' has been explicitly marked unavailable here
55 |
56 | @property(class, nonatomic, readonly) NSArray<UIScreen *> *screens API_DEPRECATED("Use UIApplication.shared.openSessions to find open sessions with scenes from other screens", ios(3.2, 16.0), visionos(1.0, 1.0)) API_UNAVAILABLE(watchos); // all screens currently attached to the device
/Users/admin/builder/spi-builder-workspace/Source/MessageViews/Notes/EKProcessingNoteMessageView.swift:34:27: error: 'UIScreen' is unavailable in visionOS
32 |
33 | public init(with content: EKProperty.LabelContent, activityIndicator: UIActivityIndicatorView.Style) {
34 | super.init(frame: UIScreen.main.bounds)
| `- error: 'UIScreen' is unavailable in visionOS
35 | setup(with: content, activityIndicator: activityIndicator)
36 | }
/Applications/Xcode-27.0.0-Release.Candidate.app/Contents/Developer/Platforms/XROS.platform/Developer/SDKs/XROS27.0.sdk/System/Library/Frameworks/UIKit.framework/Headers/UIScreen.h:54:12: note: 'UIScreen' has been explicitly marked unavailable here
52 |
53 | UIKIT_EXTERN API_AVAILABLE(ios(2.0)) API_UNAVAILABLE(visionos, watchos) NS_SWIFT_UI_ACTOR
54 | @interface UIScreen : NSObject <UITraitEnvironment>
| `- note: 'UIScreen' has been explicitly marked unavailable here
55 |
56 | @property(class, nonatomic, readonly) NSArray<UIScreen *> *screens API_DEPRECATED("Use UIApplication.shared.openSessions to find open sessions with scenes from other screens", ios(3.2, 16.0), visionos(1.0, 1.0)) API_UNAVAILABLE(watchos); // all screens currently attached to the device
/Users/admin/builder/spi-builder-workspace/Source/MessageViews/Notes/EKXStatusBarMessageView.swift:19:27: error: 'UIScreen' is unavailable in visionOS
17 | // MARK: Setup
18 | public init(leading: EKProperty.LabelContent, trailing: EKProperty.LabelContent) {
19 | super.init(frame: UIScreen.main.bounds)
| `- error: 'UIScreen' is unavailable in visionOS
20 | setup(leading: leading, trailing: trailing)
21 | }
/Applications/Xcode-27.0.0-Release.Candidate.app/Contents/Developer/Platforms/XROS.platform/Developer/SDKs/XROS27.0.sdk/System/Library/Frameworks/UIKit.framework/Headers/UIScreen.h:54:12: note: 'UIScreen' has been explicitly marked unavailable here
52 |
53 | UIKIT_EXTERN API_AVAILABLE(ios(2.0)) API_UNAVAILABLE(visionos, watchos) NS_SWIFT_UI_ACTOR
54 | @interface UIScreen : NSObject <UITraitEnvironment>
| `- note: 'UIScreen' has been explicitly marked unavailable here
55 |
56 | @property(class, nonatomic, readonly) NSArray<UIScreen *> *screens API_DEPRECATED("Use UIApplication.shared.openSessions to find open sessions with scenes from other screens", ios(3.2, 16.0), visionos(1.0, 1.0)) API_UNAVAILABLE(watchos); // all screens currently attached to the device
SwiftCompile normal arm64 Compiling\ EKRootViewController.swift,\ EKStyleView.swift,\ EKWindow.swift,\ EKWindowProvider.swift,\ EKWrapperView.swift,\ EntryCachingHeuristic.swift,\ EKAlertMessageView.swift /Users/admin/builder/spi-builder-workspace/Source/Infra/EKRootViewController.swift /Users/admin/builder/spi-builder-workspace/Source/Infra/EKStyleView.swift /Users/admin/builder/spi-builder-workspace/Source/Infra/EKWindow.swift /Users/admin/builder/spi-builder-workspace/Source/Infra/EKWindowProvider.swift /Users/admin/builder/spi-builder-workspace/Source/Infra/EKWrapperView.swift /Users/admin/builder/spi-builder-workspace/Source/Infra/EntryCachingHeuristic.swift /Users/admin/builder/spi-builder-workspace/Source/MessageViews/EKAlertMessageView.swift (in target 'SwiftEntryKit' from project 'SwiftEntryKit')
/Users/admin/builder/spi-builder-workspace/Source/Infra/EKRootViewController.swift:85:26: warning: 'preferredStatusBarStyle' was deprecated in visionOS 1.0: Has no effect on visionOS [#DeprecatedDeclaration]
83 | override var preferredStatusBarStyle: UIStatusBarStyle {
84 | if [previousStatusBar, statusBar].contains(.ignored) {
85 | return super.preferredStatusBarStyle
| `- warning: 'preferredStatusBarStyle' was deprecated in visionOS 1.0: Has no effect on visionOS [#DeprecatedDeclaration]
86 | }
87 | return statusBar?.appearance.style ?? previousStatusBar.appearance.style
/Users/admin/builder/spi-builder-workspace/Source/Infra/EKRootViewController.swift:92:26: warning: 'prefersStatusBarHidden' was deprecated in visionOS 1.0: Has no effect on visionOS [#DeprecatedDeclaration]
90 | override var prefersStatusBarHidden: Bool {
91 | if [previousStatusBar, statusBar].contains(.ignored) {
92 | return super.prefersStatusBarHidden
| `- warning: 'prefersStatusBarHidden' was deprecated in visionOS 1.0: Has no effect on visionOS [#DeprecatedDeclaration]
93 | }
94 | return !(statusBar?.appearance.visible ?? previousStatusBar.appearance.visible)
/Users/admin/builder/spi-builder-workspace/Source/Infra/EKRootViewController.swift:158:13: error: 'setNeedsStatusBarAppearanceUpdate()' is unavailable in visionOS
156 |
157 | if previousAttributes?.statusBar != attributes.statusBar {
158 | setNeedsStatusBarAppearanceUpdate()
| `- error: 'setNeedsStatusBarAppearanceUpdate()' is unavailable in visionOS
159 | }
160 |
/Applications/Xcode-27.0.0-Release.Candidate.app/Contents/Developer/Platforms/XROS.platform/Developer/SDKs/XROS27.0.sdk/System/Library/Frameworks/UIKit.framework/Headers/UIViewController.h:334:1: note: 'setNeedsStatusBarAppearanceUpdate()' has been explicitly marked unavailable here
332 |
333 | // This should be called whenever the return values for the view controller's status bar attributes have changed. If it is called from within an animation block, the changes will be animated along with the rest of the animation block.
334 | - (void)setNeedsStatusBarAppearanceUpdate API_AVAILABLE(ios(7.0)) API_UNAVAILABLE(tvos, visionos);
| `- note: 'setNeedsStatusBarAppearanceUpdate()' has been explicitly marked unavailable here
335 |
336 | /* This method returns either itself or the nearest ancestor that can perform the given action and, if applicable, has overridden UIViewController's default implementation of the action method. View controllers can return NO from canPerformAction:withSender: to opt out of being a target for a given action. */
/Users/admin/builder/spi-builder-workspace/Source/Infra/EKRootViewController.swift:162:30: warning: 'attemptRotationToDeviceOrientation()' was deprecated in visionOS 1.0: Please use instance method `setNeedsUpdateOfSupportedInterfaceOrientations`. [#DeprecatedDeclaration]
160 |
161 | if shouldAutorotate {
162 | UIViewController.attemptRotationToDeviceOrientation()
| `- warning: 'attemptRotationToDeviceOrientation()' was deprecated in visionOS 1.0: Please use instance method `setNeedsUpdateOfSupportedInterfaceOrientations`. [#DeprecatedDeclaration]
163 | }
164 | }
/Users/admin/builder/spi-builder-workspace/Source/Infra/EKWindow.swift:21:35: error: 'UIScreen' is unavailable in visionOS
19 | super.init(windowScene: scene)
20 | } else {
21 | super.init(frame: UIScreen.main.bounds)
| `- error: 'UIScreen' is unavailable in visionOS
22 | }
23 | } else {
/Applications/Xcode-27.0.0-Release.Candidate.app/Contents/Developer/Platforms/XROS.platform/Developer/SDKs/XROS27.0.sdk/System/Library/Frameworks/UIKit.framework/Headers/UIScreen.h:54:12: note: 'UIScreen' has been explicitly marked unavailable here
52 |
53 | UIKIT_EXTERN API_AVAILABLE(ios(2.0)) API_UNAVAILABLE(visionos, watchos) NS_SWIFT_UI_ACTOR
54 | @interface UIScreen : NSObject <UITraitEnvironment>
| `- note: 'UIScreen' has been explicitly marked unavailable here
55 |
56 | @property(class, nonatomic, readonly) NSArray<UIScreen *> *screens API_DEPRECATED("Use UIApplication.shared.openSessions to find open sessions with scenes from other screens", ios(3.2, 16.0), visionos(1.0, 1.0)) API_UNAVAILABLE(watchos); // all screens currently attached to the device
/Users/admin/builder/spi-builder-workspace/Source/Infra/EKWindow.swift:24:31: error: 'UIScreen' is unavailable in visionOS
22 | }
23 | } else {
24 | super.init(frame: UIScreen.main.bounds)
| `- error: 'UIScreen' is unavailable in visionOS
25 | }
26 | backgroundColor = .clear
/Applications/Xcode-27.0.0-Release.Candidate.app/Contents/Developer/Platforms/XROS.platform/Developer/SDKs/XROS27.0.sdk/System/Library/Frameworks/UIKit.framework/Headers/UIScreen.h:54:12: note: 'UIScreen' has been explicitly marked unavailable here
52 |
53 | UIKIT_EXTERN API_AVAILABLE(ios(2.0)) API_UNAVAILABLE(visionos, watchos) NS_SWIFT_UI_ACTOR
54 | @interface UIScreen : NSObject <UITraitEnvironment>
| `- note: 'UIScreen' has been explicitly marked unavailable here
55 |
56 | @property(class, nonatomic, readonly) NSArray<UIScreen *> *screens API_DEPRECATED("Use UIApplication.shared.openSessions to find open sessions with scenes from other screens", ios(3.2, 16.0), visionos(1.0, 1.0)) API_UNAVAILABLE(watchos); // all screens currently attached to the device
/Users/admin/builder/spi-builder-workspace/Source/Infra/EKWindowProvider.swift:16:122: error: 'keyWindow' is unavailable in visionOS
14 | static var safeAreaInsets: UIEdgeInsets {
15 | if #available(iOS 11.0, *) {
16 | return EKWindowProvider.shared.entryWindow?.rootViewController?.view?.safeAreaInsets ?? UIApplication.shared.keyWindow?.rootViewController?.view.safeAreaInsets ?? .zero
| `- error: 'keyWindow' is unavailable in visionOS
17 | } else {
18 | let statusBarMaxY = UIApplication.shared.statusBarFrame.maxY
/Applications/Xcode-27.0.0-Release.Candidate.app/Contents/Developer/Platforms/XROS.platform/Developer/SDKs/XROS27.0.sdk/System/Library/Frameworks/UIKit.framework/Headers/UIApplication.h:108:51: note: 'keyWindow' has been explicitly marked unavailable here
106 | - (void)sendEvent:(UIEvent *)event;
107 |
108 | @property(nullable, nonatomic,readonly) UIWindow *keyWindow API_DEPRECATED("Should not be used for applications that support multiple scenes as it returns a key window across all connected scenes", ios(2.0, 13.0)) API_UNAVAILABLE(visionos, watchos);
| `- note: 'keyWindow' has been explicitly marked unavailable here
109 | @property(nonatomic,readonly) NSArray<__kindof UIWindow *> *windows API_DEPRECATED("Use UIWindowScene.windows on a relevant window scene instead", ios(2.0, 15.0), visionos(1.0, 1.0)) API_UNAVAILABLE(watchos);
110 |
/Users/admin/builder/spi-builder-workspace/Source/Infra/EKWindowProvider.swift:18:54: error: 'statusBarFrame' is unavailable in visionOS
16 | return EKWindowProvider.shared.entryWindow?.rootViewController?.view?.safeAreaInsets ?? UIApplication.shared.keyWindow?.rootViewController?.view.safeAreaInsets ?? .zero
17 | } else {
18 | let statusBarMaxY = UIApplication.shared.statusBarFrame.maxY
| `- error: 'statusBarFrame' is unavailable in visionOS
19 | return UIEdgeInsets(top: statusBarMaxY, left: 0, bottom: 10, right: 0)
20 | }
/Applications/Xcode-27.0.0-Release.Candidate.app/Contents/Developer/Platforms/XROS.platform/Developer/SDKs/XROS27.0.sdk/System/Library/Frameworks/UIKit.framework/Headers/UIApplication.h:131:38: note: 'statusBarFrame' has been explicitly marked unavailable here
129 |
130 | @property(nonatomic,readonly) NSTimeInterval statusBarOrientationAnimationDuration API_DEPRECATED("Use viewWillTransitionToSize:withTransitionCoordinator: instead.", ios(2.0, 13.0)) API_UNAVAILABLE(tvos) API_UNAVAILABLE(visionos, watchos); // Returns the animation duration for the status bar during a 90 degree orientation change. It should be doubled for a 180 degree orientation change.
131 | @property(nonatomic,readonly) CGRect statusBarFrame API_DEPRECATED("Use the statusBarManager property of the window scene instead.", ios(2.0, 13.0)) API_UNAVAILABLE(tvos) API_UNAVAILABLE(visionos, watchos); // returns CGRectZero if the status bar is hidden
| `- note: 'statusBarFrame' has been explicitly marked unavailable here
132 |
133 | @property(nonatomic) NSInteger applicationIconBadgeNumber API_DEPRECATED("Use -[UNUserNotificationCenter setBadgeCount:withCompletionHandler:] instead.", ios(2.0, 17.0)) API_UNAVAILABLE(watchos);
SwiftCompile normal arm64 /Users/admin/builder/spi-builder-workspace/Source/Infra/EKRootViewController.swift (in target 'SwiftEntryKit' from project 'SwiftEntryKit')
cd /Users/admin/builder/spi-builder-workspace/.swiftpm/xcode
builtin-SwiftPerFileCompile EKRootViewController.swift
SwiftCompile normal arm64 /Users/admin/builder/spi-builder-workspace/Source/Infra/EKStyleView.swift (in target 'SwiftEntryKit' from project 'SwiftEntryKit')
cd /Users/admin/builder/spi-builder-workspace/.swiftpm/xcode
builtin-SwiftPerFileCompile EKStyleView.swift
SwiftCompile normal arm64 /Users/admin/builder/spi-builder-workspace/Source/Infra/EKWindow.swift (in target 'SwiftEntryKit' from project 'SwiftEntryKit')
cd /Users/admin/builder/spi-builder-workspace/.swiftpm/xcode
builtin-SwiftPerFileCompile EKWindow.swift
SwiftCompile normal arm64 /Users/admin/builder/spi-builder-workspace/Source/Infra/EKWindowProvider.swift (in target 'SwiftEntryKit' from project 'SwiftEntryKit')
cd /Users/admin/builder/spi-builder-workspace/.swiftpm/xcode
builtin-SwiftPerFileCompile EKWindowProvider.swift
SwiftCompile normal arm64 /Users/admin/builder/spi-builder-workspace/Source/Infra/EKWrapperView.swift (in target 'SwiftEntryKit' from project 'SwiftEntryKit')
cd /Users/admin/builder/spi-builder-workspace/.swiftpm/xcode
builtin-SwiftPerFileCompile EKWrapperView.swift
SwiftCompile normal arm64 /Users/admin/builder/spi-builder-workspace/Source/Infra/EntryCachingHeuristic.swift (in target 'SwiftEntryKit' from project 'SwiftEntryKit')
cd /Users/admin/builder/spi-builder-workspace/.swiftpm/xcode
builtin-SwiftPerFileCompile EntryCachingHeuristic.swift
SwiftCompile normal arm64 /Users/admin/builder/spi-builder-workspace/Source/MessageViews/EKAlertMessageView.swift (in target 'SwiftEntryKit' from project 'SwiftEntryKit')
cd /Users/admin/builder/spi-builder-workspace/.swiftpm/xcode
builtin-SwiftPerFileCompile EKAlertMessageView.swift
/Users/admin/builder/spi-builder-workspace/Source/Infra/EKWindowProvider.swift:83:55: error: 'keyWindow' is unavailable in visionOS
81 | entryVC = EKRootViewController(with: self)
82 | entryWindow = EKWindow(with: entryVC)
83 | mainRollbackWindow = UIApplication.shared.keyWindow
| `- error: 'keyWindow' is unavailable in visionOS
84 | } else {
85 | entryVC = rootVC!
/Applications/Xcode-27.0.0-Release.Candidate.app/Contents/Developer/Platforms/XROS.platform/Developer/SDKs/XROS27.0.sdk/System/Library/Frameworks/UIKit.framework/Headers/UIApplication.h:108:51: note: 'keyWindow' has been explicitly marked unavailable here
106 | - (void)sendEvent:(UIEvent *)event;
107 |
108 | @property(nullable, nonatomic,readonly) UIWindow *keyWindow API_DEPRECATED("Should not be used for applications that support multiple scenes as it returns a key window across all connected scenes", ios(2.0, 13.0)) API_UNAVAILABLE(visionos, watchos);
| `- note: 'keyWindow' has been explicitly marked unavailable here
109 | @property(nonatomic,readonly) NSArray<__kindof UIWindow *> *windows API_DEPRECATED("Use UIWindowScene.windows on a relevant window scene instead", ios(2.0, 15.0), visionos(1.0, 1.0)) API_UNAVAILABLE(watchos);
110 |
SwiftCompile normal arm64 Compiling\ EKAttributes+Presets.swift,\ EKAttributes+Scroll.swift,\ EKAttributes+Shadow.swift,\ EKAttributes+StatusBar.swift,\ EKAttributes+UserInteraction.swift,\ EKAttributes+Validations.swift /Users/admin/builder/spi-builder-workspace/Source/Model/EntryAttributes/EKAttributes+Presets.swift /Users/admin/builder/spi-builder-workspace/Source/Model/EntryAttributes/EKAttributes+Scroll.swift /Users/admin/builder/spi-builder-workspace/Source/Model/EntryAttributes/EKAttributes+Shadow.swift /Users/admin/builder/spi-builder-workspace/Source/Model/EntryAttributes/EKAttributes+StatusBar.swift /Users/admin/builder/spi-builder-workspace/Source/Model/EntryAttributes/EKAttributes+UserInteraction.swift /Users/admin/builder/spi-builder-workspace/Source/Model/EntryAttributes/EKAttributes+Validations.swift (in target 'SwiftEntryKit' from project 'SwiftEntryKit')
/Users/admin/builder/spi-builder-workspace/Source/Model/EntryAttributes/EKAttributes+StatusBar.swift:83:41: error: 'statusBarStyle' is unavailable in visionOS
81 | // TODO: Use `statusBarManager` of the window scene on iOS 13
82 | private static var currentStyle: UIStatusBarStyle {
83 | return UIApplication.shared.statusBarStyle
| `- error: 'statusBarStyle' is unavailable in visionOS
84 | }
85 |
/Applications/Xcode-27.0.0-Release.Candidate.app/Contents/Developer/Platforms/XROS.platform/Developer/SDKs/XROS27.0.sdk/System/Library/Frameworks/UIKit.framework/Headers/UIApplication.h:115:49: note: 'statusBarStyle' has been explicitly marked unavailable here
113 | @property(nonatomic,getter=isNetworkActivityIndicatorVisible) BOOL networkActivityIndicatorVisible API_DEPRECATED("Provide a custom network activity UI in your app if desired.", ios(2.0, 13.0)) API_UNAVAILABLE(tvos) API_UNAVAILABLE(visionos, watchos);
114 |
115 | @property(readonly, nonatomic) UIStatusBarStyle statusBarStyle API_UNAVAILABLE(tvos) API_DEPRECATED("Use the statusBarManager property of the window scene instead.", ios(2.0, 13.0)) API_UNAVAILABLE(visionos); // default is UIStatusBarStyleDefault
| `- note: 'statusBarStyle' has been explicitly marked unavailable here
116 |
117 | @property(readonly, nonatomic,getter=isStatusBarHidden) BOOL statusBarHidden API_UNAVAILABLE(tvos) API_DEPRECATED("Use the statusBarManager property of the window scene instead.", ios(2.0, 13.0)) API_UNAVAILABLE(visionos);
SwiftCompile normal arm64 /Users/admin/builder/spi-builder-workspace/Source/Model/EntryAttributes/EKAttributes+Presets.swift (in target 'SwiftEntryKit' from project 'SwiftEntryKit')
cd /Users/admin/builder/spi-builder-workspace/.swiftpm/xcode
builtin-SwiftPerFileCompile EKAttributes+Presets.swift
SwiftCompile normal arm64 /Users/admin/builder/spi-builder-workspace/Source/Model/EntryAttributes/EKAttributes+Scroll.swift (in target 'SwiftEntryKit' from project 'SwiftEntryKit')
cd /Users/admin/builder/spi-builder-workspace/.swiftpm/xcode
builtin-SwiftPerFileCompile EKAttributes+Scroll.swift
SwiftCompile normal arm64 /Users/admin/builder/spi-builder-workspace/Source/Model/EntryAttributes/EKAttributes+Shadow.swift (in target 'SwiftEntryKit' from project 'SwiftEntryKit')
cd /Users/admin/builder/spi-builder-workspace/.swiftpm/xcode
builtin-SwiftPerFileCompile EKAttributes+Shadow.swift
SwiftCompile normal arm64 /Users/admin/builder/spi-builder-workspace/Source/Model/EntryAttributes/EKAttributes+StatusBar.swift (in target 'SwiftEntryKit' from project 'SwiftEntryKit')
cd /Users/admin/builder/spi-builder-workspace/.swiftpm/xcode
builtin-SwiftPerFileCompile EKAttributes+StatusBar.swift
SwiftCompile normal arm64 /Users/admin/builder/spi-builder-workspace/Source/Model/EntryAttributes/EKAttributes+UserInteraction.swift (in target 'SwiftEntryKit' from project 'SwiftEntryKit')
cd /Users/admin/builder/spi-builder-workspace/.swiftpm/xcode
builtin-SwiftPerFileCompile EKAttributes+UserInteraction.swift
SwiftCompile normal arm64 /Users/admin/builder/spi-builder-workspace/Source/Model/EntryAttributes/EKAttributes+Validations.swift (in target 'SwiftEntryKit' from project 'SwiftEntryKit')
cd /Users/admin/builder/spi-builder-workspace/.swiftpm/xcode
builtin-SwiftPerFileCompile EKAttributes+Validations.swift
SwiftCompile normal arm64 Compiling\ EKProperty.swift,\ EKRatingMessage.swift,\ EKSimpleMessage.swift,\ EKAttributes+Animation.swift,\ EKAttributes+BackgroundStyle.swift,\ EKAttributes+DisplayMode.swift,\ EKAttributes+Duration.swift /Users/admin/builder/spi-builder-workspace/Source/Model/EKProperty.swift /Users/admin/builder/spi-builder-workspace/Source/Model/EKRatingMessage.swift /Users/admin/builder/spi-builder-workspace/Source/Model/EKSimpleMessage.swift /Users/admin/builder/spi-builder-workspace/Source/Model/EntryAttributes/EKAttributes+Animation.swift /Users/admin/builder/spi-builder-workspace/Source/Model/EntryAttributes/EKAttributes+BackgroundStyle.swift /Users/admin/builder/spi-builder-workspace/Source/Model/EntryAttributes/EKAttributes+DisplayMode.swift /Users/admin/builder/spi-builder-workspace/Source/Model/EntryAttributes/EKAttributes+Duration.swift (in target 'SwiftEntryKit' from project 'SwiftEntryKit')
SwiftCompile normal arm64 /Users/admin/builder/spi-builder-workspace/Source/Model/EKProperty.swift (in target 'SwiftEntryKit' from project 'SwiftEntryKit')
cd /Users/admin/builder/spi-builder-workspace/.swiftpm/xcode
builtin-SwiftPerFileCompile EKProperty.swift
SwiftCompile normal arm64 /Users/admin/builder/spi-builder-workspace/Source/Model/EKRatingMessage.swift (in target 'SwiftEntryKit' from project 'SwiftEntryKit')
cd /Users/admin/builder/spi-builder-workspace/.swiftpm/xcode
builtin-SwiftPerFileCompile EKRatingMessage.swift
SwiftCompile normal arm64 /Users/admin/builder/spi-builder-workspace/Source/Model/EKSimpleMessage.swift (in target 'SwiftEntryKit' from project 'SwiftEntryKit')
cd /Users/admin/builder/spi-builder-workspace/.swiftpm/xcode
builtin-SwiftPerFileCompile EKSimpleMessage.swift
SwiftCompile normal arm64 /Users/admin/builder/spi-builder-workspace/Source/Model/EntryAttributes/EKAttributes+Animation.swift (in target 'SwiftEntryKit' from project 'SwiftEntryKit')
cd /Users/admin/builder/spi-builder-workspace/.swiftpm/xcode
builtin-SwiftPerFileCompile EKAttributes+Animation.swift
SwiftCompile normal arm64 /Users/admin/builder/spi-builder-workspace/Source/Model/EntryAttributes/EKAttributes+BackgroundStyle.swift (in target 'SwiftEntryKit' from project 'SwiftEntryKit')
cd /Users/admin/builder/spi-builder-workspace/.swiftpm/xcode
builtin-SwiftPerFileCompile EKAttributes+BackgroundStyle.swift
SwiftCompile normal arm64 /Users/admin/builder/spi-builder-workspace/Source/Model/EntryAttributes/EKAttributes+DisplayMode.swift (in target 'SwiftEntryKit' from project 'SwiftEntryKit')
cd /Users/admin/builder/spi-builder-workspace/.swiftpm/xcode
builtin-SwiftPerFileCompile EKAttributes+DisplayMode.swift
SwiftCompile normal arm64 /Users/admin/builder/spi-builder-workspace/Source/Model/EntryAttributes/EKAttributes+Duration.swift (in target 'SwiftEntryKit' from project 'SwiftEntryKit')
cd /Users/admin/builder/spi-builder-workspace/.swiftpm/xcode
builtin-SwiftPerFileCompile EKAttributes+Duration.swift
SwiftCompile normal arm64 Compiling\ EKAttributes+WindowLevel.swift,\ EKAttributes.swift,\ SwiftEntryKit.swift,\ GradientView.swift,\ HapticFeedbackGenerator.swift,\ UIView+Responder.swift /Users/admin/builder/spi-builder-workspace/Source/Model/EntryAttributes/EKAttributes+WindowLevel.swift /Users/admin/builder/spi-builder-workspace/Source/Model/EntryAttributes/EKAttributes.swift /Users/admin/builder/spi-builder-workspace/Source/SwiftEntryKit.swift /Users/admin/builder/spi-builder-workspace/Source/Utils/GradientView.swift /Users/admin/builder/spi-builder-workspace/Source/Utils/HapticFeedbackGenerator.swift /Users/admin/builder/spi-builder-workspace/Source/Utils/UIView+Responder.swift (in target 'SwiftEntryKit' from project 'SwiftEntryKit')
SwiftCompile normal arm64 /Users/admin/builder/spi-builder-workspace/Source/Model/EntryAttributes/EKAttributes+WindowLevel.swift (in target 'SwiftEntryKit' from project 'SwiftEntryKit')
cd /Users/admin/builder/spi-builder-workspace/.swiftpm/xcode
builtin-SwiftPerFileCompile EKAttributes+WindowLevel.swift
SwiftCompile normal arm64 /Users/admin/builder/spi-builder-workspace/Source/Model/EntryAttributes/EKAttributes.swift (in target 'SwiftEntryKit' from project 'SwiftEntryKit')
cd /Users/admin/builder/spi-builder-workspace/.swiftpm/xcode
builtin-SwiftPerFileCompile EKAttributes.swift
SwiftCompile normal arm64 /Users/admin/builder/spi-builder-workspace/Source/SwiftEntryKit.swift (in target 'SwiftEntryKit' from project 'SwiftEntryKit')
cd /Users/admin/builder/spi-builder-workspace/.swiftpm/xcode
builtin-SwiftPerFileCompile SwiftEntryKit.swift
SwiftCompile normal arm64 /Users/admin/builder/spi-builder-workspace/Source/Utils/GradientView.swift (in target 'SwiftEntryKit' from project 'SwiftEntryKit')
cd /Users/admin/builder/spi-builder-workspace/.swiftpm/xcode
builtin-SwiftPerFileCompile GradientView.swift
SwiftCompile normal arm64 /Users/admin/builder/spi-builder-workspace/Source/Utils/HapticFeedbackGenerator.swift (in target 'SwiftEntryKit' from project 'SwiftEntryKit')
cd /Users/admin/builder/spi-builder-workspace/.swiftpm/xcode
builtin-SwiftPerFileCompile HapticFeedbackGenerator.swift
SwiftCompile normal arm64 /Users/admin/builder/spi-builder-workspace/Source/Utils/UIView+Responder.swift (in target 'SwiftEntryKit' from project 'SwiftEntryKit')
cd /Users/admin/builder/spi-builder-workspace/.swiftpm/xcode
builtin-SwiftPerFileCompile UIView+Responder.swift
SwiftCompile normal arm64 Compiling\ EKAttributes+FrameStyle.swift,\ EKAttributes+HapticFeedback.swift,\ EKAttributes+LifecycleActions.swift,\ EKAttributes+PopBehavior.swift,\ EKAttributes+Position.swift,\ EKAttributes+PositionConstraints.swift,\ EKAttributes+Precedence.swift /Users/admin/builder/spi-builder-workspace/Source/Model/EntryAttributes/EKAttributes+FrameStyle.swift /Users/admin/builder/spi-builder-workspace/Source/Model/EntryAttributes/EKAttributes+HapticFeedback.swift /Users/admin/builder/spi-builder-workspace/Source/Model/EntryAttributes/EKAttributes+LifecycleActions.swift /Users/admin/builder/spi-builder-workspace/Source/Model/EntryAttributes/EKAttributes+PopBehavior.swift /Users/admin/builder/spi-builder-workspace/Source/Model/EntryAttributes/EKAttributes+Position.swift /Users/admin/builder/spi-builder-workspace/Source/Model/EntryAttributes/EKAttributes+PositionConstraints.swift /Users/admin/builder/spi-builder-workspace/Source/Model/EntryAttributes/EKAttributes+Precedence.swift (in target 'SwiftEntryKit' from project 'SwiftEntryKit')
SwiftCompile normal arm64 /Users/admin/builder/spi-builder-workspace/Source/Model/EntryAttributes/EKAttributes+FrameStyle.swift (in target 'SwiftEntryKit' from project 'SwiftEntryKit')
cd /Users/admin/builder/spi-builder-workspace/.swiftpm/xcode
builtin-SwiftPerFileCompile EKAttributes+FrameStyle.swift
SwiftCompile normal arm64 /Users/admin/builder/spi-builder-workspace/Source/Model/EntryAttributes/EKAttributes+HapticFeedback.swift (in target 'SwiftEntryKit' from project 'SwiftEntryKit')
cd /Users/admin/builder/spi-builder-workspace/.swiftpm/xcode
builtin-SwiftPerFileCompile EKAttributes+HapticFeedback.swift
SwiftCompile normal arm64 /Users/admin/builder/spi-builder-workspace/Source/Model/EntryAttributes/EKAttributes+LifecycleActions.swift (in target 'SwiftEntryKit' from project 'SwiftEntryKit')
cd /Users/admin/builder/spi-builder-workspace/.swiftpm/xcode
builtin-SwiftPerFileCompile EKAttributes+LifecycleActions.swift
SwiftCompile normal arm64 /Users/admin/builder/spi-builder-workspace/Source/Model/EntryAttributes/EKAttributes+PopBehavior.swift (in target 'SwiftEntryKit' from project 'SwiftEntryKit')
cd /Users/admin/builder/spi-builder-workspace/.swiftpm/xcode
builtin-SwiftPerFileCompile EKAttributes+PopBehavior.swift
SwiftCompile normal arm64 /Users/admin/builder/spi-builder-workspace/Source/Model/EntryAttributes/EKAttributes+Position.swift (in target 'SwiftEntryKit' from project 'SwiftEntryKit')
cd /Users/admin/builder/spi-builder-workspace/.swiftpm/xcode
builtin-SwiftPerFileCompile EKAttributes+Position.swift
SwiftCompile normal arm64 /Users/admin/builder/spi-builder-workspace/Source/Model/EntryAttributes/EKAttributes+PositionConstraints.swift (in target 'SwiftEntryKit' from project 'SwiftEntryKit')
cd /Users/admin/builder/spi-builder-workspace/.swiftpm/xcode
builtin-SwiftPerFileCompile EKAttributes+PositionConstraints.swift
SwiftCompile normal arm64 /Users/admin/builder/spi-builder-workspace/Source/Model/EntryAttributes/EKAttributes+Precedence.swift (in target 'SwiftEntryKit' from project 'SwiftEntryKit')
cd /Users/admin/builder/spi-builder-workspace/.swiftpm/xcode
builtin-SwiftPerFileCompile EKAttributes+Precedence.swift
SwiftCompile normal arm64 Compiling\ EKButtonView.swift,\ EKRatingSymbolView.swift,\ EKRatingSymbolsContainerView.swift,\ EKTextField.swift,\ EntryAppearanceDescriptor.swift,\ EKAccessoryNoteMessageView.swift,\ EKImageNoteMessageView.swift /Users/admin/builder/spi-builder-workspace/Source/MessageViews/MessagesUtils/EKButtonView.swift /Users/admin/builder/spi-builder-workspace/Source/MessageViews/MessagesUtils/EKRatingSymbolView.swift /Users/admin/builder/spi-builder-workspace/Source/MessageViews/MessagesUtils/EKRatingSymbolsContainerView.swift /Users/admin/builder/spi-builder-workspace/Source/MessageViews/MessagesUtils/EKTextField.swift /Users/admin/builder/spi-builder-workspace/Source/MessageViews/MessagesUtils/EntryAppearanceDescriptor.swift /Users/admin/builder/spi-builder-workspace/Source/MessageViews/Notes/EKAccessoryNoteMessageView.swift /Users/admin/builder/spi-builder-workspace/Source/MessageViews/Notes/EKImageNoteMessageView.swift (in target 'SwiftEntryKit' from project 'SwiftEntryKit')
/Users/admin/builder/spi-builder-workspace/Source/MessageViews/MessagesUtils/EKTextField.swift:36:27: error: 'UIScreen' is unavailable in visionOS
34 | public init(with content: EKProperty.TextFieldContent) {
35 | self.content = content
36 | super.init(frame: UIScreen.main.bounds)
| `- error: 'UIScreen' is unavailable in visionOS
37 | setupImageView()
38 | setupTextField()
/Applications/Xcode-27.0.0-Release.Candidate.app/Contents/Developer/Platforms/XROS.platform/Developer/SDKs/XROS27.0.sdk/System/Library/Frameworks/UIKit.framework/Headers/UIScreen.h:54:12: note: 'UIScreen' has been explicitly marked unavailable here
52 |
53 | UIKIT_EXTERN API_AVAILABLE(ios(2.0)) API_UNAVAILABLE(visionos, watchos) NS_SWIFT_UI_ACTOR
54 | @interface UIScreen : NSObject <UITraitEnvironment>
| `- note: 'UIScreen' has been explicitly marked unavailable here
55 |
56 | @property(class, nonatomic, readonly) NSArray<UIScreen *> *screens API_DEPRECATED("Use UIApplication.shared.openSessions to find open sessions with scenes from other screens", ios(3.2, 16.0), visionos(1.0, 1.0)) API_UNAVAILABLE(watchos); // all screens currently attached to the device
SwiftCompile normal arm64 /Users/admin/builder/spi-builder-workspace/Source/MessageViews/MessagesUtils/EKButtonView.swift (in target 'SwiftEntryKit' from project 'SwiftEntryKit')
cd /Users/admin/builder/spi-builder-workspace/.swiftpm/xcode
builtin-SwiftPerFileCompile EKButtonView.swift
SwiftCompile normal arm64 /Users/admin/builder/spi-builder-workspace/Source/MessageViews/MessagesUtils/EKRatingSymbolView.swift (in target 'SwiftEntryKit' from project 'SwiftEntryKit')
cd /Users/admin/builder/spi-builder-workspace/.swiftpm/xcode
builtin-SwiftPerFileCompile EKRatingSymbolView.swift
SwiftCompile normal arm64 /Users/admin/builder/spi-builder-workspace/Source/MessageViews/MessagesUtils/EKRatingSymbolsContainerView.swift (in target 'SwiftEntryKit' from project 'SwiftEntryKit')
cd /Users/admin/builder/spi-builder-workspace/.swiftpm/xcode
builtin-SwiftPerFileCompile EKRatingSymbolsContainerView.swift
SwiftCompile normal arm64 /Users/admin/builder/spi-builder-workspace/Source/MessageViews/MessagesUtils/EKTextField.swift (in target 'SwiftEntryKit' from project 'SwiftEntryKit')
cd /Users/admin/builder/spi-builder-workspace/.swiftpm/xcode
builtin-SwiftPerFileCompile EKTextField.swift
SwiftCompile normal arm64 /Users/admin/builder/spi-builder-workspace/Source/MessageViews/MessagesUtils/EntryAppearanceDescriptor.swift (in target 'SwiftEntryKit' from project 'SwiftEntryKit')
cd /Users/admin/builder/spi-builder-workspace/.swiftpm/xcode
builtin-SwiftPerFileCompile EntryAppearanceDescriptor.swift
SwiftCompile normal arm64 /Users/admin/builder/spi-builder-workspace/Source/MessageViews/Notes/EKAccessoryNoteMessageView.swift (in target 'SwiftEntryKit' from project 'SwiftEntryKit')
cd /Users/admin/builder/spi-builder-workspace/.swiftpm/xcode
builtin-SwiftPerFileCompile EKAccessoryNoteMessageView.swift
SwiftCompile normal arm64 /Users/admin/builder/spi-builder-workspace/Source/MessageViews/Notes/EKImageNoteMessageView.swift (in target 'SwiftEntryKit' from project 'SwiftEntryKit')
cd /Users/admin/builder/spi-builder-workspace/.swiftpm/xcode
builtin-SwiftPerFileCompile EKImageNoteMessageView.swift
SwiftCompile normal arm64 Compiling\ EKFormMessageView.swift,\ EKMessageContentView.swift,\ EKNotificationMessageView.swift,\ EKPopUpMessageView.swift,\ EKRatingMessageView.swift,\ EKSimpleMessageView.swift,\ EKButtonBarView.swift /Users/admin/builder/spi-builder-workspace/Source/MessageViews/EKFormMessageView.swift /Users/admin/builder/spi-builder-workspace/Source/MessageViews/EKMessageContentView.swift /Users/admin/builder/spi-builder-workspace/Source/MessageViews/EKNotificationMessageView.swift /Users/admin/builder/spi-builder-workspace/Source/MessageViews/EKPopUpMessageView.swift /Users/admin/builder/spi-builder-workspace/Source/MessageViews/EKRatingMessageView.swift /Users/admin/builder/spi-builder-workspace/Source/MessageViews/EKSimpleMessageView.swift /Users/admin/builder/spi-builder-workspace/Source/MessageViews/MessagesUtils/EKButtonBarView.swift (in target 'SwiftEntryKit' from project 'SwiftEntryKit')
/Users/admin/builder/spi-builder-workspace/Source/MessageViews/EKFormMessageView.swift:31:27: error: 'UIScreen' is unavailable in visionOS
29 | self.titleContent = title
30 | self.textFieldsContent = textFieldsContent
31 | super.init(frame: UIScreen.main.bounds)
| `- error: 'UIScreen' is unavailable in visionOS
32 | setupScrollView()
33 | setupTitleLabel()
/Applications/Xcode-27.0.0-Release.Candidate.app/Contents/Developer/Platforms/XROS.platform/Developer/SDKs/XROS27.0.sdk/System/Library/Frameworks/UIKit.framework/Headers/UIScreen.h:54:12: note: 'UIScreen' has been explicitly marked unavailable here
52 |
53 | UIKIT_EXTERN API_AVAILABLE(ios(2.0)) API_UNAVAILABLE(visionos, watchos) NS_SWIFT_UI_ACTOR
54 | @interface UIScreen : NSObject <UITraitEnvironment>
| `- note: 'UIScreen' has been explicitly marked unavailable here
55 |
56 | @property(class, nonatomic, readonly) NSArray<UIScreen *> *screens API_DEPRECATED("Use UIApplication.shared.openSessions to find open sessions with scenes from other screens", ios(3.2, 16.0), visionos(1.0, 1.0)) API_UNAVAILABLE(watchos); // all screens currently attached to the device
/Users/admin/builder/spi-builder-workspace/Source/MessageViews/EKMessageContentView.swift:85:27: error: 'UIScreen' is unavailable in visionOS
83 |
84 | public init() {
85 | super.init(frame: UIScreen.main.bounds)
| `- error: 'UIScreen' is unavailable in visionOS
86 | clipsToBounds = true
87 | setupTitleLabel()
/Applications/Xcode-27.0.0-Release.Candidate.app/Contents/Developer/Platforms/XROS.platform/Developer/SDKs/XROS27.0.sdk/System/Library/Frameworks/UIKit.framework/Headers/UIScreen.h:54:12: note: 'UIScreen' has been explicitly marked unavailable here
52 |
53 | UIKIT_EXTERN API_AVAILABLE(ios(2.0)) API_UNAVAILABLE(visionos, watchos) NS_SWIFT_UI_ACTOR
54 | @interface UIScreen : NSObject <UITraitEnvironment>
| `- note: 'UIScreen' has been explicitly marked unavailable here
55 |
56 | @property(class, nonatomic, readonly) NSArray<UIScreen *> *screens API_DEPRECATED("Use UIApplication.shared.openSessions to find open sessions with scenes from other screens", ios(3.2, 16.0), visionos(1.0, 1.0)) API_UNAVAILABLE(watchos); // all screens currently attached to the device
/Users/admin/builder/spi-builder-workspace/Source/MessageViews/EKPopUpMessageView.swift:26:27: error: 'UIScreen' is unavailable in visionOS
24 | public init(with message: EKPopUpMessage) {
25 | self.message = message
26 | super.init(frame: UIScreen.main.bounds)
| `- error: 'UIScreen' is unavailable in visionOS
27 | setupImageView()
28 | setupTitleLabel()
/Applications/Xcode-27.0.0-Release.Candidate.app/Contents/Developer/Platforms/XROS.platform/Developer/SDKs/XROS27.0.sdk/System/Library/Frameworks/UIKit.framework/Headers/UIScreen.h:54:12: note: 'UIScreen' has been explicitly marked unavailable here
52 |
53 | UIKIT_EXTERN API_AVAILABLE(ios(2.0)) API_UNAVAILABLE(visionos, watchos) NS_SWIFT_UI_ACTOR
54 | @interface UIScreen : NSObject <UITraitEnvironment>
| `- note: 'UIScreen' has been explicitly marked unavailable here
55 |
56 | @property(class, nonatomic, readonly) NSArray<UIScreen *> *screens API_DEPRECATED("Use UIApplication.shared.openSessions to find open sessions with scenes from other screens", ios(3.2, 16.0), visionos(1.0, 1.0)) API_UNAVAILABLE(watchos); // all screens currently attached to the device
/Users/admin/builder/spi-builder-workspace/Source/MessageViews/EKPopUpMessageView.swift:84:22: warning: 'contentEdgeInsets' was deprecated in visionOS 1.0: This property is ignored when using UIButtonConfiguration [#DeprecatedDeclaration]
82 | let buttonAttributes = message.button
83 | actionButton.buttonContent = buttonAttributes
84 | actionButton.contentEdgeInsets = UIEdgeInsets(top: 0, left: 30, bottom: 0, right: 30)
| `- warning: 'contentEdgeInsets' was deprecated in visionOS 1.0: This property is ignored when using UIButtonConfiguration [#DeprecatedDeclaration]
85 | actionButton.layer.cornerRadius = height * 0.5
86 | actionButton.addTarget(self, action: #selector(actionButtonPressed), for: .touchUpInside)
/Users/admin/builder/spi-builder-workspace/Source/MessageViews/EKRatingMessageView.swift:40:27: error: 'UIScreen' is unavailable in visionOS
38 | public init(with message: EKRatingMessage) {
39 | self.message = message
40 | super.init(frame: UIScreen.main.bounds)
| `- error: 'UIScreen' is unavailable in visionOS
41 | setupMessageContentView()
42 | setupSymbolsView()
/Applications/Xcode-27.0.0-Release.Candidate.app/Contents/Developer/Platforms/XROS.platform/Developer/SDKs/XROS27.0.sdk/System/Library/Frameworks/UIKit.framework/Headers/UIScreen.h:54:12: note: 'UIScreen' has been explicitly marked unavailable here
52 |
53 | UIKIT_EXTERN API_AVAILABLE(ios(2.0)) API_UNAVAILABLE(visionos, watchos) NS_SWIFT_UI_ACTOR
54 | @interface UIScreen : NSObject <UITraitEnvironment>
| `- note: 'UIScreen' has been explicitly marked unavailable here
55 |
56 | @property(class, nonatomic, readonly) NSArray<UIScreen *> *screens API_DEPRECATED("Use UIApplication.shared.openSessions to find open sessions with scenes from other screens", ios(3.2, 16.0), visionos(1.0, 1.0)) API_UNAVAILABLE(watchos); // all screens currently attached to the device
SwiftCompile normal arm64 /Users/admin/builder/spi-builder-workspace/Source/MessageViews/EKFormMessageView.swift (in target 'SwiftEntryKit' from project 'SwiftEntryKit')
cd /Users/admin/builder/spi-builder-workspace/.swiftpm/xcode
builtin-SwiftPerFileCompile EKFormMessageView.swift
SwiftCompile normal arm64 /Users/admin/builder/spi-builder-workspace/Source/MessageViews/EKMessageContentView.swift (in target 'SwiftEntryKit' from project 'SwiftEntryKit')
cd /Users/admin/builder/spi-builder-workspace/.swiftpm/xcode
builtin-SwiftPerFileCompile EKMessageContentView.swift
SwiftCompile normal arm64 /Users/admin/builder/spi-builder-workspace/Source/MessageViews/EKNotificationMessageView.swift (in target 'SwiftEntryKit' from project 'SwiftEntryKit')
cd /Users/admin/builder/spi-builder-workspace/.swiftpm/xcode
builtin-SwiftPerFileCompile EKNotificationMessageView.swift
SwiftCompile normal arm64 /Users/admin/builder/spi-builder-workspace/Source/MessageViews/EKPopUpMessageView.swift (in target 'SwiftEntryKit' from project 'SwiftEntryKit')
cd /Users/admin/builder/spi-builder-workspace/.swiftpm/xcode
builtin-SwiftPerFileCompile EKPopUpMessageView.swift
SwiftCompile normal arm64 /Users/admin/builder/spi-builder-workspace/Source/MessageViews/EKRatingMessageView.swift (in target 'SwiftEntryKit' from project 'SwiftEntryKit')
cd /Users/admin/builder/spi-builder-workspace/.swiftpm/xcode
builtin-SwiftPerFileCompile EKRatingMessageView.swift
SwiftCompile normal arm64 /Users/admin/builder/spi-builder-workspace/Source/MessageViews/EKSimpleMessageView.swift (in target 'SwiftEntryKit' from project 'SwiftEntryKit')
cd /Users/admin/builder/spi-builder-workspace/.swiftpm/xcode
builtin-SwiftPerFileCompile EKSimpleMessageView.swift
SwiftCompile normal arm64 /Users/admin/builder/spi-builder-workspace/Source/MessageViews/MessagesUtils/EKButtonBarView.swift (in target 'SwiftEntryKit' from project 'SwiftEntryKit')
cd /Users/admin/builder/spi-builder-workspace/.swiftpm/xcode
builtin-SwiftPerFileCompile EKButtonBarView.swift
SwiftCompile normal arm64 Compiling\ UIEdgeInsets+Utils.swift,\ UIRectCorner+Short.swift,\ UIView+Shadow.swift,\ UIView+Utils.swift,\ EKBackgroundView.swift,\ EKContentView.swift,\ EKEntryView.swift /Users/admin/builder/spi-builder-workspace/Source/Extensions/UIEdgeInsets+Utils.swift /Users/admin/builder/spi-builder-workspace/Source/Extensions/UIRectCorner+Short.swift /Users/admin/builder/spi-builder-workspace/Source/Extensions/UIView+Shadow.swift /Users/admin/builder/spi-builder-workspace/Source/Extensions/UIView+Utils.swift /Users/admin/builder/spi-builder-workspace/Source/Infra/EKBackgroundView.swift /Users/admin/builder/spi-builder-workspace/Source/Infra/EKContentView.swift /Users/admin/builder/spi-builder-workspace/Source/Infra/EKEntryView.swift (in target 'SwiftEntryKit' from project 'SwiftEntryKit')
/Users/admin/builder/spi-builder-workspace/Source/Extensions/UIView+Shadow.swift:36:30: error: 'UIScreen' is unavailable in visionOS
34 | shadowColor = color.cgColor
35 | shouldRasterize = true
36 | rasterizationScale = UIScreen.main.scale
| `- error: 'UIScreen' is unavailable in visionOS
37 | }
38 |
/Applications/Xcode-27.0.0-Release.Candidate.app/Contents/Developer/Platforms/XROS.platform/Developer/SDKs/XROS27.0.sdk/System/Library/Frameworks/UIKit.framework/Headers/UIScreen.h:54:12: note: 'UIScreen' has been explicitly marked unavailable here
52 |
53 | UIKIT_EXTERN API_AVAILABLE(ios(2.0)) API_UNAVAILABLE(visionos, watchos) NS_SWIFT_UI_ACTOR
54 | @interface UIScreen : NSObject <UITraitEnvironment>
| `- note: 'UIScreen' has been explicitly marked unavailable here
55 |
56 | @property(class, nonatomic, readonly) NSArray<UIScreen *> *screens API_DEPRECATED("Use UIApplication.shared.openSessions to find open sessions with scenes from other screens", ios(3.2, 16.0), visionos(1.0, 1.0)) API_UNAVAILABLE(watchos); // all screens currently attached to the device
/Users/admin/builder/spi-builder-workspace/Source/Infra/EKBackgroundView.swift:28:27: error: 'UIScreen' is unavailable in visionOS
26 | visualEffectView = UIVisualEffectView(effect: nil)
27 | gradientView = GradientView()
28 | super.init(frame: UIScreen.main.bounds)
| `- error: 'UIScreen' is unavailable in visionOS
29 |
30 | addSubview(imageView)
/Applications/Xcode-27.0.0-Release.Candidate.app/Contents/Developer/Platforms/XROS.platform/Developer/SDKs/XROS27.0.sdk/System/Library/Frameworks/UIKit.framework/Headers/UIScreen.h:54:12: note: 'UIScreen' has been explicitly marked unavailable here
52 |
53 | UIKIT_EXTERN API_AVAILABLE(ios(2.0)) API_UNAVAILABLE(visionos, watchos) NS_SWIFT_UI_ACTOR
54 | @interface UIScreen : NSObject <UITraitEnvironment>
| `- note: 'UIScreen' has been explicitly marked unavailable here
55 |
56 | @property(class, nonatomic, readonly) NSArray<UIScreen *> *screens API_DEPRECATED("Use UIApplication.shared.openSessions to find open sessions with scenes from other screens", ios(3.2, 16.0), visionos(1.0, 1.0)) API_UNAVAILABLE(watchos); // all screens currently attached to the device
/Users/admin/builder/spi-builder-workspace/Source/Infra/EKContentView.swift:164:29: error: 'UIScreen' is unavailable in visionOS
162 | verticalLimit = inOffset
163 | case .bottom, .center:
164 | verticalLimit = UIScreen.main.bounds.height + inOffset
| `- error: 'UIScreen' is unavailable in visionOS
165 | }
166 |
/Applications/Xcode-27.0.0-Release.Candidate.app/Contents/Developer/Platforms/XROS.platform/Developer/SDKs/XROS27.0.sdk/System/Library/Frameworks/UIKit.framework/Headers/UIScreen.h:54:12: note: 'UIScreen' has been explicitly marked unavailable here
52 |
53 | UIKIT_EXTERN API_AVAILABLE(ios(2.0)) API_UNAVAILABLE(visionos, watchos) NS_SWIFT_UI_ACTOR
54 | @interface UIScreen : NSObject <UITraitEnvironment>
| `- note: 'UIScreen' has been explicitly marked unavailable here
55 |
56 | @property(class, nonatomic, readonly) NSArray<UIScreen *> *screens API_DEPRECATED("Use UIApplication.shared.openSessions to find open sessions with scenes from other screens", ios(3.2, 16.0), visionos(1.0, 1.0)) API_UNAVAILABLE(watchos); // all screens currently attached to the device
SwiftCompile normal arm64 /Users/admin/builder/spi-builder-workspace/Source/Extensions/UIEdgeInsets+Utils.swift (in target 'SwiftEntryKit' from project 'SwiftEntryKit')
cd /Users/admin/builder/spi-builder-workspace/.swiftpm/xcode
builtin-SwiftPerFileCompile UIEdgeInsets+Utils.swift
SwiftCompile normal arm64 /Users/admin/builder/spi-builder-workspace/Source/Extensions/UIRectCorner+Short.swift (in target 'SwiftEntryKit' from project 'SwiftEntryKit')
cd /Users/admin/builder/spi-builder-workspace/.swiftpm/xcode
builtin-SwiftPerFileCompile UIRectCorner+Short.swift
SwiftCompile normal arm64 /Users/admin/builder/spi-builder-workspace/Source/Extensions/UIView+Shadow.swift (in target 'SwiftEntryKit' from project 'SwiftEntryKit')
cd /Users/admin/builder/spi-builder-workspace/.swiftpm/xcode
builtin-SwiftPerFileCompile UIView+Shadow.swift
SwiftCompile normal arm64 /Users/admin/builder/spi-builder-workspace/Source/Extensions/UIView+Utils.swift (in target 'SwiftEntryKit' from project 'SwiftEntryKit')
cd /Users/admin/builder/spi-builder-workspace/.swiftpm/xcode
builtin-SwiftPerFileCompile UIView+Utils.swift
SwiftCompile normal arm64 /Users/admin/builder/spi-builder-workspace/Source/Infra/EKBackgroundView.swift (in target 'SwiftEntryKit' from project 'SwiftEntryKit')
cd /Users/admin/builder/spi-builder-workspace/.swiftpm/xcode
builtin-SwiftPerFileCompile EKBackgroundView.swift
SwiftCompile normal arm64 /Users/admin/builder/spi-builder-workspace/Source/Infra/EKContentView.swift (in target 'SwiftEntryKit' from project 'SwiftEntryKit')
cd /Users/admin/builder/spi-builder-workspace/.swiftpm/xcode
builtin-SwiftPerFileCompile EKContentView.swift
SwiftCompile normal arm64 /Users/admin/builder/spi-builder-workspace/Source/Infra/EKEntryView.swift (in target 'SwiftEntryKit' from project 'SwiftEntryKit')
cd /Users/admin/builder/spi-builder-workspace/.swiftpm/xcode
builtin-SwiftPerFileCompile EKEntryView.swift
SwiftCompile normal arm64 Compiling\ QLCompatibility.swift,\ QLUtils.swift,\ UIView+QLContentWrap.swift,\ UIView+QuickLayout.swift,\ UIViewArray+QuickLayout.swift,\ UIApplication+EKAppearance.swift,\ UIColor+Utils.swift /Users/admin/builder/spi-builder-workspace/Source/Extensions/QuickLayout/QLCompatibility.swift /Users/admin/builder/spi-builder-workspace/Source/Extensions/QuickLayout/QLUtils.swift /Users/admin/builder/spi-builder-workspace/Source/Extensions/QuickLayout/UIView+QLContentWrap.swift /Users/admin/builder/spi-builder-workspace/Source/Extensions/QuickLayout/UIView+QuickLayout.swift /Users/admin/builder/spi-builder-workspace/Source/Extensions/QuickLayout/UIViewArray+QuickLayout.swift /Users/admin/builder/spi-builder-workspace/Source/Extensions/UIApplication+EKAppearance.swift /Users/admin/builder/spi-builder-workspace/Source/Extensions/UIColor+Utils.swift (in target 'SwiftEntryKit' from project 'SwiftEntryKit')
SwiftCompile normal arm64 /Users/admin/builder/spi-builder-workspace/Source/Extensions/QuickLayout/QLCompatibility.swift (in target 'SwiftEntryKit' from project 'SwiftEntryKit')
cd /Users/admin/builder/spi-builder-workspace/.swiftpm/xcode
builtin-SwiftPerFileCompile QLCompatibility.swift
SwiftCompile normal arm64 /Users/admin/builder/spi-builder-workspace/Source/Extensions/QuickLayout/QLUtils.swift (in target 'SwiftEntryKit' from project 'SwiftEntryKit')
cd /Users/admin/builder/spi-builder-workspace/.swiftpm/xcode
builtin-SwiftPerFileCompile QLUtils.swift
SwiftCompile normal arm64 /Users/admin/builder/spi-builder-workspace/Source/Extensions/QuickLayout/UIView+QLContentWrap.swift (in target 'SwiftEntryKit' from project 'SwiftEntryKit')
cd /Users/admin/builder/spi-builder-workspace/.swiftpm/xcode
builtin-SwiftPerFileCompile UIView+QLContentWrap.swift
SwiftCompile normal arm64 /Users/admin/builder/spi-builder-workspace/Source/Extensions/QuickLayout/UIView+QuickLayout.swift (in target 'SwiftEntryKit' from project 'SwiftEntryKit')
cd /Users/admin/builder/spi-builder-workspace/.swiftpm/xcode
builtin-SwiftPerFileCompile UIView+QuickLayout.swift
SwiftCompile normal arm64 /Users/admin/builder/spi-builder-workspace/Source/Extensions/QuickLayout/UIViewArray+QuickLayout.swift (in target 'SwiftEntryKit' from project 'SwiftEntryKit')
cd /Users/admin/builder/spi-builder-workspace/.swiftpm/xcode
builtin-SwiftPerFileCompile UIViewArray+QuickLayout.swift
SwiftCompile normal arm64 /Users/admin/builder/spi-builder-workspace/Source/Extensions/UIApplication+EKAppearance.swift (in target 'SwiftEntryKit' from project 'SwiftEntryKit')
cd /Users/admin/builder/spi-builder-workspace/.swiftpm/xcode
builtin-SwiftPerFileCompile UIApplication+EKAppearance.swift
SwiftCompile normal arm64 /Users/admin/builder/spi-builder-workspace/Source/Extensions/UIColor+Utils.swift (in target 'SwiftEntryKit' from project 'SwiftEntryKit')
cd /Users/admin/builder/spi-builder-workspace/.swiftpm/xcode
builtin-SwiftPerFileCompile UIColor+Utils.swift
PruneExplicitPrecompiledModules /Users/admin/builder/spi-builder-workspace/.derivedData/Build/Intermediates.noindex/SwiftExplicitPrecompiledModules
PruneExplicitPrecompiledModules /Users/admin/builder/spi-builder-workspace/.derivedData/SDKExplicitPrecompiledModules
PruneExplicitPrecompiledModules /Users/admin/builder/spi-builder-workspace/.derivedData/Build/Intermediates.noindex/ExplicitPrecompiledModules
2026-09-17 18:59:33.353 xcodebuild[688:4435] [MT] IDERunDestination: Supported platforms for the buildables in the current scheme is empty.
** BUILD FAILED **
The following build commands failed:
SwiftCompile normal arm64 (in target 'SwiftEntryKit' from project 'SwiftEntryKit')
SwiftEmitModule normal arm64 Emitting\ module\ for\ SwiftEntryKit (in target 'SwiftEntryKit' from project 'SwiftEntryKit')
Building workspace SwiftEntryKit with scheme SwiftEntryKit
(3 failures)
Command line invocation:
/Applications/Xcode-27.0.0-Release.Candidate.app/Contents/Developer/usr/bin/xcodebuild -IDEClonedSourcePackagesDirPathOverride=/Users/admin/builder/spi-builder-workspace/.dependencies -resolvePackageDependencies
Resolve Package Graph
Resolved source packages:
SwiftEntryKit: /Users/admin/builder/spi-builder-workspace
resolved source packages: SwiftEntryKit
2026-09-17 18:59:40.682 xcodebuild[780:4813] [MT] IDERunDestination: Supported platforms for the buildables in the current scheme is empty.
{
"dependencies" : [
],
"manifest_display_name" : "SwiftEntryKit",
"name" : "SwiftEntryKit",
"path" : "/Users/admin/builder/spi-builder-workspace",
"platforms" : [
{
"name" : "ios",
"version" : "9.0"
}
],
"products" : [
{
"name" : "SwiftEntryKit",
"targets" : [
"SwiftEntryKit"
],
"type" : {
"library" : [
"automatic"
]
}
}
],
"swift_languages_versions" : [
"5"
],
"targets" : [
{
"c99name" : "SwiftEntryKit",
"module_type" : "SwiftTarget",
"name" : "SwiftEntryKit",
"path" : "Source",
"product_memberships" : [
"SwiftEntryKit"
],
"sources" : [
"Extensions/QuickLayout/QLCompatibility.swift",
"Extensions/QuickLayout/QLUtils.swift",
"Extensions/QuickLayout/UIView+QLContentWrap.swift",
"Extensions/QuickLayout/UIView+QuickLayout.swift",
"Extensions/QuickLayout/UIViewArray+QuickLayout.swift",
"Extensions/UIApplication+EKAppearance.swift",
"Extensions/UIColor+Utils.swift",
"Extensions/UIEdgeInsets+Utils.swift",
"Extensions/UIRectCorner+Short.swift",
"Extensions/UIView+Shadow.swift",
"Extensions/UIView+Utils.swift",
"Infra/EKBackgroundView.swift",
"Infra/EKContentView.swift",
"Infra/EKEntryView.swift",
"Infra/EKRootViewController.swift",
"Infra/EKStyleView.swift",
"Infra/EKWindow.swift",
"Infra/EKWindowProvider.swift",
"Infra/EKWrapperView.swift",
"Infra/EntryCachingHeuristic.swift",
"MessageViews/EKAlertMessageView.swift",
"MessageViews/EKFormMessageView.swift",
"MessageViews/EKMessageContentView.swift",
"MessageViews/EKNotificationMessageView.swift",
"MessageViews/EKPopUpMessageView.swift",
"MessageViews/EKRatingMessageView.swift",
"MessageViews/EKSimpleMessageView.swift",
"MessageViews/MessagesUtils/EKButtonBarView.swift",
"MessageViews/MessagesUtils/EKButtonView.swift",
"MessageViews/MessagesUtils/EKRatingSymbolView.swift",
"MessageViews/MessagesUtils/EKRatingSymbolsContainerView.swift",
"MessageViews/MessagesUtils/EKTextField.swift",
"MessageViews/MessagesUtils/EntryAppearanceDescriptor.swift",
"MessageViews/Notes/EKAccessoryNoteMessageView.swift",
"MessageViews/Notes/EKImageNoteMessageView.swift",
"MessageViews/Notes/EKNoteMessageView.swift",
"MessageViews/Notes/EKProcessingNoteMessageView.swift",
"MessageViews/Notes/EKXStatusBarMessageView.swift",
"Model/EKAlertMessage.swift",
"Model/EKColor.swift",
"Model/EKNotificationMessage.swift",
"Model/EKPopUpMessage.swift",
"Model/EKProperty.swift",
"Model/EKRatingMessage.swift",
"Model/EKSimpleMessage.swift",
"Model/EntryAttributes/EKAttributes+Animation.swift",
"Model/EntryAttributes/EKAttributes+BackgroundStyle.swift",
"Model/EntryAttributes/EKAttributes+DisplayMode.swift",
"Model/EntryAttributes/EKAttributes+Duration.swift",
"Model/EntryAttributes/EKAttributes+FrameStyle.swift",
"Model/EntryAttributes/EKAttributes+HapticFeedback.swift",
"Model/EntryAttributes/EKAttributes+LifecycleActions.swift",
"Model/EntryAttributes/EKAttributes+PopBehavior.swift",
"Model/EntryAttributes/EKAttributes+Position.swift",
"Model/EntryAttributes/EKAttributes+PositionConstraints.swift",
"Model/EntryAttributes/EKAttributes+Precedence.swift",
"Model/EntryAttributes/EKAttributes+Presets.swift",
"Model/EntryAttributes/EKAttributes+Scroll.swift",
"Model/EntryAttributes/EKAttributes+Shadow.swift",
"Model/EntryAttributes/EKAttributes+StatusBar.swift",
"Model/EntryAttributes/EKAttributes+UserInteraction.swift",
"Model/EntryAttributes/EKAttributes+Validations.swift",
"Model/EntryAttributes/EKAttributes+WindowLevel.swift",
"Model/EntryAttributes/EKAttributes.swift",
"SwiftEntryKit.swift",
"Utils/GradientView.swift",
"Utils/HapticFeedbackGenerator.swift",
"Utils/UIView+Responder.swift"
],
"type" : "library"
}
],
"tools_version" : "5.0"
}
{
"workspace" : {
"name" : "SwiftEntryKit",
"schemes" : [
"SwiftEntryKit"
]
}
}
2026-09-17 18:59:41.819 xcodebuild[788:4878] [MT] IDERunDestination: Supported platforms for the buildables in the current scheme is empty.
Running build ...
env DEVELOPER_DIR=/Applications/Xcode-27.0.0-Release.Candidate.app xcrun xcodebuild -IDEClonedSourcePackagesDirPathOverride=$PWD/.dependencies -skipMacroValidation -skipPackagePluginValidation -derivedDataPath $PWD/.derivedData build -scheme SwiftEntryKit -destination generic/platform=xrOS
Command line invocation:
/Applications/Xcode-27.0.0-Release.Candidate.app/Contents/Developer/usr/bin/xcodebuild -IDEClonedSourcePackagesDirPathOverride=/Users/admin/builder/spi-builder-workspace/.dependencies -skipMacroValidation -skipPackagePluginValidation -derivedDataPath /Users/admin/builder/spi-builder-workspace/.derivedData build -scheme SwiftEntryKit -destination generic/platform=xrOS
Resolve Package Graph
Resolved source packages:
SwiftEntryKit: /Users/admin/builder/spi-builder-workspace
ComputePackagePrebuildTargetDependencyGraph
Prepare packages
CreateBuildRequest
SendProjectDescription
CreateBuildOperation
ComputeTargetDependencyGraph
note: Building targets in dependency order
note: Target dependency graph (2 targets)
Target 'SwiftEntryKit-product' in project 'SwiftEntryKit'
➜ Explicit dependency on target 'SwiftEntryKit' in project 'SwiftEntryKit'
Target 'SwiftEntryKit' in project 'SwiftEntryKit' (no dependencies)
GatherProvisioningInputs
CreateBuildDescription
ClangStatCache /Applications/Xcode-27.0.0-Release.Candidate.app/Contents/Developer/Toolchains/XcodeDefault.xctoolchain/usr/bin/clang-stat-cache /Applications/Xcode-27.0.0-Release.Candidate.app/Contents/Developer/Platforms/XROS.platform/Developer/SDKs/XROS27.0.sdk /Users/admin/builder/spi-builder-workspace/.derivedData/SDKStatCaches.noindex/xros27.0-24M361-e829b21a6f8c9b70876ba0858053c044735bd543db762f57723cac368afd1ce4.sdkstatcache
cd /Users/admin/builder/spi-builder-workspace/.swiftpm/xcode
/Applications/Xcode-27.0.0-Release.Candidate.app/Contents/Developer/Toolchains/XcodeDefault.xctoolchain/usr/bin/clang-stat-cache /Applications/Xcode-27.0.0-Release.Candidate.app/Contents/Developer/Platforms/XROS.platform/Developer/SDKs/XROS27.0.sdk -o /Users/admin/builder/spi-builder-workspace/.derivedData/SDKStatCaches.noindex/xros27.0-24M361-e829b21a6f8c9b70876ba0858053c044735bd543db762f57723cac368afd1ce4.sdkstatcache
SwiftDriver SwiftEntryKit normal arm64 com.apple.xcode.tools.swift.compiler (in target 'SwiftEntryKit' from project 'SwiftEntryKit')
cd /Users/admin/builder/spi-builder-workspace/.swiftpm/xcode
builtin-SwiftDriver -- /Applications/Xcode-27.0.0-Release.Candidate.app/Contents/Developer/Toolchains/XcodeDefault.xctoolchain/usr/bin/swiftc -parse-as-library -module-name SwiftEntryKit -Onone @/Users/admin/builder/spi-builder-workspace/.derivedData/Build/Intermediates.noindex/SwiftEntryKit.build/Debug-xros/SwiftEntryKit-t.build/Objects-normal/arm64/SwiftEntryKit.SwiftFileList -DSWIFT_PACKAGE -DDEBUG -DSWIFT_MODULE_RESOURCE_BUNDLE_UNAVAILABLE -DXcode -plugin-path /Applications/Xcode-27.0.0-Release.Candidate.app/Contents/Developer/Toolchains/XcodeDefault.xctoolchain/usr/lib/swift/host/plugins/testing -enable-experimental-feature DebugDescriptionMacro -sdk /Applications/Xcode-27.0.0-Release.Candidate.app/Contents/Developer/Platforms/XROS.platform/Developer/SDKs/XROS27.0.sdk -target arm64-apple-xros1.0 -g -module-cache-path /Users/admin/builder/spi-builder-workspace/.derivedData/ModuleCache.noindex -Xfrontend -serialize-debugging-options -enable-testing -index-store-path /Users/admin/builder/spi-builder-workspace/.derivedData/Index.noindex/DataStore -Xcc -D_LIBCPP_HARDENING_MODE\=_LIBCPP_HARDENING_MODE_DEBUG -swift-version 5 -I /Users/admin/builder/spi-builder-workspace/.derivedData/Build/Products/Debug-xros -Isystem /Applications/Xcode-27.0.0-Release.Candidate.app/Contents/Developer/Platforms/XROS.platform/Developer/usr/lib -F /Users/admin/builder/spi-builder-workspace/.derivedData/Build/Products/Debug-xros -F /Applications/Xcode-27.0.0-Release.Candidate.app/Contents/Developer/Platforms/XROS.platform/Developer/Library/Frameworks -F /Applications/Xcode-27.0.0-Release.Candidate.app/Contents/Developer/Platforms/XROS.platform/Developer/SDKs/XROS27.0.sdk/Developer/Library/Frameworks -c -j10 -enable-batch-mode -incremental -Xcc -ivfsstatcache -Xcc /Users/admin/builder/spi-builder-workspace/.derivedData/SDKStatCaches.noindex/xros27.0-24M361-e829b21a6f8c9b70876ba0858053c044735bd543db762f57723cac368afd1ce4.sdkstatcache -output-file-map /Users/admin/builder/spi-builder-workspace/.derivedData/Build/Intermediates.noindex/SwiftEntryKit.build/Debug-xros/SwiftEntryKit-t.build/Objects-normal/arm64/SwiftEntryKit-OutputFileMap.json -save-temps -no-color-diagnostics -explicit-module-build -module-cache-path /Users/admin/builder/spi-builder-workspace/.derivedData/Build/Intermediates.noindex/SwiftExplicitPrecompiledModules -clang-scanner-module-cache-path /Users/admin/builder/spi-builder-workspace/.derivedData/ModuleCache.noindex -sdk-module-cache-path /Users/admin/builder/spi-builder-workspace/.derivedData/SDKExplicitPrecompiledModules -emit-dependencies -emit-module -emit-module-path /Users/admin/builder/spi-builder-workspace/.derivedData/Build/Intermediates.noindex/SwiftEntryKit.build/Debug-xros/SwiftEntryKit-t.build/Objects-normal/arm64/SwiftEntryKit.swiftmodule -serialize-diagnostics -dependency-scan-serialize-diagnostics-path /Users/admin/builder/spi-builder-workspace/.derivedData/Build/Intermediates.noindex/SwiftEntryKit.build/Debug-xros/SwiftEntryKit-t.build/Objects-normal/arm64/SwiftEntryKit-dependency-scan.dia -validate-clang-modules-once -clang-build-session-file /Users/admin/builder/spi-builder-workspace/.derivedData/ModuleCache.noindex/Session.modulevalidation -Xcc -fmodules-prune-interval\=86400 -Xcc -fmodules-prune-after\=345600 -emit-const-values -const-gather-protocols-list /Users/admin/builder/spi-builder-workspace/.derivedData/Build/Intermediates.noindex/SwiftEntryKit.build/Debug-xros/SwiftEntryKit-t.build/Objects-normal/arm64/SwiftEntryKit_const_extract_protocols.json -Xcc -I/Users/admin/builder/spi-builder-workspace/.derivedData/Build/Products/Debug-xros/include -Xcc -I/Users/admin/builder/spi-builder-workspace/.derivedData/Build/Intermediates.noindex/SwiftEntryKit.build/Debug-xros/SwiftEntryKit-t.build/DerivedSources-normal/arm64 -Xcc -I/Users/admin/builder/spi-builder-workspace/.derivedData/Build/Intermediates.noindex/SwiftEntryKit.build/Debug-xros/SwiftEntryKit-t.build/DerivedSources/arm64 -Xcc -I/Users/admin/builder/spi-builder-workspace/.derivedData/Build/Intermediates.noindex/SwiftEntryKit.build/Debug-xros/SwiftEntryKit-t.build/DerivedSources -Xcc -DSWIFT_PACKAGE -Xcc -DDEBUG\=1 -emit-objc-header -emit-objc-header-path /Users/admin/builder/spi-builder-workspace/.derivedData/Build/Intermediates.noindex/SwiftEntryKit.build/Debug-xros/SwiftEntryKit-t.build/Objects-normal/arm64/SwiftEntryKit-Swift.h -working-directory /Users/admin/builder/spi-builder-workspace/.swiftpm/xcode -experimental-emit-module-separately -disable-cmo
SwiftCompile normal arm64 Compiling\ EKFormMessageView.swift,\ EKMessageContentView.swift,\ EKNotificationMessageView.swift,\ EKPopUpMessageView.swift,\ EKRatingMessageView.swift,\ EKSimpleMessageView.swift,\ EKButtonBarView.swift /Users/admin/builder/spi-builder-workspace/Source/MessageViews/EKFormMessageView.swift /Users/admin/builder/spi-builder-workspace/Source/MessageViews/EKMessageContentView.swift /Users/admin/builder/spi-builder-workspace/Source/MessageViews/EKNotificationMessageView.swift /Users/admin/builder/spi-builder-workspace/Source/MessageViews/EKPopUpMessageView.swift /Users/admin/builder/spi-builder-workspace/Source/MessageViews/EKRatingMessageView.swift /Users/admin/builder/spi-builder-workspace/Source/MessageViews/EKSimpleMessageView.swift /Users/admin/builder/spi-builder-workspace/Source/MessageViews/MessagesUtils/EKButtonBarView.swift (in target 'SwiftEntryKit' from project 'SwiftEntryKit')
SwiftCompile normal arm64 /Users/admin/builder/spi-builder-workspace/Source/MessageViews/EKFormMessageView.swift (in target 'SwiftEntryKit' from project 'SwiftEntryKit')
cd /Users/admin/builder/spi-builder-workspace/.swiftpm/xcode
builtin-SwiftPerFileCompile EKFormMessageView.swift
SwiftCompile normal arm64 /Users/admin/builder/spi-builder-workspace/Source/MessageViews/EKMessageContentView.swift (in target 'SwiftEntryKit' from project 'SwiftEntryKit')
cd /Users/admin/builder/spi-builder-workspace/.swiftpm/xcode
builtin-SwiftPerFileCompile EKMessageContentView.swift
SwiftCompile normal arm64 /Users/admin/builder/spi-builder-workspace/Source/MessageViews/EKNotificationMessageView.swift (in target 'SwiftEntryKit' from project 'SwiftEntryKit')
cd /Users/admin/builder/spi-builder-workspace/.swiftpm/xcode
builtin-SwiftPerFileCompile EKNotificationMessageView.swift
SwiftCompile normal arm64 /Users/admin/builder/spi-builder-workspace/Source/MessageViews/EKPopUpMessageView.swift (in target 'SwiftEntryKit' from project 'SwiftEntryKit')
cd /Users/admin/builder/spi-builder-workspace/.swiftpm/xcode
builtin-SwiftPerFileCompile EKPopUpMessageView.swift
SwiftCompile normal arm64 /Users/admin/builder/spi-builder-workspace/Source/MessageViews/EKRatingMessageView.swift (in target 'SwiftEntryKit' from project 'SwiftEntryKit')
cd /Users/admin/builder/spi-builder-workspace/.swiftpm/xcode
builtin-SwiftPerFileCompile EKRatingMessageView.swift
SwiftCompile normal arm64 /Users/admin/builder/spi-builder-workspace/Source/MessageViews/EKSimpleMessageView.swift (in target 'SwiftEntryKit' from project 'SwiftEntryKit')
cd /Users/admin/builder/spi-builder-workspace/.swiftpm/xcode
builtin-SwiftPerFileCompile EKSimpleMessageView.swift
SwiftCompile normal arm64 /Users/admin/builder/spi-builder-workspace/Source/MessageViews/MessagesUtils/EKButtonBarView.swift (in target 'SwiftEntryKit' from project 'SwiftEntryKit')
cd /Users/admin/builder/spi-builder-workspace/.swiftpm/xcode
builtin-SwiftPerFileCompile EKButtonBarView.swift
/Users/admin/builder/spi-builder-workspace/Source/MessageViews/EKFormMessageView.swift:31:27: error: 'UIScreen' is unavailable in visionOS
29 | self.titleContent = title
30 | self.textFieldsContent = textFieldsContent
31 | super.init(frame: UIScreen.main.bounds)
| `- error: 'UIScreen' is unavailable in visionOS
32 | setupScrollView()
33 | setupTitleLabel()
/Applications/Xcode-27.0.0-Release.Candidate.app/Contents/Developer/Platforms/XROS.platform/Developer/SDKs/XROS27.0.sdk/System/Library/Frameworks/UIKit.framework/Headers/UIScreen.h:54:12: note: 'UIScreen' has been explicitly marked unavailable here
52 |
53 | UIKIT_EXTERN API_AVAILABLE(ios(2.0)) API_UNAVAILABLE(visionos, watchos) NS_SWIFT_UI_ACTOR
54 | @interface UIScreen : NSObject <UITraitEnvironment>
| `- note: 'UIScreen' has been explicitly marked unavailable here
55 |
56 | @property(class, nonatomic, readonly) NSArray<UIScreen *> *screens API_DEPRECATED("Use UIApplication.shared.openSessions to find open sessions with scenes from other screens", ios(3.2, 16.0), visionos(1.0, 1.0)) API_UNAVAILABLE(watchos); // all screens currently attached to the device
/Users/admin/builder/spi-builder-workspace/Source/MessageViews/EKMessageContentView.swift:85:27: error: 'UIScreen' is unavailable in visionOS
83 |
84 | public init() {
85 | super.init(frame: UIScreen.main.bounds)
| `- error: 'UIScreen' is unavailable in visionOS
86 | clipsToBounds = true
87 | setupTitleLabel()
/Applications/Xcode-27.0.0-Release.Candidate.app/Contents/Developer/Platforms/XROS.platform/Developer/SDKs/XROS27.0.sdk/System/Library/Frameworks/UIKit.framework/Headers/UIScreen.h:54:12: note: 'UIScreen' has been explicitly marked unavailable here
52 |
53 | UIKIT_EXTERN API_AVAILABLE(ios(2.0)) API_UNAVAILABLE(visionos, watchos) NS_SWIFT_UI_ACTOR
54 | @interface UIScreen : NSObject <UITraitEnvironment>
| `- note: 'UIScreen' has been explicitly marked unavailable here
55 |
56 | @property(class, nonatomic, readonly) NSArray<UIScreen *> *screens API_DEPRECATED("Use UIApplication.shared.openSessions to find open sessions with scenes from other screens", ios(3.2, 16.0), visionos(1.0, 1.0)) API_UNAVAILABLE(watchos); // all screens currently attached to the device
/Users/admin/builder/spi-builder-workspace/Source/MessageViews/EKPopUpMessageView.swift:26:27: error: 'UIScreen' is unavailable in visionOS
24 | public init(with message: EKPopUpMessage) {
25 | self.message = message
26 | super.init(frame: UIScreen.main.bounds)
| `- error: 'UIScreen' is unavailable in visionOS
27 | setupImageView()
28 | setupTitleLabel()
/Applications/Xcode-27.0.0-Release.Candidate.app/Contents/Developer/Platforms/XROS.platform/Developer/SDKs/XROS27.0.sdk/System/Library/Frameworks/UIKit.framework/Headers/UIScreen.h:54:12: note: 'UIScreen' has been explicitly marked unavailable here
52 |
53 | UIKIT_EXTERN API_AVAILABLE(ios(2.0)) API_UNAVAILABLE(visionos, watchos) NS_SWIFT_UI_ACTOR
54 | @interface UIScreen : NSObject <UITraitEnvironment>
| `- note: 'UIScreen' has been explicitly marked unavailable here
55 |
56 | @property(class, nonatomic, readonly) NSArray<UIScreen *> *screens API_DEPRECATED("Use UIApplication.shared.openSessions to find open sessions with scenes from other screens", ios(3.2, 16.0), visionos(1.0, 1.0)) API_UNAVAILABLE(watchos); // all screens currently attached to the device
/Users/admin/builder/spi-builder-workspace/Source/MessageViews/EKPopUpMessageView.swift:84:22: warning: 'contentEdgeInsets' was deprecated in visionOS 1.0: This property is ignored when using UIButtonConfiguration [#DeprecatedDeclaration]
82 | let buttonAttributes = message.button
83 | actionButton.buttonContent = buttonAttributes
84 | actionButton.contentEdgeInsets = UIEdgeInsets(top: 0, left: 30, bottom: 0, right: 30)
| `- warning: 'contentEdgeInsets' was deprecated in visionOS 1.0: This property is ignored when using UIButtonConfiguration [#DeprecatedDeclaration]
85 | actionButton.layer.cornerRadius = height * 0.5
86 | actionButton.addTarget(self, action: #selector(actionButtonPressed), for: .touchUpInside)
/Users/admin/builder/spi-builder-workspace/Source/MessageViews/EKRatingMessageView.swift:40:27: error: 'UIScreen' is unavailable in visionOS
38 | public init(with message: EKRatingMessage) {
39 | self.message = message
40 | super.init(frame: UIScreen.main.bounds)
| `- error: 'UIScreen' is unavailable in visionOS
41 | setupMessageContentView()
42 | setupSymbolsView()
/Applications/Xcode-27.0.0-Release.Candidate.app/Contents/Developer/Platforms/XROS.platform/Developer/SDKs/XROS27.0.sdk/System/Library/Frameworks/UIKit.framework/Headers/UIScreen.h:54:12: note: 'UIScreen' has been explicitly marked unavailable here
52 |
53 | UIKIT_EXTERN API_AVAILABLE(ios(2.0)) API_UNAVAILABLE(visionos, watchos) NS_SWIFT_UI_ACTOR
54 | @interface UIScreen : NSObject <UITraitEnvironment>
| `- note: 'UIScreen' has been explicitly marked unavailable here
55 |
56 | @property(class, nonatomic, readonly) NSArray<UIScreen *> *screens API_DEPRECATED("Use UIApplication.shared.openSessions to find open sessions with scenes from other screens", ios(3.2, 16.0), visionos(1.0, 1.0)) API_UNAVAILABLE(watchos); // all screens currently attached to the device
SwiftCompile normal arm64 Compiling\ EKButtonView.swift,\ EKRatingSymbolView.swift,\ EKRatingSymbolsContainerView.swift,\ EKTextField.swift,\ EntryAppearanceDescriptor.swift,\ EKAccessoryNoteMessageView.swift,\ EKImageNoteMessageView.swift /Users/admin/builder/spi-builder-workspace/Source/MessageViews/MessagesUtils/EKButtonView.swift /Users/admin/builder/spi-builder-workspace/Source/MessageViews/MessagesUtils/EKRatingSymbolView.swift /Users/admin/builder/spi-builder-workspace/Source/MessageViews/MessagesUtils/EKRatingSymbolsContainerView.swift /Users/admin/builder/spi-builder-workspace/Source/MessageViews/MessagesUtils/EKTextField.swift /Users/admin/builder/spi-builder-workspace/Source/MessageViews/MessagesUtils/EntryAppearanceDescriptor.swift /Users/admin/builder/spi-builder-workspace/Source/MessageViews/Notes/EKAccessoryNoteMessageView.swift /Users/admin/builder/spi-builder-workspace/Source/MessageViews/Notes/EKImageNoteMessageView.swift (in target 'SwiftEntryKit' from project 'SwiftEntryKit')
/Users/admin/builder/spi-builder-workspace/Source/MessageViews/MessagesUtils/EKTextField.swift:36:27: error: 'UIScreen' is unavailable in visionOS
34 | public init(with content: EKProperty.TextFieldContent) {
35 | self.content = content
36 | super.init(frame: UIScreen.main.bounds)
| `- error: 'UIScreen' is unavailable in visionOS
37 | setupImageView()
38 | setupTextField()
/Applications/Xcode-27.0.0-Release.Candidate.app/Contents/Developer/Platforms/XROS.platform/Developer/SDKs/XROS27.0.sdk/System/Library/Frameworks/UIKit.framework/Headers/UIScreen.h:54:12: note: 'UIScreen' has been explicitly marked unavailable here
52 |
53 | UIKIT_EXTERN API_AVAILABLE(ios(2.0)) API_UNAVAILABLE(visionos, watchos) NS_SWIFT_UI_ACTOR
54 | @interface UIScreen : NSObject <UITraitEnvironment>
| `- note: 'UIScreen' has been explicitly marked unavailable here
55 |
56 | @property(class, nonatomic, readonly) NSArray<UIScreen *> *screens API_DEPRECATED("Use UIApplication.shared.openSessions to find open sessions with scenes from other screens", ios(3.2, 16.0), visionos(1.0, 1.0)) API_UNAVAILABLE(watchos); // all screens currently attached to the device
SwiftCompile normal arm64 /Users/admin/builder/spi-builder-workspace/Source/MessageViews/MessagesUtils/EKButtonView.swift (in target 'SwiftEntryKit' from project 'SwiftEntryKit')
cd /Users/admin/builder/spi-builder-workspace/.swiftpm/xcode
builtin-SwiftPerFileCompile EKButtonView.swift
SwiftCompile normal arm64 /Users/admin/builder/spi-builder-workspace/Source/MessageViews/MessagesUtils/EKRatingSymbolView.swift (in target 'SwiftEntryKit' from project 'SwiftEntryKit')
cd /Users/admin/builder/spi-builder-workspace/.swiftpm/xcode
builtin-SwiftPerFileCompile EKRatingSymbolView.swift
SwiftCompile normal arm64 /Users/admin/builder/spi-builder-workspace/Source/MessageViews/MessagesUtils/EKRatingSymbolsContainerView.swift (in target 'SwiftEntryKit' from project 'SwiftEntryKit')
cd /Users/admin/builder/spi-builder-workspace/.swiftpm/xcode
builtin-SwiftPerFileCompile EKRatingSymbolsContainerView.swift
SwiftCompile normal arm64 /Users/admin/builder/spi-builder-workspace/Source/MessageViews/MessagesUtils/EKTextField.swift (in target 'SwiftEntryKit' from project 'SwiftEntryKit')
cd /Users/admin/builder/spi-builder-workspace/.swiftpm/xcode
builtin-SwiftPerFileCompile EKTextField.swift
SwiftCompile normal arm64 /Users/admin/builder/spi-builder-workspace/Source/MessageViews/MessagesUtils/EntryAppearanceDescriptor.swift (in target 'SwiftEntryKit' from project 'SwiftEntryKit')
cd /Users/admin/builder/spi-builder-workspace/.swiftpm/xcode
builtin-SwiftPerFileCompile EntryAppearanceDescriptor.swift
SwiftCompile normal arm64 /Users/admin/builder/spi-builder-workspace/Source/MessageViews/Notes/EKAccessoryNoteMessageView.swift (in target 'SwiftEntryKit' from project 'SwiftEntryKit')
cd /Users/admin/builder/spi-builder-workspace/.swiftpm/xcode
builtin-SwiftPerFileCompile EKAccessoryNoteMessageView.swift
SwiftCompile normal arm64 /Users/admin/builder/spi-builder-workspace/Source/MessageViews/Notes/EKImageNoteMessageView.swift (in target 'SwiftEntryKit' from project 'SwiftEntryKit')
cd /Users/admin/builder/spi-builder-workspace/.swiftpm/xcode
builtin-SwiftPerFileCompile EKImageNoteMessageView.swift
SwiftCompile normal arm64 Compiling\ EKProperty.swift,\ EKRatingMessage.swift,\ EKSimpleMessage.swift,\ EKAttributes+Animation.swift,\ EKAttributes+BackgroundStyle.swift,\ EKAttributes+DisplayMode.swift,\ EKAttributes+Duration.swift /Users/admin/builder/spi-builder-workspace/Source/Model/EKProperty.swift /Users/admin/builder/spi-builder-workspace/Source/Model/EKRatingMessage.swift /Users/admin/builder/spi-builder-workspace/Source/Model/EKSimpleMessage.swift /Users/admin/builder/spi-builder-workspace/Source/Model/EntryAttributes/EKAttributes+Animation.swift /Users/admin/builder/spi-builder-workspace/Source/Model/EntryAttributes/EKAttributes+BackgroundStyle.swift /Users/admin/builder/spi-builder-workspace/Source/Model/EntryAttributes/EKAttributes+DisplayMode.swift /Users/admin/builder/spi-builder-workspace/Source/Model/EntryAttributes/EKAttributes+Duration.swift (in target 'SwiftEntryKit' from project 'SwiftEntryKit')
SwiftCompile normal arm64 /Users/admin/builder/spi-builder-workspace/Source/Model/EKProperty.swift (in target 'SwiftEntryKit' from project 'SwiftEntryKit')
cd /Users/admin/builder/spi-builder-workspace/.swiftpm/xcode
builtin-SwiftPerFileCompile EKProperty.swift
SwiftCompile normal arm64 /Users/admin/builder/spi-builder-workspace/Source/Model/EKRatingMessage.swift (in target 'SwiftEntryKit' from project 'SwiftEntryKit')
cd /Users/admin/builder/spi-builder-workspace/.swiftpm/xcode
builtin-SwiftPerFileCompile EKRatingMessage.swift
SwiftCompile normal arm64 /Users/admin/builder/spi-builder-workspace/Source/Model/EKSimpleMessage.swift (in target 'SwiftEntryKit' from project 'SwiftEntryKit')
cd /Users/admin/builder/spi-builder-workspace/.swiftpm/xcode
builtin-SwiftPerFileCompile EKSimpleMessage.swift
SwiftCompile normal arm64 /Users/admin/builder/spi-builder-workspace/Source/Model/EntryAttributes/EKAttributes+Animation.swift (in target 'SwiftEntryKit' from project 'SwiftEntryKit')
cd /Users/admin/builder/spi-builder-workspace/.swiftpm/xcode
builtin-SwiftPerFileCompile EKAttributes+Animation.swift
SwiftCompile normal arm64 /Users/admin/builder/spi-builder-workspace/Source/Model/EntryAttributes/EKAttributes+BackgroundStyle.swift (in target 'SwiftEntryKit' from project 'SwiftEntryKit')
cd /Users/admin/builder/spi-builder-workspace/.swiftpm/xcode
builtin-SwiftPerFileCompile EKAttributes+BackgroundStyle.swift
SwiftCompile normal arm64 /Users/admin/builder/spi-builder-workspace/Source/Model/EntryAttributes/EKAttributes+DisplayMode.swift (in target 'SwiftEntryKit' from project 'SwiftEntryKit')
cd /Users/admin/builder/spi-builder-workspace/.swiftpm/xcode
builtin-SwiftPerFileCompile EKAttributes+DisplayMode.swift
SwiftCompile normal arm64 /Users/admin/builder/spi-builder-workspace/Source/Model/EntryAttributes/EKAttributes+Duration.swift (in target 'SwiftEntryKit' from project 'SwiftEntryKit')
cd /Users/admin/builder/spi-builder-workspace/.swiftpm/xcode
builtin-SwiftPerFileCompile EKAttributes+Duration.swift
SwiftCompile normal arm64 Compiling\ EKRootViewController.swift,\ EKStyleView.swift,\ EKWindow.swift,\ EKWindowProvider.swift,\ EKWrapperView.swift,\ EntryCachingHeuristic.swift,\ EKAlertMessageView.swift /Users/admin/builder/spi-builder-workspace/Source/Infra/EKRootViewController.swift /Users/admin/builder/spi-builder-workspace/Source/Infra/EKStyleView.swift /Users/admin/builder/spi-builder-workspace/Source/Infra/EKWindow.swift /Users/admin/builder/spi-builder-workspace/Source/Infra/EKWindowProvider.swift /Users/admin/builder/spi-builder-workspace/Source/Infra/EKWrapperView.swift /Users/admin/builder/spi-builder-workspace/Source/Infra/EntryCachingHeuristic.swift /Users/admin/builder/spi-builder-workspace/Source/MessageViews/EKAlertMessageView.swift (in target 'SwiftEntryKit' from project 'SwiftEntryKit')
/Users/admin/builder/spi-builder-workspace/Source/Infra/EKRootViewController.swift:85:26: warning: 'preferredStatusBarStyle' was deprecated in visionOS 1.0: Has no effect on visionOS [#DeprecatedDeclaration]
83 | override var preferredStatusBarStyle: UIStatusBarStyle {
84 | if [previousStatusBar, statusBar].contains(.ignored) {
85 | return super.preferredStatusBarStyle
| `- warning: 'preferredStatusBarStyle' was deprecated in visionOS 1.0: Has no effect on visionOS [#DeprecatedDeclaration]
86 | }
87 | return statusBar?.appearance.style ?? previousStatusBar.appearance.style
/Users/admin/builder/spi-builder-workspace/Source/Infra/EKRootViewController.swift:92:26: warning: 'prefersStatusBarHidden' was deprecated in visionOS 1.0: Has no effect on visionOS [#DeprecatedDeclaration]
90 | override var prefersStatusBarHidden: Bool {
91 | if [previousStatusBar, statusBar].contains(.ignored) {
92 | return super.prefersStatusBarHidden
| `- warning: 'prefersStatusBarHidden' was deprecated in visionOS 1.0: Has no effect on visionOS [#DeprecatedDeclaration]
93 | }
94 | return !(statusBar?.appearance.visible ?? previousStatusBar.appearance.visible)
/Users/admin/builder/spi-builder-workspace/Source/Infra/EKRootViewController.swift:158:13: error: 'setNeedsStatusBarAppearanceUpdate()' is unavailable in visionOS
156 |
157 | if previousAttributes?.statusBar != attributes.statusBar {
158 | setNeedsStatusBarAppearanceUpdate()
| `- error: 'setNeedsStatusBarAppearanceUpdate()' is unavailable in visionOS
159 | }
160 |
/Applications/Xcode-27.0.0-Release.Candidate.app/Contents/Developer/Platforms/XROS.platform/Developer/SDKs/XROS27.0.sdk/System/Library/Frameworks/UIKit.framework/Headers/UIViewController.h:334:1: note: 'setNeedsStatusBarAppearanceUpdate()' has been explicitly marked unavailable here
332 |
333 | // This should be called whenever the return values for the view controller's status bar attributes have changed. If it is called from within an animation block, the changes will be animated along with the rest of the animation block.
334 | - (void)setNeedsStatusBarAppearanceUpdate API_AVAILABLE(ios(7.0)) API_UNAVAILABLE(tvos, visionos);
| `- note: 'setNeedsStatusBarAppearanceUpdate()' has been explicitly marked unavailable here
335 |
336 | /* This method returns either itself or the nearest ancestor that can perform the given action and, if applicable, has overridden UIViewController's default implementation of the action method. View controllers can return NO from canPerformAction:withSender: to opt out of being a target for a given action. */
/Users/admin/builder/spi-builder-workspace/Source/Infra/EKRootViewController.swift:162:30: warning: 'attemptRotationToDeviceOrientation()' was deprecated in visionOS 1.0: Please use instance method `setNeedsUpdateOfSupportedInterfaceOrientations`. [#DeprecatedDeclaration]
160 |
161 | if shouldAutorotate {
162 | UIViewController.attemptRotationToDeviceOrientation()
| `- warning: 'attemptRotationToDeviceOrientation()' was deprecated in visionOS 1.0: Please use instance method `setNeedsUpdateOfSupportedInterfaceOrientations`. [#DeprecatedDeclaration]
163 | }
164 | }
/Users/admin/builder/spi-builder-workspace/Source/Infra/EKWindow.swift:21:35: error: 'UIScreen' is unavailable in visionOS
19 | super.init(windowScene: scene)
20 | } else {
21 | super.init(frame: UIScreen.main.bounds)
| `- error: 'UIScreen' is unavailable in visionOS
22 | }
23 | } else {
/Applications/Xcode-27.0.0-Release.Candidate.app/Contents/Developer/Platforms/XROS.platform/Developer/SDKs/XROS27.0.sdk/System/Library/Frameworks/UIKit.framework/Headers/UIScreen.h:54:12: note: 'UIScreen' has been explicitly marked unavailable here
52 |
53 | UIKIT_EXTERN API_AVAILABLE(ios(2.0)) API_UNAVAILABLE(visionos, watchos) NS_SWIFT_UI_ACTOR
54 | @interface UIScreen : NSObject <UITraitEnvironment>
| `- note: 'UIScreen' has been explicitly marked unavailable here
55 |
56 | @property(class, nonatomic, readonly) NSArray<UIScreen *> *screens API_DEPRECATED("Use UIApplication.shared.openSessions to find open sessions with scenes from other screens", ios(3.2, 16.0), visionos(1.0, 1.0)) API_UNAVAILABLE(watchos); // all screens currently attached to the device
/Users/admin/builder/spi-builder-workspace/Source/Infra/EKWindow.swift:24:31: error: 'UIScreen' is unavailable in visionOS
22 | }
23 | } else {
24 | super.init(frame: UIScreen.main.bounds)
| `- error: 'UIScreen' is unavailable in visionOS
25 | }
26 | backgroundColor = .clear
/Applications/Xcode-27.0.0-Release.Candidate.app/Contents/Developer/Platforms/XROS.platform/Developer/SDKs/XROS27.0.sdk/System/Library/Frameworks/UIKit.framework/Headers/UIScreen.h:54:12: note: 'UIScreen' has been explicitly marked unavailable here
52 |
53 | UIKIT_EXTERN API_AVAILABLE(ios(2.0)) API_UNAVAILABLE(visionos, watchos) NS_SWIFT_UI_ACTOR
54 | @interface UIScreen : NSObject <UITraitEnvironment>
| `- note: 'UIScreen' has been explicitly marked unavailable here
55 |
56 | @property(class, nonatomic, readonly) NSArray<UIScreen *> *screens API_DEPRECATED("Use UIApplication.shared.openSessions to find open sessions with scenes from other screens", ios(3.2, 16.0), visionos(1.0, 1.0)) API_UNAVAILABLE(watchos); // all screens currently attached to the device
/Users/admin/builder/spi-builder-workspace/Source/Infra/EKWindowProvider.swift:16:122: error: 'keyWindow' is unavailable in visionOS
14 | static var safeAreaInsets: UIEdgeInsets {
15 | if #available(iOS 11.0, *) {
16 | return EKWindowProvider.shared.entryWindow?.rootViewController?.view?.safeAreaInsets ?? UIApplication.shared.keyWindow?.rootViewController?.view.safeAreaInsets ?? .zero
| `- error: 'keyWindow' is unavailable in visionOS
17 | } else {
18 | let statusBarMaxY = UIApplication.shared.statusBarFrame.maxY
/Applications/Xcode-27.0.0-Release.Candidate.app/Contents/Developer/Platforms/XROS.platform/Developer/SDKs/XROS27.0.sdk/System/Library/Frameworks/UIKit.framework/Headers/UIApplication.h:108:51: note: 'keyWindow' has been explicitly marked unavailable here
106 | - (void)sendEvent:(UIEvent *)event;
107 |
108 | @property(nullable, nonatomic,readonly) UIWindow *keyWindow API_DEPRECATED("Should not be used for applications that support multiple scenes as it returns a key window across all connected scenes", ios(2.0, 13.0)) API_UNAVAILABLE(visionos, watchos);
| `- note: 'keyWindow' has been explicitly marked unavailable here
109 | @property(nonatomic,readonly) NSArray<__kindof UIWindow *> *windows API_DEPRECATED("Use UIWindowScene.windows on a relevant window scene instead", ios(2.0, 15.0), visionos(1.0, 1.0)) API_UNAVAILABLE(watchos);
110 |
/Users/admin/builder/spi-builder-workspace/Source/Infra/EKWindowProvider.swift:18:54: error: 'statusBarFrame' is unavailable in visionOS
16 | return EKWindowProvider.shared.entryWindow?.rootViewController?.view?.safeAreaInsets ?? UIApplication.shared.keyWindow?.rootViewController?.view.safeAreaInsets ?? .zero
17 | } else {
18 | let statusBarMaxY = UIApplication.shared.statusBarFrame.maxY
| `- error: 'statusBarFrame' is unavailable in visionOS
19 | return UIEdgeInsets(top: statusBarMaxY, left: 0, bottom: 10, right: 0)
20 | }
/Applications/Xcode-27.0.0-Release.Candidate.app/Contents/Developer/Platforms/XROS.platform/Developer/SDKs/XROS27.0.sdk/System/Library/Frameworks/UIKit.framework/Headers/UIApplication.h:131:38: note: 'statusBarFrame' has been explicitly marked unavailable here
129 |
130 | @property(nonatomic,readonly) NSTimeInterval statusBarOrientationAnimationDuration API_DEPRECATED("Use viewWillTransitionToSize:withTransitionCoordinator: instead.", ios(2.0, 13.0)) API_UNAVAILABLE(tvos) API_UNAVAILABLE(visionos, watchos); // Returns the animation duration for the status bar during a 90 degree orientation change. It should be doubled for a 180 degree orientation change.
131 | @property(nonatomic,readonly) CGRect statusBarFrame API_DEPRECATED("Use the statusBarManager property of the window scene instead.", ios(2.0, 13.0)) API_UNAVAILABLE(tvos) API_UNAVAILABLE(visionos, watchos); // returns CGRectZero if the status bar is hidden
| `- note: 'statusBarFrame' has been explicitly marked unavailable here
132 |
133 | @property(nonatomic) NSInteger applicationIconBadgeNumber API_DEPRECATED("Use -[UNUserNotificationCenter setBadgeCount:withCompletionHandler:] instead.", ios(2.0, 17.0)) API_UNAVAILABLE(watchos);
/Users/admin/builder/spi-builder-workspace/Source/Infra/EKWindowProvider.swift:83:55: error: 'keyWindow' is unavailable in visionOS
81 | entryVC = EKRootViewController(with: self)
82 | entryWindow = EKWindow(with: entryVC)
83 | mainRollbackWindow = UIApplication.shared.keyWindow
| `- error: 'keyWindow' is unavailable in visionOS
84 | } else {
85 | entryVC = rootVC!
/Applications/Xcode-27.0.0-Release.Candidate.app/Contents/Developer/Platforms/XROS.platform/Developer/SDKs/XROS27.0.sdk/System/Library/Frameworks/UIKit.framework/Headers/UIApplication.h:108:51: note: 'keyWindow' has been explicitly marked unavailable here
106 | - (void)sendEvent:(UIEvent *)event;
107 |
108 | @property(nullable, nonatomic,readonly) UIWindow *keyWindow API_DEPRECATED("Should not be used for applications that support multiple scenes as it returns a key window across all connected scenes", ios(2.0, 13.0)) API_UNAVAILABLE(visionos, watchos);
| `- note: 'keyWindow' has been explicitly marked unavailable here
109 | @property(nonatomic,readonly) NSArray<__kindof UIWindow *> *windows API_DEPRECATED("Use UIWindowScene.windows on a relevant window scene instead", ios(2.0, 15.0), visionos(1.0, 1.0)) API_UNAVAILABLE(watchos);
110 |
SwiftCompile normal arm64 /Users/admin/builder/spi-builder-workspace/Source/Infra/EKRootViewController.swift (in target 'SwiftEntryKit' from project 'SwiftEntryKit')
cd /Users/admin/builder/spi-builder-workspace/.swiftpm/xcode
builtin-SwiftPerFileCompile EKRootViewController.swift
SwiftCompile normal arm64 /Users/admin/builder/spi-builder-workspace/Source/Infra/EKStyleView.swift (in target 'SwiftEntryKit' from project 'SwiftEntryKit')
cd /Users/admin/builder/spi-builder-workspace/.swiftpm/xcode
builtin-SwiftPerFileCompile EKStyleView.swift
SwiftCompile normal arm64 /Users/admin/builder/spi-builder-workspace/Source/Infra/EKWindow.swift (in target 'SwiftEntryKit' from project 'SwiftEntryKit')
cd /Users/admin/builder/spi-builder-workspace/.swiftpm/xcode
builtin-SwiftPerFileCompile EKWindow.swift
SwiftCompile normal arm64 /Users/admin/builder/spi-builder-workspace/Source/Infra/EKWindowProvider.swift (in target 'SwiftEntryKit' from project 'SwiftEntryKit')
cd /Users/admin/builder/spi-builder-workspace/.swiftpm/xcode
builtin-SwiftPerFileCompile EKWindowProvider.swift
SwiftCompile normal arm64 /Users/admin/builder/spi-builder-workspace/Source/Infra/EKWrapperView.swift (in target 'SwiftEntryKit' from project 'SwiftEntryKit')
cd /Users/admin/builder/spi-builder-workspace/.swiftpm/xcode
builtin-SwiftPerFileCompile EKWrapperView.swift
SwiftCompile normal arm64 /Users/admin/builder/spi-builder-workspace/Source/Infra/EntryCachingHeuristic.swift (in target 'SwiftEntryKit' from project 'SwiftEntryKit')
cd /Users/admin/builder/spi-builder-workspace/.swiftpm/xcode
builtin-SwiftPerFileCompile EntryCachingHeuristic.swift
SwiftCompile normal arm64 /Users/admin/builder/spi-builder-workspace/Source/MessageViews/EKAlertMessageView.swift (in target 'SwiftEntryKit' from project 'SwiftEntryKit')
cd /Users/admin/builder/spi-builder-workspace/.swiftpm/xcode
builtin-SwiftPerFileCompile EKAlertMessageView.swift
SwiftCompile normal arm64 Compiling\ EKNoteMessageView.swift,\ EKProcessingNoteMessageView.swift,\ EKXStatusBarMessageView.swift,\ EKAlertMessage.swift,\ EKColor.swift,\ EKNotificationMessage.swift,\ EKPopUpMessage.swift /Users/admin/builder/spi-builder-workspace/Source/MessageViews/Notes/EKNoteMessageView.swift /Users/admin/builder/spi-builder-workspace/Source/MessageViews/Notes/EKProcessingNoteMessageView.swift /Users/admin/builder/spi-builder-workspace/Source/MessageViews/Notes/EKXStatusBarMessageView.swift /Users/admin/builder/spi-builder-workspace/Source/Model/EKAlertMessage.swift /Users/admin/builder/spi-builder-workspace/Source/Model/EKColor.swift /Users/admin/builder/spi-builder-workspace/Source/Model/EKNotificationMessage.swift /Users/admin/builder/spi-builder-workspace/Source/Model/EKPopUpMessage.swift (in target 'SwiftEntryKit' from project 'SwiftEntryKit')
SwiftCompile normal arm64 /Users/admin/builder/spi-builder-workspace/Source/MessageViews/Notes/EKNoteMessageView.swift (in target 'SwiftEntryKit' from project 'SwiftEntryKit')
cd /Users/admin/builder/spi-builder-workspace/.swiftpm/xcode
builtin-SwiftPerFileCompile EKNoteMessageView.swift
SwiftCompile normal arm64 /Users/admin/builder/spi-builder-workspace/Source/MessageViews/Notes/EKProcessingNoteMessageView.swift (in target 'SwiftEntryKit' from project 'SwiftEntryKit')
cd /Users/admin/builder/spi-builder-workspace/.swiftpm/xcode
builtin-SwiftPerFileCompile EKProcessingNoteMessageView.swift
SwiftCompile normal arm64 /Users/admin/builder/spi-builder-workspace/Source/MessageViews/Notes/EKXStatusBarMessageView.swift (in target 'SwiftEntryKit' from project 'SwiftEntryKit')
cd /Users/admin/builder/spi-builder-workspace/.swiftpm/xcode
builtin-SwiftPerFileCompile EKXStatusBarMessageView.swift
SwiftCompile normal arm64 /Users/admin/builder/spi-builder-workspace/Source/Model/EKAlertMessage.swift (in target 'SwiftEntryKit' from project 'SwiftEntryKit')
cd /Users/admin/builder/spi-builder-workspace/.swiftpm/xcode
builtin-SwiftPerFileCompile EKAlertMessage.swift
SwiftCompile normal arm64 /Users/admin/builder/spi-builder-workspace/Source/Model/EKColor.swift (in target 'SwiftEntryKit' from project 'SwiftEntryKit')
cd /Users/admin/builder/spi-builder-workspace/.swiftpm/xcode
builtin-SwiftPerFileCompile EKColor.swift
SwiftCompile normal arm64 /Users/admin/builder/spi-builder-workspace/Source/Model/EKNotificationMessage.swift (in target 'SwiftEntryKit' from project 'SwiftEntryKit')
cd /Users/admin/builder/spi-builder-workspace/.swiftpm/xcode
builtin-SwiftPerFileCompile EKNotificationMessage.swift
SwiftCompile normal arm64 /Users/admin/builder/spi-builder-workspace/Source/Model/EKPopUpMessage.swift (in target 'SwiftEntryKit' from project 'SwiftEntryKit')
cd /Users/admin/builder/spi-builder-workspace/.swiftpm/xcode
builtin-SwiftPerFileCompile EKPopUpMessage.swift
/Users/admin/builder/spi-builder-workspace/Source/MessageViews/Notes/EKNoteMessageView.swift:37:27: error: 'UIScreen' is unavailable in visionOS
35 | // MARK: Setup
36 | public init(with content: EKProperty.LabelContent) {
37 | super.init(frame: UIScreen.main.bounds)
| `- error: 'UIScreen' is unavailable in visionOS
38 | setup(with: content)
39 | }
/Applications/Xcode-27.0.0-Release.Candidate.app/Contents/Developer/Platforms/XROS.platform/Developer/SDKs/XROS27.0.sdk/System/Library/Frameworks/UIKit.framework/Headers/UIScreen.h:54:12: note: 'UIScreen' has been explicitly marked unavailable here
52 |
53 | UIKIT_EXTERN API_AVAILABLE(ios(2.0)) API_UNAVAILABLE(visionos, watchos) NS_SWIFT_UI_ACTOR
54 | @interface UIScreen : NSObject <UITraitEnvironment>
| `- note: 'UIScreen' has been explicitly marked unavailable here
55 |
56 | @property(class, nonatomic, readonly) NSArray<UIScreen *> *screens API_DEPRECATED("Use UIApplication.shared.openSessions to find open sessions with scenes from other screens", ios(3.2, 16.0), visionos(1.0, 1.0)) API_UNAVAILABLE(watchos); // all screens currently attached to the device
/Users/admin/builder/spi-builder-workspace/Source/MessageViews/Notes/EKProcessingNoteMessageView.swift:34:27: error: 'UIScreen' is unavailable in visionOS
32 |
33 | public init(with content: EKProperty.LabelContent, activityIndicator: UIActivityIndicatorView.Style) {
34 | super.init(frame: UIScreen.main.bounds)
| `- error: 'UIScreen' is unavailable in visionOS
35 | setup(with: content, activityIndicator: activityIndicator)
36 | }
/Applications/Xcode-27.0.0-Release.Candidate.app/Contents/Developer/Platforms/XROS.platform/Developer/SDKs/XROS27.0.sdk/System/Library/Frameworks/UIKit.framework/Headers/UIScreen.h:54:12: note: 'UIScreen' has been explicitly marked unavailable here
52 |
53 | UIKIT_EXTERN API_AVAILABLE(ios(2.0)) API_UNAVAILABLE(visionos, watchos) NS_SWIFT_UI_ACTOR
54 | @interface UIScreen : NSObject <UITraitEnvironment>
| `- note: 'UIScreen' has been explicitly marked unavailable here
55 |
56 | @property(class, nonatomic, readonly) NSArray<UIScreen *> *screens API_DEPRECATED("Use UIApplication.shared.openSessions to find open sessions with scenes from other screens", ios(3.2, 16.0), visionos(1.0, 1.0)) API_UNAVAILABLE(watchos); // all screens currently attached to the device
/Users/admin/builder/spi-builder-workspace/Source/MessageViews/Notes/EKXStatusBarMessageView.swift:19:27: error: 'UIScreen' is unavailable in visionOS
17 | // MARK: Setup
18 | public init(leading: EKProperty.LabelContent, trailing: EKProperty.LabelContent) {
19 | super.init(frame: UIScreen.main.bounds)
| `- error: 'UIScreen' is unavailable in visionOS
20 | setup(leading: leading, trailing: trailing)
21 | }
/Applications/Xcode-27.0.0-Release.Candidate.app/Contents/Developer/Platforms/XROS.platform/Developer/SDKs/XROS27.0.sdk/System/Library/Frameworks/UIKit.framework/Headers/UIScreen.h:54:12: note: 'UIScreen' has been explicitly marked unavailable here
52 |
53 | UIKIT_EXTERN API_AVAILABLE(ios(2.0)) API_UNAVAILABLE(visionos, watchos) NS_SWIFT_UI_ACTOR
54 | @interface UIScreen : NSObject <UITraitEnvironment>
| `- note: 'UIScreen' has been explicitly marked unavailable here
55 |
56 | @property(class, nonatomic, readonly) NSArray<UIScreen *> *screens API_DEPRECATED("Use UIApplication.shared.openSessions to find open sessions with scenes from other screens", ios(3.2, 16.0), visionos(1.0, 1.0)) API_UNAVAILABLE(watchos); // all screens currently attached to the device
SwiftCompile normal arm64 Compiling\ UIEdgeInsets+Utils.swift,\ UIRectCorner+Short.swift,\ UIView+Shadow.swift,\ UIView+Utils.swift,\ EKBackgroundView.swift,\ EKContentView.swift,\ EKEntryView.swift /Users/admin/builder/spi-builder-workspace/Source/Extensions/UIEdgeInsets+Utils.swift /Users/admin/builder/spi-builder-workspace/Source/Extensions/UIRectCorner+Short.swift /Users/admin/builder/spi-builder-workspace/Source/Extensions/UIView+Shadow.swift /Users/admin/builder/spi-builder-workspace/Source/Extensions/UIView+Utils.swift /Users/admin/builder/spi-builder-workspace/Source/Infra/EKBackgroundView.swift /Users/admin/builder/spi-builder-workspace/Source/Infra/EKContentView.swift /Users/admin/builder/spi-builder-workspace/Source/Infra/EKEntryView.swift (in target 'SwiftEntryKit' from project 'SwiftEntryKit')
/Users/admin/builder/spi-builder-workspace/Source/Extensions/UIView+Shadow.swift:36:30: error: 'UIScreen' is unavailable in visionOS
34 | shadowColor = color.cgColor
35 | shouldRasterize = true
36 | rasterizationScale = UIScreen.main.scale
| `- error: 'UIScreen' is unavailable in visionOS
37 | }
38 |
/Applications/Xcode-27.0.0-Release.Candidate.app/Contents/Developer/Platforms/XROS.platform/Developer/SDKs/XROS27.0.sdk/System/Library/Frameworks/UIKit.framework/Headers/UIScreen.h:54:12: note: 'UIScreen' has been explicitly marked unavailable here
52 |
53 | UIKIT_EXTERN API_AVAILABLE(ios(2.0)) API_UNAVAILABLE(visionos, watchos) NS_SWIFT_UI_ACTOR
54 | @interface UIScreen : NSObject <UITraitEnvironment>
| `- note: 'UIScreen' has been explicitly marked unavailable here
55 |
56 | @property(class, nonatomic, readonly) NSArray<UIScreen *> *screens API_DEPRECATED("Use UIApplication.shared.openSessions to find open sessions with scenes from other screens", ios(3.2, 16.0), visionos(1.0, 1.0)) API_UNAVAILABLE(watchos); // all screens currently attached to the device
/Users/admin/builder/spi-builder-workspace/Source/Infra/EKBackgroundView.swift:28:27: error: 'UIScreen' is unavailable in visionOS
26 | visualEffectView = UIVisualEffectView(effect: nil)
27 | gradientView = GradientView()
28 | super.init(frame: UIScreen.main.bounds)
| `- error: 'UIScreen' is unavailable in visionOS
29 |
30 | addSubview(imageView)
/Applications/Xcode-27.0.0-Release.Candidate.app/Contents/Developer/Platforms/XROS.platform/Developer/SDKs/XROS27.0.sdk/System/Library/Frameworks/UIKit.framework/Headers/UIScreen.h:54:12: note: 'UIScreen' has been explicitly marked unavailable here
52 |
53 | UIKIT_EXTERN API_AVAILABLE(ios(2.0)) API_UNAVAILABLE(visionos, watchos) NS_SWIFT_UI_ACTOR
54 | @interface UIScreen : NSObject <UITraitEnvironment>
| `- note: 'UIScreen' has been explicitly marked unavailable here
55 |
56 | @property(class, nonatomic, readonly) NSArray<UIScreen *> *screens API_DEPRECATED("Use UIApplication.shared.openSessions to find open sessions with scenes from other screens", ios(3.2, 16.0), visionos(1.0, 1.0)) API_UNAVAILABLE(watchos); // all screens currently attached to the device
/Users/admin/builder/spi-builder-workspace/Source/Infra/EKContentView.swift:164:29: error: 'UIScreen' is unavailable in visionOS
162 | verticalLimit = inOffset
163 | case .bottom, .center:
164 | verticalLimit = UIScreen.main.bounds.height + inOffset
| `- error: 'UIScreen' is unavailable in visionOS
165 | }
166 |
/Applications/Xcode-27.0.0-Release.Candidate.app/Contents/Developer/Platforms/XROS.platform/Developer/SDKs/XROS27.0.sdk/System/Library/Frameworks/UIKit.framework/Headers/UIScreen.h:54:12: note: 'UIScreen' has been explicitly marked unavailable here
52 |
53 | UIKIT_EXTERN API_AVAILABLE(ios(2.0)) API_UNAVAILABLE(visionos, watchos) NS_SWIFT_UI_ACTOR
54 | @interface UIScreen : NSObject <UITraitEnvironment>
| `- note: 'UIScreen' has been explicitly marked unavailable here
55 |
56 | @property(class, nonatomic, readonly) NSArray<UIScreen *> *screens API_DEPRECATED("Use UIApplication.shared.openSessions to find open sessions with scenes from other screens", ios(3.2, 16.0), visionos(1.0, 1.0)) API_UNAVAILABLE(watchos); // all screens currently attached to the device
SwiftCompile normal arm64 /Users/admin/builder/spi-builder-workspace/Source/Extensions/UIEdgeInsets+Utils.swift (in target 'SwiftEntryKit' from project 'SwiftEntryKit')
cd /Users/admin/builder/spi-builder-workspace/.swiftpm/xcode
builtin-SwiftPerFileCompile UIEdgeInsets+Utils.swift
SwiftCompile normal arm64 /Users/admin/builder/spi-builder-workspace/Source/Extensions/UIRectCorner+Short.swift (in target 'SwiftEntryKit' from project 'SwiftEntryKit')
cd /Users/admin/builder/spi-builder-workspace/.swiftpm/xcode
builtin-SwiftPerFileCompile UIRectCorner+Short.swift
SwiftCompile normal arm64 /Users/admin/builder/spi-builder-workspace/Source/Extensions/UIView+Shadow.swift (in target 'SwiftEntryKit' from project 'SwiftEntryKit')
cd /Users/admin/builder/spi-builder-workspace/.swiftpm/xcode
builtin-SwiftPerFileCompile UIView+Shadow.swift
SwiftCompile normal arm64 /Users/admin/builder/spi-builder-workspace/Source/Extensions/UIView+Utils.swift (in target 'SwiftEntryKit' from project 'SwiftEntryKit')
cd /Users/admin/builder/spi-builder-workspace/.swiftpm/xcode
builtin-SwiftPerFileCompile UIView+Utils.swift
SwiftCompile normal arm64 /Users/admin/builder/spi-builder-workspace/Source/Infra/EKBackgroundView.swift (in target 'SwiftEntryKit' from project 'SwiftEntryKit')
cd /Users/admin/builder/spi-builder-workspace/.swiftpm/xcode
builtin-SwiftPerFileCompile EKBackgroundView.swift
SwiftCompile normal arm64 /Users/admin/builder/spi-builder-workspace/Source/Infra/EKContentView.swift (in target 'SwiftEntryKit' from project 'SwiftEntryKit')
cd /Users/admin/builder/spi-builder-workspace/.swiftpm/xcode
builtin-SwiftPerFileCompile EKContentView.swift
SwiftCompile normal arm64 /Users/admin/builder/spi-builder-workspace/Source/Infra/EKEntryView.swift (in target 'SwiftEntryKit' from project 'SwiftEntryKit')
cd /Users/admin/builder/spi-builder-workspace/.swiftpm/xcode
builtin-SwiftPerFileCompile EKEntryView.swift
SwiftCompile normal arm64 Compiling\ EKAttributes+FrameStyle.swift,\ EKAttributes+HapticFeedback.swift,\ EKAttributes+LifecycleActions.swift,\ EKAttributes+PopBehavior.swift,\ EKAttributes+Position.swift,\ EKAttributes+PositionConstraints.swift,\ EKAttributes+Precedence.swift /Users/admin/builder/spi-builder-workspace/Source/Model/EntryAttributes/EKAttributes+FrameStyle.swift /Users/admin/builder/spi-builder-workspace/Source/Model/EntryAttributes/EKAttributes+HapticFeedback.swift /Users/admin/builder/spi-builder-workspace/Source/Model/EntryAttributes/EKAttributes+LifecycleActions.swift /Users/admin/builder/spi-builder-workspace/Source/Model/EntryAttributes/EKAttributes+PopBehavior.swift /Users/admin/builder/spi-builder-workspace/Source/Model/EntryAttributes/EKAttributes+Position.swift /Users/admin/builder/spi-builder-workspace/Source/Model/EntryAttributes/EKAttributes+PositionConstraints.swift /Users/admin/builder/spi-builder-workspace/Source/Model/EntryAttributes/EKAttributes+Precedence.swift (in target 'SwiftEntryKit' from project 'SwiftEntryKit')
SwiftCompile normal arm64 /Users/admin/builder/spi-builder-workspace/Source/Model/EntryAttributes/EKAttributes+FrameStyle.swift (in target 'SwiftEntryKit' from project 'SwiftEntryKit')
cd /Users/admin/builder/spi-builder-workspace/.swiftpm/xcode
builtin-SwiftPerFileCompile EKAttributes+FrameStyle.swift
SwiftCompile normal arm64 /Users/admin/builder/spi-builder-workspace/Source/Model/EntryAttributes/EKAttributes+HapticFeedback.swift (in target 'SwiftEntryKit' from project 'SwiftEntryKit')
cd /Users/admin/builder/spi-builder-workspace/.swiftpm/xcode
builtin-SwiftPerFileCompile EKAttributes+HapticFeedback.swift
SwiftCompile normal arm64 /Users/admin/builder/spi-builder-workspace/Source/Model/EntryAttributes/EKAttributes+LifecycleActions.swift (in target 'SwiftEntryKit' from project 'SwiftEntryKit')
cd /Users/admin/builder/spi-builder-workspace/.swiftpm/xcode
builtin-SwiftPerFileCompile EKAttributes+LifecycleActions.swift
SwiftCompile normal arm64 /Users/admin/builder/spi-builder-workspace/Source/Model/EntryAttributes/EKAttributes+PopBehavior.swift (in target 'SwiftEntryKit' from project 'SwiftEntryKit')
cd /Users/admin/builder/spi-builder-workspace/.swiftpm/xcode
builtin-SwiftPerFileCompile EKAttributes+PopBehavior.swift
SwiftCompile normal arm64 /Users/admin/builder/spi-builder-workspace/Source/Model/EntryAttributes/EKAttributes+Position.swift (in target 'SwiftEntryKit' from project 'SwiftEntryKit')
cd /Users/admin/builder/spi-builder-workspace/.swiftpm/xcode
builtin-SwiftPerFileCompile EKAttributes+Position.swift
SwiftCompile normal arm64 /Users/admin/builder/spi-builder-workspace/Source/Model/EntryAttributes/EKAttributes+PositionConstraints.swift (in target 'SwiftEntryKit' from project 'SwiftEntryKit')
cd /Users/admin/builder/spi-builder-workspace/.swiftpm/xcode
builtin-SwiftPerFileCompile EKAttributes+PositionConstraints.swift
SwiftCompile normal arm64 /Users/admin/builder/spi-builder-workspace/Source/Model/EntryAttributes/EKAttributes+Precedence.swift (in target 'SwiftEntryKit' from project 'SwiftEntryKit')
cd /Users/admin/builder/spi-builder-workspace/.swiftpm/xcode
builtin-SwiftPerFileCompile EKAttributes+Precedence.swift
SwiftCompile normal arm64 Compiling\ QLCompatibility.swift,\ QLUtils.swift,\ UIView+QLContentWrap.swift,\ UIView+QuickLayout.swift,\ UIViewArray+QuickLayout.swift,\ UIApplication+EKAppearance.swift,\ UIColor+Utils.swift /Users/admin/builder/spi-builder-workspace/Source/Extensions/QuickLayout/QLCompatibility.swift /Users/admin/builder/spi-builder-workspace/Source/Extensions/QuickLayout/QLUtils.swift /Users/admin/builder/spi-builder-workspace/Source/Extensions/QuickLayout/UIView+QLContentWrap.swift /Users/admin/builder/spi-builder-workspace/Source/Extensions/QuickLayout/UIView+QuickLayout.swift /Users/admin/builder/spi-builder-workspace/Source/Extensions/QuickLayout/UIViewArray+QuickLayout.swift /Users/admin/builder/spi-builder-workspace/Source/Extensions/UIApplication+EKAppearance.swift /Users/admin/builder/spi-builder-workspace/Source/Extensions/UIColor+Utils.swift (in target 'SwiftEntryKit' from project 'SwiftEntryKit')
/Users/admin/builder/spi-builder-workspace/Source/Extensions/UIApplication+EKAppearance.swift:15:30: error: 'isStatusBarHidden' is unavailable in visionOS
13 | func set(statusBarStyle: EKAttributes.StatusBar) {
14 | let appearance = statusBarStyle.appearance
15 | UIApplication.shared.isStatusBarHidden = !appearance.visible
| `- error: 'isStatusBarHidden' is unavailable in visionOS
16 | UIApplication.shared.statusBarStyle = appearance.style
17 | }
/Applications/Xcode-27.0.0-Release.Candidate.app/Contents/Developer/Platforms/XROS.platform/Developer/SDKs/XROS27.0.sdk/System/Library/Frameworks/UIKit.framework/Headers/UIApplication.h:117:62: note: 'isStatusBarHidden' has been explicitly marked unavailable here
115 | @property(readonly, nonatomic) UIStatusBarStyle statusBarStyle API_UNAVAILABLE(tvos) API_DEPRECATED("Use the statusBarManager property of the window scene instead.", ios(2.0, 13.0)) API_UNAVAILABLE(visionos); // default is UIStatusBarStyleDefault
116 |
117 | @property(readonly, nonatomic,getter=isStatusBarHidden) BOOL statusBarHidden API_UNAVAILABLE(tvos) API_DEPRECATED("Use the statusBarManager property of the window scene instead.", ios(2.0, 13.0)) API_UNAVAILABLE(visionos);
| `- note: 'isStatusBarHidden' has been explicitly marked unavailable here
118 |
119 | @property(readonly, nonatomic) UIInterfaceOrientation statusBarOrientation API_UNAVAILABLE(tvos) API_DEPRECATED("Use the interfaceOrientation property of the window scene instead.", ios(2.0, 13.0)) API_UNAVAILABLE(visionos);
SwiftCompile normal arm64 /Users/admin/builder/spi-builder-workspace/Source/Extensions/QuickLayout/QLCompatibility.swift (in target 'SwiftEntryKit' from project 'SwiftEntryKit')
cd /Users/admin/builder/spi-builder-workspace/.swiftpm/xcode
builtin-SwiftPerFileCompile QLCompatibility.swift
SwiftCompile normal arm64 /Users/admin/builder/spi-builder-workspace/Source/Extensions/QuickLayout/QLUtils.swift (in target 'SwiftEntryKit' from project 'SwiftEntryKit')
cd /Users/admin/builder/spi-builder-workspace/.swiftpm/xcode
builtin-SwiftPerFileCompile QLUtils.swift
SwiftCompile normal arm64 /Users/admin/builder/spi-builder-workspace/Source/Extensions/QuickLayout/UIView+QLContentWrap.swift (in target 'SwiftEntryKit' from project 'SwiftEntryKit')
cd /Users/admin/builder/spi-builder-workspace/.swiftpm/xcode
builtin-SwiftPerFileCompile UIView+QLContentWrap.swift
SwiftCompile normal arm64 /Users/admin/builder/spi-builder-workspace/Source/Extensions/QuickLayout/UIView+QuickLayout.swift (in target 'SwiftEntryKit' from project 'SwiftEntryKit')
cd /Users/admin/builder/spi-builder-workspace/.swiftpm/xcode
builtin-SwiftPerFileCompile UIView+QuickLayout.swift
SwiftCompile normal arm64 /Users/admin/builder/spi-builder-workspace/Source/Extensions/QuickLayout/UIViewArray+QuickLayout.swift (in target 'SwiftEntryKit' from project 'SwiftEntryKit')
cd /Users/admin/builder/spi-builder-workspace/.swiftpm/xcode
builtin-SwiftPerFileCompile UIViewArray+QuickLayout.swift
SwiftCompile normal arm64 /Users/admin/builder/spi-builder-workspace/Source/Extensions/UIApplication+EKAppearance.swift (in target 'SwiftEntryKit' from project 'SwiftEntryKit')
cd /Users/admin/builder/spi-builder-workspace/.swiftpm/xcode
builtin-SwiftPerFileCompile UIApplication+EKAppearance.swift
SwiftCompile normal arm64 /Users/admin/builder/spi-builder-workspace/Source/Extensions/UIColor+Utils.swift (in target 'SwiftEntryKit' from project 'SwiftEntryKit')
cd /Users/admin/builder/spi-builder-workspace/.swiftpm/xcode
builtin-SwiftPerFileCompile UIColor+Utils.swift
SwiftEmitModule normal arm64 Emitting\ module\ for\ SwiftEntryKit (in target 'SwiftEntryKit' from project 'SwiftEntryKit')
/Users/admin/builder/spi-builder-workspace/Source/Model/EntryAttributes/EKAttributes+HapticFeedback.swift:21:20: error: 'UINotificationFeedbackGenerator' is unavailable in visionOS
19 |
20 | @available(iOS 10.0, *)
21 | var value: UINotificationFeedbackGenerator.FeedbackType? {
| `- error: 'UINotificationFeedbackGenerator' is unavailable in visionOS
22 | switch self {
23 | case .success:
/Applications/Xcode-27.0.0-Release.Candidate.app/Contents/Developer/Platforms/XROS.platform/Developer/SDKs/XROS27.0.sdk/System/Library/Frameworks/UIKit.framework/Headers/UINotificationFeedbackGenerator.h:21:12: note: 'UINotificationFeedbackGenerator' has been explicitly marked unavailable here
19 | // UINotificationFeedbackGenerator is used to give user feedback when an notification is displayed
20 | UIKIT_EXTERN API_AVAILABLE(ios(10.0)) API_UNAVAILABLE(visionos, tvos) API_UNAVAILABLE(watchos) NS_SWIFT_UI_ACTOR
21 | @interface UINotificationFeedbackGenerator : UIFeedbackGenerator
| `- note: 'UINotificationFeedbackGenerator' has been explicitly marked unavailable here
22 |
23 | /// call when a notification is displayed, passing the corresponding type
Failed frontend command:
/Applications/Xcode-27.0.0-Release.Candidate.app/Contents/Developer/Toolchains/XcodeDefault.xctoolchain/usr/bin/swift-frontend -frontend -emit-module -experimental-skip-non-inlinable-function-bodies-without-types /Users/admin/builder/spi-builder-workspace/Source/Extensions/QuickLayout/QLCompatibility.swift /Users/admin/builder/spi-builder-workspace/Source/Extensions/QuickLayout/QLUtils.swift /Users/admin/builder/spi-builder-workspace/Source/Extensions/QuickLayout/UIView+QLContentWrap.swift /Users/admin/builder/spi-builder-workspace/Source/Extensions/QuickLayout/UIView+QuickLayout.swift /Users/admin/builder/spi-builder-workspace/Source/Extensions/QuickLayout/UIViewArray+QuickLayout.swift /Users/admin/builder/spi-builder-workspace/Source/Extensions/UIApplication+EKAppearance.swift /Users/admin/builder/spi-builder-workspace/Source/Extensions/UIColor+Utils.swift /Users/admin/builder/spi-builder-workspace/Source/Extensions/UIEdgeInsets+Utils.swift /Users/admin/builder/spi-builder-workspace/Source/Extensions/UIRectCorner+Short.swift /Users/admin/builder/spi-builder-workspace/Source/Extensions/UIView+Shadow.swift /Users/admin/builder/spi-builder-workspace/Source/Extensions/UIView+Utils.swift /Users/admin/builder/spi-builder-workspace/Source/Infra/EKBackgroundView.swift /Users/admin/builder/spi-builder-workspace/Source/Infra/EKContentView.swift /Users/admin/builder/spi-builder-workspace/Source/Infra/EKEntryView.swift /Users/admin/builder/spi-builder-workspace/Source/Infra/EKRootViewController.swift /Users/admin/builder/spi-builder-workspace/Source/Infra/EKStyleView.swift /Users/admin/builder/spi-builder-workspace/Source/Infra/EKWindow.swift /Users/admin/builder/spi-builder-workspace/Source/Infra/EKWindowProvider.swift /Users/admin/builder/spi-builder-workspace/Source/Infra/EKWrapperView.swift /Users/admin/builder/spi-builder-workspace/Source/Infra/EntryCachingHeuristic.swift /Users/admin/builder/spi-builder-workspace/Source/MessageViews/EKAlertMessageView.swift /Users/admin/builder/spi-builder-workspace/Source/MessageViews/EKFormMessageView.swift /Users/admin/builder/spi-builder-workspace/Source/MessageViews/EKMessageContentView.swift /Users/admin/builder/spi-builder-workspace/Source/MessageViews/EKNotificationMessageView.swift /Users/admin/builder/spi-builder-workspace/Source/MessageViews/EKPopUpMessageView.swift /Users/admin/builder/spi-builder-workspace/Source/MessageViews/EKRatingMessageView.swift /Users/admin/builder/spi-builder-workspace/Source/MessageViews/EKSimpleMessageView.swift /Users/admin/builder/spi-builder-workspace/Source/MessageViews/MessagesUtils/EKButtonBarView.swift /Users/admin/builder/spi-builder-workspace/Source/MessageViews/MessagesUtils/EKButtonView.swift /Users/admin/builder/spi-builder-workspace/Source/MessageViews/MessagesUtils/EKRatingSymbolView.swift /Users/admin/builder/spi-builder-workspace/Source/MessageViews/MessagesUtils/EKRatingSymbolsContainerView.swift /Users/admin/builder/spi-builder-workspace/Source/MessageViews/MessagesUtils/EKTextField.swift /Users/admin/builder/spi-builder-workspace/Source/MessageViews/MessagesUtils/EntryAppearanceDescriptor.swift /Users/admin/builder/spi-builder-workspace/Source/MessageViews/Notes/EKAccessoryNoteMessageView.swift /Users/admin/builder/spi-builder-workspace/Source/MessageViews/Notes/EKImageNoteMessageView.swift /Users/admin/builder/spi-builder-workspace/Source/MessageViews/Notes/EKNoteMessageView.swift /Users/admin/builder/spi-builder-workspace/Source/MessageViews/Notes/EKProcessingNoteMessageView.swift /Users/admin/builder/spi-builder-workspace/Source/MessageViews/Notes/EKXStatusBarMessageView.swift /Users/admin/builder/spi-builder-workspace/Source/Model/EKAlertMessage.swift /Users/admin/builder/spi-builder-workspace/Source/Model/EKColor.swift /Users/admin/builder/spi-builder-workspace/Source/Model/EKNotificationMessage.swift /Users/admin/builder/spi-builder-workspace/Source/Model/EKPopUpMessage.swift /Users/admin/builder/spi-builder-workspace/Source/Model/EKProperty.swift /Users/admin/builder/spi-builder-workspace/Source/Model/EKRatingMessage.swift /Users/admin/builder/spi-builder-workspace/Source/Model/EKSimpleMessage.swift /Users/admin/builder/spi-builder-workspace/Source/Model/EntryAttributes/EKAttributes+Animation.swift /Users/admin/builder/spi-builder-workspace/Source/Model/EntryAttributes/EKAttributes+BackgroundStyle.swift /Users/admin/builder/spi-builder-workspace/Source/Model/EntryAttributes/EKAttributes+DisplayMode.swift /Users/admin/builder/spi-builder-workspace/Source/Model/EntryAttributes/EKAttributes+Duration.swift /Users/admin/builder/spi-builder-workspace/Source/Model/EntryAttributes/EKAttributes+FrameStyle.swift /Users/admin/builder/spi-builder-workspace/Source/Model/EntryAttributes/EKAttributes+HapticFeedback.swift /Users/admin/builder/spi-builder-workspace/Source/Model/EntryAttributes/EKAttributes+LifecycleActions.swift /Users/admin/builder/spi-builder-workspace/Source/Model/EntryAttributes/EKAttributes+PopBehavior.swift /Users/admin/builder/spi-builder-workspace/Source/Model/EntryAttributes/EKAttributes+Position.swift /Users/admin/builder/spi-builder-workspace/Source/Model/EntryAttributes/EKAttributes+PositionConstraints.swift /Users/admin/builder/spi-builder-workspace/Source/Model/EntryAttributes/EKAttributes+Precedence.swift /Users/admin/builder/spi-builder-workspace/Source/Model/EntryAttributes/EKAttributes+Presets.swift /Users/admin/builder/spi-builder-workspace/Source/Model/EntryAttributes/EKAttributes+Scroll.swift /Users/admin/builder/spi-builder-workspace/Source/Model/EntryAttributes/EKAttributes+Shadow.swift /Users/admin/builder/spi-builder-workspace/Source/Model/EntryAttributes/EKAttributes+StatusBar.swift /Users/admin/builder/spi-builder-workspace/Source/Model/EntryAttributes/EKAttributes+UserInteraction.swift /Users/admin/builder/spi-builder-workspace/Source/Model/EntryAttributes/EKAttributes+Validations.swift /Users/admin/builder/spi-builder-workspace/Source/Model/EntryAttributes/EKAttributes+WindowLevel.swift /Users/admin/builder/spi-builder-workspace/Source/Model/EntryAttributes/EKAttributes.swift /Users/admin/builder/spi-builder-workspace/Source/SwiftEntryKit.swift /Users/admin/builder/spi-builder-workspace/Source/Utils/GradientView.swift /Users/admin/builder/spi-builder-workspace/Source/Utils/HapticFeedbackGenerator.swift /Users/admin/builder/spi-builder-workspace/Source/Utils/UIView+Responder.swift -target arm64-apple-xros1.0 -disable-cross-import-overlay-search -load-resolved-plugin /Applications/Xcode-27.0.0-Release.Candidate.app/Contents/Developer/Platforms/XROS.platform/Developer/usr/lib/swift/host/plugins/libFoundationMacros.dylib\#/Applications/Xcode-27.0.0-Release.Candidate.app/Contents/Developer/Platforms/XROS.platform/Developer/usr/bin/swift-plugin-server\#FoundationMacros -load-resolved-plugin /Applications/Xcode-27.0.0-Release.Candidate.app/Contents/Developer/Platforms/XROS.platform/Developer/usr/lib/swift/host/plugins/libObservationMacros.dylib\#/Applications/Xcode-27.0.0-Release.Candidate.app/Contents/Developer/Platforms/XROS.platform/Developer/usr/bin/swift-plugin-server\#ObservationMacros -load-resolved-plugin /Applications/Xcode-27.0.0-Release.Candidate.app/Contents/Developer/Platforms/XROS.platform/Developer/usr/lib/swift/host/plugins/libPreviewsMacros.dylib\#/Applications/Xcode-27.0.0-Release.Candidate.app/Contents/Developer/Platforms/XROS.platform/Developer/usr/bin/swift-plugin-server\#PreviewsMacros -load-resolved-plugin /Applications/Xcode-27.0.0-Release.Candidate.app/Contents/Developer/Platforms/XROS.platform/Developer/usr/lib/swift/host/plugins/libSwiftMacros.dylib\#/Applications/Xcode-27.0.0-Release.Candidate.app/Contents/Developer/Platforms/XROS.platform/Developer/usr/bin/swift-plugin-server\#SwiftMacros -load-resolved-plugin /Applications/Xcode-27.0.0-Release.Candidate.app/Contents/Developer/Platforms/XROS.platform/Developer/usr/lib/swift/host/plugins/libSwiftUIMacros.dylib\#/Applications/Xcode-27.0.0-Release.Candidate.app/Contents/Developer/Platforms/XROS.platform/Developer/usr/bin/swift-plugin-server\#SwiftUIMacros -disable-implicit-swift-modules -Xcc -fno-implicit-modules -Xcc -fno-implicit-module-maps -explicit-swift-module-map-file /Users/admin/builder/spi-builder-workspace/.derivedData/Build/Intermediates.noindex/SwiftEntryKit.build/Debug-xros/SwiftEntryKit-t.build/Objects-normal/arm64/SwiftEntryKit-dependencies-1.json -Xllvm -aarch64-use-tbi -enable-objc-interop -stack-check -sdk /Applications/Xcode-27.0.0-Release.Candidate.app/Contents/Developer/Platforms/XROS.platform/Developer/SDKs/XROS27.0.sdk -I /Users/admin/builder/spi-builder-workspace/.derivedData/Build/Products/Debug-xros -Isystem /Applications/Xcode-27.0.0-Release.Candidate.app/Contents/Developer/Platforms/XROS.platform/Developer/usr/lib -F /Users/admin/builder/spi-builder-workspace/.derivedData/Build/Products/Debug-xros -F /Applications/Xcode-27.0.0-Release.Candidate.app/Contents/Developer/Platforms/XROS.platform/Developer/Library/Frameworks -F /Applications/Xcode-27.0.0-Release.Candidate.app/Contents/Developer/Platforms/XROS.platform/Developer/SDKs/XROS27.0.sdk/Developer/Library/Frameworks -module-cache-path /Users/admin/builder/spi-builder-workspace/.derivedData/Build/Intermediates.noindex/SwiftExplicitPrecompiledModules -no-color-diagnostics -Xcc -fno-color-diagnostics -enable-testing -g -debug-info-format\=dwarf -dwarf-version\=4 -swift-version 5 -Onone -D SWIFT_PACKAGE -D DEBUG -D SWIFT_MODULE_RESOURCE_BUNDLE_UNAVAILABLE -D Xcode -serialize-debugging-options -enable-experimental-feature DebugDescriptionMacro -empty-abi-descriptor -validate-clang-modules-once -clang-build-session-file /Users/admin/builder/spi-builder-workspace/.derivedData/ModuleCache.noindex/Session.modulevalidation -Xcc -working-directory -Xcc /Users/admin/builder/spi-builder-workspace/.swiftpm/xcode -enable-anonymous-context-mangled-names -file-compilation-dir /Users/admin/builder/spi-builder-workspace/.swiftpm/xcode -Xcc -D_LIBCPP_HARDENING_MODE\=_LIBCPP_HARDENING_MODE_DEBUG -Xcc -ivfsstatcache -Xcc /Users/admin/builder/spi-builder-workspace/.derivedData/SDKStatCaches.noindex/xros27.0-24M361-e829b21a6f8c9b70876ba0858053c044735bd543db762f57723cac368afd1ce4.sdkstatcache -Xcc -fmodules-prune-interval\=86400 -Xcc -fmodules-prune-after\=345600 -Xcc -I/Users/admin/builder/spi-builder-workspace/.derivedData/Build/Products/Debug-xros/include -Xcc -I/Users/admin/builder/spi-builder-workspace/.derivedData/Build/Intermediates.noindex/SwiftEntryKit.build/Debug-xros/SwiftEntryKit-t.build/DerivedSources-normal/arm64 -Xcc -I/Users/admin/builder/spi-builder-workspace/.derivedData/Build/Intermediates.noindex/SwiftEntryKit.build/Debug-xros/SwiftEntryKit-t.build/DerivedSources/arm64 -Xcc -I/Users/admin/builder/spi-builder-workspace/.derivedData/Build/Intermediates.noindex/SwiftEntryKit.build/Debug-xros/SwiftEntryKit-t.build/DerivedSources -Xcc -DSWIFT_PACKAGE -Xcc -DDEBUG\=1 -no-auto-bridging-header-chaining -module-name SwiftEntryKit -const-gather-protocols-file /Users/admin/builder/spi-builder-workspace/.derivedData/Build/Intermediates.noindex/SwiftEntryKit.build/Debug-xros/SwiftEntryKit-t.build/Objects-normal/arm64/SwiftEntryKit_const_extract_protocols.json -disable-clang-spi -clang-target arm64-apple-xros27.0 -target-sdk-version 27.0 -target-sdk-name xros27.0 -in-process-plugin-server-path /Applications/Xcode-27.0.0-Release.Candidate.app/Contents/Developer/Toolchains/XcodeDefault.xctoolchain/usr/lib/swift/host/libSwiftInProcPluginServer.dylib -emit-module-doc-path /Users/admin/builder/spi-builder-workspace/.derivedData/Build/Intermediates.noindex/SwiftEntryKit.build/Debug-xros/SwiftEntryKit-t.build/Objects-normal/arm64/SwiftEntryKit.swiftdoc -emit-module-source-info-path /Users/admin/builder/spi-builder-workspace/.derivedData/Build/Intermediates.noindex/SwiftEntryKit.build/Debug-xros/SwiftEntryKit-t.build/Objects-normal/arm64/SwiftEntryKit.swiftsourceinfo -emit-objc-header-path /Users/admin/builder/spi-builder-workspace/.derivedData/Build/Intermediates.noindex/SwiftEntryKit.build/Debug-xros/SwiftEntryKit-t.build/Objects-normal/arm64/SwiftEntryKit-Swift.h -serialize-diagnostics-path /Users/admin/builder/spi-builder-workspace/.derivedData/Build/Intermediates.noindex/SwiftEntryKit.build/Debug-xros/SwiftEntryKit-t.build/Objects-normal/arm64/SwiftEntryKit-primary-emit-module.dia -emit-dependencies-path /Users/admin/builder/spi-builder-workspace/.derivedData/Build/Intermediates.noindex/SwiftEntryKit.build/Debug-xros/SwiftEntryKit-t.build/Objects-normal/arm64/SwiftEntryKit-primary-emit-module.d -parse-as-library -o /Users/admin/builder/spi-builder-workspace/.derivedData/Build/Intermediates.noindex/SwiftEntryKit.build/Debug-xros/SwiftEntryKit-t.build/Objects-normal/arm64/SwiftEntryKit.swiftmodule -emit-abi-descriptor-path /Users/admin/builder/spi-builder-workspace/.derivedData/Build/Intermediates.noindex/SwiftEntryKit.build/Debug-xros/SwiftEntryKit-t.build/Objects-normal/arm64/SwiftEntryKit.abi.json
SwiftCompile normal arm64 (in target 'SwiftEntryKit' from project 'SwiftEntryKit')
cd /Users/admin/builder/spi-builder-workspace/.swiftpm/xcode
SwiftCompile normal arm64 Compiling\ EKAttributes+WindowLevel.swift,\ EKAttributes.swift,\ SwiftEntryKit.swift,\ GradientView.swift,\ HapticFeedbackGenerator.swift,\ UIView+Responder.swift /Users/admin/builder/spi-builder-workspace/Source/Model/EntryAttributes/EKAttributes+WindowLevel.swift /Users/admin/builder/spi-builder-workspace/Source/Model/EntryAttributes/EKAttributes.swift /Users/admin/builder/spi-builder-workspace/Source/SwiftEntryKit.swift /Users/admin/builder/spi-builder-workspace/Source/Utils/GradientView.swift /Users/admin/builder/spi-builder-workspace/Source/Utils/HapticFeedbackGenerator.swift /Users/admin/builder/spi-builder-workspace/Source/Utils/UIView+Responder.swift (in target 'SwiftEntryKit' from project 'SwiftEntryKit')
SwiftCompile normal arm64 /Users/admin/builder/spi-builder-workspace/Source/Model/EntryAttributes/EKAttributes+WindowLevel.swift (in target 'SwiftEntryKit' from project 'SwiftEntryKit')
cd /Users/admin/builder/spi-builder-workspace/.swiftpm/xcode
builtin-SwiftPerFileCompile EKAttributes+WindowLevel.swift
SwiftCompile normal arm64 /Users/admin/builder/spi-builder-workspace/Source/Model/EntryAttributes/EKAttributes.swift (in target 'SwiftEntryKit' from project 'SwiftEntryKit')
cd /Users/admin/builder/spi-builder-workspace/.swiftpm/xcode
builtin-SwiftPerFileCompile EKAttributes.swift
SwiftCompile normal arm64 /Users/admin/builder/spi-builder-workspace/Source/SwiftEntryKit.swift (in target 'SwiftEntryKit' from project 'SwiftEntryKit')
cd /Users/admin/builder/spi-builder-workspace/.swiftpm/xcode
builtin-SwiftPerFileCompile SwiftEntryKit.swift
SwiftCompile normal arm64 /Users/admin/builder/spi-builder-workspace/Source/Utils/GradientView.swift (in target 'SwiftEntryKit' from project 'SwiftEntryKit')
cd /Users/admin/builder/spi-builder-workspace/.swiftpm/xcode
builtin-SwiftPerFileCompile GradientView.swift
SwiftCompile normal arm64 /Users/admin/builder/spi-builder-workspace/Source/Utils/HapticFeedbackGenerator.swift (in target 'SwiftEntryKit' from project 'SwiftEntryKit')
cd /Users/admin/builder/spi-builder-workspace/.swiftpm/xcode
builtin-SwiftPerFileCompile HapticFeedbackGenerator.swift
SwiftCompile normal arm64 /Users/admin/builder/spi-builder-workspace/Source/Utils/UIView+Responder.swift (in target 'SwiftEntryKit' from project 'SwiftEntryKit')
cd /Users/admin/builder/spi-builder-workspace/.swiftpm/xcode
builtin-SwiftPerFileCompile UIView+Responder.swift
SwiftCompile normal arm64 Compiling\ EKAttributes+Presets.swift,\ EKAttributes+Scroll.swift,\ EKAttributes+Shadow.swift,\ EKAttributes+StatusBar.swift,\ EKAttributes+UserInteraction.swift,\ EKAttributes+Validations.swift /Users/admin/builder/spi-builder-workspace/Source/Model/EntryAttributes/EKAttributes+Presets.swift /Users/admin/builder/spi-builder-workspace/Source/Model/EntryAttributes/EKAttributes+Scroll.swift /Users/admin/builder/spi-builder-workspace/Source/Model/EntryAttributes/EKAttributes+Shadow.swift /Users/admin/builder/spi-builder-workspace/Source/Model/EntryAttributes/EKAttributes+StatusBar.swift /Users/admin/builder/spi-builder-workspace/Source/Model/EntryAttributes/EKAttributes+UserInteraction.swift /Users/admin/builder/spi-builder-workspace/Source/Model/EntryAttributes/EKAttributes+Validations.swift (in target 'SwiftEntryKit' from project 'SwiftEntryKit')
SwiftCompile normal arm64 /Users/admin/builder/spi-builder-workspace/Source/Model/EntryAttributes/EKAttributes+Presets.swift (in target 'SwiftEntryKit' from project 'SwiftEntryKit')
cd /Users/admin/builder/spi-builder-workspace/.swiftpm/xcode
builtin-SwiftPerFileCompile EKAttributes+Presets.swift
SwiftCompile normal arm64 /Users/admin/builder/spi-builder-workspace/Source/Model/EntryAttributes/EKAttributes+Scroll.swift (in target 'SwiftEntryKit' from project 'SwiftEntryKit')
cd /Users/admin/builder/spi-builder-workspace/.swiftpm/xcode
builtin-SwiftPerFileCompile EKAttributes+Scroll.swift
SwiftCompile normal arm64 /Users/admin/builder/spi-builder-workspace/Source/Model/EntryAttributes/EKAttributes+Shadow.swift (in target 'SwiftEntryKit' from project 'SwiftEntryKit')
cd /Users/admin/builder/spi-builder-workspace/.swiftpm/xcode
builtin-SwiftPerFileCompile EKAttributes+Shadow.swift
SwiftCompile normal arm64 /Users/admin/builder/spi-builder-workspace/Source/Model/EntryAttributes/EKAttributes+StatusBar.swift (in target 'SwiftEntryKit' from project 'SwiftEntryKit')
cd /Users/admin/builder/spi-builder-workspace/.swiftpm/xcode
builtin-SwiftPerFileCompile EKAttributes+StatusBar.swift
SwiftCompile normal arm64 /Users/admin/builder/spi-builder-workspace/Source/Model/EntryAttributes/EKAttributes+UserInteraction.swift (in target 'SwiftEntryKit' from project 'SwiftEntryKit')
cd /Users/admin/builder/spi-builder-workspace/.swiftpm/xcode
builtin-SwiftPerFileCompile EKAttributes+UserInteraction.swift
SwiftCompile normal arm64 /Users/admin/builder/spi-builder-workspace/Source/Model/EntryAttributes/EKAttributes+Validations.swift (in target 'SwiftEntryKit' from project 'SwiftEntryKit')
cd /Users/admin/builder/spi-builder-workspace/.swiftpm/xcode
builtin-SwiftPerFileCompile EKAttributes+Validations.swift
PruneExplicitPrecompiledModules /Users/admin/builder/spi-builder-workspace/.derivedData/Build/Intermediates.noindex/ExplicitPrecompiledModules
PruneExplicitPrecompiledModules /Users/admin/builder/spi-builder-workspace/.derivedData/Build/Intermediates.noindex/SwiftExplicitPrecompiledModules
PruneExplicitPrecompiledModules /Users/admin/builder/spi-builder-workspace/.derivedData/SDKExplicitPrecompiledModules
2026-09-17 18:59:42.706 xcodebuild[789:4902] [MT] IDERunDestination: Supported platforms for the buildables in the current scheme is empty.
** BUILD FAILED **
The following build commands failed:
SwiftEmitModule normal arm64 Emitting\ module\ for\ SwiftEntryKit (in target 'SwiftEntryKit' from project 'SwiftEntryKit')
SwiftCompile normal arm64 (in target 'SwiftEntryKit' from project 'SwiftEntryKit')
Building workspace SwiftEntryKit with scheme SwiftEntryKit
(3 failures)
BUILD FAILURE 6.4 visionOS