Build Information
Failed to build Spinner, reference 2.2.0 (683ad3), with Swift 6.1 for Android on 25 Jun 2026 02:41:36 UTC.
Build Command
bash -c docker run --pull=always --rm -v "checkouts-53886770-0":/host -w "$PWD" -e JAVA_HOME="/root/.sdkman/candidates/java/current" -e SPI_BUILD="1" -e SPI_PROCESSING="1" registry.gitlab.com/swiftpackageindex/spi-images:android-6.1-latest swift build --swift-sdk aarch64-unknown-linux-android24 2>&1Build Log
========================================
RunAll
========================================
Builder version: 4071e0796c748d991a0123890d2f0ecadc8fcc8c
Interrupt handler set up.
========================================
Checkout
========================================
Clone URL: https://github.com/dominicegginton/spinner.git
Reference: 2.2.0
Initialized empty Git repository in /host/spi-builder-workspace/.git/
hint: Using 'master' as the name for the initial branch. This default branch name
hint: is subject to change. To configure the initial branch name to use in all
hint: of your new repositories, which will suppress this warning, call:
hint:
hint: git config --global init.defaultBranch <name>
hint:
hint: Names commonly chosen instead of 'master' are 'main', 'trunk' and
hint: 'development'. The just-created branch can be renamed via this command:
hint:
hint: git branch -m <name>
From https://github.com/dominicegginton/spinner
* tag 2.2.0 -> FETCH_HEAD
HEAD is now at 683ad3f chore: update flake.nix to new multi-system format and flake.lock
Cloned https://github.com/dominicegginton/spinner.git
Revision (git rev-parse @):
683ad3f62a80a8309740afb95fff8b7928ac504a
SUCCESS checkout https://github.com/dominicegginton/spinner.git at 2.2.0
========================================
Build
========================================
Selected platform: android
Swift version: 6.1
Building package at path: $PWD
https://github.com/dominicegginton/spinner.git
https://github.com/dominicegginton/spinner.git
WARNING: environment variable SUPPRESS_SWIFT_6_FLAGS is not set
Running build ...
bash -c docker run --pull=always --rm -v "checkouts-53886770-0":/host -w "$PWD" -e JAVA_HOME="/root/.sdkman/candidates/java/current" -e SPI_BUILD="1" -e SPI_PROCESSING="1" registry.gitlab.com/swiftpackageindex/spi-images:android-6.1-latest swift build --swift-sdk aarch64-unknown-linux-android24 -Xswiftc -Xfrontend -Xswiftc -stats-output-dir -Xswiftc -Xfrontend -Xswiftc .stats -Xswiftc -strict-concurrency=complete -Xswiftc -enable-upcoming-feature -Xswiftc StrictConcurrency -Xswiftc -enable-upcoming-feature -Xswiftc DisableOutwardActorInference -Xswiftc -enable-upcoming-feature -Xswiftc GlobalActorIsolatedTypesUsability -Xswiftc -enable-upcoming-feature -Xswiftc InferSendableFromCaptures 2>&1
android-6.1-latest: Pulling from swiftpackageindex/spi-images
Digest: sha256:4a63948557d43955e4033f1b4ac1c3cc996c027258fe5b7a7e5b05518357d5f0
Status: Image is up to date for registry.gitlab.com/swiftpackageindex/spi-images:android-6.1-latest
Fetching https://github.com/dominicegginton/Nanoseconds
Fetching https://github.com/onevcat/Rainbow
Fetching https://github.com/IBM-Swift/BlueSignals.git
[1/681] Fetching bluesignals
[621/882] Fetching bluesignals, nanoseconds
Fetched https://github.com/IBM-Swift/BlueSignals.git from cache (0.35s)
[202/1651] Fetching nanoseconds, rainbow
Fetched https://github.com/dominicegginton/Nanoseconds from cache (0.46s)
Fetched https://github.com/onevcat/Rainbow from cache (0.46s)
Computing version for https://github.com/dominicegginton/Nanoseconds
Computed https://github.com/dominicegginton/Nanoseconds at 1.1.3 (0.70s)
Computing version for https://github.com/onevcat/Rainbow
Computed https://github.com/onevcat/Rainbow at 4.2.1 (0.92s)
Computing version for https://github.com/IBM-Swift/BlueSignals.git
Computed https://github.com/IBM-Swift/BlueSignals.git at 1.0.200 (0.24s)
Creating working copy for https://github.com/IBM-Swift/BlueSignals.git
Working copy of https://github.com/IBM-Swift/BlueSignals.git resolved at 1.0.200
Creating working copy for https://github.com/dominicegginton/Nanoseconds
Working copy of https://github.com/dominicegginton/Nanoseconds resolved at 1.1.3
Creating working copy for https://github.com/onevcat/Rainbow
Working copy of https://github.com/onevcat/Rainbow resolved at 4.2.1
Building for debugging...
[0/13] Write sources
[5/13] Write swift-version-24593BA9C3E375BF.txt
[7/33] Compiling Rainbow StringGenerator.swift
[8/33] Compiling Rainbow Style.swift
[9/33] Compiling Rainbow String+ConditionalStyling.swift
[10/33] Compiling Rainbow String+Rainbow.swift
[11/34] Compiling Rainbow OutputTarget.swift
/host/spi-builder-workspace/.build/checkouts/Rainbow/Sources/OutputTarget.swift:49:58: error: cannot find 'isatty' in scope
47 | // Check if we are in any term env and the output is a tty.
48 | let termType = getEnvValue("TERM")
49 | if let t = termType, t.lowercased() != "dumb" && isatty(fileno(stdout)) != 0 {
| `- error: cannot find 'isatty' in scope
50 | return .console
51 | }
[12/34] Compiling Rainbow Rainbow.swift
/host/spi-builder-workspace/.build/checkouts/Rainbow/Sources/OutputTarget.swift:49:58: error: cannot find 'isatty' in scope
47 | // Check if we are in any term env and the output is a tty.
48 | let termType = getEnvValue("TERM")
49 | if let t = termType, t.lowercased() != "dumb" && isatty(fileno(stdout)) != 0 {
| `- error: cannot find 'isatty' in scope
50 | return .console
51 | }
[13/34] Compiling Rainbow HSLColorConverter.swift
[14/34] Compiling Rainbow ModesExtractor.swift
[15/34] Compiling Rainbow StyledStringBuilder.swift
[16/34] Emitting module Nanoseconds
[17/34] Compiling Nanoseconds TimeInterval.swift
[18/34] Compiling Nanoseconds Now.swift
[19/35] Compiling Signals Signals.swift
[20/35] Emitting module Signals
error: emit-module command failed with exit code 1 (use -v to see invocation)
[21/36] Compiling Rainbow ConditionalStyleBuilder.swift
[22/36] Compiling Rainbow ControlCode.swift
[23/36] Compiling Rainbow Color.swift
[24/36] Compiling Rainbow ColorApproximation.swift
[25/36] Compiling Rainbow BackgroundColor.swift
[26/36] Compiling Rainbow CodesParser.swift
[27/36] Emitting module Rainbow
/host/spi-builder-workspace/.build/checkouts/Rainbow/Sources/OutputTarget.swift:49:58: error: cannot find 'isatty' in scope
47 | // Check if we are in any term env and the output is a tty.
48 | let termType = getEnvValue("TERM")
49 | if let t = termType, t.lowercased() != "dumb" && isatty(fileno(stdout)) != 0 {
| `- error: cannot find 'isatty' in scope
50 | return .console
51 | }
Running build ...
bash -c docker run --pull=always --rm -v "checkouts-53886770-0":/host -w "$PWD" -e JAVA_HOME="/root/.sdkman/candidates/java/current" -e SPI_BUILD="1" -e SPI_PROCESSING="1" registry.gitlab.com/swiftpackageindex/spi-images:android-6.1-latest swift build --swift-sdk aarch64-unknown-linux-android24 2>&1
android-6.1-latest: Pulling from swiftpackageindex/spi-images
Digest: sha256:4a63948557d43955e4033f1b4ac1c3cc996c027258fe5b7a7e5b05518357d5f0
Status: Image is up to date for registry.gitlab.com/swiftpackageindex/spi-images:android-6.1-latest
[0/1] Planning build
Building for debugging...
[0/8] Write swift-version-24593BA9C3E375BF.txt
[2/28] Emitting module Signals
[3/28] Compiling Signals Signals.swift
[4/29] Compiling Nanoseconds Now.swift
[5/29] Emitting module Nanoseconds
[6/29] Compiling Nanoseconds TimeInterval.swift
error: emit-module command failed with exit code 1 (use -v to see invocation)
[8/30] Emitting module Rainbow
/host/spi-builder-workspace/.build/checkouts/Rainbow/Sources/OutputTarget.swift:49:58: error: cannot find 'isatty' in scope
47 | // Check if we are in any term env and the output is a tty.
48 | let termType = getEnvValue("TERM")
49 | if let t = termType, t.lowercased() != "dumb" && isatty(fileno(stdout)) != 0 {
| `- error: cannot find 'isatty' in scope
50 | return .console
51 | }
[9/31] Compiling Rainbow StringGenerator.swift
[10/31] Compiling Rainbow Style.swift
[11/31] Wrapping AST for Signals for debugging
[12/31] Wrapping AST for Nanoseconds for debugging
[14/31] Compiling Rainbow BackgroundColor.swift
[15/31] Compiling Rainbow CodesParser.swift
[16/31] Compiling Rainbow Color.swift
[17/31] Compiling Rainbow ColorApproximation.swift
[18/31] Compiling Rainbow StyledStringBuilder.swift
[19/31] Compiling Rainbow HSLColorConverter.swift
[20/31] Compiling Rainbow ModesExtractor.swift
[21/31] Compiling Rainbow String+ConditionalStyling.swift
[22/31] Compiling Rainbow String+Rainbow.swift
[23/31] Compiling Rainbow ConditionalStyleBuilder.swift
[24/31] Compiling Rainbow ControlCode.swift
[25/31] Compiling Rainbow OutputTarget.swift
/host/spi-builder-workspace/.build/checkouts/Rainbow/Sources/OutputTarget.swift:49:58: error: cannot find 'isatty' in scope
47 | // Check if we are in any term env and the output is a tty.
48 | let termType = getEnvValue("TERM")
49 | if let t = termType, t.lowercased() != "dumb" && isatty(fileno(stdout)) != 0 {
| `- error: cannot find 'isatty' in scope
50 | return .console
51 | }
[26/31] Compiling Rainbow Rainbow.swift
/host/spi-builder-workspace/.build/checkouts/Rainbow/Sources/OutputTarget.swift:49:58: error: cannot find 'isatty' in scope
47 | // Check if we are in any term env and the output is a tty.
48 | let termType = getEnvValue("TERM")
49 | if let t = termType, t.lowercased() != "dumb" && isatty(fileno(stdout)) != 0 {
| `- error: cannot find 'isatty' in scope
50 | return .console
51 | }
BUILD FAILURE 6.1 android