The Swift Package Index logo.Swift Package Index

Build Information

Failed to build CoreJSON, reference master (d51bf4), with Swift 6.4 for Wasm on 16 Sep 2026 02:22:38 UTC.

Build Command

bash -c docker run --pull=always --rm -v "checkouts-54344844-0":/host -w "$PWD" -e JAVA_HOME="/root/.sdkman/candidates/java/current" -e SPI_BUILD="1" -e SPI_PROCESSING="1" registry.gitlab.com/saguaro1/spi-images:wasm-6.4-latest swift build --swift-sdk swift-6.4.x-DEVELOPMENT-SNAPSHOT-2026-09-04-a_wasm 2>&1

Build Log

========================================
RunAll
========================================
Builder version: 5.1.0
Interrupt handler set up.
========================================
Checkout
========================================
Clone URL: https://github.com/tomquist/CoreJSON.git
Reference: master
Initialized empty Git repository in /host/spi-builder-workspace/.git/
hint: Using 'master' as the name for the initial branch. This default branch name
hint: is subject to change. To configure the initial branch name to use in all
hint: of your new repositories, which will suppress this warning, call:
hint:
hint: 	git config --global init.defaultBranch <name>
hint:
hint: Names commonly chosen instead of 'master' are 'main', 'trunk' and
hint: 'development'. The just-created branch can be renamed via this command:
hint:
hint: 	git branch -m <name>
From https://github.com/tomquist/CoreJSON
 * branch            master     -> FETCH_HEAD
 * [new branch]      master     -> origin/master
HEAD is now at d51bf48 Add conformance to Codable
Cloned https://github.com/tomquist/CoreJSON.git
Revision (git rev-parse @):
d51bf4881192a9325a856d81c2e2fc7a5d25bc2d
SUCCESS checkout https://github.com/tomquist/CoreJSON.git at master
========================================
Build
========================================
Selected platform:         wasm
Swift version:             6.4
Building package at path:  $PWD
https://github.com/tomquist/CoreJSON.git
Running build ...
bash -c docker run --pull=always --rm -v "checkouts-54344844-0":/host -w "$PWD" -e JAVA_HOME="/root/.sdkman/candidates/java/current" -e SPI_BUILD="1" -e SPI_PROCESSING="1" registry.gitlab.com/saguaro1/spi-images:wasm-6.4-latest swift build --swift-sdk swift-6.4.x-DEVELOPMENT-SNAPSHOT-2026-09-04-a_wasm 2>&1
wasm-6.4-latest: Pulling from saguaro1/spi-images
Digest: sha256:4328fdb43c680d205c1d6761b1e3267aa38277eefdda9ddfb17b6a0f1a77857a
Status: Image is up to date for registry.gitlab.com/saguaro1/spi-images:wasm-6.4-latest
Building for debugging...
[Pre-planning 1 / 240]
[50 / 100] CoreJSON
/host/spi-builder-workspace/Sources/CoreJSONLiterals/JSONLiterals.swift:28:1: warning: extension declares a conformance of imported type 'JSON' to imported protocol 'ExpressibleByIntegerLiteral'; this will not behave correctly if the owners of 'CoreJSON' introduce this conformance in the future
26 | #endif
27 |
28 | extension JSON: ExpressibleByIntegerLiteral {
   | |- warning: extension declares a conformance of imported type 'JSON' to imported protocol 'ExpressibleByIntegerLiteral'; this will not behave correctly if the owners of 'CoreJSON' introduce this conformance in the future
   | `- note: add '@retroactive' to silence this warning
29 |     public init(integerLiteral value: Int) {
30 |         self = .number(.int(value))
/host/spi-builder-workspace/Sources/CoreJSONLiterals/JSONLiterals.swift:34:1: warning: extension declares a conformance of imported type 'JSON' to imported protocol 'ExpressibleByNilLiteral'; this will not behave correctly if the owners of 'CoreJSON' introduce this conformance in the future
32 | }
33 |
34 | extension JSON: ExpressibleByNilLiteral {
   | |- warning: extension declares a conformance of imported type 'JSON' to imported protocol 'ExpressibleByNilLiteral'; this will not behave correctly if the owners of 'CoreJSON' introduce this conformance in the future
   | `- note: add '@retroactive' to silence this warning
35 |     public init(nilLiteral: ()) {
36 |         self = .null
/host/spi-builder-workspace/Sources/CoreJSONLiterals/JSONLiterals.swift:40:1: warning: extension declares a conformance of imported type 'JSON' to imported protocols 'ExpressibleByStringLiteral', 'ExpressibleByExtendedGraphemeClusterLiteral', 'ExpressibleByUnicodeScalarLiteral'; this will not behave correctly if the owners of 'CoreJSON' introduce this conformance in the future
38 | }
39 |
40 | extension JSON: ExpressibleByStringLiteral {
   | |- warning: extension declares a conformance of imported type 'JSON' to imported protocols 'ExpressibleByStringLiteral', 'ExpressibleByExtendedGraphemeClusterLiteral', 'ExpressibleByUnicodeScalarLiteral'; this will not behave correctly if the owners of 'CoreJSON' introduce this conformance in the future
   | `- note: add '@retroactive' to silence this warning
41 |     public init(unicodeScalarLiteral value: String) {
42 |         self = .string(value)
/host/spi-builder-workspace/Sources/CoreJSONLiterals/JSONLiterals.swift:52:1: warning: extension declares a conformance of imported type 'JSON' to imported protocol 'ExpressibleByFloatLiteral'; this will not behave correctly if the owners of 'CoreJSON' introduce this conformance in the future
50 | }
51 |
52 | extension JSON: ExpressibleByFloatLiteral {
   | |- warning: extension declares a conformance of imported type 'JSON' to imported protocol 'ExpressibleByFloatLiteral'; this will not behave correctly if the owners of 'CoreJSON' introduce this conformance in the future
   | `- note: add '@retroactive' to silence this warning
53 |     public init(floatLiteral value: Double) {
54 |         self = .number(.double(value))
/host/spi-builder-workspace/Sources/CoreJSONLiterals/JSONLiterals.swift:58:1: warning: extension declares a conformance of imported type 'JSON' to imported protocol 'ExpressibleByBooleanLiteral'; this will not behave correctly if the owners of 'CoreJSON' introduce this conformance in the future
56 | }
57 |
58 | extension JSON: ExpressibleByBooleanLiteral {
   | |- warning: extension declares a conformance of imported type 'JSON' to imported protocol 'ExpressibleByBooleanLiteral'; this will not behave correctly if the owners of 'CoreJSON' introduce this conformance in the future
   | `- note: add '@retroactive' to silence this warning
59 |     public init(booleanLiteral value: Bool) {
60 |         self = .bool(value)
/host/spi-builder-workspace/Sources/CoreJSONLiterals/JSONLiterals.swift:64:1: warning: extension declares a conformance of imported type 'JSON' to imported protocol 'ExpressibleByArrayLiteral'; this will not behave correctly if the owners of 'CoreJSON' introduce this conformance in the future
62 | }
63 |
64 | extension JSON: ExpressibleByArrayLiteral {
   | |- warning: extension declares a conformance of imported type 'JSON' to imported protocol 'ExpressibleByArrayLiteral'; this will not behave correctly if the owners of 'CoreJSON' introduce this conformance in the future
   | `- note: add '@retroactive' to silence this warning
65 |     public init(arrayLiteral elements: JSON...) {
66 |         self = .array(elements)
/host/spi-builder-workspace/Sources/CoreJSONLiterals/JSONLiterals.swift:70:1: warning: extension declares a conformance of imported type 'JSON' to imported protocol 'ExpressibleByDictionaryLiteral'; this will not behave correctly if the owners of 'CoreJSON' introduce this conformance in the future
68 | }
69 |
70 | extension JSON: ExpressibleByDictionaryLiteral {
   | |- warning: extension declares a conformance of imported type 'JSON' to imported protocol 'ExpressibleByDictionaryLiteral'; this will not behave correctly if the owners of 'CoreJSON' introduce this conformance in the future
   | `- note: add '@retroactive' to silence this warning
71 |     public init(dictionaryLiteral elements: (String, JSON)...) {
72 |         self = .object(elements.reduce([:]) { (dict, tuple) -> [String: JSON] in
/host/spi-builder-workspace/Sources/CoreJSONCodable/JSONCodable.swift:27:1: warning: extension declares a conformance of imported type 'JSON' to imported protocol 'Encodable'; this will not behave correctly if the owners of 'CoreJSON' introduce this conformance in the future
25 | import CoreJSON
26 |
27 | extension JSON: Encodable {
   | |- warning: extension declares a conformance of imported type 'JSON' to imported protocol 'Encodable'; this will not behave correctly if the owners of 'CoreJSON' introduce this conformance in the future
   | `- note: add '@retroactive' to silence this warning
28 |
29 |     public func encode(to encoder: Encoder) throws {
/host/spi-builder-workspace/Sources/CoreJSONCodable/JSONCodable.swift:42:1: warning: extension declares a conformance of imported type 'JSONNumber' to imported protocol 'Encodable'; this will not behave correctly if the owners of 'CoreJSON' introduce this conformance in the future
40 | }
41 |
42 | extension JSONNumber: Encodable {
   | |- warning: extension declares a conformance of imported type 'JSONNumber' to imported protocol 'Encodable'; this will not behave correctly if the owners of 'CoreJSON' introduce this conformance in the future
   | `- note: add '@retroactive' to silence this warning
43 |
44 |     public func encode(to encoder: Encoder) throws {
/host/spi-builder-workspace/Sources/CoreJSONCodable/JSONCodable.swift:54:1: warning: extension declares a conformance of imported type 'JSON' to imported protocol 'Decodable'; this will not behave correctly if the owners of 'CoreJSON' introduce this conformance in the future
52 | }
53 |
54 | extension JSON: Decodable {
   | |- warning: extension declares a conformance of imported type 'JSON' to imported protocol 'Decodable'; this will not behave correctly if the owners of 'CoreJSON' introduce this conformance in the future
   | `- note: add '@retroactive' to silence this warning
55 |
56 |     public init(from decoder: Decoder) throws {
[75 / 119] CoreJSONSubscript
[87 / 119] CoreJSONPointer
error: SwiftCompile normal wasm32 failed with a nonzero exit code. Command line:     cd /host

/root/.swiftpm/swift-sdks/swift-6.4.x-DEVELOPMENT-SNAPSHOT-2026-09-04-a_wasm.artifactbundle/swift-6.4.x-DEVELOPMENT-SNAPSHOT-2026-09-04-a_wasm/wasm32-unknown-wasip1/swift.xctoolchain/usr/lib/swift_static/CoreFoundation/CoreFoundation.h:28:10: note: while building module 'wasi_emulated_signal' imported from /root/.swiftpm/swift-sdks/swift-6.4.x-DEVELOPMENT-SNAPSHOT-2026-09-04-a_wasm.artifactbundle/swift-6.4.x-DEVELOPMENT-SNAPSHOT-2026-09-04-a_wasm/wasm32-unknown-wasip1/swift.xctoolchain/usr/lib/swift_static/CoreFoundation/CoreFoundation.h:28:
 26 | #include <setjmp.h>
 27 | #endif
 28 | #include <signal.h>
    |          `- note: while building module 'wasi_emulated_signal' imported from /root/.swiftpm/swift-sdks/swift-6.4.x-DEVELOPMENT-SNAPSHOT-2026-09-04-a_wasm.artifactbundle/swift-6.4.x-DEVELOPMENT-SNAPSHOT-2026-09-04-a_wasm/wasm32-unknown-wasip1/swift.xctoolchain/usr/lib/swift_static/CoreFoundation/CoreFoundation.h:28:
 29 | #include <stddef.h>
 30 | #include <stdio.h>
<module-includes>:1:10: note: in file included from <module-includes>:1:
1 | #include "signal.h"
  |          `- note: in file included from <module-includes>:1:
2 |
/root/.swiftpm/swift-sdks/swift-6.4.x-DEVELOPMENT-SNAPSHOT-2026-09-04-a_wasm.artifactbundle/swift-6.4.x-DEVELOPMENT-SNAPSHOT-2026-09-04-a_wasm/wasm32-unknown-wasip1/WASI.sdk/include/wasm32-wasip1/signal.h:2:2: error: "wasm lacks signal support; to enable minimal signal emulation, compile with -D_WASI_EMULATED_SIGNAL and link with -lwasi-emulated-signal"
  1 | #ifndef _WASI_EMULATED_SIGNAL
  2 | #error "wasm lacks signal support; to enable minimal signal emulation, \
    |  `- error: "wasm lacks signal support; to enable minimal signal emulation, compile with -D_WASI_EMULATED_SIGNAL and link with -lwasi-emulated-signal"
  3 | compile with -D_WASI_EMULATED_SIGNAL and link with -lwasi-emulated-signal"
  4 | #else
<module-includes>:1:10: note: in file included from <module-includes>:1:
1 | #include "CoreFoundation.h"
  |          `- note: in file included from <module-includes>:1:
2 |
/root/.swiftpm/swift-sdks/swift-6.4.x-DEVELOPMENT-SNAPSHOT-2026-09-04-a_wasm.artifactbundle/swift-6.4.x-DEVELOPMENT-SNAPSHOT-2026-09-04-a_wasm/wasm32-unknown-wasip1/swift.xctoolchain/usr/lib/swift_static/CoreFoundation/CoreFoundation.h:28:10: error: could not build module 'wasi_emulated_signal'
 26 | #include <setjmp.h>
 27 | #endif
 28 | #include <signal.h>
    |          `- error: could not build module 'wasi_emulated_signal'
 29 | #include <stddef.h>
 30 | #include <stdio.h>
/root/.swiftpm/swift-sdks/swift-6.4.x-DEVELOPMENT-SNAPSHOT-2026-09-04-a_wasm.artifactbundle/swift-6.4.x-DEVELOPMENT-SNAPSHOT-2026-09-04-a_wasm/wasm32-unknown-wasip1/swift.xctoolchain/usr/lib/swift_static/CoreFoundation/ForSwiftFoundationOnly.h:86:10: note: while building module 'wasi_emulated_mman' imported from /root/.swiftpm/swift-sdks/swift-6.4.x-DEVELOPMENT-SNAPSHOT-2026-09-04-a_wasm.artifactbundle/swift-6.4.x-DEVELOPMENT-SNAPSHOT-2026-09-04-a_wasm/wasm32-unknown-wasip1/swift.xctoolchain/usr/lib/swift_static/CoreFoundation/ForSwiftFoundationOnly.h:86:
 84 | #undef _WASI_EMULATED_MMAN
 85 | #define _WASI_EMULATED_MMAN
 86 | #include <sys/mman.h>
    |          `- note: while building module 'wasi_emulated_mman' imported from /root/.swiftpm/swift-sdks/swift-6.4.x-DEVELOPMENT-SNAPSHOT-2026-09-04-a_wasm.artifactbundle/swift-6.4.x-DEVELOPMENT-SNAPSHOT-2026-09-04-a_wasm/wasm32-unknown-wasip1/swift.xctoolchain/usr/lib/swift_static/CoreFoundation/ForSwiftFoundationOnly.h:86:
 87 | #elif TARGET_OS_LINUX
 88 | #include <errno.h>
<module-includes>:1:10: note: in file included from <module-includes>:1:
1 | #include "sys/mman.h"
  |          `- note: in file included from <module-includes>:1:
2 |
/root/.swiftpm/swift-sdks/swift-6.4.x-DEVELOPMENT-SNAPSHOT-2026-09-04-a_wasm.artifactbundle/swift-6.4.x-DEVELOPMENT-SNAPSHOT-2026-09-04-a_wasm/wasm32-unknown-wasip1/WASI.sdk/include/wasm32-wasip1/sys/mman.h:2:2: error: "WASI lacks a true mmap; to enable minimal mmap emulation, compile with -D_WASI_EMULATED_MMAN and link with -lwasi-emulated-mman"
  1 | #ifndef _WASI_EMULATED_MMAN
  2 | #error "WASI lacks a true mmap; to enable minimal mmap emulation, \
    |  `- error: "WASI lacks a true mmap; to enable minimal mmap emulation, compile with -D_WASI_EMULATED_MMAN and link with -lwasi-emulated-mman"
  3 | compile with -D_WASI_EMULATED_MMAN and link with -lwasi-emulated-mman"
  4 | #else
/host/spi-builder-workspace/Sources/CoreJSONFoundation/FromFoundation.swift:26:8: error: could not build C module 'CoreFoundation'
 24 |
 25 | import Foundation
 26 | import CoreFoundation
    |        `- error: could not build C module 'CoreFoundation'
 27 | #if SWIFT_PACKAGE
 28 |     import CoreJSON
Failed frontend command:
/usr/bin/swift-frontend -frontend -emit-module -experimental-skip-non-inlinable-function-bodies-without-types /host/spi-builder-workspace/Sources/CoreJSONFoundation/FromFoundation.swift /host/spi-builder-workspace/Sources/CoreJSONFoundation/ToFoundation.swift -target wasm32-unknown-wasip1 -disable-objc-interop -sdk /root/.swiftpm/swift-sdks/swift-6.4.x-DEVELOPMENT-SNAPSHOT-2026-09-04-a_wasm.artifactbundle/swift-6.4.x-DEVELOPMENT-SNAPSHOT-2026-09-04-a_wasm/wasm32-unknown-wasip1/WASI.sdk -sysroot /root/.swiftpm/swift-sdks/swift-6.4.x-DEVELOPMENT-SNAPSHOT-2026-09-04-a_wasm.artifactbundle/swift-6.4.x-DEVELOPMENT-SNAPSHOT-2026-09-04-a_wasm/wasm32-unknown-wasip1/WASI.sdk -I /host/spi-builder-workspace/.build/out/Products/Debug-webassembly-wasm32 -module-cache-path /host/spi-builder-workspace/.build/out/ModuleCache.noindex -color-diagnostics -Xcc -fcolor-diagnostics -enable-testing -g -debug-info-format\=dwarf -dwarf-version\=4 -swift-version 5 -Onone -D SWIFT_PACKAGE -D DEBUG -D SWIFT_MODULE_RESOURCE_BUNDLE_UNAVAILABLE -D Xcode -serialize-debugging-options -enable-experimental-feature DebugDescriptionMacro -empty-abi-descriptor -external-plugin-path /usr/lib/swift/host/plugins/testing\#/usr/bin/swift-plugin-server -validate-clang-modules-once -clang-build-session-file /host/spi-builder-workspace/.build/out/ModuleCache.noindex/Session.modulevalidation -Xcc -working-directory -Xcc /host -resource-dir /root/.swiftpm/swift-sdks/swift-6.4.x-DEVELOPMENT-SNAPSHOT-2026-09-04-a_wasm.artifactbundle/swift-6.4.x-DEVELOPMENT-SNAPSHOT-2026-09-04-a_wasm/wasm32-unknown-wasip1/swift.xctoolchain/usr/lib/swift_static -use-static-resource-dir -enable-anonymous-context-mangled-names -file-compilation-dir /host -Xcc -resource-dir -Xcc /root/.swiftpm/swift-sdks/swift-6.4.x-DEVELOPMENT-SNAPSHOT-2026-09-04-a_wasm.artifactbundle/swift-6.4.x-DEVELOPMENT-SNAPSHOT-2026-09-04-a_wasm/wasm32-unknown-wasip1/swift.xctoolchain/usr/lib/swift_static/clang -Xcc -D_LIBCPP_HARDENING_MODE\=_LIBCPP_HARDENING_MODE_DEBUG -Xcc -fmodules-prune-interval\=86400 -Xcc -fmodules-prune-after\=345600 -Xcc -I/host/spi-builder-workspace/.build/out/Products/Debug-webassembly-wasm32/include -Xcc -I/host/spi-builder-workspace/.build/out/Intermediates.noindex/CoreJSON.build/Debug-webassembly-wasm32/CoreJSONFoundation-t.build/DerivedSources-normal/wasm32 -Xcc -I/host/spi-builder-workspace/.build/out/Intermediates.noindex/CoreJSON.build/Debug-webassembly-wasm32/CoreJSONFoundation-t.build/DerivedSources/wasm32 -Xcc -I/host/spi-builder-workspace/.build/out/Intermediates.noindex/CoreJSON.build/Debug-webassembly-wasm32/CoreJSONFoundation-t.build/DerivedSources -Xcc -DSWIFT_PACKAGE -Xcc -DDEBUG\=1 -no-auto-bridging-header-chaining -module-name CoreJSONFoundation -const-gather-protocols-file /host/spi-builder-workspace/.build/out/Intermediates.noindex/CoreJSON.build/Debug-webassembly-wasm32/CoreJSONFoundation-t.build/Objects-normal/wasm32/CoreJSONFoundation_const_extract_protocols.json -in-process-plugin-server-path /usr/lib/swift/host/libSwiftInProcPluginServer.so -plugin-path /usr/lib/swift/host/plugins -plugin-path /usr/local/lib/swift/host/plugins -emit-module-doc-path /host/spi-builder-workspace/.build/out/Intermediates.noindex/CoreJSON.build/Debug-webassembly-wasm32/CoreJSONFoundation-t.build/Objects-normal/wasm32/Modules/CoreJSONFoundation.swiftdoc -emit-module-source-info-path /host/spi-builder-workspace/.build/out/Intermediates.noindex/CoreJSON.build/Debug-webassembly-wasm32/CoreJSONFoundation-t.build/Objects-normal/wasm32/Modules/CoreJSONFoundation.swiftsourceinfo -emit-objc-header-path /host/spi-builder-workspace/.build/out/Intermediates.noindex/CoreJSON.build/Debug-webassembly-wasm32/CoreJSONFoundation-t.build/Objects-normal/wasm32/CoreJSONFoundation-Swift.h -serialize-diagnostics-path /host/spi-builder-workspace/.build/out/Intermediates.noindex/CoreJSON.build/Debug-webassembly-wasm32/CoreJSONFoundation-t.build/Objects-normal/wasm32/CoreJSONFoundation-primary-emit-module.dia -emit-dependencies-path /host/spi-builder-workspace/.build/out/Intermediates.noindex/CoreJSON.build/Debug-webassembly-wasm32/CoreJSONFoundation-t.build/Objects-normal/wasm32/CoreJSONFoundation-primary-emit-module.d -parse-as-library -o /host/spi-builder-workspace/.build/out/Intermediates.noindex/CoreJSON.build/Debug-webassembly-wasm32/CoreJSONFoundation-t.build/Objects-normal/wasm32/Modules/CoreJSONFoundation.swiftmodule
error: Build failed
BUILD FAILURE 6.4 wasm