The Swift Package Index logo.Swift Package Index

Build Information

Failed to build FileCheck, reference master (fae7b8), with Swift 6.4 for Android on 18 Sep 2026 05:28:14 UTC.

Build Command

bash -c docker run --pull=always --rm -v "checkouts-54344847-0":/host -w "$PWD" -e JAVA_HOME="/root/.sdkman/candidates/java/current" -e SPI_BUILD="1" -e SPI_PROCESSING="1" registry.gitlab.com/saguaro1/spi-images:android-6.4-latest swift build --swift-sdk aarch64-unknown-linux-android28 2>&1

Build Log

========================================
RunAll
========================================
Builder version: 5.1.0
Interrupt handler set up.
========================================
Checkout
========================================
Clone URL: https://github.com/llvm-swift/filecheck.git
Reference: master
Initialized empty Git repository in /host/spi-builder-workspace/.git/
hint: Using 'master' as the name for the initial branch. This default branch name
hint: is subject to change. To configure the initial branch name to use in all
hint: of your new repositories, which will suppress this warning, call:
hint:
hint: 	git config --global init.defaultBranch <name>
hint:
hint: Names commonly chosen instead of 'master' are 'main', 'trunk' and
hint: 'development'. The just-created branch can be renamed via this command:
hint:
hint: 	git branch -m <name>
From https://github.com/llvm-swift/filecheck
 * branch            master     -> FETCH_HEAD
 * [new branch]      master     -> origin/master
HEAD is now at fae7b88 fix documentation with argument name
Cloned https://github.com/llvm-swift/filecheck.git
Revision (git rev-parse @):
fae7b883f3fb3d79c10ec0a71992343b1c625b5c
SUCCESS checkout https://github.com/llvm-swift/filecheck.git at master
========================================
Build
========================================
Selected platform:         android
Swift version:             6.4
Building package at path:  $PWD
https://github.com/llvm-swift/filecheck.git
Running build ...
bash -c docker run --pull=always --rm -v "checkouts-54344847-0":/host -w "$PWD" -e JAVA_HOME="/root/.sdkman/candidates/java/current" -e SPI_BUILD="1" -e SPI_PROCESSING="1" registry.gitlab.com/saguaro1/spi-images:android-6.4-latest swift build --swift-sdk aarch64-unknown-linux-android28 2>&1
android-6.4-latest: Pulling from saguaro1/spi-images
Digest: sha256:abadcff584c273feba50641b454858d377ba30b35ea7287a94f45ebd8afd0ea0
Status: Image is up to date for registry.gitlab.com/saguaro1/spi-images:android-6.4-latest
Fetching https://github.com/apple/swift-argument-parser
Fetching https://github.com/mxcl/Chalk.git
[1/82] Fetching chalk
[83/19000] Fetching chalk, swift-argument-parser
Fetched https://github.com/mxcl/Chalk.git (0.77s)
Fetched https://github.com/apple/swift-argument-parser (0.77s)
Computing version for https://github.com/mxcl/Chalk.git
Computed https://github.com/mxcl/Chalk.git at 0.5.0 (0.96s)
Computing version for https://github.com/apple/swift-argument-parser
Computed https://github.com/apple/swift-argument-parser at 1.8.2 (0.19s)
Creating working copy for https://github.com/apple/swift-argument-parser
Working copy of https://github.com/apple/swift-argument-parser resolved at 1.8.2
Creating working copy for https://github.com/mxcl/Chalk.git
Working copy of https://github.com/mxcl/Chalk.git resolved at 0.5.0
Building for debugging...
[Pre-planning 1 / 184]
[Starting]
[46 / 79] ArgumentParserToolInfo
error: SwiftCompile normal aarch64 failed with a nonzero exit code. Command line:     cd /host

[57 / 89] Chalk
/host/spi-builder-workspace/.build/checkouts/Chalk/Chalk.swift:6:11: error: cannot find 'isatty' in scope
  4 |     if let cliColorForce = ProcessInfo.processInfo.environment["CLICOLOR_FORCE"],
  5 |        ["1", "yes", "true"].contains(cliColorForce) { return true}
  6 |     guard isatty(STDOUT_FILENO) == 1 else { return false }
    |           `- error: cannot find 'isatty' in scope
  7 | #if os(macOS)
  8 |     if let xpcServiceName = ProcessInfo.processInfo.environment["XPC_SERVICE_NAME"],
/host/spi-builder-workspace/.build/checkouts/Chalk/Chalk.swift:6:18: error: cannot find 'STDOUT_FILENO' in scope
  4 |     if let cliColorForce = ProcessInfo.processInfo.environment["CLICOLOR_FORCE"],
  5 |        ["1", "yes", "true"].contains(cliColorForce) { return true}
  6 |     guard isatty(STDOUT_FILENO) == 1 else { return false }
    |                  `- error: cannot find 'STDOUT_FILENO' in scope
  7 | #if os(macOS)
  8 |     if let xpcServiceName = ProcessInfo.processInfo.environment["XPC_SERVICE_NAME"],
Failed frontend command:
/root/.local/share/swiftly/toolchains/6.4.x-snapshot-2026-09-04/usr/bin/swift-frontend -frontend -emit-module -experimental-skip-non-inlinable-function-bodies-without-types /host/spi-builder-workspace/.build/checkouts/Chalk/Chalk.swift -target aarch64-unknown-linux-android28 -Xllvm -aarch64-use-tbi -disable-objc-interop -sdk /android-ndk/android-ndk-r27d/toolchains/llvm/prebuilt/linux-x86_64/sysroot -sysroot /android-ndk/android-ndk-r27d/toolchains/llvm/prebuilt/linux-x86_64/sysroot -I /host/spi-builder-workspace/.build/out/Products/Debug-android-aarch64 -module-cache-path /host/spi-builder-workspace/.build/out/ModuleCache.noindex -color-diagnostics -Xcc -fcolor-diagnostics -enable-testing -g -debug-info-format\=dwarf -dwarf-version\=4 -suppress-warnings -swift-version 5 -Onone -D SWIFT_PACKAGE -D DEBUG -D SWIFT_MODULE_RESOURCE_BUNDLE_UNAVAILABLE -D Xcode -serialize-debugging-options -enable-experimental-feature DebugDescriptionMacro -empty-abi-descriptor -external-plugin-path /root/.local/share/swiftly/toolchains/6.4.x-snapshot-2026-09-04/usr/lib/swift/host/plugins/testing\#/root/.local/share/swiftly/toolchains/6.4.x-snapshot-2026-09-04/usr/bin/swift-plugin-server -validate-clang-modules-once -clang-build-session-file /host/spi-builder-workspace/.build/out/ModuleCache.noindex/Session.modulevalidation -Xcc -working-directory -Xcc /host -resource-dir /root/.swiftpm/swift-sdks/swift-6.4.x-DEVELOPMENT-SNAPSHOT-2026-09-04-a_android.artifactbundle/swift-android/swift-resources/usr/lib/swift-aarch64 -enable-anonymous-context-mangled-names -file-compilation-dir /host -Xcc -resource-dir -Xcc /android-ndk/android-ndk-r27d/toolchains/llvm/prebuilt/linux-x86_64/lib/clang/18 -Xcc -fno-omit-frame-pointer -Xcc -D_LIBCPP_HARDENING_MODE\=_LIBCPP_HARDENING_MODE_DEBUG -Xcc -fmodules-prune-interval\=86400 -Xcc -fmodules-prune-after\=345600 -Xcc -I/host/spi-builder-workspace/.build/out/Products/Debug-android-aarch64/include -Xcc -I/host/spi-builder-workspace/.build/out/Intermediates.noindex/Chalk.build/Debug-android-aarch64/Chalk-t.build/DerivedSources-normal/aarch64 -Xcc -I/host/spi-builder-workspace/.build/out/Intermediates.noindex/Chalk.build/Debug-android-aarch64/Chalk-t.build/DerivedSources/aarch64 -Xcc -I/host/spi-builder-workspace/.build/out/Intermediates.noindex/Chalk.build/Debug-android-aarch64/Chalk-t.build/DerivedSources -Xcc -DSWIFT_PACKAGE -Xcc -DDEBUG\=1 -no-auto-bridging-header-chaining -module-name Chalk -const-gather-protocols-file /host/spi-builder-workspace/.build/out/Intermediates.noindex/Chalk.build/Debug-android-aarch64/Chalk-t.build/Objects-normal/aarch64/Chalk_const_extract_protocols.json -in-process-plugin-server-path /root/.local/share/swiftly/toolchains/6.4.x-snapshot-2026-09-04/usr/lib/swift/host/libSwiftInProcPluginServer.so -plugin-path /root/.local/share/swiftly/toolchains/6.4.x-snapshot-2026-09-04/usr/lib/swift/host/plugins -plugin-path /root/.local/share/swiftly/toolchains/6.4.x-snapshot-2026-09-04/usr/local/lib/swift/host/plugins -emit-module-doc-path /host/spi-builder-workspace/.build/out/Intermediates.noindex/Chalk.build/Debug-android-aarch64/Chalk-t.build/Objects-normal/aarch64/Modules/Chalk.swiftdoc -emit-module-source-info-path /host/spi-builder-workspace/.build/out/Intermediates.noindex/Chalk.build/Debug-android-aarch64/Chalk-t.build/Objects-normal/aarch64/Modules/Chalk.swiftsourceinfo -emit-objc-header-path /host/spi-builder-workspace/.build/out/Intermediates.noindex/Chalk.build/Debug-android-aarch64/Chalk-t.build/Objects-normal/aarch64/Chalk-Swift.h -serialize-diagnostics-path /host/spi-builder-workspace/.build/out/Intermediates.noindex/Chalk.build/Debug-android-aarch64/Chalk-t.build/Objects-normal/aarch64/Chalk-primary-emit-module.dia -emit-dependencies-path /host/spi-builder-workspace/.build/out/Intermediates.noindex/Chalk.build/Debug-android-aarch64/Chalk-t.build/Objects-normal/aarch64/Chalk-primary-emit-module.d -parse-as-library -o /host/spi-builder-workspace/.build/out/Intermediates.noindex/Chalk.build/Debug-android-aarch64/Chalk-t.build/Objects-normal/aarch64/Modules/Chalk.swiftmodule
error: Build failed
BUILD FAILURE 6.4 android