The Swift Package Index logo.Swift Package Index

Build Information

Failed to build Ollama, reference main (63a889), with Swift 6.4 for Wasm on 22 Sep 2026 17:48:13 UTC.

Build Command

bash -c docker run --pull=always --rm -v "checkouts-54344845-0":/host -w "$PWD" -e JAVA_HOME="/root/.sdkman/candidates/java/current" -e SPI_BUILD="1" -e SPI_PROCESSING="1" registry.gitlab.com/saguaro1/spi-images:wasm-6.4-latest swift build --swift-sdk swift-6.4.x-DEVELOPMENT-SNAPSHOT-2026-09-04-a_wasm 2>&1

Build Log

========================================
RunAll
========================================
Builder version: 5.1.0
Interrupt handler set up.
========================================
Checkout
========================================
Clone URL: https://github.com/mattt/ollama-swift.git
Reference: main
Initialized empty Git repository in /host/spi-builder-workspace/.git/
hint: Using 'master' as the name for the initial branch. This default branch name
hint: is subject to change. To configure the initial branch name to use in all
hint: of your new repositories, which will suppress this warning, call:
hint:
hint: 	git config --global init.defaultBranch <name>
hint:
hint: Names commonly chosen instead of 'master' are 'main', 'trunk' and
hint: 'development'. The just-created branch can be renamed via this command:
hint:
hint: 	git branch -m <name>
From https://github.com/mattt/ollama-swift
 * branch            main       -> FETCH_HEAD
 * [new branch]      main       -> origin/main
HEAD is now at 63a8891 Transfer project from Loopwork (#28)
Cloned https://github.com/mattt/ollama-swift.git
Revision (git rev-parse @):
63a8891509399450322b19786b129024b612bcf3
SUCCESS checkout https://github.com/mattt/ollama-swift.git at main
========================================
Build
========================================
Selected platform:         wasm
Swift version:             6.4
Building package at path:  $PWD
https://github.com/mattt/ollama-swift.git
Running build ...
bash -c docker run --pull=always --rm -v "checkouts-54344845-0":/host -w "$PWD" -e JAVA_HOME="/root/.sdkman/candidates/java/current" -e SPI_BUILD="1" -e SPI_PROCESSING="1" registry.gitlab.com/saguaro1/spi-images:wasm-6.4-latest swift build --swift-sdk swift-6.4.x-DEVELOPMENT-SNAPSHOT-2026-09-04-a_wasm 2>&1
wasm-6.4-latest: Pulling from saguaro1/spi-images
Digest: sha256:4328fdb43c680d205c1d6761b1e3267aa38277eefdda9ddfb17b6a0f1a77857a
Status: Image is up to date for registry.gitlab.com/saguaro1/spi-images:wasm-6.4-latest
Building for debugging...
[Planning deferred tasks]
error: SwiftCompile normal wasm32 failed with a nonzero exit code. Command line:     cd /host

/host/spi-builder-workspace/Sources/Ollama/Client.swift:37:31: error: 'URLSession' (aka 'AnyObject') cannot be constructed because it has no accessible initializers
  35 |     ///   - userAgent: The value for the `User-Agent` header sent in requests, if any. Defaults to `nil`.
  36 |     public init(
  37 |         session: URLSession = URLSession(configuration: .default),
     |                               `- error: 'URLSession' (aka 'AnyObject') cannot be constructed because it has no accessible initializers
  38 |         host: URL,
  39 |         userAgent: String? = nil
/host/spi-builder-workspace/Sources/Ollama/Client.swift:37:31: error: default argument value of type '_' cannot be converted to type 'AnyObject'
  35 |     ///   - userAgent: The value for the `User-Agent` header sent in requests, if any. Defaults to `nil`.
  36 |     public init(
  37 |         session: URLSession = URLSession(configuration: .default),
     |                               `- error: default argument value of type '_' cannot be converted to type 'AnyObject'
  38 |         host: URL,
  39 |         userAgent: String? = nil
/host/spi-builder-workspace/Sources/Ollama/Client.swift:28:26: error: 'URLSession' is unavailable: This type has moved to the FoundationNetworking module. Import that module to use it.
  26 |
  27 |     /// The underlying client session.
  28 |     private let session: URLSession
     |                          `- error: 'URLSession' is unavailable: This type has moved to the FoundationNetworking module. Import that module to use it.
  29 |
  30 |     /// Creates a client with the specified session, host, and user agent.
Foundation.URLSession:2:18: note: 'URLSession' has been explicitly marked unavailable here
1 | @available(*, unavailable, message: "This type has moved to the FoundationNetworking module. Import that module to use it.")
2 | public typealias URLSession = AnyObject
  |                  `- note: 'URLSession' has been explicitly marked unavailable here
/host/spi-builder-workspace/Sources/Ollama/Client.swift:37:18: error: 'URLSession' is unavailable: This type has moved to the FoundationNetworking module. Import that module to use it.
  35 |     ///   - userAgent: The value for the `User-Agent` header sent in requests, if any. Defaults to `nil`.
  36 |     public init(
  37 |         session: URLSession = URLSession(configuration: .default),
     |                  `- error: 'URLSession' is unavailable: This type has moved to the FoundationNetworking module. Import that module to use it.
  38 |         host: URL,
  39 |         userAgent: String? = nil
Foundation.URLSession:2:18: note: 'URLSession' has been explicitly marked unavailable here
1 | @available(*, unavailable, message: "This type has moved to the FoundationNetworking module. Import that module to use it.")
2 | public typealias URLSession = AnyObject
  |                  `- note: 'URLSession' has been explicitly marked unavailable here
/host/spi-builder-workspace/Sources/Ollama/Client.swift:57:38: error: 'HTTPURLResponse' is unavailable: This type has moved to the FoundationNetworking module. Import that module to use it.
  55 |
  56 |         /// An error returned by the Ollama HTTP API.
  57 |         case responseError(response: HTTPURLResponse, detail: String)
     |                                      `- error: 'HTTPURLResponse' is unavailable: This type has moved to the FoundationNetworking module. Import that module to use it.
  58 |
  59 |         /// An error encountered while decoding the response.
Foundation.HTTPURLResponse:2:18: note: 'HTTPURLResponse' has been explicitly marked unavailable here
1 | @available(*, unavailable, message: "This type has moved to the FoundationNetworking module. Import that module to use it.")
2 | public typealias HTTPURLResponse = AnyObject
  |                  `- note: 'HTTPURLResponse' has been explicitly marked unavailable here
/host/spi-builder-workspace/Sources/Ollama/Client.swift:60:38: error: 'HTTPURLResponse' is unavailable: This type has moved to the FoundationNetworking module. Import that module to use it.
  58 |
  59 |         /// An error encountered while decoding the response.
  60 |         case decodingError(response: HTTPURLResponse, detail: String)
     |                                      `- error: 'HTTPURLResponse' is unavailable: This type has moved to the FoundationNetworking module. Import that module to use it.
  61 |
  62 |         /// An unexpected error.
Foundation.HTTPURLResponse:2:18: note: 'HTTPURLResponse' has been explicitly marked unavailable here
1 | @available(*, unavailable, message: "This type has moved to the FoundationNetworking module. Import that module to use it.")
2 | public typealias HTTPURLResponse = AnyObject
  |                  `- note: 'HTTPURLResponse' has been explicitly marked unavailable here
/host/spi-builder-workspace/Sources/Ollama/Client.swift:57:14: warning: associated value 'responseError(response:detail:)' of 'Sendable'-conforming enum 'Error' contains non-Sendable type 'AnyObject'
  55 |
  56 |         /// An error returned by the Ollama HTTP API.
  57 |         case responseError(response: HTTPURLResponse, detail: String)
     |              `- warning: associated value 'responseError(response:detail:)' of 'Sendable'-conforming enum 'Error' contains non-Sendable type 'AnyObject'
  58 |
  59 |         /// An error encountered while decoding the response.
/host/spi-builder-workspace/Sources/Ollama/Client.swift:60:14: warning: associated value 'decodingError(response:detail:)' of 'Sendable'-conforming enum 'Error' contains non-Sendable type 'AnyObject'
  58 |
  59 |         /// An error encountered while decoding the response.
  60 |         case decodingError(response: HTTPURLResponse, detail: String)
     |              `- warning: associated value 'decodingError(response:detail:)' of 'Sendable'-conforming enum 'Error' contains non-Sendable type 'AnyObject'
  61 |
  62 |         /// An unexpected error.
/host/spi-builder-workspace/Sources/Ollama/Client.swift:206:17: error: cannot find type 'URLRequest' in scope
 204 |         _ path: String,
 205 |         params: [String: Value]? = nil
 206 |     ) throws -> URLRequest {
     |                 `- error: cannot find type 'URLRequest' in scope
 207 |         var urlComponents = URLComponents(url: host, resolvingAgainstBaseURL: true)
 208 |         urlComponents?.path = path
/host/spi-builder-workspace/Sources/Ollama/Client.swift:247:47: error: 'URLResponse' is unavailable: This type has moved to the FoundationNetworking module. Import that module to use it.
 245 |     }
 246 |
 247 |     private func validateResponse(_ response: URLResponse) throws -> HTTPURLResponse {
     |                                               `- error: 'URLResponse' is unavailable: This type has moved to the FoundationNetworking module. Import that module to use it.
 248 |         guard let httpResponse = response as? HTTPURLResponse else {
 249 |             throw Error.unexpectedError("Response is not HTTPURLResponse")
Foundation.URLResponse:2:18: note: 'URLResponse' has been explicitly marked unavailable here
1 | @available(*, unavailable, message: "This type has moved to the FoundationNetworking module. Import that module to use it.")
2 | public typealias URLResponse = AnyObject
  |                  `- note: 'URLResponse' has been explicitly marked unavailable here
/host/spi-builder-workspace/Sources/Ollama/Client.swift:247:70: error: 'HTTPURLResponse' is unavailable: This type has moved to the FoundationNetworking module. Import that module to use it.
 245 |     }
 246 |
 247 |     private func validateResponse(_ response: URLResponse) throws -> HTTPURLResponse {
     |                                                                      `- error: 'HTTPURLResponse' is unavailable: This type has moved to the FoundationNetworking module. Import that module to use it.
 248 |         guard let httpResponse = response as? HTTPURLResponse else {
 249 |             throw Error.unexpectedError("Response is not HTTPURLResponse")
Foundation.HTTPURLResponse:2:18: note: 'HTTPURLResponse' has been explicitly marked unavailable here
1 | @available(*, unavailable, message: "This type has moved to the FoundationNetworking module. Import that module to use it.")
2 | public typealias HTTPURLResponse = AnyObject
  |                  `- note: 'HTTPURLResponse' has been explicitly marked unavailable here
Failed frontend command:
/usr/bin/swift-frontend -frontend -emit-module -experimental-skip-non-inlinable-function-bodies-without-types /host/spi-builder-workspace/Sources/Ollama/Chat.swift /host/spi-builder-workspace/Sources/Ollama/Client.swift /host/spi-builder-workspace/Sources/Ollama/Embeddings.swift /host/spi-builder-workspace/Sources/Ollama/Extensions/Data+Extensions.swift /host/spi-builder-workspace/Sources/Ollama/Extensions/JSONDecoder+Extensions.swift /host/spi-builder-workspace/Sources/Ollama/KeepAlive.swift /host/spi-builder-workspace/Sources/Ollama/Model.swift /host/spi-builder-workspace/Sources/Ollama/Tool.swift /host/spi-builder-workspace/Sources/Ollama/Value.swift -target wasm32-unknown-wasip1 -disable-objc-interop -sdk /root/.swiftpm/swift-sdks/swift-6.4.x-DEVELOPMENT-SNAPSHOT-2026-09-04-a_wasm.artifactbundle/swift-6.4.x-DEVELOPMENT-SNAPSHOT-2026-09-04-a_wasm/wasm32-unknown-wasip1/WASI.sdk -sysroot /root/.swiftpm/swift-sdks/swift-6.4.x-DEVELOPMENT-SNAPSHOT-2026-09-04-a_wasm.artifactbundle/swift-6.4.x-DEVELOPMENT-SNAPSHOT-2026-09-04-a_wasm/wasm32-unknown-wasip1/WASI.sdk -I /host/spi-builder-workspace/.build/out/Products/Debug-webassembly-wasm32 -module-cache-path /host/spi-builder-workspace/.build/out/ModuleCache.noindex -color-diagnostics -Xcc -fcolor-diagnostics -enable-testing -g -debug-info-format\=dwarf -dwarf-version\=4 -swift-version 6 -Onone -D SWIFT_PACKAGE -D DEBUG -D SWIFT_MODULE_RESOURCE_BUNDLE_UNAVAILABLE -D Xcode -serialize-debugging-options -enable-experimental-feature DebugDescriptionMacro -empty-abi-descriptor -external-plugin-path /usr/lib/swift/host/plugins/testing\#/usr/bin/swift-plugin-server -validate-clang-modules-once -clang-build-session-file /host/spi-builder-workspace/.build/out/ModuleCache.noindex/Session.modulevalidation -Xcc -working-directory -Xcc /host -resource-dir /root/.swiftpm/swift-sdks/swift-6.4.x-DEVELOPMENT-SNAPSHOT-2026-09-04-a_wasm.artifactbundle/swift-6.4.x-DEVELOPMENT-SNAPSHOT-2026-09-04-a_wasm/wasm32-unknown-wasip1/swift.xctoolchain/usr/lib/swift_static -use-static-resource-dir -enable-anonymous-context-mangled-names -file-compilation-dir /host -Xcc -resource-dir -Xcc /root/.swiftpm/swift-sdks/swift-6.4.x-DEVELOPMENT-SNAPSHOT-2026-09-04-a_wasm.artifactbundle/swift-6.4.x-DEVELOPMENT-SNAPSHOT-2026-09-04-a_wasm/wasm32-unknown-wasip1/swift.xctoolchain/usr/lib/swift_static/clang -Xcc -D_LIBCPP_HARDENING_MODE\=_LIBCPP_HARDENING_MODE_DEBUG -Xcc -fmodules-prune-interval\=86400 -Xcc -fmodules-prune-after\=345600 -Xcc -I/host/spi-builder-workspace/.build/out/Products/Debug-webassembly-wasm32/include -Xcc -I/host/spi-builder-workspace/.build/out/Intermediates.noindex/Ollama.build/Debug-webassembly-wasm32/Ollama-t.build/DerivedSources-normal/wasm32 -Xcc -I/host/spi-builder-workspace/.build/out/Intermediates.noindex/Ollama.build/Debug-webassembly-wasm32/Ollama-t.build/DerivedSources/wasm32 -Xcc -I/host/spi-builder-workspace/.build/out/Intermediates.noindex/Ollama.build/Debug-webassembly-wasm32/Ollama-t.build/DerivedSources -Xcc -DSWIFT_PACKAGE -Xcc -DDEBUG\=1 -no-auto-bridging-header-chaining -module-name Ollama -package-name spi_builder_workspace -const-gather-protocols-file /host/spi-builder-workspace/.build/out/Intermediates.noindex/Ollama.build/Debug-webassembly-wasm32/Ollama-t.build/Objects-normal/wasm32/Ollama_const_extract_protocols.json -in-process-plugin-server-path /usr/lib/swift/host/libSwiftInProcPluginServer.so -plugin-path /usr/lib/swift/host/plugins -plugin-path /usr/local/lib/swift/host/plugins -emit-module-doc-path /host/spi-builder-workspace/.build/out/Intermediates.noindex/Ollama.build/Debug-webassembly-wasm32/Ollama-t.build/Objects-normal/wasm32/Modules/Ollama.swiftdoc -emit-module-source-info-path /host/spi-builder-workspace/.build/out/Intermediates.noindex/Ollama.build/Debug-webassembly-wasm32/Ollama-t.build/Objects-normal/wasm32/Modules/Ollama.swiftsourceinfo -emit-objc-header-path /host/spi-builder-workspace/.build/out/Intermediates.noindex/Ollama.build/Debug-webassembly-wasm32/Ollama-t.build/Objects-normal/wasm32/Ollama-Swift.h -serialize-diagnostics-path /host/spi-builder-workspace/.build/out/Intermediates.noindex/Ollama.build/Debug-webassembly-wasm32/Ollama-t.build/Objects-normal/wasm32/Ollama-primary-emit-module.dia -emit-dependencies-path /host/spi-builder-workspace/.build/out/Intermediates.noindex/Ollama.build/Debug-webassembly-wasm32/Ollama-t.build/Objects-normal/wasm32/Ollama-primary-emit-module.d -parse-as-library -o /host/spi-builder-workspace/.build/out/Intermediates.noindex/Ollama.build/Debug-webassembly-wasm32/Ollama-t.build/Objects-normal/wasm32/Modules/Ollama.swiftmodule
error: Build failed
BUILD FAILURE 6.4 wasm