Build Information
Failed to build MKUnits, reference 4.2.0 (ee7e7b), with Swift 6.4 for watchOS using Xcode 27.0 on 24 Sep 2026 08:59:24 UTC.
Build Command
env DEVELOPER_DIR=/Applications/Xcode-27.0.0-Release.Candidate.app xcrun xcodebuild -IDEClonedSourcePackagesDirPathOverride=$PWD/.dependencies -skipMacroValidation -skipPackagePluginValidation -derivedDataPath $PWD/.derivedData build -scheme MKUnits-Package -destination generic/platform=watchOSBuild Log
========================================
RunAll
========================================
Builder version: 5.1.0
Interrupt handler set up.
========================================
Checkout
========================================
Clone URL: https://github.com/michalkonturek/MKUnits.git
Reference: 4.2.0
Initialized empty Git repository in /Users/admin/builder/spi-builder-workspace/.git/
From https://github.com/michalkonturek/MKUnits
* tag 4.2.0 -> FETCH_HEAD
HEAD is now at ee7e7ba Fix changelog to match actual git tags and add 4.2.0 entry
Cloned https://github.com/michalkonturek/MKUnits.git
Revision (git rev-parse @):
ee7e7ba8590b332f1ac187d3ea74616c7f14f4ab
SUCCESS checkout https://github.com/michalkonturek/MKUnits.git at 4.2.0
========================================
Build
========================================
Selected platform: watchOS
Swift version: 6.4
Building package at path: $PWD
https://github.com/michalkonturek/MKUnits.git
Command line invocation:
/Applications/Xcode-27.0.0-Release.Candidate.app/Contents/Developer/usr/bin/xcodebuild -IDEClonedSourcePackagesDirPathOverride=/Users/admin/builder/spi-builder-workspace/.dependencies -resolvePackageDependencies
Resolve Package Graph
Resolve Package Graph
Resolved source packages:
MKUnits: /Users/admin/builder/spi-builder-workspace
resolved source packages: MKUnits
2026-09-24 04:58:42.492 xcodebuild[529:3015] [MT] IDERunDestination: Supported platforms for the buildables in the current scheme is empty.
{
"dependencies" : [
],
"manifest_display_name" : "MKUnits",
"name" : "MKUnits",
"path" : "/Users/admin/builder/spi-builder-workspace",
"platforms" : [
{
"name" : "ios",
"version" : "16.0"
},
{
"name" : "macos",
"version" : "13.0"
},
{
"name" : "tvos",
"version" : "16.0"
},
{
"name" : "watchos",
"version" : "9.0"
},
{
"name" : "visionos",
"version" : "1.0"
}
],
"products" : [
{
"name" : "MKUnits",
"targets" : [
"MKUnits"
],
"type" : {
"library" : [
"automatic"
]
}
},
{
"name" : "demo",
"targets" : [
"demo"
],
"type" : {
"executable" : null
}
}
],
"targets" : [
{
"c99name" : "demo",
"module_type" : "SwiftTarget",
"name" : "demo",
"path" : "Demo",
"product_memberships" : [
"demo"
],
"sources" : [
"main.swift"
],
"target_dependencies" : [
"MKUnits"
],
"type" : "executable"
},
{
"c99name" : "MKUnitsTests",
"module_type" : "SwiftTarget",
"name" : "MKUnitsTests",
"path" : "Tests/MKUnitsTests",
"sources" : [
"AreaUnitImperialTests.swift",
"AreaUnitTests.swift",
"ByteUnitTests.swift",
"EnergyUnitTests.swift",
"LengthUnitImperialTests.swift",
"LengthUnitTests.swift",
"MassUnitImperialTests.swift",
"MassUnitTests.swift",
"QuantityTests.swift",
"TemperatureUnitTests.swift",
"TimeUnitTests.swift",
"UnitTests.swift",
"VolumeUnitImperialTests.swift",
"VolumeUnitTests.swift",
"VolumeUnitUSTests.swift"
],
"target_dependencies" : [
"MKUnits"
],
"type" : "test"
},
{
"c99name" : "MKUnits",
"module_type" : "SwiftTarget",
"name" : "MKUnits",
"path" : "Sources/MKUnits",
"product_memberships" : [
"MKUnits",
"demo"
],
"sources" : [
"AreaUnit+Imperial.swift",
"AreaUnit.swift",
"ByteUnit.swift",
"EnergyUnit.swift",
"LengthUnit+Imperial.swift",
"LengthUnit.swift",
"MassUnit+Imperial.swift",
"MassUnit.swift",
"Quantity.swift",
"TemperatureUnit+Extensions.swift",
"TemperatureUnit.swift",
"TimeUnit.swift",
"Unit.swift",
"VolumeUnit+Imperial.swift",
"VolumeUnit+US.swift",
"VolumeUnit.swift"
],
"type" : "library"
}
],
"tools_version" : "6.0"
}
{
"workspace" : {
"name" : "MKUnits",
"schemes" : [
"demo",
"MKUnits",
"MKUnits-Package"
]
}
}
2026-09-24 04:59:14.311 xcodebuild[626:3812] [MT] IDERunDestination: Supported platforms for the buildables in the current scheme is empty.
Running build ...
env DEVELOPER_DIR=/Applications/Xcode-27.0.0-Release.Candidate.app xcrun xcodebuild -IDEClonedSourcePackagesDirPathOverride=$PWD/.dependencies -skipMacroValidation -skipPackagePluginValidation -derivedDataPath $PWD/.derivedData build -scheme MKUnits-Package -destination generic/platform=watchOS
Command line invocation:
/Applications/Xcode-27.0.0-Release.Candidate.app/Contents/Developer/usr/bin/xcodebuild -IDEClonedSourcePackagesDirPathOverride=/Users/admin/builder/spi-builder-workspace/.dependencies -skipMacroValidation -skipPackagePluginValidation -derivedDataPath /Users/admin/builder/spi-builder-workspace/.derivedData build -scheme MKUnits-Package -destination generic/platform=watchOS
Resolve Package Graph
Resolved source packages:
MKUnits: /Users/admin/builder/spi-builder-workspace
ComputePackagePrebuildTargetDependencyGraph
Prepare packages
CreateBuildRequest
SendProjectDescription
CreateBuildOperation
ComputeTargetDependencyGraph
note: Building targets in dependency order
note: Target dependency graph (3 targets)
Target 'demo-product' in project 'MKUnits'
➜ Explicit dependency on target 'MKUnits' in project 'MKUnits'
Target 'MKUnits-product' in project 'MKUnits'
➜ Explicit dependency on target 'MKUnits' in project 'MKUnits'
Target 'MKUnits' in project 'MKUnits' (no dependencies)
GatherProvisioningInputs
CreateBuildDescription
ExecuteExternalTool /Applications/Xcode-27.0.0-Release.Candidate.app/Contents/Developer/Toolchains/XcodeDefault.xctoolchain/usr/bin/clang -v -E -dM -isysroot /Applications/Xcode-27.0.0-Release.Candidate.app/Contents/Developer/Platforms/WatchOS.platform/Developer/SDKs/WatchOS27.0.sdk -x c -c /dev/null
ExecuteExternalTool /Applications/Xcode-27.0.0-Release.Candidate.app/Contents/Developer/Toolchains/XcodeDefault.xctoolchain/usr/bin/swiftc --version
ExecuteExternalTool /Applications/Xcode-27.0.0-Release.Candidate.app/Contents/Developer/Toolchains/XcodeDefault.xctoolchain/usr/bin/ld -version_details
Build description signature: 149a6dabdb7ee83d11a72520d38f0c43
Build description path: /Users/admin/builder/spi-builder-workspace/.derivedData/Build/Intermediates.noindex/XCBuildData/149a6dabdb7ee83d11a72520d38f0c43.xcbuilddata
CreateBuildDirectory /Users/admin/builder/spi-builder-workspace/.derivedData/SDKExplicitPrecompiledModules
cd /Users/admin/builder/spi-builder-workspace/.swiftpm/xcode
builtin-create-build-directory /Users/admin/builder/spi-builder-workspace/.derivedData/SDKExplicitPrecompiledModules
CreateBuildDirectory /Users/admin/builder/spi-builder-workspace/.derivedData/ModuleCache.noindex
cd /Users/admin/builder/spi-builder-workspace/.swiftpm/xcode
builtin-create-build-directory /Users/admin/builder/spi-builder-workspace/.derivedData/ModuleCache.noindex
CreateBuildDirectory /Users/admin/builder/spi-builder-workspace/.derivedData/CompilationCache.noindex
cd /Users/admin/builder/spi-builder-workspace/.swiftpm/xcode
builtin-create-build-directory /Users/admin/builder/spi-builder-workspace/.derivedData/CompilationCache.noindex
ClangStatCache /Applications/Xcode-27.0.0-Release.Candidate.app/Contents/Developer/Toolchains/XcodeDefault.xctoolchain/usr/bin/clang-stat-cache /Applications/Xcode-27.0.0-Release.Candidate.app/Contents/Developer/Platforms/WatchOS.platform/Developer/SDKs/WatchOS27.0.sdk /Users/admin/builder/spi-builder-workspace/.derivedData/SDKStatCaches.noindex/watchos27.0-24R360-e829b21a6f8c9b70876ba0858053c04477534ef55a1706bf4c1112bbb242f0a2.sdkstatcache
cd /Users/admin/builder/spi-builder-workspace/.swiftpm/xcode
/Applications/Xcode-27.0.0-Release.Candidate.app/Contents/Developer/Toolchains/XcodeDefault.xctoolchain/usr/bin/clang-stat-cache /Applications/Xcode-27.0.0-Release.Candidate.app/Contents/Developer/Platforms/WatchOS.platform/Developer/SDKs/WatchOS27.0.sdk -o /Users/admin/builder/spi-builder-workspace/.derivedData/SDKStatCaches.noindex/watchos27.0-24R360-e829b21a6f8c9b70876ba0858053c04477534ef55a1706bf4c1112bbb242f0a2.sdkstatcache
CreateBuildDirectory /Users/admin/builder/spi-builder-workspace/.derivedData/Build/Products
cd /Users/admin/builder/spi-builder-workspace/.swiftpm/xcode
builtin-create-build-directory /Users/admin/builder/spi-builder-workspace/.derivedData/Build/Products
CreateBuildDirectory /Users/admin/builder/spi-builder-workspace/.derivedData/Build/Intermediates.noindex
cd /Users/admin/builder/spi-builder-workspace/.swiftpm/xcode
builtin-create-build-directory /Users/admin/builder/spi-builder-workspace/.derivedData/Build/Intermediates.noindex
CreateBuildDirectory /Users/admin/builder/spi-builder-workspace/.derivedData/Build/Intermediates.noindex/SwiftExplicitPrecompiledModules
cd /Users/admin/builder/spi-builder-workspace/.swiftpm/xcode
builtin-create-build-directory /Users/admin/builder/spi-builder-workspace/.derivedData/Build/Intermediates.noindex/SwiftExplicitPrecompiledModules
CreateBuildDirectory /Users/admin/builder/spi-builder-workspace/.derivedData/Build/Intermediates.noindex/PrecompiledHeaders
cd /Users/admin/builder/spi-builder-workspace/.swiftpm/xcode
builtin-create-build-directory /Users/admin/builder/spi-builder-workspace/.derivedData/Build/Intermediates.noindex/PrecompiledHeaders
CreateBuildDirectory /Users/admin/builder/spi-builder-workspace/.derivedData/Build/Intermediates.noindex/EagerLinkingTBDs/Debug-watchos
cd /Users/admin/builder/spi-builder-workspace/.swiftpm/xcode
builtin-create-build-directory /Users/admin/builder/spi-builder-workspace/.derivedData/Build/Intermediates.noindex/EagerLinkingTBDs/Debug-watchos
CreateBuildDirectory /Users/admin/builder/spi-builder-workspace/.derivedData/Build/Intermediates.noindex/ExplicitPrecompiledModules
cd /Users/admin/builder/spi-builder-workspace/.swiftpm/xcode
builtin-create-build-directory /Users/admin/builder/spi-builder-workspace/.derivedData/Build/Intermediates.noindex/ExplicitPrecompiledModules
CreateBuildDirectory /Users/admin/builder/spi-builder-workspace/.derivedData/Build/Products/Debug-watchos
cd /Users/admin/builder/spi-builder-workspace/.swiftpm/xcode
builtin-create-build-directory /Users/admin/builder/spi-builder-workspace/.derivedData/Build/Products/Debug-watchos
CreateBuildDirectory /Users/admin/builder/spi-builder-workspace/.derivedData/Build/Products/Debug-watchos/PackageFrameworks
cd /Users/admin/builder/spi-builder-workspace/.swiftpm/xcode
builtin-create-build-directory /Users/admin/builder/spi-builder-workspace/.derivedData/Build/Products/Debug-watchos/PackageFrameworks
WriteAuxiliaryFile /Users/admin/builder/spi-builder-workspace/.derivedData/Build/Intermediates.noindex/MKUnits.build/Debug-watchos/demo-p.build/demo.DependencyMetadataFileList (in target 'demo-product' from project 'MKUnits')
cd /Users/admin/builder/spi-builder-workspace
write-file /Users/admin/builder/spi-builder-workspace/.derivedData/Build/Intermediates.noindex/MKUnits.build/Debug-watchos/demo-p.build/demo.DependencyMetadataFileList
WriteAuxiliaryFile /Users/admin/builder/spi-builder-workspace/.derivedData/Build/Intermediates.noindex/MKUnits.build/Debug-watchos/demo-p.build/demo.DependencyStaticMetadataFileList (in target 'demo-product' from project 'MKUnits')
cd /Users/admin/builder/spi-builder-workspace
write-file /Users/admin/builder/spi-builder-workspace/.derivedData/Build/Intermediates.noindex/MKUnits.build/Debug-watchos/demo-p.build/demo.DependencyStaticMetadataFileList
WriteAuxiliaryFile /Users/admin/builder/spi-builder-workspace/.derivedData/Build/Intermediates.noindex/MKUnits.build/Debug-watchos/MKUnits-t.build/Objects-normal/arm64/MKUnits_const_extract_protocols.json (in target 'MKUnits' from project 'MKUnits')
cd /Users/admin/builder/spi-builder-workspace
write-file /Users/admin/builder/spi-builder-workspace/.derivedData/Build/Intermediates.noindex/MKUnits.build/Debug-watchos/MKUnits-t.build/Objects-normal/arm64/MKUnits_const_extract_protocols.json
WriteAuxiliaryFile /Users/admin/builder/spi-builder-workspace/.derivedData/Build/Intermediates.noindex/MKUnits.build/Debug-watchos/MKUnits-t.build/Objects-normal/arm64_32/MKUnits_const_extract_protocols.json (in target 'MKUnits' from project 'MKUnits')
cd /Users/admin/builder/spi-builder-workspace
write-file /Users/admin/builder/spi-builder-workspace/.derivedData/Build/Intermediates.noindex/MKUnits.build/Debug-watchos/MKUnits-t.build/Objects-normal/arm64_32/MKUnits_const_extract_protocols.json
WriteAuxiliaryFile /Users/admin/builder/spi-builder-workspace/.derivedData/Build/Intermediates.noindex/MKUnits.build/Debug-watchos/MKUnits-t.build/Objects-normal/arm64_32/MKUnits-OutputFileMap.json (in target 'MKUnits' from project 'MKUnits')
cd /Users/admin/builder/spi-builder-workspace
write-file /Users/admin/builder/spi-builder-workspace/.derivedData/Build/Intermediates.noindex/MKUnits.build/Debug-watchos/MKUnits-t.build/Objects-normal/arm64_32/MKUnits-OutputFileMap.json
WriteAuxiliaryFile /Users/admin/builder/spi-builder-workspace/.derivedData/Build/Intermediates.noindex/MKUnits.build/Debug-watchos/MKUnits-t.build/Objects-normal/arm64_32/MKUnits.LinkFileList (in target 'MKUnits' from project 'MKUnits')
cd /Users/admin/builder/spi-builder-workspace
write-file /Users/admin/builder/spi-builder-workspace/.derivedData/Build/Intermediates.noindex/MKUnits.build/Debug-watchos/MKUnits-t.build/Objects-normal/arm64_32/MKUnits.LinkFileList
WriteAuxiliaryFile /Users/admin/builder/spi-builder-workspace/.derivedData/Build/Intermediates.noindex/MKUnits.build/Debug-watchos/MKUnits-t.build/Objects-normal/arm64_32/MKUnits.SwiftConstValuesFileList (in target 'MKUnits' from project 'MKUnits')
cd /Users/admin/builder/spi-builder-workspace
write-file /Users/admin/builder/spi-builder-workspace/.derivedData/Build/Intermediates.noindex/MKUnits.build/Debug-watchos/MKUnits-t.build/Objects-normal/arm64_32/MKUnits.SwiftConstValuesFileList
WriteAuxiliaryFile /Users/admin/builder/spi-builder-workspace/.derivedData/Build/Intermediates.noindex/MKUnits.build/Debug-watchos/MKUnits-t.build/Objects-normal/arm64_32/MKUnits.SwiftFileList (in target 'MKUnits' from project 'MKUnits')
cd /Users/admin/builder/spi-builder-workspace
write-file /Users/admin/builder/spi-builder-workspace/.derivedData/Build/Intermediates.noindex/MKUnits.build/Debug-watchos/MKUnits-t.build/Objects-normal/arm64_32/MKUnits.SwiftFileList
WriteAuxiliaryFile /Users/admin/builder/spi-builder-workspace/.derivedData/Build/Intermediates.noindex/MKUnits.build/Debug-watchos/demo-p.build/Objects-normal/arm64_32/demo_const_extract_protocols.json (in target 'demo-product' from project 'MKUnits')
cd /Users/admin/builder/spi-builder-workspace
write-file /Users/admin/builder/spi-builder-workspace/.derivedData/Build/Intermediates.noindex/MKUnits.build/Debug-watchos/demo-p.build/Objects-normal/arm64_32/demo_const_extract_protocols.json
WriteAuxiliaryFile /Users/admin/builder/spi-builder-workspace/.derivedData/Build/Intermediates.noindex/MKUnits.build/Debug-watchos/demo-p.build/Objects-normal/arm64_32/demo.SwiftFileList (in target 'demo-product' from project 'MKUnits')
cd /Users/admin/builder/spi-builder-workspace
write-file /Users/admin/builder/spi-builder-workspace/.derivedData/Build/Intermediates.noindex/MKUnits.build/Debug-watchos/demo-p.build/Objects-normal/arm64_32/demo.SwiftFileList
WriteAuxiliaryFile /Users/admin/builder/spi-builder-workspace/.derivedData/Build/Intermediates.noindex/MKUnits.build/Debug-watchos/demo-p.build/Objects-normal/arm64_32/demo.LinkFileList (in target 'demo-product' from project 'MKUnits')
cd /Users/admin/builder/spi-builder-workspace
write-file /Users/admin/builder/spi-builder-workspace/.derivedData/Build/Intermediates.noindex/MKUnits.build/Debug-watchos/demo-p.build/Objects-normal/arm64_32/demo.LinkFileList
WriteAuxiliaryFile /Users/admin/builder/spi-builder-workspace/.derivedData/Build/Intermediates.noindex/MKUnits.build/Debug-watchos/demo-p.build/Objects-normal/arm64_32/demo-OutputFileMap.json (in target 'demo-product' from project 'MKUnits')
cd /Users/admin/builder/spi-builder-workspace
write-file /Users/admin/builder/spi-builder-workspace/.derivedData/Build/Intermediates.noindex/MKUnits.build/Debug-watchos/demo-p.build/Objects-normal/arm64_32/demo-OutputFileMap.json
WriteAuxiliaryFile /Users/admin/builder/spi-builder-workspace/.derivedData/Build/Intermediates.noindex/MKUnits.build/Debug-watchos/demo-p.build/Objects-normal/arm64/demo.LinkFileList (in target 'demo-product' from project 'MKUnits')
cd /Users/admin/builder/spi-builder-workspace
write-file /Users/admin/builder/spi-builder-workspace/.derivedData/Build/Intermediates.noindex/MKUnits.build/Debug-watchos/demo-p.build/Objects-normal/arm64/demo.LinkFileList
WriteAuxiliaryFile /Users/admin/builder/spi-builder-workspace/.derivedData/Build/Intermediates.noindex/MKUnits.build/Debug-watchos/demo-p.build/Objects-normal/arm64/demo_const_extract_protocols.json (in target 'demo-product' from project 'MKUnits')
cd /Users/admin/builder/spi-builder-workspace
write-file /Users/admin/builder/spi-builder-workspace/.derivedData/Build/Intermediates.noindex/MKUnits.build/Debug-watchos/demo-p.build/Objects-normal/arm64/demo_const_extract_protocols.json
WriteAuxiliaryFile /Users/admin/builder/spi-builder-workspace/.derivedData/Build/Intermediates.noindex/MKUnits.build/Debug-watchos/demo-p.build/Objects-normal/arm64/demo.SwiftFileList (in target 'demo-product' from project 'MKUnits')
cd /Users/admin/builder/spi-builder-workspace
write-file /Users/admin/builder/spi-builder-workspace/.derivedData/Build/Intermediates.noindex/MKUnits.build/Debug-watchos/demo-p.build/Objects-normal/arm64/demo.SwiftFileList
WriteAuxiliaryFile /Users/admin/builder/spi-builder-workspace/.derivedData/Build/Intermediates.noindex/MKUnits.build/Debug-watchos/demo-p.build/Objects-normal/arm64/demo-OutputFileMap.json (in target 'demo-product' from project 'MKUnits')
cd /Users/admin/builder/spi-builder-workspace
write-file /Users/admin/builder/spi-builder-workspace/.derivedData/Build/Intermediates.noindex/MKUnits.build/Debug-watchos/demo-p.build/Objects-normal/arm64/demo-OutputFileMap.json
WriteAuxiliaryFile /Users/admin/builder/spi-builder-workspace/.derivedData/Build/Intermediates.noindex/MKUnits.build/Debug-watchos/MKUnits-t.build/Objects-normal/arm64/MKUnits.SwiftFileList (in target 'MKUnits' from project 'MKUnits')
cd /Users/admin/builder/spi-builder-workspace
write-file /Users/admin/builder/spi-builder-workspace/.derivedData/Build/Intermediates.noindex/MKUnits.build/Debug-watchos/MKUnits-t.build/Objects-normal/arm64/MKUnits.SwiftFileList
WriteAuxiliaryFile /Users/admin/builder/spi-builder-workspace/.derivedData/Build/Intermediates.noindex/MKUnits.build/Debug-watchos/MKUnits-t.build/Objects-normal/arm64/MKUnits.SwiftConstValuesFileList (in target 'MKUnits' from project 'MKUnits')
cd /Users/admin/builder/spi-builder-workspace
write-file /Users/admin/builder/spi-builder-workspace/.derivedData/Build/Intermediates.noindex/MKUnits.build/Debug-watchos/MKUnits-t.build/Objects-normal/arm64/MKUnits.SwiftConstValuesFileList
WriteAuxiliaryFile /Users/admin/builder/spi-builder-workspace/.derivedData/Build/Intermediates.noindex/MKUnits.build/Debug-watchos/MKUnits-t.build/Objects-normal/arm64/MKUnits.LinkFileList (in target 'MKUnits' from project 'MKUnits')
cd /Users/admin/builder/spi-builder-workspace
write-file /Users/admin/builder/spi-builder-workspace/.derivedData/Build/Intermediates.noindex/MKUnits.build/Debug-watchos/MKUnits-t.build/Objects-normal/arm64/MKUnits.LinkFileList
WriteAuxiliaryFile /Users/admin/builder/spi-builder-workspace/.derivedData/Build/Intermediates.noindex/MKUnits.build/Debug-watchos/MKUnits-t.build/Objects-normal/arm64/MKUnits-OutputFileMap.json (in target 'MKUnits' from project 'MKUnits')
cd /Users/admin/builder/spi-builder-workspace
write-file /Users/admin/builder/spi-builder-workspace/.derivedData/Build/Intermediates.noindex/MKUnits.build/Debug-watchos/MKUnits-t.build/Objects-normal/arm64/MKUnits-OutputFileMap.json
WriteAuxiliaryFile /Users/admin/builder/spi-builder-workspace/.derivedData/Build/Intermediates.noindex/MKUnits.build/Debug-watchos/MKUnits-t.build/MKUnits.modulemap (in target 'MKUnits' from project 'MKUnits')
cd /Users/admin/builder/spi-builder-workspace
write-file /Users/admin/builder/spi-builder-workspace/.derivedData/Build/Intermediates.noindex/MKUnits.build/Debug-watchos/MKUnits-t.build/MKUnits.modulemap
WriteAuxiliaryFile /Users/admin/builder/spi-builder-workspace/.derivedData/Build/Intermediates.noindex/MKUnits.build/Debug-watchos/MKUnits-t.build/MKUnits.DependencyStaticMetadataFileList (in target 'MKUnits' from project 'MKUnits')
cd /Users/admin/builder/spi-builder-workspace
write-file /Users/admin/builder/spi-builder-workspace/.derivedData/Build/Intermediates.noindex/MKUnits.build/Debug-watchos/MKUnits-t.build/MKUnits.DependencyStaticMetadataFileList
WriteAuxiliaryFile /Users/admin/builder/spi-builder-workspace/.derivedData/Build/Intermediates.noindex/MKUnits.build/Debug-watchos/MKUnits-t.build/MKUnits.DependencyMetadataFileList (in target 'MKUnits' from project 'MKUnits')
cd /Users/admin/builder/spi-builder-workspace
write-file /Users/admin/builder/spi-builder-workspace/.derivedData/Build/Intermediates.noindex/MKUnits.build/Debug-watchos/MKUnits-t.build/MKUnits.DependencyMetadataFileList
Copy /Users/admin/builder/spi-builder-workspace/.derivedData/Build/Intermediates.noindex/GeneratedModuleMaps-watchos/MKUnits.modulemap /Users/admin/builder/spi-builder-workspace/.derivedData/Build/Intermediates.noindex/MKUnits.build/Debug-watchos/MKUnits-t.build/MKUnits.modulemap (in target 'MKUnits' from project 'MKUnits')
cd /Users/admin/builder/spi-builder-workspace
builtin-copy -exclude .DS_Store -exclude CVS -exclude .svn -exclude .git -exclude .hg -resolve-src-symlinks /Users/admin/builder/spi-builder-workspace/.derivedData/Build/Intermediates.noindex/MKUnits.build/Debug-watchos/MKUnits-t.build/MKUnits.modulemap /Users/admin/builder/spi-builder-workspace/.derivedData/Build/Intermediates.noindex/GeneratedModuleMaps-watchos
SwiftDriver MKUnits normal arm64 com.apple.xcode.tools.swift.compiler (in target 'MKUnits' from project 'MKUnits')
cd /Users/admin/builder/spi-builder-workspace/.swiftpm/xcode
builtin-SwiftDriver -- /Applications/Xcode-27.0.0-Release.Candidate.app/Contents/Developer/Toolchains/XcodeDefault.xctoolchain/usr/bin/swiftc -parse-as-library -module-name MKUnits -Onone @/Users/admin/builder/spi-builder-workspace/.derivedData/Build/Intermediates.noindex/MKUnits.build/Debug-watchos/MKUnits-t.build/Objects-normal/arm64/MKUnits.SwiftFileList -DSWIFT_PACKAGE -DDEBUG -DSWIFT_MODULE_RESOURCE_BUNDLE_UNAVAILABLE -DXcode -plugin-path /Applications/Xcode-27.0.0-Release.Candidate.app/Contents/Developer/Toolchains/XcodeDefault.xctoolchain/usr/lib/swift/host/plugins/testing -enable-experimental-feature DebugDescriptionMacro -sdk /Applications/Xcode-27.0.0-Release.Candidate.app/Contents/Developer/Platforms/WatchOS.platform/Developer/SDKs/WatchOS27.0.sdk -target arm64-apple-watchos9.0 -g -module-cache-path /Users/admin/builder/spi-builder-workspace/.derivedData/ModuleCache.noindex -Xfrontend -serialize-debugging-options -profile-coverage-mapping -profile-generate -enable-testing -index-store-path /Users/admin/builder/spi-builder-workspace/.derivedData/Index.noindex/DataStore -Xcc -D_LIBCPP_HARDENING_MODE\=_LIBCPP_HARDENING_MODE_DEBUG -swift-version 6 -I /Users/admin/builder/spi-builder-workspace/.derivedData/Build/Products/Debug-watchos -Isystem /Applications/Xcode-27.0.0-Release.Candidate.app/Contents/Developer/Platforms/WatchOS.platform/Developer/usr/lib -F /Users/admin/builder/spi-builder-workspace/.derivedData/Build/Products/Debug-watchos -F /Applications/Xcode-27.0.0-Release.Candidate.app/Contents/Developer/Platforms/WatchOS.platform/Developer/Library/Frameworks -F /Applications/Xcode-27.0.0-Release.Candidate.app/Contents/Developer/Platforms/WatchOS.platform/Developer/SDKs/WatchOS27.0.sdk/Developer/Library/Frameworks -c -j10 -enable-batch-mode -incremental -Xcc -ivfsstatcache -Xcc /Users/admin/builder/spi-builder-workspace/.derivedData/SDKStatCaches.noindex/watchos27.0-24R360-e829b21a6f8c9b70876ba0858053c04477534ef55a1706bf4c1112bbb242f0a2.sdkstatcache -output-file-map /Users/admin/builder/spi-builder-workspace/.derivedData/Build/Intermediates.noindex/MKUnits.build/Debug-watchos/MKUnits-t.build/Objects-normal/arm64/MKUnits-OutputFileMap.json -save-temps -no-color-diagnostics -explicit-module-build -module-cache-path /Users/admin/builder/spi-builder-workspace/.derivedData/Build/Intermediates.noindex/SwiftExplicitPrecompiledModules -clang-scanner-module-cache-path /Users/admin/builder/spi-builder-workspace/.derivedData/ModuleCache.noindex -sdk-module-cache-path /Users/admin/builder/spi-builder-workspace/.derivedData/SDKExplicitPrecompiledModules -emit-dependencies -emit-module -emit-module-path /Users/admin/builder/spi-builder-workspace/.derivedData/Build/Intermediates.noindex/MKUnits.build/Debug-watchos/MKUnits-t.build/Objects-normal/arm64/MKUnits.swiftmodule -serialize-diagnostics -dependency-scan-serialize-diagnostics-path /Users/admin/builder/spi-builder-workspace/.derivedData/Build/Intermediates.noindex/MKUnits.build/Debug-watchos/MKUnits-t.build/Objects-normal/arm64/MKUnits-dependency-scan.dia -validate-clang-modules-once -clang-build-session-file /Users/admin/builder/spi-builder-workspace/.derivedData/ModuleCache.noindex/Session.modulevalidation -Xcc -fmodules-prune-interval\=86400 -Xcc -fmodules-prune-after\=345600 -package-name spi_builder_workspace -emit-const-values -const-gather-protocols-list /Users/admin/builder/spi-builder-workspace/.derivedData/Build/Intermediates.noindex/MKUnits.build/Debug-watchos/MKUnits-t.build/Objects-normal/arm64/MKUnits_const_extract_protocols.json -Xcc -I/Users/admin/builder/spi-builder-workspace/.derivedData/Build/Products/Debug-watchos/include -Xcc -I/Users/admin/builder/spi-builder-workspace/.derivedData/Build/Intermediates.noindex/MKUnits.build/Debug-watchos/MKUnits-t.build/DerivedSources-normal/arm64 -Xcc -I/Users/admin/builder/spi-builder-workspace/.derivedData/Build/Intermediates.noindex/MKUnits.build/Debug-watchos/MKUnits-t.build/DerivedSources/arm64 -Xcc -I/Users/admin/builder/spi-builder-workspace/.derivedData/Build/Intermediates.noindex/MKUnits.build/Debug-watchos/MKUnits-t.build/DerivedSources -Xcc -DSWIFT_PACKAGE -Xcc -DDEBUG\=1 -emit-objc-header -emit-objc-header-path /Users/admin/builder/spi-builder-workspace/.derivedData/Build/Intermediates.noindex/MKUnits.build/Debug-watchos/MKUnits-t.build/Objects-normal/arm64/MKUnits-Swift.h -working-directory /Users/admin/builder/spi-builder-workspace/.swiftpm/xcode -experimental-emit-module-separately -disable-cmo
SwiftDriver MKUnits normal arm64_32 com.apple.xcode.tools.swift.compiler (in target 'MKUnits' from project 'MKUnits')
cd /Users/admin/builder/spi-builder-workspace/.swiftpm/xcode
builtin-SwiftDriver -- /Applications/Xcode-27.0.0-Release.Candidate.app/Contents/Developer/Toolchains/XcodeDefault.xctoolchain/usr/bin/swiftc -parse-as-library -module-name MKUnits -Onone @/Users/admin/builder/spi-builder-workspace/.derivedData/Build/Intermediates.noindex/MKUnits.build/Debug-watchos/MKUnits-t.build/Objects-normal/arm64_32/MKUnits.SwiftFileList -DSWIFT_PACKAGE -DDEBUG -DSWIFT_MODULE_RESOURCE_BUNDLE_UNAVAILABLE -DXcode -plugin-path /Applications/Xcode-27.0.0-Release.Candidate.app/Contents/Developer/Toolchains/XcodeDefault.xctoolchain/usr/lib/swift/host/plugins/testing -enable-experimental-feature DebugDescriptionMacro -sdk /Applications/Xcode-27.0.0-Release.Candidate.app/Contents/Developer/Platforms/WatchOS.platform/Developer/SDKs/WatchOS27.0.sdk -target arm64_32-apple-watchos9.0 -g -module-cache-path /Users/admin/builder/spi-builder-workspace/.derivedData/ModuleCache.noindex -Xfrontend -serialize-debugging-options -profile-coverage-mapping -profile-generate -enable-testing -index-store-path /Users/admin/builder/spi-builder-workspace/.derivedData/Index.noindex/DataStore -Xcc -D_LIBCPP_HARDENING_MODE\=_LIBCPP_HARDENING_MODE_DEBUG -swift-version 6 -I /Users/admin/builder/spi-builder-workspace/.derivedData/Build/Products/Debug-watchos -Isystem /Applications/Xcode-27.0.0-Release.Candidate.app/Contents/Developer/Platforms/WatchOS.platform/Developer/usr/lib -F /Users/admin/builder/spi-builder-workspace/.derivedData/Build/Products/Debug-watchos -F /Applications/Xcode-27.0.0-Release.Candidate.app/Contents/Developer/Platforms/WatchOS.platform/Developer/Library/Frameworks -F /Applications/Xcode-27.0.0-Release.Candidate.app/Contents/Developer/Platforms/WatchOS.platform/Developer/SDKs/WatchOS27.0.sdk/Developer/Library/Frameworks -c -j10 -enable-batch-mode -incremental -Xcc -ivfsstatcache -Xcc /Users/admin/builder/spi-builder-workspace/.derivedData/SDKStatCaches.noindex/watchos27.0-24R360-e829b21a6f8c9b70876ba0858053c04477534ef55a1706bf4c1112bbb242f0a2.sdkstatcache -output-file-map /Users/admin/builder/spi-builder-workspace/.derivedData/Build/Intermediates.noindex/MKUnits.build/Debug-watchos/MKUnits-t.build/Objects-normal/arm64_32/MKUnits-OutputFileMap.json -save-temps -no-color-diagnostics -explicit-module-build -module-cache-path /Users/admin/builder/spi-builder-workspace/.derivedData/Build/Intermediates.noindex/SwiftExplicitPrecompiledModules -clang-scanner-module-cache-path /Users/admin/builder/spi-builder-workspace/.derivedData/ModuleCache.noindex -sdk-module-cache-path /Users/admin/builder/spi-builder-workspace/.derivedData/SDKExplicitPrecompiledModules -emit-dependencies -emit-module -emit-module-path /Users/admin/builder/spi-builder-workspace/.derivedData/Build/Intermediates.noindex/MKUnits.build/Debug-watchos/MKUnits-t.build/Objects-normal/arm64_32/MKUnits.swiftmodule -serialize-diagnostics -dependency-scan-serialize-diagnostics-path /Users/admin/builder/spi-builder-workspace/.derivedData/Build/Intermediates.noindex/MKUnits.build/Debug-watchos/MKUnits-t.build/Objects-normal/arm64_32/MKUnits-dependency-scan.dia -validate-clang-modules-once -clang-build-session-file /Users/admin/builder/spi-builder-workspace/.derivedData/ModuleCache.noindex/Session.modulevalidation -Xcc -fmodules-prune-interval\=86400 -Xcc -fmodules-prune-after\=345600 -package-name spi_builder_workspace -emit-const-values -const-gather-protocols-list /Users/admin/builder/spi-builder-workspace/.derivedData/Build/Intermediates.noindex/MKUnits.build/Debug-watchos/MKUnits-t.build/Objects-normal/arm64_32/MKUnits_const_extract_protocols.json -Xcc -I/Users/admin/builder/spi-builder-workspace/.derivedData/Build/Products/Debug-watchos/include -Xcc -I/Users/admin/builder/spi-builder-workspace/.derivedData/Build/Intermediates.noindex/MKUnits.build/Debug-watchos/MKUnits-t.build/DerivedSources-normal/arm64_32 -Xcc -I/Users/admin/builder/spi-builder-workspace/.derivedData/Build/Intermediates.noindex/MKUnits.build/Debug-watchos/MKUnits-t.build/DerivedSources/arm64_32 -Xcc -I/Users/admin/builder/spi-builder-workspace/.derivedData/Build/Intermediates.noindex/MKUnits.build/Debug-watchos/MKUnits-t.build/DerivedSources -Xcc -DSWIFT_PACKAGE -Xcc -DDEBUG\=1 -emit-objc-header -emit-objc-header-path /Users/admin/builder/spi-builder-workspace/.derivedData/Build/Intermediates.noindex/MKUnits.build/Debug-watchos/MKUnits-t.build/Objects-normal/arm64_32/MKUnits-Swift.h -working-directory /Users/admin/builder/spi-builder-workspace/.swiftpm/xcode -experimental-emit-module-separately -disable-cmo
SwiftExplicitDependencyGeneratePcm arm64_32 /Users/admin/builder/spi-builder-workspace/.derivedData/SDKExplicitPrecompiledModules/_SwiftConcurrencyShims-58G4ISYSYDV3AT1DDGEE0QCUF.pcm
SwiftExplicitDependencyGeneratePcm arm64_32 /Users/admin/builder/spi-builder-workspace/.derivedData/SDKExplicitPrecompiledModules/SwiftShims-D9VBB138U50XYYGW2C2V21N3L.pcm
SwiftExplicitDependencyGeneratePcm arm64_32 /Users/admin/builder/spi-builder-workspace/.derivedData/SDKExplicitPrecompiledModules/ptrcheck-EAZ3I917ZFA9H6ZCL6PGLG4TR.pcm
SwiftExplicitDependencyGeneratePcm arm64_32 /Users/admin/builder/spi-builder-workspace/.derivedData/SDKExplicitPrecompiledModules/_Builtin_stddef-2F9BFIPBQ5EWNSK5G7G7V4EKL.pcm
SwiftExplicitDependencyGeneratePcm arm64_32 /Users/admin/builder/spi-builder-workspace/.derivedData/SDKExplicitPrecompiledModules/_Builtin_stdbool-84ZA1VDW90AGWZ2LF5KOCM8DZ.pcm
SwiftExplicitDependencyGeneratePcm arm64 /Users/admin/builder/spi-builder-workspace/.derivedData/SDKExplicitPrecompiledModules/ptrauth-C7VQASAJ967Q4Q6SRD4I3CFWZ.pcm
SwiftExplicitDependencyGeneratePcm arm64 /Users/admin/builder/spi-builder-workspace/.derivedData/SDKExplicitPrecompiledModules/SwiftShims-AJ4AZYHQNC33R5RLN7AGEIOMP.pcm
SwiftExplicitDependencyGeneratePcm arm64 /Users/admin/builder/spi-builder-workspace/.derivedData/SDKExplicitPrecompiledModules/_Builtin_float-E4M4A8689VXF1T7P7BV56IKBT.pcm
SwiftExplicitDependencyGeneratePcm arm64_32 /Users/admin/builder/spi-builder-workspace/.derivedData/SDKExplicitPrecompiledModules/ptrauth-EW7YZZ7LEZE1QZF2T8148IPSA.pcm
SwiftExplicitDependencyGeneratePcm arm64 /Users/admin/builder/spi-builder-workspace/.derivedData/SDKExplicitPrecompiledModules/_Builtin_stdbool-B692L2PMR118794VVYBG37897.pcm
SwiftExplicitDependencyGeneratePcm arm64 /Users/admin/builder/spi-builder-workspace/.derivedData/SDKExplicitPrecompiledModules/ptrcheck-8K07997SIHO7YGY7UQ3LOQ3TJ.pcm
SwiftExplicitDependencyGeneratePcm arm64 /Users/admin/builder/spi-builder-workspace/.derivedData/SDKExplicitPrecompiledModules/_AvailabilityInternal-42EVAC8Q6P1ZT6G3A168N97G4.pcm
SwiftExplicitDependencyGeneratePcm arm64 /Users/admin/builder/spi-builder-workspace/.derivedData/SDKExplicitPrecompiledModules/_SwiftConcurrencyShims-CTPSFSTDCBVSSQFHL6I305U72.pcm
SwiftExplicitDependencyGeneratePcm arm64 /Users/admin/builder/spi-builder-workspace/.derivedData/SDKExplicitPrecompiledModules/_Builtin_stdarg-3X4KLXUYEI0UGBILP4X7D0CYW.pcm
SwiftExplicitDependencyGeneratePcm arm64 /Users/admin/builder/spi-builder-workspace/.derivedData/SDKExplicitPrecompiledModules/_Builtin_stddef-5OH846KKUPSJJT7GCX9XU1TKG.pcm
SwiftExplicitDependencyGeneratePcm arm64_32 /Users/admin/builder/spi-builder-workspace/.derivedData/SDKExplicitPrecompiledModules/_Builtin_stdarg-EYJP6DFYQL9GJLH1TJ84A8MHV.pcm
SwiftExplicitDependencyGeneratePcm arm64_32 /Users/admin/builder/spi-builder-workspace/.derivedData/SDKExplicitPrecompiledModules/_Builtin_float-372PLGDQ1U3B6Z5EA5DJMDORJ.pcm
SwiftExplicitDependencyGeneratePcm arm64_32 /Users/admin/builder/spi-builder-workspace/.derivedData/SDKExplicitPrecompiledModules/_AvailabilityInternal-22ZP1ILSQW16KHXZS5GBZHOCS.pcm
SwiftExplicitDependencyGeneratePcm arm64 /Users/admin/builder/spi-builder-workspace/.derivedData/SDKExplicitPrecompiledModules/_DarwinFoundation1-7YQ9TVI7XTOGQU9OADRXP33D1.pcm
SwiftExplicitDependencyGeneratePcm arm64_32 /Users/admin/builder/spi-builder-workspace/.derivedData/SDKExplicitPrecompiledModules/_DarwinFoundation1-5SNIO0SFHX9KJZTLQGIPAPXUZ.pcm
SwiftExplicitDependencyGeneratePcm arm64 /Users/admin/builder/spi-builder-workspace/.derivedData/SDKExplicitPrecompiledModules/_DarwinFoundation2-CUPL4FH2SA95GMALQP4M6O8UA.pcm
SwiftExplicitDependencyGeneratePcm arm64 /Users/admin/builder/spi-builder-workspace/.derivedData/SDKExplicitPrecompiledModules/_Builtin_limits-75TRA1C7IHYOFCG3KJXQVTHJ4.pcm
SwiftExplicitDependencyGeneratePcm arm64_32 /Users/admin/builder/spi-builder-workspace/.derivedData/SDKExplicitPrecompiledModules/_Builtin_limits-AQMEC9CLG0FZQN6TLGDQ6WF78.pcm
SwiftExplicitDependencyGeneratePcm arm64_32 /Users/admin/builder/spi-builder-workspace/.derivedData/SDKExplicitPrecompiledModules/_DarwinFoundation2-FP2Q8F1Q2HR151SBYKTU6Q8B.pcm
SwiftExplicitDependencyGeneratePcm arm64 /Users/admin/builder/spi-builder-workspace/.derivedData/SDKExplicitPrecompiledModules/_Builtin_stdint-6TUACK4YPMARFT56PLIO388SJ.pcm
SwiftExplicitDependencyGeneratePcm arm64 /Users/admin/builder/spi-builder-workspace/.derivedData/SDKExplicitPrecompiledModules/sys_types-9KPVYINL86WUSHF45TU8PWZZ1.pcm
SwiftExplicitDependencyGeneratePcm arm64 /Users/admin/builder/spi-builder-workspace/.derivedData/SDKExplicitPrecompiledModules/string_h-4N9Z22C0HUO8GV7GFPCLZRZA2.pcm
SwiftExplicitDependencyGeneratePcm arm64_32 /Users/admin/builder/spi-builder-workspace/.derivedData/SDKExplicitPrecompiledModules/string_h-8QY7P4ZQXQAF14WVDITTM4R70.pcm
SwiftExplicitDependencyGeneratePcm arm64_32 /Users/admin/builder/spi-builder-workspace/.derivedData/SDKExplicitPrecompiledModules/sys_types-65NN51P1G7GN2GUAUPC53JJ7N.pcm
SwiftExplicitDependencyGeneratePcm arm64_32 /Users/admin/builder/spi-builder-workspace/.derivedData/SDKExplicitPrecompiledModules/_Builtin_stdint-6IWJLTRH2WB6RCG4THPA65RDS.pcm
SwiftExplicitDependencyGeneratePcm arm64 /Users/admin/builder/spi-builder-workspace/.derivedData/SDKExplicitPrecompiledModules/_DarwinFoundation3-EJXZKD8LN9EYM9OWP9VLJ49PK.pcm
SwiftExplicitDependencyGeneratePcm arm64_32 /Users/admin/builder/spi-builder-workspace/.derivedData/SDKExplicitPrecompiledModules/_DarwinFoundation3-3YOBOPIW2MF1LRNQH7JBUBY4G.pcm
SwiftExplicitDependencyGeneratePcm arm64 /Users/admin/builder/spi-builder-workspace/.derivedData/SDKExplicitPrecompiledModules/_Builtin_inttypes-86YTNV5YADPJXFMJ82N3R4GWQ.pcm
SwiftExplicitDependencyGeneratePcm arm64_32 /Users/admin/builder/spi-builder-workspace/.derivedData/SDKExplicitPrecompiledModules/_Builtin_inttypes-BPZJ68HW1IMYWSHROAZ0IMUJP.pcm
SwiftExplicitDependencyGeneratePcm arm64 /Users/admin/builder/spi-builder-workspace/.derivedData/SDKExplicitPrecompiledModules/Darwin-CSB8C43KELVSFIQVR0803IZPN.pcm
SwiftExplicitDependencyGeneratePcm arm64_32 /Users/admin/builder/spi-builder-workspace/.derivedData/SDKExplicitPrecompiledModules/Darwin-10D35ZJWCWG7LJAF579U7I5V7.pcm
SwiftExplicitDependencyGeneratePcm arm64 /Users/admin/builder/spi-builder-workspace/.derivedData/SDKExplicitPrecompiledModules/ObjectiveC-22CZPC4WYQC9G8T393WT2KKLW.pcm
SwiftExplicitDependencyGeneratePcm arm64_32 /Users/admin/builder/spi-builder-workspace/.derivedData/SDKExplicitPrecompiledModules/ObjectiveC-71AGZNHLBMR2QK817EJNUN54E.pcm
SwiftExplicitDependencyGeneratePcm arm64 /Users/admin/builder/spi-builder-workspace/.derivedData/SDKExplicitPrecompiledModules/os_object-6KYGGZ4DPVZ3BBAZ6QICZN8LI.pcm
SwiftExplicitDependencyGeneratePcm arm64_32 /Users/admin/builder/spi-builder-workspace/.derivedData/SDKExplicitPrecompiledModules/os_object-CTXVQBCWDOH6JHUXIFDUOWFRL.pcm
SwiftExplicitDependencyGeneratePcm arm64 /Users/admin/builder/spi-builder-workspace/.derivedData/SDKExplicitPrecompiledModules/os_workgroup-AHE7ULDQBKER38CYPIKDTZF4M.pcm
SwiftExplicitDependencyGeneratePcm arm64_32 /Users/admin/builder/spi-builder-workspace/.derivedData/SDKExplicitPrecompiledModules/os_workgroup-9L9R05BT5LTFRZ2NM68BZTVV2.pcm
SwiftExplicitDependencyGeneratePcm arm64 /Users/admin/builder/spi-builder-workspace/.derivedData/SDKExplicitPrecompiledModules/Dispatch-39VR0G01IUJ09PQKMFGOHXZ4L.pcm
SwiftExplicitDependencyGeneratePcm arm64_32 /Users/admin/builder/spi-builder-workspace/.derivedData/SDKExplicitPrecompiledModules/Dispatch-CGIMI9KQKHNRQHR2IECIPRG14.pcm
SwiftExplicitDependencyGeneratePcm arm64 /Users/admin/builder/spi-builder-workspace/.derivedData/SDKExplicitPrecompiledModules/XPC-650JAZBTM6I0OMHYO6CKM0CWJ.pcm
SwiftExplicitDependencyGeneratePcm arm64 /Users/admin/builder/spi-builder-workspace/.derivedData/SDKExplicitPrecompiledModules/CoreFoundation-59XKO8YNRGGYNC5U5LK8B4EM.pcm
SwiftExplicitDependencyGeneratePcm arm64_32 /Users/admin/builder/spi-builder-workspace/.derivedData/SDKExplicitPrecompiledModules/CoreFoundation-76B9WJP9MDYT33HZQVSNNZQZD.pcm
SwiftExplicitDependencyGeneratePcm arm64_32 /Users/admin/builder/spi-builder-workspace/.derivedData/SDKExplicitPrecompiledModules/XPC-7SLKI45KYLKXH9QET2WYS3UZ4.pcm
SwiftExplicitDependencyGeneratePcm arm64 /Users/admin/builder/spi-builder-workspace/.derivedData/SDKExplicitPrecompiledModules/Security-69WNGEAVQP55EDBQHP3BLE8QU.pcm
SwiftExplicitDependencyGeneratePcm arm64_32 /Users/admin/builder/spi-builder-workspace/.derivedData/SDKExplicitPrecompiledModules/Security-1W411BS4UH2UNMNII2341429S.pcm
SwiftExplicitDependencyGeneratePcm arm64_32 /Users/admin/builder/spi-builder-workspace/.derivedData/SDKExplicitPrecompiledModules/Foundation-AIQ30TCDC2B0LBUU6FPQZ0HWI.pcm
SwiftExplicitDependencyGeneratePcm arm64 /Users/admin/builder/spi-builder-workspace/.derivedData/SDKExplicitPrecompiledModules/Foundation-B3IXODHI7VO4VRX2RWRXLVJZT.pcm
SwiftEmitModule normal arm64 Emitting\ module\ for\ MKUnits (in target 'MKUnits' from project 'MKUnits')
SwiftCompile normal arm64 (in target 'MKUnits' from project 'MKUnits')
cd /Users/admin/builder/spi-builder-workspace/.swiftpm/xcode
SwiftCompile normal arm64 Compiling\ Quantity.swift,\ TemperatureUnit+Extensions.swift /Users/admin/builder/spi-builder-workspace/Sources/MKUnits/Quantity.swift /Users/admin/builder/spi-builder-workspace/Sources/MKUnits/TemperatureUnit+Extensions.swift (in target 'MKUnits' from project 'MKUnits')
SwiftCompile normal arm64 /Users/admin/builder/spi-builder-workspace/Sources/MKUnits/Quantity.swift (in target 'MKUnits' from project 'MKUnits')
cd /Users/admin/builder/spi-builder-workspace/.swiftpm/xcode
builtin-SwiftPerFileCompile Quantity.swift
SwiftCompile normal arm64 /Users/admin/builder/spi-builder-workspace/Sources/MKUnits/TemperatureUnit+Extensions.swift (in target 'MKUnits' from project 'MKUnits')
cd /Users/admin/builder/spi-builder-workspace/.swiftpm/xcode
builtin-SwiftPerFileCompile TemperatureUnit+Extensions.swift
SwiftCompile normal arm64 Compiling\ VolumeUnit.swift /Users/admin/builder/spi-builder-workspace/Sources/MKUnits/VolumeUnit.swift (in target 'MKUnits' from project 'MKUnits')
SwiftCompile normal arm64 /Users/admin/builder/spi-builder-workspace/Sources/MKUnits/VolumeUnit.swift (in target 'MKUnits' from project 'MKUnits')
cd /Users/admin/builder/spi-builder-workspace/.swiftpm/xcode
builtin-SwiftPerFileCompile VolumeUnit.swift
SwiftCompile normal arm64 Compiling\ VolumeUnit+Imperial.swift /Users/admin/builder/spi-builder-workspace/Sources/MKUnits/VolumeUnit+Imperial.swift (in target 'MKUnits' from project 'MKUnits')
SwiftCompile normal arm64 /Users/admin/builder/spi-builder-workspace/Sources/MKUnits/VolumeUnit+Imperial.swift (in target 'MKUnits' from project 'MKUnits')
cd /Users/admin/builder/spi-builder-workspace/.swiftpm/xcode
builtin-SwiftPerFileCompile VolumeUnit+Imperial.swift
SwiftCompile normal arm64 Compiling\ TemperatureUnit.swift,\ TimeUnit.swift /Users/admin/builder/spi-builder-workspace/Sources/MKUnits/TemperatureUnit.swift /Users/admin/builder/spi-builder-workspace/Sources/MKUnits/TimeUnit.swift (in target 'MKUnits' from project 'MKUnits')
SwiftCompile normal arm64 /Users/admin/builder/spi-builder-workspace/Sources/MKUnits/TemperatureUnit.swift (in target 'MKUnits' from project 'MKUnits')
cd /Users/admin/builder/spi-builder-workspace/.swiftpm/xcode
builtin-SwiftPerFileCompile TemperatureUnit.swift
SwiftCompile normal arm64 /Users/admin/builder/spi-builder-workspace/Sources/MKUnits/TimeUnit.swift (in target 'MKUnits' from project 'MKUnits')
cd /Users/admin/builder/spi-builder-workspace/.swiftpm/xcode
builtin-SwiftPerFileCompile TimeUnit.swift
SwiftCompile normal arm64 Compiling\ Unit.swift /Users/admin/builder/spi-builder-workspace/Sources/MKUnits/Unit.swift (in target 'MKUnits' from project 'MKUnits')
SwiftCompile normal arm64 /Users/admin/builder/spi-builder-workspace/Sources/MKUnits/Unit.swift (in target 'MKUnits' from project 'MKUnits')
cd /Users/admin/builder/spi-builder-workspace/.swiftpm/xcode
builtin-SwiftPerFileCompile Unit.swift
SwiftCompile normal arm64 Compiling\ VolumeUnit+US.swift /Users/admin/builder/spi-builder-workspace/Sources/MKUnits/VolumeUnit+US.swift (in target 'MKUnits' from project 'MKUnits')
SwiftCompile normal arm64 /Users/admin/builder/spi-builder-workspace/Sources/MKUnits/VolumeUnit+US.swift (in target 'MKUnits' from project 'MKUnits')
cd /Users/admin/builder/spi-builder-workspace/.swiftpm/xcode
builtin-SwiftPerFileCompile VolumeUnit+US.swift
SwiftCompile normal arm64 Compiling\ ByteUnit.swift,\ EnergyUnit.swift /Users/admin/builder/spi-builder-workspace/Sources/MKUnits/ByteUnit.swift /Users/admin/builder/spi-builder-workspace/Sources/MKUnits/EnergyUnit.swift (in target 'MKUnits' from project 'MKUnits')
SwiftCompile normal arm64 /Users/admin/builder/spi-builder-workspace/Sources/MKUnits/ByteUnit.swift (in target 'MKUnits' from project 'MKUnits')
cd /Users/admin/builder/spi-builder-workspace/.swiftpm/xcode
builtin-SwiftPerFileCompile ByteUnit.swift
SwiftCompile normal arm64 /Users/admin/builder/spi-builder-workspace/Sources/MKUnits/EnergyUnit.swift (in target 'MKUnits' from project 'MKUnits')
cd /Users/admin/builder/spi-builder-workspace/.swiftpm/xcode
builtin-SwiftPerFileCompile EnergyUnit.swift
SwiftCompile normal arm64 Compiling\ LengthUnit+Imperial.swift,\ LengthUnit.swift /Users/admin/builder/spi-builder-workspace/Sources/MKUnits/LengthUnit+Imperial.swift /Users/admin/builder/spi-builder-workspace/Sources/MKUnits/LengthUnit.swift (in target 'MKUnits' from project 'MKUnits')
SwiftCompile normal arm64 /Users/admin/builder/spi-builder-workspace/Sources/MKUnits/LengthUnit+Imperial.swift (in target 'MKUnits' from project 'MKUnits')
cd /Users/admin/builder/spi-builder-workspace/.swiftpm/xcode
builtin-SwiftPerFileCompile LengthUnit+Imperial.swift
SwiftCompile normal arm64 /Users/admin/builder/spi-builder-workspace/Sources/MKUnits/LengthUnit.swift (in target 'MKUnits' from project 'MKUnits')
cd /Users/admin/builder/spi-builder-workspace/.swiftpm/xcode
builtin-SwiftPerFileCompile LengthUnit.swift
SwiftCompile normal arm64 Compiling\ AreaUnit+Imperial.swift,\ AreaUnit.swift /Users/admin/builder/spi-builder-workspace/Sources/MKUnits/AreaUnit+Imperial.swift /Users/admin/builder/spi-builder-workspace/Sources/MKUnits/AreaUnit.swift (in target 'MKUnits' from project 'MKUnits')
SwiftCompile normal arm64 /Users/admin/builder/spi-builder-workspace/Sources/MKUnits/AreaUnit+Imperial.swift (in target 'MKUnits' from project 'MKUnits')
cd /Users/admin/builder/spi-builder-workspace/.swiftpm/xcode
builtin-SwiftPerFileCompile AreaUnit+Imperial.swift
SwiftCompile normal arm64 /Users/admin/builder/spi-builder-workspace/Sources/MKUnits/AreaUnit.swift (in target 'MKUnits' from project 'MKUnits')
cd /Users/admin/builder/spi-builder-workspace/.swiftpm/xcode
builtin-SwiftPerFileCompile AreaUnit.swift
SwiftEmitModule normal arm64_32 Emitting\ module\ for\ MKUnits (in target 'MKUnits' from project 'MKUnits')
/Users/admin/builder/spi-builder-workspace/Sources/MKUnits/ByteUnit.swift:34:12: error: integer literal '1125899906842624' overflows when stored into 'Decimal'
32 | name: "petabyte",
33 | symbol: "PB",
34 | ratio: 1_125_899_906_842_624
| `- error: integer literal '1125899906842624' overflows when stored into 'Decimal'
35 | )
36 |
/Users/admin/builder/spi-builder-workspace/Sources/MKUnits/ByteUnit.swift:41:12: error: integer literal '1099511627776' overflows when stored into 'Decimal'
39 | name: "terabyte",
40 | symbol: "TB",
41 | ratio: 1_099_511_627_776
| `- error: integer literal '1099511627776' overflows when stored into 'Decimal'
42 | )
43 |
/Users/admin/builder/spi-builder-workspace/Sources/MKUnits/TimeUnit.swift:34:12: error: integer literal '3155760000' overflows when stored into 'Decimal'
32 | name: "century",
33 | symbol: "c",
34 | ratio: 3_155_760_000
| `- error: integer literal '3155760000' overflows when stored into 'Decimal'
35 | )
36 |
Failed frontend command:
/Applications/Xcode-27.0.0-Release.Candidate.app/Contents/Developer/Toolchains/XcodeDefault.xctoolchain/usr/bin/swift-frontend -frontend -emit-module -experimental-skip-non-inlinable-function-bodies-without-types /Users/admin/builder/spi-builder-workspace/Sources/MKUnits/AreaUnit+Imperial.swift /Users/admin/builder/spi-builder-workspace/Sources/MKUnits/AreaUnit.swift /Users/admin/builder/spi-builder-workspace/Sources/MKUnits/ByteUnit.swift /Users/admin/builder/spi-builder-workspace/Sources/MKUnits/EnergyUnit.swift /Users/admin/builder/spi-builder-workspace/Sources/MKUnits/LengthUnit+Imperial.swift /Users/admin/builder/spi-builder-workspace/Sources/MKUnits/LengthUnit.swift /Users/admin/builder/spi-builder-workspace/Sources/MKUnits/MassUnit+Imperial.swift /Users/admin/builder/spi-builder-workspace/Sources/MKUnits/MassUnit.swift /Users/admin/builder/spi-builder-workspace/Sources/MKUnits/Quantity.swift /Users/admin/builder/spi-builder-workspace/Sources/MKUnits/TemperatureUnit+Extensions.swift /Users/admin/builder/spi-builder-workspace/Sources/MKUnits/TemperatureUnit.swift /Users/admin/builder/spi-builder-workspace/Sources/MKUnits/TimeUnit.swift /Users/admin/builder/spi-builder-workspace/Sources/MKUnits/Unit.swift /Users/admin/builder/spi-builder-workspace/Sources/MKUnits/VolumeUnit+Imperial.swift /Users/admin/builder/spi-builder-workspace/Sources/MKUnits/VolumeUnit+US.swift /Users/admin/builder/spi-builder-workspace/Sources/MKUnits/VolumeUnit.swift -target arm64_32-apple-watchos9.0 -disable-cross-import-overlay-search -load-resolved-plugin /Applications/Xcode-27.0.0-Release.Candidate.app/Contents/Developer/Platforms/WatchOS.platform/Developer/usr/lib/swift/host/plugins/libFoundationMacros.dylib\#/Applications/Xcode-27.0.0-Release.Candidate.app/Contents/Developer/Platforms/WatchOS.platform/Developer/usr/bin/swift-plugin-server\#FoundationMacros -load-resolved-plugin /Applications/Xcode-27.0.0-Release.Candidate.app/Contents/Developer/Platforms/WatchOS.platform/Developer/usr/lib/swift/host/plugins/libObservationMacros.dylib\#/Applications/Xcode-27.0.0-Release.Candidate.app/Contents/Developer/Platforms/WatchOS.platform/Developer/usr/bin/swift-plugin-server\#ObservationMacros -load-resolved-plugin /Applications/Xcode-27.0.0-Release.Candidate.app/Contents/Developer/Platforms/WatchOS.platform/Developer/usr/lib/swift/host/plugins/libSwiftMacros.dylib\#/Applications/Xcode-27.0.0-Release.Candidate.app/Contents/Developer/Platforms/WatchOS.platform/Developer/usr/bin/swift-plugin-server\#SwiftMacros -disable-implicit-swift-modules -Xcc -fno-implicit-modules -Xcc -fno-implicit-module-maps -explicit-swift-module-map-file /Users/admin/builder/spi-builder-workspace/.derivedData/Build/Intermediates.noindex/MKUnits.build/Debug-watchos/MKUnits-t.build/Objects-normal/arm64_32/MKUnits-dependencies-1.json -enable-objc-interop -sdk /Applications/Xcode-27.0.0-Release.Candidate.app/Contents/Developer/Platforms/WatchOS.platform/Developer/SDKs/WatchOS27.0.sdk -I /Users/admin/builder/spi-builder-workspace/.derivedData/Build/Products/Debug-watchos -Isystem /Applications/Xcode-27.0.0-Release.Candidate.app/Contents/Developer/Platforms/WatchOS.platform/Developer/usr/lib -F /Users/admin/builder/spi-builder-workspace/.derivedData/Build/Products/Debug-watchos -F /Applications/Xcode-27.0.0-Release.Candidate.app/Contents/Developer/Platforms/WatchOS.platform/Developer/Library/Frameworks -F /Applications/Xcode-27.0.0-Release.Candidate.app/Contents/Developer/Platforms/WatchOS.platform/Developer/SDKs/WatchOS27.0.sdk/Developer/Library/Frameworks -module-cache-path /Users/admin/builder/spi-builder-workspace/.derivedData/Build/Intermediates.noindex/SwiftExplicitPrecompiledModules -no-color-diagnostics -Xcc -fno-color-diagnostics -enable-testing -g -debug-info-format\=dwarf -dwarf-version\=4 -profile-generate -profile-coverage-mapping -swift-version 6 -Onone -D SWIFT_PACKAGE -D DEBUG -D SWIFT_MODULE_RESOURCE_BUNDLE_UNAVAILABLE -D Xcode -serialize-debugging-options -enable-experimental-feature DebugDescriptionMacro -empty-abi-descriptor -validate-clang-modules-once -clang-build-session-file /Users/admin/builder/spi-builder-workspace/.derivedData/ModuleCache.noindex/Session.modulevalidation -Xcc -working-directory -Xcc /Users/admin/builder/spi-builder-workspace/.swiftpm/xcode -enable-anonymous-context-mangled-names -file-compilation-dir /Users/admin/builder/spi-builder-workspace/.swiftpm/xcode -Xcc -D_LIBCPP_HARDENING_MODE\=_LIBCPP_HARDENING_MODE_DEBUG -Xcc -ivfsstatcache -Xcc /Users/admin/builder/spi-builder-workspace/.derivedData/SDKStatCaches.noindex/watchos27.0-24R360-e829b21a6f8c9b70876ba0858053c04477534ef55a1706bf4c1112bbb242f0a2.sdkstatcache -Xcc -fmodules-prune-interval\=86400 -Xcc -fmodules-prune-after\=345600 -Xcc -I/Users/admin/builder/spi-builder-workspace/.derivedData/Build/Products/Debug-watchos/include -Xcc -I/Users/admin/builder/spi-builder-workspace/.derivedData/Build/Intermediates.noindex/MKUnits.build/Debug-watchos/MKUnits-t.build/DerivedSources-normal/arm64_32 -Xcc -I/Users/admin/builder/spi-builder-workspace/.derivedData/Build/Intermediates.noindex/MKUnits.build/Debug-watchos/MKUnits-t.build/DerivedSources/arm64_32 -Xcc -I/Users/admin/builder/spi-builder-workspace/.derivedData/Build/Intermediates.noindex/MKUnits.build/Debug-watchos/MKUnits-t.build/DerivedSources -Xcc -DSWIFT_PACKAGE -Xcc -DDEBUG\=1 -no-auto-bridging-header-chaining -module-name MKUnits -package-name spi_builder_workspace -const-gather-protocols-file /Users/admin/builder/spi-builder-workspace/.derivedData/Build/Intermediates.noindex/MKUnits.build/Debug-watchos/MKUnits-t.build/Objects-normal/arm64_32/MKUnits_const_extract_protocols.json -disable-clang-spi -clang-target arm64_32-apple-watchos27.0 -target-sdk-version 27.0 -target-sdk-name watchos27.0 -in-process-plugin-server-path /Applications/Xcode-27.0.0-Release.Candidate.app/Contents/Developer/Toolchains/XcodeDefault.xctoolchain/usr/lib/swift/host/libSwiftInProcPluginServer.dylib -emit-module-doc-path /Users/admin/builder/spi-builder-workspace/.derivedData/Build/Intermediates.noindex/MKUnits.build/Debug-watchos/MKUnits-t.build/Objects-normal/arm64_32/MKUnits.swiftdoc -emit-module-source-info-path /Users/admin/builder/spi-builder-workspace/.derivedData/Build/Intermediates.noindex/MKUnits.build/Debug-watchos/MKUnits-t.build/Objects-normal/arm64_32/MKUnits.swiftsourceinfo -emit-objc-header-path /Users/admin/builder/spi-builder-workspace/.derivedData/Build/Intermediates.noindex/MKUnits.build/Debug-watchos/MKUnits-t.build/Objects-normal/arm64_32/MKUnits-Swift.h -serialize-diagnostics-path /Users/admin/builder/spi-builder-workspace/.derivedData/Build/Intermediates.noindex/MKUnits.build/Debug-watchos/MKUnits-t.build/Objects-normal/arm64_32/MKUnits-primary-emit-module.dia -emit-dependencies-path /Users/admin/builder/spi-builder-workspace/.derivedData/Build/Intermediates.noindex/MKUnits.build/Debug-watchos/MKUnits-t.build/Objects-normal/arm64_32/MKUnits-primary-emit-module.d -parse-as-library -o /Users/admin/builder/spi-builder-workspace/.derivedData/Build/Intermediates.noindex/MKUnits.build/Debug-watchos/MKUnits-t.build/Objects-normal/arm64_32/MKUnits.swiftmodule -emit-abi-descriptor-path /Users/admin/builder/spi-builder-workspace/.derivedData/Build/Intermediates.noindex/MKUnits.build/Debug-watchos/MKUnits-t.build/Objects-normal/arm64_32/MKUnits.abi.json
SwiftCompile normal arm64_32 (in target 'MKUnits' from project 'MKUnits')
cd /Users/admin/builder/spi-builder-workspace/.swiftpm/xcode
SwiftDriverJobDiscovery normal arm64 Emitting module for MKUnits (in target 'MKUnits' from project 'MKUnits')
SwiftDriver\ Compilation\ Requirements MKUnits normal arm64 com.apple.xcode.tools.swift.compiler (in target 'MKUnits' from project 'MKUnits')
cd /Users/admin/builder/spi-builder-workspace/.swiftpm/xcode
builtin-Swift-Compilation-Requirements -- /Applications/Xcode-27.0.0-Release.Candidate.app/Contents/Developer/Toolchains/XcodeDefault.xctoolchain/usr/bin/swiftc -parse-as-library -module-name MKUnits -Onone @/Users/admin/builder/spi-builder-workspace/.derivedData/Build/Intermediates.noindex/MKUnits.build/Debug-watchos/MKUnits-t.build/Objects-normal/arm64/MKUnits.SwiftFileList -DSWIFT_PACKAGE -DDEBUG -DSWIFT_MODULE_RESOURCE_BUNDLE_UNAVAILABLE -DXcode -plugin-path /Applications/Xcode-27.0.0-Release.Candidate.app/Contents/Developer/Toolchains/XcodeDefault.xctoolchain/usr/lib/swift/host/plugins/testing -enable-experimental-feature DebugDescriptionMacro -sdk /Applications/Xcode-27.0.0-Release.Candidate.app/Contents/Developer/Platforms/WatchOS.platform/Developer/SDKs/WatchOS27.0.sdk -target arm64-apple-watchos9.0 -g -module-cache-path /Users/admin/builder/spi-builder-workspace/.derivedData/ModuleCache.noindex -Xfrontend -serialize-debugging-options -profile-coverage-mapping -profile-generate -enable-testing -index-store-path /Users/admin/builder/spi-builder-workspace/.derivedData/Index.noindex/DataStore -Xcc -D_LIBCPP_HARDENING_MODE\=_LIBCPP_HARDENING_MODE_DEBUG -swift-version 6 -I /Users/admin/builder/spi-builder-workspace/.derivedData/Build/Products/Debug-watchos -Isystem /Applications/Xcode-27.0.0-Release.Candidate.app/Contents/Developer/Platforms/WatchOS.platform/Developer/usr/lib -F /Users/admin/builder/spi-builder-workspace/.derivedData/Build/Products/Debug-watchos -F /Applications/Xcode-27.0.0-Release.Candidate.app/Contents/Developer/Platforms/WatchOS.platform/Developer/Library/Frameworks -F /Applications/Xcode-27.0.0-Release.Candidate.app/Contents/Developer/Platforms/WatchOS.platform/Developer/SDKs/WatchOS27.0.sdk/Developer/Library/Frameworks -c -j10 -enable-batch-mode -incremental -Xcc -ivfsstatcache -Xcc /Users/admin/builder/spi-builder-workspace/.derivedData/SDKStatCaches.noindex/watchos27.0-24R360-e829b21a6f8c9b70876ba0858053c04477534ef55a1706bf4c1112bbb242f0a2.sdkstatcache -output-file-map /Users/admin/builder/spi-builder-workspace/.derivedData/Build/Intermediates.noindex/MKUnits.build/Debug-watchos/MKUnits-t.build/Objects-normal/arm64/MKUnits-OutputFileMap.json -save-temps -no-color-diagnostics -explicit-module-build -module-cache-path /Users/admin/builder/spi-builder-workspace/.derivedData/Build/Intermediates.noindex/SwiftExplicitPrecompiledModules -clang-scanner-module-cache-path /Users/admin/builder/spi-builder-workspace/.derivedData/ModuleCache.noindex -sdk-module-cache-path /Users/admin/builder/spi-builder-workspace/.derivedData/SDKExplicitPrecompiledModules -emit-dependencies -emit-module -emit-module-path /Users/admin/builder/spi-builder-workspace/.derivedData/Build/Intermediates.noindex/MKUnits.build/Debug-watchos/MKUnits-t.build/Objects-normal/arm64/MKUnits.swiftmodule -serialize-diagnostics -dependency-scan-serialize-diagnostics-path /Users/admin/builder/spi-builder-workspace/.derivedData/Build/Intermediates.noindex/MKUnits.build/Debug-watchos/MKUnits-t.build/Objects-normal/arm64/MKUnits-dependency-scan.dia -validate-clang-modules-once -clang-build-session-file /Users/admin/builder/spi-builder-workspace/.derivedData/ModuleCache.noindex/Session.modulevalidation -Xcc -fmodules-prune-interval\=86400 -Xcc -fmodules-prune-after\=345600 -package-name spi_builder_workspace -emit-const-values -const-gather-protocols-list /Users/admin/builder/spi-builder-workspace/.derivedData/Build/Intermediates.noindex/MKUnits.build/Debug-watchos/MKUnits-t.build/Objects-normal/arm64/MKUnits_const_extract_protocols.json -Xcc -I/Users/admin/builder/spi-builder-workspace/.derivedData/Build/Products/Debug-watchos/include -Xcc -I/Users/admin/builder/spi-builder-workspace/.derivedData/Build/Intermediates.noindex/MKUnits.build/Debug-watchos/MKUnits-t.build/DerivedSources-normal/arm64 -Xcc -I/Users/admin/builder/spi-builder-workspace/.derivedData/Build/Intermediates.noindex/MKUnits.build/Debug-watchos/MKUnits-t.build/DerivedSources/arm64 -Xcc -I/Users/admin/builder/spi-builder-workspace/.derivedData/Build/Intermediates.noindex/MKUnits.build/Debug-watchos/MKUnits-t.build/DerivedSources -Xcc -DSWIFT_PACKAGE -Xcc -DDEBUG\=1 -emit-objc-header -emit-objc-header-path /Users/admin/builder/spi-builder-workspace/.derivedData/Build/Intermediates.noindex/MKUnits.build/Debug-watchos/MKUnits-t.build/Objects-normal/arm64/MKUnits-Swift.h -working-directory /Users/admin/builder/spi-builder-workspace/.swiftpm/xcode -experimental-emit-module-separately -disable-cmo
PruneExplicitPrecompiledModules /Users/admin/builder/spi-builder-workspace/.derivedData/Build/Intermediates.noindex/ExplicitPrecompiledModules
PruneExplicitPrecompiledModules /Users/admin/builder/spi-builder-workspace/.derivedData/SDKExplicitPrecompiledModules
PruneExplicitPrecompiledModules /Users/admin/builder/spi-builder-workspace/.derivedData/Build/Intermediates.noindex/SwiftExplicitPrecompiledModules
2026-09-24 04:59:15.951 xcodebuild[627:3854] [MT] IDERunDestination: Supported platforms for the buildables in the current scheme is empty.
** BUILD FAILED **
The following build commands failed:
SwiftEmitModule normal arm64_32 Emitting\ module\ for\ MKUnits (in target 'MKUnits' from project 'MKUnits')
SwiftCompile normal arm64_32 (in target 'MKUnits' from project 'MKUnits')
Building workspace MKUnits with scheme MKUnits-Package
(3 failures)
Command line invocation:
/Applications/Xcode-27.0.0-Release.Candidate.app/Contents/Developer/usr/bin/xcodebuild -IDEClonedSourcePackagesDirPathOverride=/Users/admin/builder/spi-builder-workspace/.dependencies -resolvePackageDependencies
Resolve Package Graph
Resolved source packages:
MKUnits: /Users/admin/builder/spi-builder-workspace
resolved source packages: MKUnits
2026-09-24 04:59:21.373 xcodebuild[726:4376] [MT] IDERunDestination: Supported platforms for the buildables in the current scheme is empty.
{
"dependencies" : [
],
"manifest_display_name" : "MKUnits",
"name" : "MKUnits",
"path" : "/Users/admin/builder/spi-builder-workspace",
"platforms" : [
{
"name" : "ios",
"version" : "16.0"
},
{
"name" : "macos",
"version" : "13.0"
},
{
"name" : "tvos",
"version" : "16.0"
},
{
"name" : "watchos",
"version" : "9.0"
},
{
"name" : "visionos",
"version" : "1.0"
}
],
"products" : [
{
"name" : "MKUnits",
"targets" : [
"MKUnits"
],
"type" : {
"library" : [
"automatic"
]
}
},
{
"name" : "demo",
"targets" : [
"demo"
],
"type" : {
"executable" : null
}
}
],
"targets" : [
{
"c99name" : "demo",
"module_type" : "SwiftTarget",
"name" : "demo",
"path" : "Demo",
"product_memberships" : [
"demo"
],
"sources" : [
"main.swift"
],
"target_dependencies" : [
"MKUnits"
],
"type" : "executable"
},
{
"c99name" : "MKUnitsTests",
"module_type" : "SwiftTarget",
"name" : "MKUnitsTests",
"path" : "Tests/MKUnitsTests",
"sources" : [
"AreaUnitImperialTests.swift",
"AreaUnitTests.swift",
"ByteUnitTests.swift",
"EnergyUnitTests.swift",
"LengthUnitImperialTests.swift",
"LengthUnitTests.swift",
"MassUnitImperialTests.swift",
"MassUnitTests.swift",
"QuantityTests.swift",
"TemperatureUnitTests.swift",
"TimeUnitTests.swift",
"UnitTests.swift",
"VolumeUnitImperialTests.swift",
"VolumeUnitTests.swift",
"VolumeUnitUSTests.swift"
],
"target_dependencies" : [
"MKUnits"
],
"type" : "test"
},
{
"c99name" : "MKUnits",
"module_type" : "SwiftTarget",
"name" : "MKUnits",
"path" : "Sources/MKUnits",
"product_memberships" : [
"MKUnits",
"demo"
],
"sources" : [
"AreaUnit+Imperial.swift",
"AreaUnit.swift",
"ByteUnit.swift",
"EnergyUnit.swift",
"LengthUnit+Imperial.swift",
"LengthUnit.swift",
"MassUnit+Imperial.swift",
"MassUnit.swift",
"Quantity.swift",
"TemperatureUnit+Extensions.swift",
"TemperatureUnit.swift",
"TimeUnit.swift",
"Unit.swift",
"VolumeUnit+Imperial.swift",
"VolumeUnit+US.swift",
"VolumeUnit.swift"
],
"type" : "library"
}
],
"tools_version" : "6.0"
}
{
"workspace" : {
"name" : "MKUnits",
"schemes" : [
"demo",
"MKUnits",
"MKUnits-Package"
]
}
}
2026-09-24 04:59:22.587 xcodebuild[734:4440] [MT] IDERunDestination: Supported platforms for the buildables in the current scheme is empty.
Running build ...
env DEVELOPER_DIR=/Applications/Xcode-27.0.0-Release.Candidate.app xcrun xcodebuild -IDEClonedSourcePackagesDirPathOverride=$PWD/.dependencies -skipMacroValidation -skipPackagePluginValidation -derivedDataPath $PWD/.derivedData build -scheme MKUnits-Package -destination generic/platform=watchOS
Command line invocation:
/Applications/Xcode-27.0.0-Release.Candidate.app/Contents/Developer/usr/bin/xcodebuild -IDEClonedSourcePackagesDirPathOverride=/Users/admin/builder/spi-builder-workspace/.dependencies -skipMacroValidation -skipPackagePluginValidation -derivedDataPath /Users/admin/builder/spi-builder-workspace/.derivedData build -scheme MKUnits-Package -destination generic/platform=watchOS
Resolve Package Graph
Resolved source packages:
MKUnits: /Users/admin/builder/spi-builder-workspace
ComputePackagePrebuildTargetDependencyGraph
Prepare packages
CreateBuildRequest
SendProjectDescription
CreateBuildOperation
ComputeTargetDependencyGraph
note: Building targets in dependency order
note: Target dependency graph (3 targets)
Target 'demo-product' in project 'MKUnits'
➜ Explicit dependency on target 'MKUnits' in project 'MKUnits'
Target 'MKUnits-product' in project 'MKUnits'
➜ Explicit dependency on target 'MKUnits' in project 'MKUnits'
Target 'MKUnits' in project 'MKUnits' (no dependencies)
GatherProvisioningInputs
CreateBuildDescription
ClangStatCache /Applications/Xcode-27.0.0-Release.Candidate.app/Contents/Developer/Toolchains/XcodeDefault.xctoolchain/usr/bin/clang-stat-cache /Applications/Xcode-27.0.0-Release.Candidate.app/Contents/Developer/Platforms/WatchOS.platform/Developer/SDKs/WatchOS27.0.sdk /Users/admin/builder/spi-builder-workspace/.derivedData/SDKStatCaches.noindex/watchos27.0-24R360-e829b21a6f8c9b70876ba0858053c04477534ef55a1706bf4c1112bbb242f0a2.sdkstatcache
cd /Users/admin/builder/spi-builder-workspace/.swiftpm/xcode
/Applications/Xcode-27.0.0-Release.Candidate.app/Contents/Developer/Toolchains/XcodeDefault.xctoolchain/usr/bin/clang-stat-cache /Applications/Xcode-27.0.0-Release.Candidate.app/Contents/Developer/Platforms/WatchOS.platform/Developer/SDKs/WatchOS27.0.sdk -o /Users/admin/builder/spi-builder-workspace/.derivedData/SDKStatCaches.noindex/watchos27.0-24R360-e829b21a6f8c9b70876ba0858053c04477534ef55a1706bf4c1112bbb242f0a2.sdkstatcache
SwiftDriver MKUnits normal arm64 com.apple.xcode.tools.swift.compiler (in target 'MKUnits' from project 'MKUnits')
cd /Users/admin/builder/spi-builder-workspace/.swiftpm/xcode
builtin-SwiftDriver -- /Applications/Xcode-27.0.0-Release.Candidate.app/Contents/Developer/Toolchains/XcodeDefault.xctoolchain/usr/bin/swiftc -parse-as-library -module-name MKUnits -Onone @/Users/admin/builder/spi-builder-workspace/.derivedData/Build/Intermediates.noindex/MKUnits.build/Debug-watchos/MKUnits-t.build/Objects-normal/arm64/MKUnits.SwiftFileList -DSWIFT_PACKAGE -DDEBUG -DSWIFT_MODULE_RESOURCE_BUNDLE_UNAVAILABLE -DXcode -plugin-path /Applications/Xcode-27.0.0-Release.Candidate.app/Contents/Developer/Toolchains/XcodeDefault.xctoolchain/usr/lib/swift/host/plugins/testing -enable-experimental-feature DebugDescriptionMacro -sdk /Applications/Xcode-27.0.0-Release.Candidate.app/Contents/Developer/Platforms/WatchOS.platform/Developer/SDKs/WatchOS27.0.sdk -target arm64-apple-watchos9.0 -g -module-cache-path /Users/admin/builder/spi-builder-workspace/.derivedData/ModuleCache.noindex -Xfrontend -serialize-debugging-options -profile-coverage-mapping -profile-generate -enable-testing -index-store-path /Users/admin/builder/spi-builder-workspace/.derivedData/Index.noindex/DataStore -Xcc -D_LIBCPP_HARDENING_MODE\=_LIBCPP_HARDENING_MODE_DEBUG -swift-version 6 -I /Users/admin/builder/spi-builder-workspace/.derivedData/Build/Products/Debug-watchos -Isystem /Applications/Xcode-27.0.0-Release.Candidate.app/Contents/Developer/Platforms/WatchOS.platform/Developer/usr/lib -F /Users/admin/builder/spi-builder-workspace/.derivedData/Build/Products/Debug-watchos -F /Applications/Xcode-27.0.0-Release.Candidate.app/Contents/Developer/Platforms/WatchOS.platform/Developer/Library/Frameworks -F /Applications/Xcode-27.0.0-Release.Candidate.app/Contents/Developer/Platforms/WatchOS.platform/Developer/SDKs/WatchOS27.0.sdk/Developer/Library/Frameworks -c -j10 -enable-batch-mode -incremental -Xcc -ivfsstatcache -Xcc /Users/admin/builder/spi-builder-workspace/.derivedData/SDKStatCaches.noindex/watchos27.0-24R360-e829b21a6f8c9b70876ba0858053c04477534ef55a1706bf4c1112bbb242f0a2.sdkstatcache -output-file-map /Users/admin/builder/spi-builder-workspace/.derivedData/Build/Intermediates.noindex/MKUnits.build/Debug-watchos/MKUnits-t.build/Objects-normal/arm64/MKUnits-OutputFileMap.json -save-temps -no-color-diagnostics -explicit-module-build -module-cache-path /Users/admin/builder/spi-builder-workspace/.derivedData/Build/Intermediates.noindex/SwiftExplicitPrecompiledModules -clang-scanner-module-cache-path /Users/admin/builder/spi-builder-workspace/.derivedData/ModuleCache.noindex -sdk-module-cache-path /Users/admin/builder/spi-builder-workspace/.derivedData/SDKExplicitPrecompiledModules -emit-dependencies -emit-module -emit-module-path /Users/admin/builder/spi-builder-workspace/.derivedData/Build/Intermediates.noindex/MKUnits.build/Debug-watchos/MKUnits-t.build/Objects-normal/arm64/MKUnits.swiftmodule -serialize-diagnostics -dependency-scan-serialize-diagnostics-path /Users/admin/builder/spi-builder-workspace/.derivedData/Build/Intermediates.noindex/MKUnits.build/Debug-watchos/MKUnits-t.build/Objects-normal/arm64/MKUnits-dependency-scan.dia -validate-clang-modules-once -clang-build-session-file /Users/admin/builder/spi-builder-workspace/.derivedData/ModuleCache.noindex/Session.modulevalidation -Xcc -fmodules-prune-interval\=86400 -Xcc -fmodules-prune-after\=345600 -package-name spi_builder_workspace -emit-const-values -const-gather-protocols-list /Users/admin/builder/spi-builder-workspace/.derivedData/Build/Intermediates.noindex/MKUnits.build/Debug-watchos/MKUnits-t.build/Objects-normal/arm64/MKUnits_const_extract_protocols.json -Xcc -I/Users/admin/builder/spi-builder-workspace/.derivedData/Build/Products/Debug-watchos/include -Xcc -I/Users/admin/builder/spi-builder-workspace/.derivedData/Build/Intermediates.noindex/MKUnits.build/Debug-watchos/MKUnits-t.build/DerivedSources-normal/arm64 -Xcc -I/Users/admin/builder/spi-builder-workspace/.derivedData/Build/Intermediates.noindex/MKUnits.build/Debug-watchos/MKUnits-t.build/DerivedSources/arm64 -Xcc -I/Users/admin/builder/spi-builder-workspace/.derivedData/Build/Intermediates.noindex/MKUnits.build/Debug-watchos/MKUnits-t.build/DerivedSources -Xcc -DSWIFT_PACKAGE -Xcc -DDEBUG\=1 -emit-objc-header -emit-objc-header-path /Users/admin/builder/spi-builder-workspace/.derivedData/Build/Intermediates.noindex/MKUnits.build/Debug-watchos/MKUnits-t.build/Objects-normal/arm64/MKUnits-Swift.h -working-directory /Users/admin/builder/spi-builder-workspace/.swiftpm/xcode -experimental-emit-module-separately -disable-cmo
SwiftDriver MKUnits normal arm64_32 com.apple.xcode.tools.swift.compiler (in target 'MKUnits' from project 'MKUnits')
cd /Users/admin/builder/spi-builder-workspace/.swiftpm/xcode
builtin-SwiftDriver -- /Applications/Xcode-27.0.0-Release.Candidate.app/Contents/Developer/Toolchains/XcodeDefault.xctoolchain/usr/bin/swiftc -parse-as-library -module-name MKUnits -Onone @/Users/admin/builder/spi-builder-workspace/.derivedData/Build/Intermediates.noindex/MKUnits.build/Debug-watchos/MKUnits-t.build/Objects-normal/arm64_32/MKUnits.SwiftFileList -DSWIFT_PACKAGE -DDEBUG -DSWIFT_MODULE_RESOURCE_BUNDLE_UNAVAILABLE -DXcode -plugin-path /Applications/Xcode-27.0.0-Release.Candidate.app/Contents/Developer/Toolchains/XcodeDefault.xctoolchain/usr/lib/swift/host/plugins/testing -enable-experimental-feature DebugDescriptionMacro -sdk /Applications/Xcode-27.0.0-Release.Candidate.app/Contents/Developer/Platforms/WatchOS.platform/Developer/SDKs/WatchOS27.0.sdk -target arm64_32-apple-watchos9.0 -g -module-cache-path /Users/admin/builder/spi-builder-workspace/.derivedData/ModuleCache.noindex -Xfrontend -serialize-debugging-options -profile-coverage-mapping -profile-generate -enable-testing -index-store-path /Users/admin/builder/spi-builder-workspace/.derivedData/Index.noindex/DataStore -Xcc -D_LIBCPP_HARDENING_MODE\=_LIBCPP_HARDENING_MODE_DEBUG -swift-version 6 -I /Users/admin/builder/spi-builder-workspace/.derivedData/Build/Products/Debug-watchos -Isystem /Applications/Xcode-27.0.0-Release.Candidate.app/Contents/Developer/Platforms/WatchOS.platform/Developer/usr/lib -F /Users/admin/builder/spi-builder-workspace/.derivedData/Build/Products/Debug-watchos -F /Applications/Xcode-27.0.0-Release.Candidate.app/Contents/Developer/Platforms/WatchOS.platform/Developer/Library/Frameworks -F /Applications/Xcode-27.0.0-Release.Candidate.app/Contents/Developer/Platforms/WatchOS.platform/Developer/SDKs/WatchOS27.0.sdk/Developer/Library/Frameworks -c -j10 -enable-batch-mode -incremental -Xcc -ivfsstatcache -Xcc /Users/admin/builder/spi-builder-workspace/.derivedData/SDKStatCaches.noindex/watchos27.0-24R360-e829b21a6f8c9b70876ba0858053c04477534ef55a1706bf4c1112bbb242f0a2.sdkstatcache -output-file-map /Users/admin/builder/spi-builder-workspace/.derivedData/Build/Intermediates.noindex/MKUnits.build/Debug-watchos/MKUnits-t.build/Objects-normal/arm64_32/MKUnits-OutputFileMap.json -save-temps -no-color-diagnostics -explicit-module-build -module-cache-path /Users/admin/builder/spi-builder-workspace/.derivedData/Build/Intermediates.noindex/SwiftExplicitPrecompiledModules -clang-scanner-module-cache-path /Users/admin/builder/spi-builder-workspace/.derivedData/ModuleCache.noindex -sdk-module-cache-path /Users/admin/builder/spi-builder-workspace/.derivedData/SDKExplicitPrecompiledModules -emit-dependencies -emit-module -emit-module-path /Users/admin/builder/spi-builder-workspace/.derivedData/Build/Intermediates.noindex/MKUnits.build/Debug-watchos/MKUnits-t.build/Objects-normal/arm64_32/MKUnits.swiftmodule -serialize-diagnostics -dependency-scan-serialize-diagnostics-path /Users/admin/builder/spi-builder-workspace/.derivedData/Build/Intermediates.noindex/MKUnits.build/Debug-watchos/MKUnits-t.build/Objects-normal/arm64_32/MKUnits-dependency-scan.dia -validate-clang-modules-once -clang-build-session-file /Users/admin/builder/spi-builder-workspace/.derivedData/ModuleCache.noindex/Session.modulevalidation -Xcc -fmodules-prune-interval\=86400 -Xcc -fmodules-prune-after\=345600 -package-name spi_builder_workspace -emit-const-values -const-gather-protocols-list /Users/admin/builder/spi-builder-workspace/.derivedData/Build/Intermediates.noindex/MKUnits.build/Debug-watchos/MKUnits-t.build/Objects-normal/arm64_32/MKUnits_const_extract_protocols.json -Xcc -I/Users/admin/builder/spi-builder-workspace/.derivedData/Build/Products/Debug-watchos/include -Xcc -I/Users/admin/builder/spi-builder-workspace/.derivedData/Build/Intermediates.noindex/MKUnits.build/Debug-watchos/MKUnits-t.build/DerivedSources-normal/arm64_32 -Xcc -I/Users/admin/builder/spi-builder-workspace/.derivedData/Build/Intermediates.noindex/MKUnits.build/Debug-watchos/MKUnits-t.build/DerivedSources/arm64_32 -Xcc -I/Users/admin/builder/spi-builder-workspace/.derivedData/Build/Intermediates.noindex/MKUnits.build/Debug-watchos/MKUnits-t.build/DerivedSources -Xcc -DSWIFT_PACKAGE -Xcc -DDEBUG\=1 -emit-objc-header -emit-objc-header-path /Users/admin/builder/spi-builder-workspace/.derivedData/Build/Intermediates.noindex/MKUnits.build/Debug-watchos/MKUnits-t.build/Objects-normal/arm64_32/MKUnits-Swift.h -working-directory /Users/admin/builder/spi-builder-workspace/.swiftpm/xcode -experimental-emit-module-separately -disable-cmo
SwiftCompile normal arm64 Compiling\ ByteUnit.swift,\ EnergyUnit.swift /Users/admin/builder/spi-builder-workspace/Sources/MKUnits/ByteUnit.swift /Users/admin/builder/spi-builder-workspace/Sources/MKUnits/EnergyUnit.swift (in target 'MKUnits' from project 'MKUnits')
SwiftCompile normal arm64 /Users/admin/builder/spi-builder-workspace/Sources/MKUnits/ByteUnit.swift (in target 'MKUnits' from project 'MKUnits')
cd /Users/admin/builder/spi-builder-workspace/.swiftpm/xcode
builtin-SwiftPerFileCompile ByteUnit.swift
SwiftCompile normal arm64 /Users/admin/builder/spi-builder-workspace/Sources/MKUnits/EnergyUnit.swift (in target 'MKUnits' from project 'MKUnits')
cd /Users/admin/builder/spi-builder-workspace/.swiftpm/xcode
builtin-SwiftPerFileCompile EnergyUnit.swift
SwiftCompile normal arm64 Compiling\ LengthUnit+Imperial.swift,\ LengthUnit.swift /Users/admin/builder/spi-builder-workspace/Sources/MKUnits/LengthUnit+Imperial.swift /Users/admin/builder/spi-builder-workspace/Sources/MKUnits/LengthUnit.swift (in target 'MKUnits' from project 'MKUnits')
SwiftCompile normal arm64 /Users/admin/builder/spi-builder-workspace/Sources/MKUnits/LengthUnit+Imperial.swift (in target 'MKUnits' from project 'MKUnits')
cd /Users/admin/builder/spi-builder-workspace/.swiftpm/xcode
builtin-SwiftPerFileCompile LengthUnit+Imperial.swift
SwiftCompile normal arm64 /Users/admin/builder/spi-builder-workspace/Sources/MKUnits/LengthUnit.swift (in target 'MKUnits' from project 'MKUnits')
cd /Users/admin/builder/spi-builder-workspace/.swiftpm/xcode
builtin-SwiftPerFileCompile LengthUnit.swift
SwiftCompile normal arm64 Compiling\ AreaUnit+Imperial.swift,\ AreaUnit.swift /Users/admin/builder/spi-builder-workspace/Sources/MKUnits/AreaUnit+Imperial.swift /Users/admin/builder/spi-builder-workspace/Sources/MKUnits/AreaUnit.swift (in target 'MKUnits' from project 'MKUnits')
SwiftCompile normal arm64 /Users/admin/builder/spi-builder-workspace/Sources/MKUnits/AreaUnit+Imperial.swift (in target 'MKUnits' from project 'MKUnits')
cd /Users/admin/builder/spi-builder-workspace/.swiftpm/xcode
builtin-SwiftPerFileCompile AreaUnit+Imperial.swift
SwiftCompile normal arm64 /Users/admin/builder/spi-builder-workspace/Sources/MKUnits/AreaUnit.swift (in target 'MKUnits' from project 'MKUnits')
cd /Users/admin/builder/spi-builder-workspace/.swiftpm/xcode
builtin-SwiftPerFileCompile AreaUnit.swift
SwiftCompile normal arm64 Compiling\ Unit.swift /Users/admin/builder/spi-builder-workspace/Sources/MKUnits/Unit.swift (in target 'MKUnits' from project 'MKUnits')
SwiftCompile normal arm64 /Users/admin/builder/spi-builder-workspace/Sources/MKUnits/Unit.swift (in target 'MKUnits' from project 'MKUnits')
cd /Users/admin/builder/spi-builder-workspace/.swiftpm/xcode
builtin-SwiftPerFileCompile Unit.swift
SwiftCompile normal arm64 Compiling\ TemperatureUnit.swift,\ TimeUnit.swift /Users/admin/builder/spi-builder-workspace/Sources/MKUnits/TemperatureUnit.swift /Users/admin/builder/spi-builder-workspace/Sources/MKUnits/TimeUnit.swift (in target 'MKUnits' from project 'MKUnits')
SwiftCompile normal arm64 /Users/admin/builder/spi-builder-workspace/Sources/MKUnits/TemperatureUnit.swift (in target 'MKUnits' from project 'MKUnits')
cd /Users/admin/builder/spi-builder-workspace/.swiftpm/xcode
builtin-SwiftPerFileCompile TemperatureUnit.swift
SwiftCompile normal arm64 /Users/admin/builder/spi-builder-workspace/Sources/MKUnits/TimeUnit.swift (in target 'MKUnits' from project 'MKUnits')
cd /Users/admin/builder/spi-builder-workspace/.swiftpm/xcode
builtin-SwiftPerFileCompile TimeUnit.swift
SwiftCompile normal arm64 Compiling\ Quantity.swift,\ TemperatureUnit+Extensions.swift /Users/admin/builder/spi-builder-workspace/Sources/MKUnits/Quantity.swift /Users/admin/builder/spi-builder-workspace/Sources/MKUnits/TemperatureUnit+Extensions.swift (in target 'MKUnits' from project 'MKUnits')
SwiftCompile normal arm64 /Users/admin/builder/spi-builder-workspace/Sources/MKUnits/Quantity.swift (in target 'MKUnits' from project 'MKUnits')
cd /Users/admin/builder/spi-builder-workspace/.swiftpm/xcode
builtin-SwiftPerFileCompile Quantity.swift
SwiftCompile normal arm64 /Users/admin/builder/spi-builder-workspace/Sources/MKUnits/TemperatureUnit+Extensions.swift (in target 'MKUnits' from project 'MKUnits')
cd /Users/admin/builder/spi-builder-workspace/.swiftpm/xcode
builtin-SwiftPerFileCompile TemperatureUnit+Extensions.swift
SwiftCompile normal arm64 Compiling\ VolumeUnit.swift /Users/admin/builder/spi-builder-workspace/Sources/MKUnits/VolumeUnit.swift (in target 'MKUnits' from project 'MKUnits')
SwiftCompile normal arm64 /Users/admin/builder/spi-builder-workspace/Sources/MKUnits/VolumeUnit.swift (in target 'MKUnits' from project 'MKUnits')
cd /Users/admin/builder/spi-builder-workspace/.swiftpm/xcode
builtin-SwiftPerFileCompile VolumeUnit.swift
SwiftCompile normal arm64 Compiling\ VolumeUnit+US.swift /Users/admin/builder/spi-builder-workspace/Sources/MKUnits/VolumeUnit+US.swift (in target 'MKUnits' from project 'MKUnits')
SwiftCompile normal arm64 /Users/admin/builder/spi-builder-workspace/Sources/MKUnits/VolumeUnit+US.swift (in target 'MKUnits' from project 'MKUnits')
cd /Users/admin/builder/spi-builder-workspace/.swiftpm/xcode
builtin-SwiftPerFileCompile VolumeUnit+US.swift
SwiftCompile normal arm64 Compiling\ MassUnit+Imperial.swift,\ MassUnit.swift /Users/admin/builder/spi-builder-workspace/Sources/MKUnits/MassUnit+Imperial.swift /Users/admin/builder/spi-builder-workspace/Sources/MKUnits/MassUnit.swift (in target 'MKUnits' from project 'MKUnits')
SwiftCompile normal arm64 /Users/admin/builder/spi-builder-workspace/Sources/MKUnits/MassUnit+Imperial.swift (in target 'MKUnits' from project 'MKUnits')
cd /Users/admin/builder/spi-builder-workspace/.swiftpm/xcode
builtin-SwiftPerFileCompile MassUnit+Imperial.swift
SwiftCompile normal arm64 /Users/admin/builder/spi-builder-workspace/Sources/MKUnits/MassUnit.swift (in target 'MKUnits' from project 'MKUnits')
cd /Users/admin/builder/spi-builder-workspace/.swiftpm/xcode
builtin-SwiftPerFileCompile MassUnit.swift
SwiftEmitModule normal arm64 Emitting\ module\ for\ MKUnits (in target 'MKUnits' from project 'MKUnits')
SwiftCompile normal arm64 (in target 'MKUnits' from project 'MKUnits')
cd /Users/admin/builder/spi-builder-workspace/.swiftpm/xcode
SwiftEmitModule normal arm64_32 Emitting\ module\ for\ MKUnits (in target 'MKUnits' from project 'MKUnits')
/Users/admin/builder/spi-builder-workspace/Sources/MKUnits/ByteUnit.swift:34:12: error: integer literal '1125899906842624' overflows when stored into 'Decimal'
32 | name: "petabyte",
33 | symbol: "PB",
34 | ratio: 1_125_899_906_842_624
| `- error: integer literal '1125899906842624' overflows when stored into 'Decimal'
35 | )
36 |
/Users/admin/builder/spi-builder-workspace/Sources/MKUnits/ByteUnit.swift:41:12: error: integer literal '1099511627776' overflows when stored into 'Decimal'
39 | name: "terabyte",
40 | symbol: "TB",
41 | ratio: 1_099_511_627_776
| `- error: integer literal '1099511627776' overflows when stored into 'Decimal'
42 | )
43 |
/Users/admin/builder/spi-builder-workspace/Sources/MKUnits/TimeUnit.swift:34:12: error: integer literal '3155760000' overflows when stored into 'Decimal'
32 | name: "century",
33 | symbol: "c",
34 | ratio: 3_155_760_000
| `- error: integer literal '3155760000' overflows when stored into 'Decimal'
35 | )
36 |
Failed frontend command:
/Applications/Xcode-27.0.0-Release.Candidate.app/Contents/Developer/Toolchains/XcodeDefault.xctoolchain/usr/bin/swift-frontend -frontend -emit-module -experimental-skip-non-inlinable-function-bodies-without-types /Users/admin/builder/spi-builder-workspace/Sources/MKUnits/AreaUnit+Imperial.swift /Users/admin/builder/spi-builder-workspace/Sources/MKUnits/AreaUnit.swift /Users/admin/builder/spi-builder-workspace/Sources/MKUnits/ByteUnit.swift /Users/admin/builder/spi-builder-workspace/Sources/MKUnits/EnergyUnit.swift /Users/admin/builder/spi-builder-workspace/Sources/MKUnits/LengthUnit+Imperial.swift /Users/admin/builder/spi-builder-workspace/Sources/MKUnits/LengthUnit.swift /Users/admin/builder/spi-builder-workspace/Sources/MKUnits/MassUnit+Imperial.swift /Users/admin/builder/spi-builder-workspace/Sources/MKUnits/MassUnit.swift /Users/admin/builder/spi-builder-workspace/Sources/MKUnits/Quantity.swift /Users/admin/builder/spi-builder-workspace/Sources/MKUnits/TemperatureUnit+Extensions.swift /Users/admin/builder/spi-builder-workspace/Sources/MKUnits/TemperatureUnit.swift /Users/admin/builder/spi-builder-workspace/Sources/MKUnits/TimeUnit.swift /Users/admin/builder/spi-builder-workspace/Sources/MKUnits/Unit.swift /Users/admin/builder/spi-builder-workspace/Sources/MKUnits/VolumeUnit+Imperial.swift /Users/admin/builder/spi-builder-workspace/Sources/MKUnits/VolumeUnit+US.swift /Users/admin/builder/spi-builder-workspace/Sources/MKUnits/VolumeUnit.swift -target arm64_32-apple-watchos9.0 -disable-cross-import-overlay-search -load-resolved-plugin /Applications/Xcode-27.0.0-Release.Candidate.app/Contents/Developer/Platforms/WatchOS.platform/Developer/usr/lib/swift/host/plugins/libFoundationMacros.dylib\#/Applications/Xcode-27.0.0-Release.Candidate.app/Contents/Developer/Platforms/WatchOS.platform/Developer/usr/bin/swift-plugin-server\#FoundationMacros -load-resolved-plugin /Applications/Xcode-27.0.0-Release.Candidate.app/Contents/Developer/Platforms/WatchOS.platform/Developer/usr/lib/swift/host/plugins/libObservationMacros.dylib\#/Applications/Xcode-27.0.0-Release.Candidate.app/Contents/Developer/Platforms/WatchOS.platform/Developer/usr/bin/swift-plugin-server\#ObservationMacros -load-resolved-plugin /Applications/Xcode-27.0.0-Release.Candidate.app/Contents/Developer/Platforms/WatchOS.platform/Developer/usr/lib/swift/host/plugins/libSwiftMacros.dylib\#/Applications/Xcode-27.0.0-Release.Candidate.app/Contents/Developer/Platforms/WatchOS.platform/Developer/usr/bin/swift-plugin-server\#SwiftMacros -disable-implicit-swift-modules -Xcc -fno-implicit-modules -Xcc -fno-implicit-module-maps -explicit-swift-module-map-file /Users/admin/builder/spi-builder-workspace/.derivedData/Build/Intermediates.noindex/MKUnits.build/Debug-watchos/MKUnits-t.build/Objects-normal/arm64_32/MKUnits-dependencies-2.json -enable-objc-interop -sdk /Applications/Xcode-27.0.0-Release.Candidate.app/Contents/Developer/Platforms/WatchOS.platform/Developer/SDKs/WatchOS27.0.sdk -I /Users/admin/builder/spi-builder-workspace/.derivedData/Build/Products/Debug-watchos -Isystem /Applications/Xcode-27.0.0-Release.Candidate.app/Contents/Developer/Platforms/WatchOS.platform/Developer/usr/lib -F /Users/admin/builder/spi-builder-workspace/.derivedData/Build/Products/Debug-watchos -F /Applications/Xcode-27.0.0-Release.Candidate.app/Contents/Developer/Platforms/WatchOS.platform/Developer/Library/Frameworks -F /Applications/Xcode-27.0.0-Release.Candidate.app/Contents/Developer/Platforms/WatchOS.platform/Developer/SDKs/WatchOS27.0.sdk/Developer/Library/Frameworks -module-cache-path /Users/admin/builder/spi-builder-workspace/.derivedData/Build/Intermediates.noindex/SwiftExplicitPrecompiledModules -no-color-diagnostics -Xcc -fno-color-diagnostics -enable-testing -g -debug-info-format\=dwarf -dwarf-version\=4 -profile-generate -profile-coverage-mapping -swift-version 6 -Onone -D SWIFT_PACKAGE -D DEBUG -D SWIFT_MODULE_RESOURCE_BUNDLE_UNAVAILABLE -D Xcode -serialize-debugging-options -enable-experimental-feature DebugDescriptionMacro -empty-abi-descriptor -validate-clang-modules-once -clang-build-session-file /Users/admin/builder/spi-builder-workspace/.derivedData/ModuleCache.noindex/Session.modulevalidation -Xcc -working-directory -Xcc /Users/admin/builder/spi-builder-workspace/.swiftpm/xcode -enable-anonymous-context-mangled-names -file-compilation-dir /Users/admin/builder/spi-builder-workspace/.swiftpm/xcode -Xcc -D_LIBCPP_HARDENING_MODE\=_LIBCPP_HARDENING_MODE_DEBUG -Xcc -ivfsstatcache -Xcc /Users/admin/builder/spi-builder-workspace/.derivedData/SDKStatCaches.noindex/watchos27.0-24R360-e829b21a6f8c9b70876ba0858053c04477534ef55a1706bf4c1112bbb242f0a2.sdkstatcache -Xcc -fmodules-prune-interval\=86400 -Xcc -fmodules-prune-after\=345600 -Xcc -I/Users/admin/builder/spi-builder-workspace/.derivedData/Build/Products/Debug-watchos/include -Xcc -I/Users/admin/builder/spi-builder-workspace/.derivedData/Build/Intermediates.noindex/MKUnits.build/Debug-watchos/MKUnits-t.build/DerivedSources-normal/arm64_32 -Xcc -I/Users/admin/builder/spi-builder-workspace/.derivedData/Build/Intermediates.noindex/MKUnits.build/Debug-watchos/MKUnits-t.build/DerivedSources/arm64_32 -Xcc -I/Users/admin/builder/spi-builder-workspace/.derivedData/Build/Intermediates.noindex/MKUnits.build/Debug-watchos/MKUnits-t.build/DerivedSources -Xcc -DSWIFT_PACKAGE -Xcc -DDEBUG\=1 -no-auto-bridging-header-chaining -module-name MKUnits -package-name spi_builder_workspace -const-gather-protocols-file /Users/admin/builder/spi-builder-workspace/.derivedData/Build/Intermediates.noindex/MKUnits.build/Debug-watchos/MKUnits-t.build/Objects-normal/arm64_32/MKUnits_const_extract_protocols.json -disable-clang-spi -clang-target arm64_32-apple-watchos27.0 -target-sdk-version 27.0 -target-sdk-name watchos27.0 -in-process-plugin-server-path /Applications/Xcode-27.0.0-Release.Candidate.app/Contents/Developer/Toolchains/XcodeDefault.xctoolchain/usr/lib/swift/host/libSwiftInProcPluginServer.dylib -emit-module-doc-path /Users/admin/builder/spi-builder-workspace/.derivedData/Build/Intermediates.noindex/MKUnits.build/Debug-watchos/MKUnits-t.build/Objects-normal/arm64_32/MKUnits.swiftdoc -emit-module-source-info-path /Users/admin/builder/spi-builder-workspace/.derivedData/Build/Intermediates.noindex/MKUnits.build/Debug-watchos/MKUnits-t.build/Objects-normal/arm64_32/MKUnits.swiftsourceinfo -emit-objc-header-path /Users/admin/builder/spi-builder-workspace/.derivedData/Build/Intermediates.noindex/MKUnits.build/Debug-watchos/MKUnits-t.build/Objects-normal/arm64_32/MKUnits-Swift.h -serialize-diagnostics-path /Users/admin/builder/spi-builder-workspace/.derivedData/Build/Intermediates.noindex/MKUnits.build/Debug-watchos/MKUnits-t.build/Objects-normal/arm64_32/MKUnits-primary-emit-module.dia -emit-dependencies-path /Users/admin/builder/spi-builder-workspace/.derivedData/Build/Intermediates.noindex/MKUnits.build/Debug-watchos/MKUnits-t.build/Objects-normal/arm64_32/MKUnits-primary-emit-module.d -parse-as-library -o /Users/admin/builder/spi-builder-workspace/.derivedData/Build/Intermediates.noindex/MKUnits.build/Debug-watchos/MKUnits-t.build/Objects-normal/arm64_32/MKUnits.swiftmodule -emit-abi-descriptor-path /Users/admin/builder/spi-builder-workspace/.derivedData/Build/Intermediates.noindex/MKUnits.build/Debug-watchos/MKUnits-t.build/Objects-normal/arm64_32/MKUnits.abi.json
SwiftCompile normal arm64_32 (in target 'MKUnits' from project 'MKUnits')
cd /Users/admin/builder/spi-builder-workspace/.swiftpm/xcode
SwiftDriverJobDiscovery normal arm64 Emitting module for MKUnits (in target 'MKUnits' from project 'MKUnits')
SwiftDriver\ Compilation\ Requirements MKUnits normal arm64 com.apple.xcode.tools.swift.compiler (in target 'MKUnits' from project 'MKUnits')
cd /Users/admin/builder/spi-builder-workspace/.swiftpm/xcode
builtin-Swift-Compilation-Requirements -- /Applications/Xcode-27.0.0-Release.Candidate.app/Contents/Developer/Toolchains/XcodeDefault.xctoolchain/usr/bin/swiftc -parse-as-library -module-name MKUnits -Onone @/Users/admin/builder/spi-builder-workspace/.derivedData/Build/Intermediates.noindex/MKUnits.build/Debug-watchos/MKUnits-t.build/Objects-normal/arm64/MKUnits.SwiftFileList -DSWIFT_PACKAGE -DDEBUG -DSWIFT_MODULE_RESOURCE_BUNDLE_UNAVAILABLE -DXcode -plugin-path /Applications/Xcode-27.0.0-Release.Candidate.app/Contents/Developer/Toolchains/XcodeDefault.xctoolchain/usr/lib/swift/host/plugins/testing -enable-experimental-feature DebugDescriptionMacro -sdk /Applications/Xcode-27.0.0-Release.Candidate.app/Contents/Developer/Platforms/WatchOS.platform/Developer/SDKs/WatchOS27.0.sdk -target arm64-apple-watchos9.0 -g -module-cache-path /Users/admin/builder/spi-builder-workspace/.derivedData/ModuleCache.noindex -Xfrontend -serialize-debugging-options -profile-coverage-mapping -profile-generate -enable-testing -index-store-path /Users/admin/builder/spi-builder-workspace/.derivedData/Index.noindex/DataStore -Xcc -D_LIBCPP_HARDENING_MODE\=_LIBCPP_HARDENING_MODE_DEBUG -swift-version 6 -I /Users/admin/builder/spi-builder-workspace/.derivedData/Build/Products/Debug-watchos -Isystem /Applications/Xcode-27.0.0-Release.Candidate.app/Contents/Developer/Platforms/WatchOS.platform/Developer/usr/lib -F /Users/admin/builder/spi-builder-workspace/.derivedData/Build/Products/Debug-watchos -F /Applications/Xcode-27.0.0-Release.Candidate.app/Contents/Developer/Platforms/WatchOS.platform/Developer/Library/Frameworks -F /Applications/Xcode-27.0.0-Release.Candidate.app/Contents/Developer/Platforms/WatchOS.platform/Developer/SDKs/WatchOS27.0.sdk/Developer/Library/Frameworks -c -j10 -enable-batch-mode -incremental -Xcc -ivfsstatcache -Xcc /Users/admin/builder/spi-builder-workspace/.derivedData/SDKStatCaches.noindex/watchos27.0-24R360-e829b21a6f8c9b70876ba0858053c04477534ef55a1706bf4c1112bbb242f0a2.sdkstatcache -output-file-map /Users/admin/builder/spi-builder-workspace/.derivedData/Build/Intermediates.noindex/MKUnits.build/Debug-watchos/MKUnits-t.build/Objects-normal/arm64/MKUnits-OutputFileMap.json -save-temps -no-color-diagnostics -explicit-module-build -module-cache-path /Users/admin/builder/spi-builder-workspace/.derivedData/Build/Intermediates.noindex/SwiftExplicitPrecompiledModules -clang-scanner-module-cache-path /Users/admin/builder/spi-builder-workspace/.derivedData/ModuleCache.noindex -sdk-module-cache-path /Users/admin/builder/spi-builder-workspace/.derivedData/SDKExplicitPrecompiledModules -emit-dependencies -emit-module -emit-module-path /Users/admin/builder/spi-builder-workspace/.derivedData/Build/Intermediates.noindex/MKUnits.build/Debug-watchos/MKUnits-t.build/Objects-normal/arm64/MKUnits.swiftmodule -serialize-diagnostics -dependency-scan-serialize-diagnostics-path /Users/admin/builder/spi-builder-workspace/.derivedData/Build/Intermediates.noindex/MKUnits.build/Debug-watchos/MKUnits-t.build/Objects-normal/arm64/MKUnits-dependency-scan.dia -validate-clang-modules-once -clang-build-session-file /Users/admin/builder/spi-builder-workspace/.derivedData/ModuleCache.noindex/Session.modulevalidation -Xcc -fmodules-prune-interval\=86400 -Xcc -fmodules-prune-after\=345600 -package-name spi_builder_workspace -emit-const-values -const-gather-protocols-list /Users/admin/builder/spi-builder-workspace/.derivedData/Build/Intermediates.noindex/MKUnits.build/Debug-watchos/MKUnits-t.build/Objects-normal/arm64/MKUnits_const_extract_protocols.json -Xcc -I/Users/admin/builder/spi-builder-workspace/.derivedData/Build/Products/Debug-watchos/include -Xcc -I/Users/admin/builder/spi-builder-workspace/.derivedData/Build/Intermediates.noindex/MKUnits.build/Debug-watchos/MKUnits-t.build/DerivedSources-normal/arm64 -Xcc -I/Users/admin/builder/spi-builder-workspace/.derivedData/Build/Intermediates.noindex/MKUnits.build/Debug-watchos/MKUnits-t.build/DerivedSources/arm64 -Xcc -I/Users/admin/builder/spi-builder-workspace/.derivedData/Build/Intermediates.noindex/MKUnits.build/Debug-watchos/MKUnits-t.build/DerivedSources -Xcc -DSWIFT_PACKAGE -Xcc -DDEBUG\=1 -emit-objc-header -emit-objc-header-path /Users/admin/builder/spi-builder-workspace/.derivedData/Build/Intermediates.noindex/MKUnits.build/Debug-watchos/MKUnits-t.build/Objects-normal/arm64/MKUnits-Swift.h -working-directory /Users/admin/builder/spi-builder-workspace/.swiftpm/xcode -experimental-emit-module-separately -disable-cmo
PruneExplicitPrecompiledModules /Users/admin/builder/spi-builder-workspace/.derivedData/Build/Intermediates.noindex/SwiftExplicitPrecompiledModules
PruneExplicitPrecompiledModules /Users/admin/builder/spi-builder-workspace/.derivedData/Build/Intermediates.noindex/ExplicitPrecompiledModules
PruneExplicitPrecompiledModules /Users/admin/builder/spi-builder-workspace/.derivedData/SDKExplicitPrecompiledModules
2026-09-24 04:59:23.596 xcodebuild[735:4465] [MT] IDERunDestination: Supported platforms for the buildables in the current scheme is empty.
** BUILD FAILED **
The following build commands failed:
SwiftEmitModule normal arm64_32 Emitting\ module\ for\ MKUnits (in target 'MKUnits' from project 'MKUnits')
SwiftCompile normal arm64_32 (in target 'MKUnits' from project 'MKUnits')
Building workspace MKUnits with scheme MKUnits-Package
(3 failures)
BUILD FAILURE 6.4 watchOS