The Swift Package Index logo.Swift Package Index

Build Information

Failed to build CSAuthSample, reference 3.0.2 (bb0720), with Swift 6.4 for Wasm on 17 Sep 2026 23:11:17 UTC.

Build Command

bash -c docker run --pull=always --rm -v "checkouts-54344844-0":/host -w "$PWD" -e JAVA_HOME="/root/.sdkman/candidates/java/current" -e SPI_BUILD="1" -e SPI_PROCESSING="1" registry.gitlab.com/saguaro1/spi-images:wasm-6.4-latest swift build --swift-sdk swift-6.4.x-DEVELOPMENT-SNAPSHOT-2026-09-04-a_wasm 2>&1

Build Log

========================================
RunAll
========================================
Builder version: 5.1.0
Interrupt handler set up.
========================================
Checkout
========================================
Clone URL: https://github.com/CharlesJS/CSAuthSample.git
Reference: 3.0.2
Initialized empty Git repository in /host/spi-builder-workspace/.git/
hint: Using 'master' as the name for the initial branch. This default branch name
hint: is subject to change. To configure the initial branch name to use in all
hint: of your new repositories, which will suppress this warning, call:
hint:
hint: 	git config --global init.defaultBranch <name>
hint:
hint: Names commonly chosen instead of 'master' are 'main', 'trunk' and
hint: 'development'. The just-created branch can be renamed via this command:
hint:
hint: 	git branch -m <name>
From https://github.com/CharlesJS/CSAuthSample
 * tag               3.0.2      -> FETCH_HEAD
HEAD is now at bb0720b Give up on auto-formatting the code as a build step for now
Cloned https://github.com/CharlesJS/CSAuthSample.git
Revision (git rev-parse @):
bb0720b6a24fb1a71c3b4f276cc4b0a9fc76c179
SUCCESS checkout https://github.com/CharlesJS/CSAuthSample.git at 3.0.2
========================================
Build
========================================
Selected platform:         wasm
Swift version:             6.4
Building package at path:  $PWD
https://github.com/CharlesJS/CSAuthSample.git
Running build ...
bash -c docker run --pull=always --rm -v "checkouts-54344844-0":/host -w "$PWD" -e JAVA_HOME="/root/.sdkman/candidates/java/current" -e SPI_BUILD="1" -e SPI_PROCESSING="1" registry.gitlab.com/saguaro1/spi-images:wasm-6.4-latest swift build --swift-sdk swift-6.4.x-DEVELOPMENT-SNAPSHOT-2026-09-04-a_wasm 2>&1
wasm-6.4-latest: Pulling from saguaro1/spi-images
Digest: sha256:4328fdb43c680d205c1d6761b1e3267aa38277eefdda9ddfb17b6a0f1a77857a
Status: Image is up to date for registry.gitlab.com/saguaro1/spi-images:wasm-6.4-latest
Building for debugging...
[Pre-planning 1 / 184]
[6 / 37]
/host/spi-builder-workspace/Sources/CSAuthSampleCommon/CSASCommon.m:11:1: error: use of '@import' when modules are disabled
   11 | @import Foundation;
      | ^
/host/spi-builder-workspace/Sources/CSAuthSampleCommon/CSASCommon.m:12:1: error: use of '@import' when modules are disabled
   12 | @import Darwin.POSIX.syslog;
      | ^
In file included from /host/spi-builder-workspace/Sources/CSAuthSampleCommon/CSASCommon.m:13:
/host/spi-builder-workspace/Sources/CSAuthSampleCommon/include/CSASCommon.h:8:1: error: use of '@import' when modules are disabled
    8 | @import Foundation;
      | ^
/host/spi-builder-workspace/Sources/CSAuthSampleCommon/include/CSASCommon.h:10:1: error: unknown type name 'NS_ASSUME_NONNULL_BEGIN'
   10 | NS_ASSUME_NONNULL_BEGIN
      | ^
/host/spi-builder-workspace/Sources/CSAuthSampleCommon/include/CSASCommon.h:20:32: error: expected function body after function declarator
   20 | NS_SWIFT_NAME(BuiltInCommands) @protocol CSASBuiltInCommands
      |                                ^
/host/spi-builder-workspace/Sources/CSAuthSampleCommon/include/CSASCommon.h:30:38: error: unknown type name 'NSString'
   30 | - (void)getVersionWithReply:(void(^)(NSString * _Nullable version, NSError * _Nullable))reply
      |                                      ^
/host/spi-builder-workspace/Sources/CSAuthSampleCommon/include/CSASCommon.h:30:68: error: unknown type name 'NSError'
   30 | - (void)getVersionWithReply:(void(^)(NSString * _Nullable version, NSError * _Nullable))reply
      |                                                                    ^
/host/spi-builder-workspace/Sources/CSAuthSampleCommon/include/CSASCommon.h:30:35: warning: block pointer is missing a nullability type specifier (_Nonnull, _Nullable, or _Null_unspecified) [-Wnullability-completeness]
   30 | - (void)getVersionWithReply:(void(^)(NSString * _Nullable version, NSError * _Nullable))reply
      |                                   ^
/host/spi-builder-workspace/Sources/CSAuthSampleCommon/include/CSASCommon.h:30:35: note: insert '_Nullable' if the block pointer may be null
   30 | - (void)getVersionWithReply:(void(^)(NSString * _Nullable version, NSError * _Nullable))reply
      |                                   ^
      |                                    _Nullable
/host/spi-builder-workspace/Sources/CSAuthSampleCommon/include/CSASCommon.h:30:35: note: insert '_Nonnull' if the block pointer should never be null
   30 | - (void)getVersionWithReply:(void(^)(NSString * _Nullable version, NSError * _Nullable))reply
      |                                   ^
      |                                    _Nonnull
/host/spi-builder-workspace/Sources/CSAuthSampleCommon/include/CSASCommon.h:31:14: error: expected ':'
   31 | NS_SWIFT_NAME(getVersion(reply:));
      |              ^
      |              :
/host/spi-builder-workspace/Sources/CSAuthSampleCommon/include/CSASCommon.h:30:1: error: missing context for method declaration
   30 | - (void)getVersionWithReply:(void(^)(NSString * _Nullable version, NSError * _Nullable))reply
      | ^
/host/spi-builder-workspace/Sources/CSAuthSampleCommon/include/CSASCommon.h:31:14: error: expected method body
   31 | NS_SWIFT_NAME(getVersion(reply:));
      |              ^
/host/spi-builder-workspace/Sources/CSAuthSampleCommon/include/CSASCommon.h:34:51: error: expected a type
   34 | - (void)uninstallHelperToolWithAuthorizationData:(NSData *)authData
      |                                                   ^
/host/spi-builder-workspace/Sources/CSAuthSampleCommon/include/CSASCommon.h:35:60: error: unknown type name 'NSError'
   35 |                                            reply:(void (^)(NSError * _Nullable))reply
      |                                                            ^
/host/spi-builder-workspace/Sources/CSAuthSampleCommon/include/CSASCommon.h:35:57: warning: block pointer is missing a nullability type specifier (_Nonnull, _Nullable, or _Null_unspecified) [-Wnullability-completeness]
   35 |                                            reply:(void (^)(NSError * _Nullable))reply
      |                                                         ^
/host/spi-builder-workspace/Sources/CSAuthSampleCommon/include/CSASCommon.h:35:57: note: insert '_Nullable' if the block pointer may be null
   35 |                                            reply:(void (^)(NSError * _Nullable))reply
      |                                                         ^
      |                                                          _Nullable
/host/spi-builder-workspace/Sources/CSAuthSampleCommon/include/CSASCommon.h:35:57: note: insert '_Nonnull' if the block pointer should never be null
   35 |                                            reply:(void (^)(NSError * _Nullable))reply
      |                                                         ^
      |                                                          _Nonnull
/host/spi-builder-workspace/Sources/CSAuthSampleCommon/include/CSASCommon.h:36:14: error: expected ':'
   36 | NS_SWIFT_NAME(uninstallHelperTool(authorizationData:reply:));
      |              ^
      |              :
/host/spi-builder-workspace/Sources/CSAuthSampleCommon/include/CSASCommon.h:34:1: error: missing context for method declaration
   34 | - (void)uninstallHelperToolWithAuthorizationData:(NSData *)authData
      | ^
/host/spi-builder-workspace/Sources/CSAuthSampleCommon/include/CSASCommon.h:36:14: error: expected method body
   36 | NS_SWIFT_NAME(uninstallHelperTool(authorizationData:reply:));
      |              ^
/host/spi-builder-workspace/Sources/CSAuthSampleCommon/include/CSASCommon.h:38:1: error: '@end' must appear in an Objective-C context
   38 | @end
      | ^
/host/spi-builder-workspace/Sources/CSAuthSampleCommon/include/CSASCommon.h:40:35: error: expected function body after function declarator
   40 | NS_SWIFT_NAME(AuthorizationRight) @interface CSASAuthorizationRight: NSObject <NSSecureCoding>
      |                                   ^
/host/spi-builder-workspace/Sources/CSAuthSampleCommon/include/CSASCommon.h:47:1: error: unexpected '@' in program
   47 | @property (nonatomic)                 SEL selector;
      | ^
/host/spi-builder-workspace/Sources/CSAuthSampleCommon/include/CSASCommon.h:48:1: error: unexpected '@' in program
   48 | @property (nonatomic, copy)           NSString *name;
      | ^
fatal error: too many errors emitted, stopping now [-ferror-limit=]
2 warnings and 20 errors generated.
error: CompileC /host/spi-builder-workspace/.build/out/Intermediates.noindex/CSAuthSample.build/Debug-webassembly-wasm32/CSAuthSampleCommon-t.build/Objects-normal/wasm32/CSASCommon.o /host/spi-builder-workspace/Sources/CSAuthSampleCommon/CSASCommon.m normal wasm32 objective-c com.apple.compilers.llvm.clang.1_0.compiler failed with a nonzero exit code. Command line:     cd /host

    Using response file: /host/spi-builder-workspace/.build/out/Intermediates.noindex/CSAuthSample.build/Debug-webassembly-wasm32/CSAuthSampleCommon-t.build/Objects-normal/wasm32/6f95552a3397ee1cec971b90cf334075d5f321c3a3b0689ad55c3d1e24702600-common-args.resp

    /usr/bin/clang -x objective-c -target wasm32-unknown-wasip1 -fmessage-length\=0 -fdiagnostics-show-note-include-stack -fmacro-backtrace-limit\=0 -fcolor-diagnostics -Wno-trigraphs -Wno-missing-field-initializers -Wno-missing-prototypes -Wno-return-type -Wno-implicit-atomic-properties -Wno-objc-interface-ivars -Wno-arc-repeated-use-of-weak -Wno-missing-braces -Wparentheses -Wswitch -Wno-unused-function -Wno-unused-label -Wno-unused-parameter -Wno-unused-variable -Wunused-value -Wno-empty-body -Wno-uninitialized -Wno-unknown-pragmas -Wno-shadow -Wno-four-char-constants -Wno-conversion -Wno-constant-conversion -Wno-int-conversion -Wno-bool-conversion -Wno-enum-conversion -Wno-float-conversion -Wno-non-literal-null-conversion -Wno-objc-literal-conversion -Wno-shorten-64-to-32 -Wpointer-sign -Wno-newline-eof -Wno-selector -Wno-strict-selector-match -Wno-undeclared-selector -Wno-deprecated-implementations -Wno-implicit-fallthrough -fstrict-aliasing -Wprotocol -Wdeprecated-declarations -Wno-sign-conversion -Wno-infinite-recursion -Wno-comma -Wno-block-capture-autoreleasing -Wno-strict-prototypes -Wno-semicolon-before-method-body --sysroot /root/.swiftpm/swift-sdks/swift-6.4.x-DEVELOPMENT-SNAPSHOT-2026-09-04-a_wasm.artifactbundle/swift-6.4.x-DEVELOPMENT-SNAPSHOT-2026-09-04-a_wasm/wasm32-unknown-wasip1/WASI.sdk @/host/spi-builder-workspace/.build/out/Intermediates.noindex/CSAuthSample.build/Debug-webassembly-wasm32/CSAuthSampleCommon-t.build/Objects-normal/wasm32/6f95552a3397ee1cec971b90cf334075d5f321c3a3b0689ad55c3d1e24702600-common-args.resp -MMD -MT dependencies -MF /host/spi-builder-workspace/.build/out/Intermediates.noindex/CSAuthSample.build/Debug-webassembly-wasm32/CSAuthSampleCommon-t.build/Objects-normal/wasm32/CSASCommon.d --serialize-diagnostics /host/spi-builder-workspace/.build/out/Intermediates.noindex/CSAuthSample.build/Debug-webassembly-wasm32/CSAuthSampleCommon-t.build/Objects-normal/wasm32/CSASCommon.dia -c /host/spi-builder-workspace/Sources/CSAuthSampleCommon/CSASCommon.m -o /host/spi-builder-workspace/.build/out/Intermediates.noindex/CSAuthSample.build/Debug-webassembly-wasm32/CSAuthSampleCommon-t.build/Objects-normal/wasm32/CSASCommon.o
/host/spi-builder-workspace/Sources/CSAuthSampleHelper/CSASHelperTool.m:11:1: error: use of '@import' when modules are disabled
   11 | @import Foundation;
      | ^
/host/spi-builder-workspace/Sources/CSAuthSampleHelper/CSASHelperTool.m:12:1: error: use of '@import' when modules are disabled
   12 | @import Darwin.POSIX.syslog;
      | ^
/host/spi-builder-workspace/Sources/CSAuthSampleHelper/CSASHelperTool.m:13:1: error: use of '@import' when modules are disabled
   13 | @import ObjectiveC.runtime;
      | ^
In file included from /host/spi-builder-workspace/Sources/CSAuthSampleHelper/CSASHelperTool.m:14:
/host/spi-builder-workspace/Sources/CSAuthSampleHelper/include/CSASHelperTool.h:8:1: error: use of '@import' when modules are disabled
    8 | @import Foundation;
      | ^
In file included from /host/spi-builder-workspace/Sources/CSAuthSampleHelper/CSASHelperTool.m:14:
In file included from /host/spi-builder-workspace/Sources/CSAuthSampleHelper/include/CSASHelperTool.h:9:
/host/spi-builder-workspace/Sources/CSAuthSampleCommon/include/CSASCommon.h:8:1: error: use of '@import' when modules are disabled
    8 | @import Foundation;
      | ^
/host/spi-builder-workspace/Sources/CSAuthSampleCommon/include/CSASCommon.h:10:1: error: unknown type name 'NS_ASSUME_NONNULL_BEGIN'
   10 | NS_ASSUME_NONNULL_BEGIN
      | ^
/host/spi-builder-workspace/Sources/CSAuthSampleCommon/include/CSASCommon.h:20:32: error: expected function body after function declarator
   20 | NS_SWIFT_NAME(BuiltInCommands) @protocol CSASBuiltInCommands
      |                                ^
/host/spi-builder-workspace/Sources/CSAuthSampleCommon/include/CSASCommon.h:30:38: error: unknown type name 'NSString'
   30 | - (void)getVersionWithReply:(void(^)(NSString * _Nullable version, NSError * _Nullable))reply
      |                                      ^
/host/spi-builder-workspace/Sources/CSAuthSampleCommon/include/CSASCommon.h:30:68: error: unknown type name 'NSError'
   30 | - (void)getVersionWithReply:(void(^)(NSString * _Nullable version, NSError * _Nullable))reply
      |                                                                    ^
/host/spi-builder-workspace/Sources/CSAuthSampleCommon/include/CSASCommon.h:30:35: warning: block pointer is missing a nullability type specifier (_Nonnull, _Nullable, or _Null_unspecified) [-Wnullability-completeness]
   30 | - (void)getVersionWithReply:(void(^)(NSString * _Nullable version, NSError * _Nullable))reply
      |                                   ^
/host/spi-builder-workspace/Sources/CSAuthSampleCommon/include/CSASCommon.h:30:35: note: insert '_Nullable' if the block pointer may be null
   30 | - (void)getVersionWithReply:(void(^)(NSString * _Nullable version, NSError * _Nullable))reply
      |                                   ^
      |                                    _Nullable
/host/spi-builder-workspace/Sources/CSAuthSampleCommon/include/CSASCommon.h:30:35: note: insert '_Nonnull' if the block pointer should never be null
   30 | - (void)getVersionWithReply:(void(^)(NSString * _Nullable version, NSError * _Nullable))reply
      |                                   ^
      |                                    _Nonnull
/host/spi-builder-workspace/Sources/CSAuthSampleCommon/include/CSASCommon.h:31:14: error: expected ':'
   31 | NS_SWIFT_NAME(getVersion(reply:));
      |              ^
      |              :
/host/spi-builder-workspace/Sources/CSAuthSampleCommon/include/CSASCommon.h:30:1: error: missing context for method declaration
   30 | - (void)getVersionWithReply:(void(^)(NSString * _Nullable version, NSError * _Nullable))reply
      | ^
/host/spi-builder-workspace/Sources/CSAuthSampleCommon/include/CSASCommon.h:31:14: error: expected method body
   31 | NS_SWIFT_NAME(getVersion(reply:));
      |              ^
/host/spi-builder-workspace/Sources/CSAuthSampleCommon/include/CSASCommon.h:34:51: error: expected a type
   34 | - (void)uninstallHelperToolWithAuthorizationData:(NSData *)authData
      |                                                   ^
/host/spi-builder-workspace/Sources/CSAuthSampleCommon/include/CSASCommon.h:35:60: error: unknown type name 'NSError'
   35 |                                            reply:(void (^)(NSError * _Nullable))reply
      |                                                            ^
/host/spi-builder-workspace/Sources/CSAuthSampleCommon/include/CSASCommon.h:35:57: warning: block pointer is missing a nullability type specifier (_Nonnull, _Nullable, or _Null_unspecified) [-Wnullability-completeness]
   35 |                                            reply:(void (^)(NSError * _Nullable))reply
      |                                                         ^
/host/spi-builder-workspace/Sources/CSAuthSampleCommon/include/CSASCommon.h:35:57: note: insert '_Nullable' if the block pointer may be null
   35 |                                            reply:(void (^)(NSError * _Nullable))reply
      |                                                         ^
      |                                                          _Nullable
/host/spi-builder-workspace/Sources/CSAuthSampleCommon/include/CSASCommon.h:35:57: note: insert '_Nonnull' if the block pointer should never be null
   35 |                                            reply:(void (^)(NSError * _Nullable))reply
      |                                                         ^
      |                                                          _Nonnull
/host/spi-builder-workspace/Sources/CSAuthSampleCommon/include/CSASCommon.h:36:14: error: expected ':'
   36 | NS_SWIFT_NAME(uninstallHelperTool(authorizationData:reply:));
      |              ^
      |              :
/host/spi-builder-workspace/Sources/CSAuthSampleCommon/include/CSASCommon.h:34:1: error: missing context for method declaration
   34 | - (void)uninstallHelperToolWithAuthorizationData:(NSData *)authData
      | ^
/host/spi-builder-workspace/Sources/CSAuthSampleCommon/include/CSASCommon.h:36:14: error: expected method body
   36 | NS_SWIFT_NAME(uninstallHelperTool(authorizationData:reply:));
      |              ^
/host/spi-builder-workspace/Sources/CSAuthSampleCommon/include/CSASCommon.h:38:1: error: '@end' must appear in an Objective-C context
   38 | @end
      | ^
/host/spi-builder-workspace/Sources/CSAuthSampleCommon/include/CSASCommon.h:40:35: error: expected function body after function declarator
   40 | NS_SWIFT_NAME(AuthorizationRight) @interface CSASAuthorizationRight: NSObject <NSSecureCoding>
      |                                   ^
fatal error: too many errors emitted, stopping now [-ferror-limit=]
2 warnings and 20 errors generated.
error: CompileC /host/spi-builder-workspace/.build/out/Intermediates.noindex/CSAuthSample.build/Debug-webassembly-wasm32/CSAuthSampleHelper-t.build/Objects-normal/wasm32/CSASHelperTool.o /host/spi-builder-workspace/Sources/CSAuthSampleHelper/CSASHelperTool.m normal wasm32 objective-c com.apple.compilers.llvm.clang.1_0.compiler failed with a nonzero exit code. Command line:     cd /host

    Using response file: /host/spi-builder-workspace/.build/out/Intermediates.noindex/CSAuthSample.build/Debug-webassembly-wasm32/CSAuthSampleHelper-t.build/Objects-normal/wasm32/6f95552a3397ee1cec971b90cf334075d5f321c3a3b0689ad55c3d1e24702600-common-args.resp

    /usr/bin/clang -x objective-c -target wasm32-unknown-wasip1 -fmessage-length\=0 -fdiagnostics-show-note-include-stack -fmacro-backtrace-limit\=0 -fcolor-diagnostics -Wno-trigraphs -Wno-missing-field-initializers -Wno-missing-prototypes -Wno-return-type -Wno-implicit-atomic-properties -Wno-objc-interface-ivars -Wno-arc-repeated-use-of-weak -Wno-missing-braces -Wparentheses -Wswitch -Wno-unused-function -Wno-unused-label -Wno-unused-parameter -Wno-unused-variable -Wunused-value -Wno-empty-body -Wno-uninitialized -Wno-unknown-pragmas -Wno-shadow -Wno-four-char-constants -Wno-conversion -Wno-constant-conversion -Wno-int-conversion -Wno-bool-conversion -Wno-enum-conversion -Wno-float-conversion -Wno-non-literal-null-conversion -Wno-objc-literal-conversion -Wno-shorten-64-to-32 -Wpointer-sign -Wno-newline-eof -Wno-selector -Wno-strict-selector-match -Wno-undeclared-selector -Wno-deprecated-implementations -Wno-implicit-fallthrough -fstrict-aliasing -Wprotocol -Wdeprecated-declarations -Wno-sign-conversion -Wno-infinite-recursion -Wno-comma -Wno-block-capture-autoreleasing -Wno-strict-prototypes -Wno-semicolon-before-method-body --sysroot /root/.swiftpm/swift-sdks/swift-6.4.x-DEVELOPMENT-SNAPSHOT-2026-09-04-a_wasm.artifactbundle/swift-6.4.x-DEVELOPMENT-SNAPSHOT-2026-09-04-a_wasm/wasm32-unknown-wasip1/WASI.sdk @/host/spi-builder-workspace/.build/out/Intermediates.noindex/CSAuthSample.build/Debug-webassembly-wasm32/CSAuthSampleHelper-t.build/Objects-normal/wasm32/6f95552a3397ee1cec971b90cf334075d5f321c3a3b0689ad55c3d1e24702600-common-args.resp -MMD -MT dependencies -MF /host/spi-builder-workspace/.build/out/Intermediates.noindex/CSAuthSample.build/Debug-webassembly-wasm32/CSAuthSampleHelper-t.build/Objects-normal/wasm32/CSASHelperTool.d --serialize-diagnostics /host/spi-builder-workspace/.build/out/Intermediates.noindex/CSAuthSample.build/Debug-webassembly-wasm32/CSAuthSampleHelper-t.build/Objects-normal/wasm32/CSASHelperTool.dia -c /host/spi-builder-workspace/Sources/CSAuthSampleHelper/CSASHelperTool.m -o /host/spi-builder-workspace/.build/out/Intermediates.noindex/CSAuthSample.build/Debug-webassembly-wasm32/CSAuthSampleHelper-t.build/Objects-normal/wasm32/CSASHelperTool.o
/host/spi-builder-workspace/Sources/CSAuthSampleHelper/CSASHelperConnection.m:8:1: error: use of '@import' when modules are disabled
    8 | @import Foundation;
      | ^
In file included from /host/spi-builder-workspace/Sources/CSAuthSampleHelper/CSASHelperConnection.m:9:
/host/spi-builder-workspace/Sources/CSAuthSampleHelper/include/CSASHelperConnection.h:8:1: error: use of '@import' when modules are disabled
    8 | @import Foundation;
      | ^
/host/spi-builder-workspace/Sources/CSAuthSampleHelper/include/CSASHelperConnection.h:9:1: error: use of '@import' when modules are disabled
    9 | @import CSAuthSampleCommon;
      | ^
In file included from /host/spi-builder-workspace/Sources/CSAuthSampleHelper/CSASHelperConnection.m:9:
In file included from /host/spi-builder-workspace/Sources/CSAuthSampleHelper/include/CSASHelperConnection.h:10:
/host/spi-builder-workspace/Sources/CSAuthSampleHelper/include/CSASHelperTool.h:8:1: error: use of '@import' when modules are disabled
    8 | @import Foundation;
      | ^
In file included from /host/spi-builder-workspace/Sources/CSAuthSampleHelper/CSASHelperConnection.m:9:
In file included from /host/spi-builder-workspace/Sources/CSAuthSampleHelper/include/CSASHelperConnection.h:10:
In file included from /host/spi-builder-workspace/Sources/CSAuthSampleHelper/include/CSASHelperTool.h:9:
/host/spi-builder-workspace/Sources/CSAuthSampleCommon/include/CSASCommon.h:8:1: error: use of '@import' when modules are disabled
    8 | @import Foundation;
      | ^
/host/spi-builder-workspace/Sources/CSAuthSampleCommon/include/CSASCommon.h:10:1: error: unknown type name 'NS_ASSUME_NONNULL_BEGIN'
   10 | NS_ASSUME_NONNULL_BEGIN
      | ^
/host/spi-builder-workspace/Sources/CSAuthSampleCommon/include/CSASCommon.h:20:32: error: expected function body after function declarator
   20 | NS_SWIFT_NAME(BuiltInCommands) @protocol CSASBuiltInCommands
      |                                ^
/host/spi-builder-workspace/Sources/CSAuthSampleCommon/include/CSASCommon.h:30:38: error: unknown type name 'NSString'
   30 | - (void)getVersionWithReply:(void(^)(NSString * _Nullable version, NSError * _Nullable))reply
      |                                      ^
/host/spi-builder-workspace/Sources/CSAuthSampleCommon/include/CSASCommon.h:30:68: error: unknown type name 'NSError'
   30 | - (void)getVersionWithReply:(void(^)(NSString * _Nullable version, NSError * _Nullable))reply
      |                                                                    ^
/host/spi-builder-workspace/Sources/CSAuthSampleCommon/include/CSASCommon.h:30:35: warning: block pointer is missing a nullability type specifier (_Nonnull, _Nullable, or _Null_unspecified) [-Wnullability-completeness]
   30 | - (void)getVersionWithReply:(void(^)(NSString * _Nullable version, NSError * _Nullable))reply
      |                                   ^
/host/spi-builder-workspace/Sources/CSAuthSampleCommon/include/CSASCommon.h:30:35: note: insert '_Nullable' if the block pointer may be null
   30 | - (void)getVersionWithReply:(void(^)(NSString * _Nullable version, NSError * _Nullable))reply
      |                                   ^
      |                                    _Nullable
/host/spi-builder-workspace/Sources/CSAuthSampleCommon/include/CSASCommon.h:30:35: note: insert '_Nonnull' if the block pointer should never be null
   30 | - (void)getVersionWithReply:(void(^)(NSString * _Nullable version, NSError * _Nullable))reply
      |                                   ^
      |                                    _Nonnull
/host/spi-builder-workspace/Sources/CSAuthSampleCommon/include/CSASCommon.h:31:14: error: expected ':'
   31 | NS_SWIFT_NAME(getVersion(reply:));
      |              ^
      |              :
/host/spi-builder-workspace/Sources/CSAuthSampleCommon/include/CSASCommon.h:30:1: error: missing context for method declaration
   30 | - (void)getVersionWithReply:(void(^)(NSString * _Nullable version, NSError * _Nullable))reply
      | ^
/host/spi-builder-workspace/Sources/CSAuthSampleCommon/include/CSASCommon.h:31:14: error: expected method body
   31 | NS_SWIFT_NAME(getVersion(reply:));
      |              ^
/host/spi-builder-workspace/Sources/CSAuthSampleCommon/include/CSASCommon.h:34:51: error: expected a type
   34 | - (void)uninstallHelperToolWithAuthorizationData:(NSData *)authData
      |                                                   ^
/host/spi-builder-workspace/Sources/CSAuthSampleCommon/include/CSASCommon.h:35:60: error: unknown type name 'NSError'
   35 |                                            reply:(void (^)(NSError * _Nullable))reply
      |                                                            ^
/host/spi-builder-workspace/Sources/CSAuthSampleCommon/include/CSASCommon.h:35:57: warning: block pointer is missing a nullability type specifier (_Nonnull, _Nullable, or _Null_unspecified) [-Wnullability-completeness]
   35 |                                            reply:(void (^)(NSError * _Nullable))reply
      |                                                         ^
/host/spi-builder-workspace/Sources/CSAuthSampleCommon/include/CSASCommon.h:35:57: note: insert '_Nullable' if the block pointer may be null
   35 |                                            reply:(void (^)(NSError * _Nullable))reply
      |                                                         ^
      |                                                          _Nullable
/host/spi-builder-workspace/Sources/CSAuthSampleCommon/include/CSASCommon.h:35:57: note: insert '_Nonnull' if the block pointer should never be null
   35 |                                            reply:(void (^)(NSError * _Nullable))reply
      |                                                         ^
      |                                                          _Nonnull
/host/spi-builder-workspace/Sources/CSAuthSampleCommon/include/CSASCommon.h:36:14: error: expected ':'
   36 | NS_SWIFT_NAME(uninstallHelperTool(authorizationData:reply:));
      |              ^
      |              :
/host/spi-builder-workspace/Sources/CSAuthSampleCommon/include/CSASCommon.h:34:1: error: missing context for method declaration
   34 | - (void)uninstallHelperToolWithAuthorizationData:(NSData *)authData
      | ^
/host/spi-builder-workspace/Sources/CSAuthSampleCommon/include/CSASCommon.h:36:14: error: expected method body
   36 | NS_SWIFT_NAME(uninstallHelperTool(authorizationData:reply:));
      |              ^
/host/spi-builder-workspace/Sources/CSAuthSampleCommon/include/CSASCommon.h:38:1: error: '@end' must appear in an Objective-C context
   38 | @end
      | ^
/host/spi-builder-workspace/Sources/CSAuthSampleCommon/include/CSASCommon.h:40:35: error: expected function body after function declarator
   40 | NS_SWIFT_NAME(AuthorizationRight) @interface CSASAuthorizationRight: NSObject <NSSecureCoding>
      |                                   ^
fatal error: too many errors emitted, stopping now [-ferror-limit=]
2 warnings and 20 errors generated.
error: CompileC /host/spi-builder-workspace/.build/out/Intermediates.noindex/CSAuthSample.build/Debug-webassembly-wasm32/CSAuthSampleHelper-t.build/Objects-normal/wasm32/CSASHelperConnection.o /host/spi-builder-workspace/Sources/CSAuthSampleHelper/CSASHelperConnection.m normal wasm32 objective-c com.apple.compilers.llvm.clang.1_0.compiler failed with a nonzero exit code. Command line:     cd /host

    Using response file: /host/spi-builder-workspace/.build/out/Intermediates.noindex/CSAuthSample.build/Debug-webassembly-wasm32/CSAuthSampleHelper-t.build/Objects-normal/wasm32/6f95552a3397ee1cec971b90cf334075d5f321c3a3b0689ad55c3d1e24702600-common-args.resp

    /usr/bin/clang -x objective-c -target wasm32-unknown-wasip1 -fmessage-length\=0 -fdiagnostics-show-note-include-stack -fmacro-backtrace-limit\=0 -fcolor-diagnostics -Wno-trigraphs -Wno-missing-field-initializers -Wno-missing-prototypes -Wno-return-type -Wno-implicit-atomic-properties -Wno-objc-interface-ivars -Wno-arc-repeated-use-of-weak -Wno-missing-braces -Wparentheses -Wswitch -Wno-unused-function -Wno-unused-label -Wno-unused-parameter -Wno-unused-variable -Wunused-value -Wno-empty-body -Wno-uninitialized -Wno-unknown-pragmas -Wno-shadow -Wno-four-char-constants -Wno-conversion -Wno-constant-conversion -Wno-int-conversion -Wno-bool-conversion -Wno-enum-conversion -Wno-float-conversion -Wno-non-literal-null-conversion -Wno-objc-literal-conversion -Wno-shorten-64-to-32 -Wpointer-sign -Wno-newline-eof -Wno-selector -Wno-strict-selector-match -Wno-undeclared-selector -Wno-deprecated-implementations -Wno-implicit-fallthrough -fstrict-aliasing -Wprotocol -Wdeprecated-declarations -Wno-sign-conversion -Wno-infinite-recursion -Wno-comma -Wno-block-capture-autoreleasing -Wno-strict-prototypes -Wno-semicolon-before-method-body --sysroot /root/.swiftpm/swift-sdks/swift-6.4.x-DEVELOPMENT-SNAPSHOT-2026-09-04-a_wasm.artifactbundle/swift-6.4.x-DEVELOPMENT-SNAPSHOT-2026-09-04-a_wasm/wasm32-unknown-wasip1/WASI.sdk @/host/spi-builder-workspace/.build/out/Intermediates.noindex/CSAuthSample.build/Debug-webassembly-wasm32/CSAuthSampleHelper-t.build/Objects-normal/wasm32/6f95552a3397ee1cec971b90cf334075d5f321c3a3b0689ad55c3d1e24702600-common-args.resp -MMD -MT dependencies -MF /host/spi-builder-workspace/.build/out/Intermediates.noindex/CSAuthSample.build/Debug-webassembly-wasm32/CSAuthSampleHelper-t.build/Objects-normal/wasm32/CSASHelperConnection.d --serialize-diagnostics /host/spi-builder-workspace/.build/out/Intermediates.noindex/CSAuthSample.build/Debug-webassembly-wasm32/CSAuthSampleHelper-t.build/Objects-normal/wasm32/CSASHelperConnection.dia -c /host/spi-builder-workspace/Sources/CSAuthSampleHelper/CSASHelperConnection.m -o /host/spi-builder-workspace/.build/out/Intermediates.noindex/CSAuthSample.build/Debug-webassembly-wasm32/CSAuthSampleHelper-t.build/Objects-normal/wasm32/CSASHelperConnection.o
/host/spi-builder-workspace/Sources/CSAuthSampleHelper/CSASHelperConnectionWrapper.m:8:1: error: use of '@import' when modules are disabled
    8 | @import ObjectiveC.runtime;
      | ^
In file included from /host/spi-builder-workspace/Sources/CSAuthSampleHelper/CSASHelperConnectionWrapper.m:9:
/host/spi-builder-workspace/Sources/CSAuthSampleHelper/CSASHelperConnectionWrapper.h:8:1: error: use of '@import' when modules are disabled
    8 | @import Foundation;
      | ^
/host/spi-builder-workspace/Sources/CSAuthSampleHelper/CSASHelperConnectionWrapper.h:10:1: error: unknown type name 'NS_ASSUME_NONNULL_BEGIN'
   10 | NS_ASSUME_NONNULL_BEGIN
      | ^
/host/spi-builder-workspace/Sources/CSAuthSampleHelper/CSASHelperConnectionWrapper.h:12:2: error: prefix attribute must be followed by an interface, protocol, or implementation
   12 | @class CSASHelperTool;
      |  ^
/host/spi-builder-workspace/Sources/CSAuthSampleHelper/CSASHelperConnectionWrapper.h:15:42: error: cannot find interface declaration for 'NSProxy', superclass of 'CSASHelperConnectionWrapper'
   15 | @interface CSASHelperConnectionWrapper : NSProxy
      | ~~~~~~~~~~~~~~~~~~~~~~~~~~~~~~~~~~~~~~   ^
/host/spi-builder-workspace/Sources/CSAuthSampleHelper/CSASHelperConnectionWrapper.h:18:42: error: expected a type
   18 |                           xpcConnection:(NSXPCConnection *)xpcConnection
      |                                          ^
/host/spi-builder-workspace/Sources/CSAuthSampleHelper/CSASHelperConnectionWrapper.h:19:42: error: expected a type
   19 |                              helperTool:(CSASHelperTool *)helperTool
      |                                          ^
/host/spi-builder-workspace/Sources/CSAuthSampleHelper/CSASHelperConnectionWrapper.h:24:1: error: unknown type name 'NS_ASSUME_NONNULL_END'
   24 | NS_ASSUME_NONNULL_END
      | ^
In file included from /host/spi-builder-workspace/Sources/CSAuthSampleHelper/CSASHelperConnectionWrapper.m:10:
/host/spi-builder-workspace/Sources/CSAuthSampleHelper/include/CSASHelperConnection.h:8:2: error: prefix attribute must be followed by an interface, protocol, or implementation
    8 | @import Foundation;
      |  ^
/host/spi-builder-workspace/Sources/CSAuthSampleHelper/include/CSASHelperConnection.h:9:1: error: use of '@import' when modules are disabled
    9 | @import CSAuthSampleCommon;
      | ^
In file included from /host/spi-builder-workspace/Sources/CSAuthSampleHelper/CSASHelperConnectionWrapper.m:10:
In file included from /host/spi-builder-workspace/Sources/CSAuthSampleHelper/include/CSASHelperConnection.h:10:
/host/spi-builder-workspace/Sources/CSAuthSampleHelper/include/CSASHelperTool.h:8:1: error: use of '@import' when modules are disabled
    8 | @import Foundation;
      | ^
In file included from /host/spi-builder-workspace/Sources/CSAuthSampleHelper/CSASHelperConnectionWrapper.m:10:
In file included from /host/spi-builder-workspace/Sources/CSAuthSampleHelper/include/CSASHelperConnection.h:10:
In file included from /host/spi-builder-workspace/Sources/CSAuthSampleHelper/include/CSASHelperTool.h:9:
/host/spi-builder-workspace/Sources/CSAuthSampleCommon/include/CSASCommon.h:8:1: error: use of '@import' when modules are disabled
    8 | @import Foundation;
      | ^
/host/spi-builder-workspace/Sources/CSAuthSampleCommon/include/CSASCommon.h:10:1: error: unknown type name 'NS_ASSUME_NONNULL_BEGIN'
   10 | NS_ASSUME_NONNULL_BEGIN
      | ^
/host/spi-builder-workspace/Sources/CSAuthSampleCommon/include/CSASCommon.h:20:32: error: expected function body after function declarator
   20 | NS_SWIFT_NAME(BuiltInCommands) @protocol CSASBuiltInCommands
      |                                ^
/host/spi-builder-workspace/Sources/CSAuthSampleCommon/include/CSASCommon.h:30:38: error: unknown type name 'NSString'
   30 | - (void)getVersionWithReply:(void(^)(NSString * _Nullable version, NSError * _Nullable))reply
      |                                      ^
/host/spi-builder-workspace/Sources/CSAuthSampleCommon/include/CSASCommon.h:30:68: error: unknown type name 'NSError'
   30 | - (void)getVersionWithReply:(void(^)(NSString * _Nullable version, NSError * _Nullable))reply
      |                                                                    ^
/host/spi-builder-workspace/Sources/CSAuthSampleCommon/include/CSASCommon.h:30:35: warning: block pointer is missing a nullability type specifier (_Nonnull, _Nullable, or _Null_unspecified) [-Wnullability-completeness]
   30 | - (void)getVersionWithReply:(void(^)(NSString * _Nullable version, NSError * _Nullable))reply
      |                                   ^
/host/spi-builder-workspace/Sources/CSAuthSampleCommon/include/CSASCommon.h:30:35: note: insert '_Nullable' if the block pointer may be null
   30 | - (void)getVersionWithReply:(void(^)(NSString * _Nullable version, NSError * _Nullable))reply
      |                                   ^
      |                                    _Nullable
/host/spi-builder-workspace/Sources/CSAuthSampleCommon/include/CSASCommon.h:30:35: note: insert '_Nonnull' if the block pointer should never be null
   30 | - (void)getVersionWithReply:(void(^)(NSString * _Nullable version, NSError * _Nullable))reply
      |                                   ^
      |                                    _Nonnull
/host/spi-builder-workspace/Sources/CSAuthSampleCommon/include/CSASCommon.h:31:14: error: expected ':'
   31 | NS_SWIFT_NAME(getVersion(reply:));
      |              ^
      |              :
/host/spi-builder-workspace/Sources/CSAuthSampleCommon/include/CSASCommon.h:30:1: error: missing context for method declaration
   30 | - (void)getVersionWithReply:(void(^)(NSString * _Nullable version, NSError * _Nullable))reply
      | ^
/host/spi-builder-workspace/Sources/CSAuthSampleCommon/include/CSASCommon.h:31:14: error: expected method body
   31 | NS_SWIFT_NAME(getVersion(reply:));
      |              ^
fatal error: too many errors emitted, stopping now [-ferror-limit=]
1 warning and 20 errors generated.
error: CompileC /host/spi-builder-workspace/.build/out/Intermediates.noindex/CSAuthSample.build/Debug-webassembly-wasm32/CSAuthSampleHelper-t.build/Objects-normal/wasm32/CSASHelperConnectionWrapper.o /host/spi-builder-workspace/Sources/CSAuthSampleHelper/CSASHelperConnectionWrapper.m normal wasm32 objective-c com.apple.compilers.llvm.clang.1_0.compiler failed with a nonzero exit code. Command line:     cd /host

    Using response file: /host/spi-builder-workspace/.build/out/Intermediates.noindex/CSAuthSample.build/Debug-webassembly-wasm32/CSAuthSampleHelper-t.build/Objects-normal/wasm32/6f95552a3397ee1cec971b90cf334075d5f321c3a3b0689ad55c3d1e24702600-common-args.resp

    /usr/bin/clang -x objective-c -target wasm32-unknown-wasip1 -fmessage-length\=0 -fdiagnostics-show-note-include-stack -fmacro-backtrace-limit\=0 -fcolor-diagnostics -Wno-trigraphs -Wno-missing-field-initializers -Wno-missing-prototypes -Wno-return-type -Wno-implicit-atomic-properties -Wno-objc-interface-ivars -Wno-arc-repeated-use-of-weak -Wno-missing-braces -Wparentheses -Wswitch -Wno-unused-function -Wno-unused-label -Wno-unused-parameter -Wno-unused-variable -Wunused-value -Wno-empty-body -Wno-uninitialized -Wno-unknown-pragmas -Wno-shadow -Wno-four-char-constants -Wno-conversion -Wno-constant-conversion -Wno-int-conversion -Wno-bool-conversion -Wno-enum-conversion -Wno-float-conversion -Wno-non-literal-null-conversion -Wno-objc-literal-conversion -Wno-shorten-64-to-32 -Wpointer-sign -Wno-newline-eof -Wno-selector -Wno-strict-selector-match -Wno-undeclared-selector -Wno-deprecated-implementations -Wno-implicit-fallthrough -fstrict-aliasing -Wprotocol -Wdeprecated-declarations -Wno-sign-conversion -Wno-infinite-recursion -Wno-comma -Wno-block-capture-autoreleasing -Wno-strict-prototypes -Wno-semicolon-before-method-body --sysroot /root/.swiftpm/swift-sdks/swift-6.4.x-DEVELOPMENT-SNAPSHOT-2026-09-04-a_wasm.artifactbundle/swift-6.4.x-DEVELOPMENT-SNAPSHOT-2026-09-04-a_wasm/wasm32-unknown-wasip1/WASI.sdk @/host/spi-builder-workspace/.build/out/Intermediates.noindex/CSAuthSample.build/Debug-webassembly-wasm32/CSAuthSampleHelper-t.build/Objects-normal/wasm32/6f95552a3397ee1cec971b90cf334075d5f321c3a3b0689ad55c3d1e24702600-common-args.resp -MMD -MT dependencies -MF /host/spi-builder-workspace/.build/out/Intermediates.noindex/CSAuthSample.build/Debug-webassembly-wasm32/CSAuthSampleHelper-t.build/Objects-normal/wasm32/CSASHelperConnectionWrapper.d --serialize-diagnostics /host/spi-builder-workspace/.build/out/Intermediates.noindex/CSAuthSample.build/Debug-webassembly-wasm32/CSAuthSampleHelper-t.build/Objects-normal/wasm32/CSASHelperConnectionWrapper.dia -c /host/spi-builder-workspace/Sources/CSAuthSampleHelper/CSASHelperConnectionWrapper.m -o /host/spi-builder-workspace/.build/out/Intermediates.noindex/CSAuthSample.build/Debug-webassembly-wasm32/CSAuthSampleHelper-t.build/Objects-normal/wasm32/CSASHelperConnectionWrapper.o
error: Build failed
BUILD FAILURE 6.4 wasm