The Swift Package Index logo.Swift Package Index

Build Information

Failed to build AirAlert, reference 0.0.5 (dec830), with Swift 6.4 for macOS (SPM) on 22 Sep 2026 04:58:56 UTC.

Build Command

env DEVELOPER_DIR=/Applications/Xcode-27.0.0-Release.Candidate.app xcrun swift build --arch arm64

Build Log

========================================
RunAll
========================================
Builder version: 5.1.0
Interrupt handler set up.
========================================
Checkout
========================================
Clone URL: https://github.com/kkadhith/AirAlert.git
Reference: 0.0.5
Initialized empty Git repository in /Users/admin/builder/spi-builder-workspace/.git/
From https://github.com/kkadhith/AirAlert
 * tag               0.0.5      -> FETCH_HEAD
HEAD is now at dec8303 Updated supported iOS version
Cloned https://github.com/kkadhith/AirAlert.git
Revision (git rev-parse @):
dec8303d13969b58b45c8b3068d5fdce21711ed9
SUCCESS checkout https://github.com/kkadhith/AirAlert.git at 0.0.5
========================================
Build
========================================
Selected platform:         macosSpm
Swift version:             6.4
Building package at path:  $PWD
https://github.com/kkadhith/AirAlert.git
Running build ...
env DEVELOPER_DIR=/Applications/Xcode-27.0.0-Release.Candidate.app xcrun swift build --arch arm64
Building for debugging...
[Planning deferred tasks]
[19 / 28]
[20 / 29] AirAlert
[30 / 98]
[33 / 98]
[41 / 98]
[43 / 98]
[44 / 98]
[49 / 98]
[51 / 98]
[53 / 98]
[56 / 98]
[61 / 98]
[64 / 98]
[66 / 98]
[67 / 98]
[77 / 98]
[79 / 98]
[80 / 98]
[83 / 98]
[85 / 98]
[89 / 98] AirAlert
error: SwiftCompile normal arm64 /Users/admin/builder/spi-builder-workspace/Sources/AirAlert/AirAlert.swift failed with a nonzero exit code. Command line:     cd /Users/admin/builder
    builtin-SwiftPerFileCompile AirAlert.swift
/Users/admin/builder/spi-builder-workspace/Sources/AirAlert/AirAlert.swift:93:82: error: cannot find 'UIColor' in scope
 91 |             .background(
 92 |                 RoundedRectangle(cornerRadius: 12)
 93 |                     .fill(colorScheme == ColorScheme.light ? Color.white : Color(UIColor.darkGray))
    |                                                                                  `- error: cannot find 'UIColor' in scope
 94 |                     .shadow(radius: 8)
 95 |             )
Failed frontend command:
/Applications/Xcode-27.0.0-Release.Candidate.app/Contents/Developer/Toolchains/XcodeDefault.xctoolchain/usr/bin/swift-frontend -frontend -c -primary-file /Users/admin/builder/spi-builder-workspace/Sources/AirAlert/AirAlert.swift /Users/admin/builder/spi-builder-workspace/Sources/AirAlert/View+AirAlert.swift -emit-dependencies-path /Users/admin/builder/spi-builder-workspace/.build/out/Intermediates.noindex/AirAlert.build/Debug/AirAlert-t.build/Objects-normal/arm64/AirAlert.d -emit-const-values-path /Users/admin/builder/spi-builder-workspace/.build/out/Intermediates.noindex/AirAlert.build/Debug/AirAlert-t.build/Objects-normal/arm64/AirAlert.swiftconstvalues -emit-reference-dependencies-path /Users/admin/builder/spi-builder-workspace/.build/out/Intermediates.noindex/AirAlert.build/Debug/AirAlert-t.build/Objects-normal/arm64/AirAlert.swiftdeps -serialize-diagnostics-path /Users/admin/builder/spi-builder-workspace/.build/out/Intermediates.noindex/AirAlert.build/Debug/AirAlert-t.build/Objects-normal/arm64/AirAlert.dia -target arm64-apple-macos12.0 -disable-cross-import-overlay-search -load-resolved-plugin /Applications/Xcode-27.0.0-Release.Candidate.app/Contents/Developer/Platforms/MacOSX.platform/Developer/usr/lib/swift/host/plugins/libFoundationMacros.dylib\#/Applications/Xcode-27.0.0-Release.Candidate.app/Contents/Developer/Platforms/MacOSX.platform/Developer/usr/bin/swift-plugin-server\#FoundationMacros -load-resolved-plugin /Applications/Xcode-27.0.0-Release.Candidate.app/Contents/Developer/Platforms/MacOSX.platform/Developer/usr/lib/swift/host/plugins/libObservationMacros.dylib\#/Applications/Xcode-27.0.0-Release.Candidate.app/Contents/Developer/Platforms/MacOSX.platform/Developer/usr/bin/swift-plugin-server\#ObservationMacros -load-resolved-plugin /Applications/Xcode-27.0.0-Release.Candidate.app/Contents/Developer/Platforms/MacOSX.platform/Developer/usr/lib/swift/host/plugins/libPreviewsMacros.dylib\#/Applications/Xcode-27.0.0-Release.Candidate.app/Contents/Developer/Platforms/MacOSX.platform/Developer/usr/bin/swift-plugin-server\#PreviewsMacros -load-resolved-plugin /Applications/Xcode-27.0.0-Release.Candidate.app/Contents/Developer/Platforms/MacOSX.platform/Developer/usr/lib/swift/host/plugins/libSwiftMacros.dylib\#/Applications/Xcode-27.0.0-Release.Candidate.app/Contents/Developer/Platforms/MacOSX.platform/Developer/usr/bin/swift-plugin-server\#SwiftMacros -load-resolved-plugin /Applications/Xcode-27.0.0-Release.Candidate.app/Contents/Developer/Platforms/MacOSX.platform/Developer/usr/lib/swift/host/plugins/libSwiftUIMacros.dylib\#/Applications/Xcode-27.0.0-Release.Candidate.app/Contents/Developer/Platforms/MacOSX.platform/Developer/usr/bin/swift-plugin-server\#SwiftUIMacros -disable-implicit-swift-modules -Xcc -fno-implicit-modules -Xcc -fno-implicit-module-maps -explicit-swift-module-map-file /Users/admin/builder/spi-builder-workspace/.build/out/Intermediates.noindex/AirAlert.build/Debug/AirAlert-t.build/Objects-normal/arm64/AirAlert-dependencies-1.json -Xllvm -aarch64-use-tbi -enable-objc-interop -stack-check -sdk /Applications/Xcode-27.0.0-Release.Candidate.app/Contents/Developer/Platforms/MacOSX.platform/Developer/SDKs/MacOSX27.0.sdk -I /Users/admin/builder/spi-builder-workspace/.build/out/Products/Debug -Isystem /Applications/Xcode-27.0.0-Release.Candidate.app/Contents/Developer/Platforms/MacOSX.platform/Developer/usr/lib -F /Users/admin/builder/spi-builder-workspace/.build/out/Products/Debug -F /Applications/Xcode-27.0.0-Release.Candidate.app/Contents/Developer/Platforms/MacOSX.platform/Developer/Library/Frameworks -module-cache-path /Users/admin/builder/spi-builder-workspace/.build/out/Intermediates.noindex/SwiftExplicitPrecompiledModules -color-diagnostics -Xcc -fcolor-diagnostics -enable-testing -g -debug-info-format\=dwarf -dwarf-version\=4 -swift-version 6 -Onone -D SWIFT_PACKAGE -D DEBUG -D SWIFT_MODULE_RESOURCE_BUNDLE_UNAVAILABLE -D Xcode -serialize-debugging-options -enable-experimental-feature DebugDescriptionMacro -empty-abi-descriptor -validate-clang-modules-once -clang-build-session-file /Users/admin/builder/spi-builder-workspace/.build/out/ModuleCache.noindex/Session.modulevalidation -Xcc -working-directory -Xcc /Users/admin/builder -enable-anonymous-context-mangled-names -file-compilation-dir /Users/admin/builder -Xcc -D_LIBCPP_HARDENING_MODE\=_LIBCPP_HARDENING_MODE_DEBUG -Xcc -ivfsstatcache -Xcc /Users/admin/builder/spi-builder-workspace/.build/out/SDKStatCaches.noindex/macosx27.0-26A425-80c5bbf1d171475443272936d42f90a36a22442a12e9d48fe1a705f55a1adfc4.sdkstatcache -Xcc -fmodules-prune-interval\=86400 -Xcc -fmodules-prune-after\=345600 -Xcc -I/Users/admin/builder/spi-builder-workspace/.build/out/Products/Debug/include -Xcc -I/Users/admin/builder/spi-builder-workspace/.build/out/Intermediates.noindex/AirAlert.build/Debug/AirAlert-t.build/DerivedSources-normal/arm64 -Xcc -I/Users/admin/builder/spi-builder-workspace/.build/out/Intermediates.noindex/AirAlert.build/Debug/AirAlert-t.build/DerivedSources/arm64 -Xcc -I/Users/admin/builder/spi-builder-workspace/.build/out/Intermediates.noindex/AirAlert.build/Debug/AirAlert-t.build/DerivedSources -Xcc -DSWIFT_PACKAGE -Xcc -DDEBUG\=1 -no-auto-bridging-header-chaining -module-name AirAlert -package-name spi_builder_workspace -const-gather-protocols-file /Users/admin/builder/spi-builder-workspace/.build/out/Intermediates.noindex/AirAlert.build/Debug/AirAlert-t.build/Objects-normal/arm64/AirAlert_const_extract_protocols.json -disable-clang-spi -clang-target arm64-apple-macos27.0 -target-sdk-version 27.0 -target-sdk-name macosx27.0 -in-process-plugin-server-path /Applications/Xcode-27.0.0-Release.Candidate.app/Contents/Developer/Toolchains/XcodeDefault.xctoolchain/usr/lib/swift/host/libSwiftInProcPluginServer.dylib -parse-as-library -o /Users/admin/builder/spi-builder-workspace/.build/out/Intermediates.noindex/AirAlert.build/Debug/AirAlert-t.build/Objects-normal/arm64/AirAlert.o -debug-module-path /Users/admin/builder/spi-builder-workspace/.build/out/Intermediates.noindex/AirAlert.build/Debug/AirAlert-t.build/Objects-normal/arm64/AirAlert.swiftmodule -index-unit-output-path /AirAlert.build/Debug/AirAlert-t.build/Objects-normal/arm64/AirAlert.o -index-store-path /Users/admin/builder/spi-builder-workspace/.build/out -index-system-modules
error: SwiftCompile normal arm64 /Users/admin/builder/spi-builder-workspace/Sources/AirAlert/View+AirAlert.swift failed with a nonzero exit code. Command line:     cd /Users/admin/builder
    builtin-SwiftPerFileCompile View+AirAlert.swift
/Users/admin/builder/spi-builder-workspace/Sources/AirAlert/View+AirAlert.swift:28:10: error: 'sensoryFeedback(_:trigger:)' is only available in macOS 14.0 or newer
10 | import SwiftUI
11 |
12 | public extension View {
   |        `- note: add '@available' attribute to enclosing extension
13 |     func airAlert(isPresented: Binding<Bool>, textString: Binding<String>?, title: String, alertMessage: String?, mainButtonLabel: String, secondButtonLabel: String, textFieldLabel: String?, mainButtonAction: @escaping () -> Void, secondButtonAction: @escaping () -> Void) -> some View {
   |          `- note: add '@available' attribute to enclosing instance method
14 |         ZStack {
15 |             self
   :
26 |         }
27 |         .animation(.spring(response:0.25, dampingFraction: 1), value: isPresented.wrappedValue)
28 |         .sensoryFeedback(SensoryFeedback.increase, trigger: isPresented.wrappedValue)
   |          |- error: 'sensoryFeedback(_:trigger:)' is only available in macOS 14.0 or newer
   |          `- note: add 'if #available' version check
29 |     }
30 |
/Users/admin/builder/spi-builder-workspace/Sources/AirAlert/View+AirAlert.swift:28:26: error: 'SensoryFeedback' is only available in macOS 14.0 or newer
10 | import SwiftUI
11 |
12 | public extension View {
   |        `- note: add '@available' attribute to enclosing extension
13 |     func airAlert(isPresented: Binding<Bool>, textString: Binding<String>?, title: String, alertMessage: String?, mainButtonLabel: String, secondButtonLabel: String, textFieldLabel: String?, mainButtonAction: @escaping () -> Void, secondButtonAction: @escaping () -> Void) -> some View {
   |          `- note: add '@available' attribute to enclosing instance method
14 |         ZStack {
15 |             self
   :
26 |         }
27 |         .animation(.spring(response:0.25, dampingFraction: 1), value: isPresented.wrappedValue)
28 |         .sensoryFeedback(SensoryFeedback.increase, trigger: isPresented.wrappedValue)
   |                          |- error: 'SensoryFeedback' is only available in macOS 14.0 or newer
   |                          `- note: add 'if #available' version check
29 |     }
30 |
Failed frontend command:
/Applications/Xcode-27.0.0-Release.Candidate.app/Contents/Developer/Toolchains/XcodeDefault.xctoolchain/usr/bin/swift-frontend -frontend -c /Users/admin/builder/spi-builder-workspace/Sources/AirAlert/AirAlert.swift -primary-file /Users/admin/builder/spi-builder-workspace/Sources/AirAlert/View+AirAlert.swift -emit-dependencies-path /Users/admin/builder/spi-builder-workspace/.build/out/Intermediates.noindex/AirAlert.build/Debug/AirAlert-t.build/Objects-normal/arm64/View+AirAlert.d -emit-const-values-path /Users/admin/builder/spi-builder-workspace/.build/out/Intermediates.noindex/AirAlert.build/Debug/AirAlert-t.build/Objects-normal/arm64/View+AirAlert.swiftconstvalues -emit-reference-dependencies-path /Users/admin/builder/spi-builder-workspace/.build/out/Intermediates.noindex/AirAlert.build/Debug/AirAlert-t.build/Objects-normal/arm64/View+AirAlert.swiftdeps -serialize-diagnostics-path /Users/admin/builder/spi-builder-workspace/.build/out/Intermediates.noindex/AirAlert.build/Debug/AirAlert-t.build/Objects-normal/arm64/View+AirAlert.dia -target arm64-apple-macos12.0 -disable-cross-import-overlay-search -load-resolved-plugin /Applications/Xcode-27.0.0-Release.Candidate.app/Contents/Developer/Platforms/MacOSX.platform/Developer/usr/lib/swift/host/plugins/libFoundationMacros.dylib\#/Applications/Xcode-27.0.0-Release.Candidate.app/Contents/Developer/Platforms/MacOSX.platform/Developer/usr/bin/swift-plugin-server\#FoundationMacros -load-resolved-plugin /Applications/Xcode-27.0.0-Release.Candidate.app/Contents/Developer/Platforms/MacOSX.platform/Developer/usr/lib/swift/host/plugins/libObservationMacros.dylib\#/Applications/Xcode-27.0.0-Release.Candidate.app/Contents/Developer/Platforms/MacOSX.platform/Developer/usr/bin/swift-plugin-server\#ObservationMacros -load-resolved-plugin /Applications/Xcode-27.0.0-Release.Candidate.app/Contents/Developer/Platforms/MacOSX.platform/Developer/usr/lib/swift/host/plugins/libPreviewsMacros.dylib\#/Applications/Xcode-27.0.0-Release.Candidate.app/Contents/Developer/Platforms/MacOSX.platform/Developer/usr/bin/swift-plugin-server\#PreviewsMacros -load-resolved-plugin /Applications/Xcode-27.0.0-Release.Candidate.app/Contents/Developer/Platforms/MacOSX.platform/Developer/usr/lib/swift/host/plugins/libSwiftMacros.dylib\#/Applications/Xcode-27.0.0-Release.Candidate.app/Contents/Developer/Platforms/MacOSX.platform/Developer/usr/bin/swift-plugin-server\#SwiftMacros -load-resolved-plugin /Applications/Xcode-27.0.0-Release.Candidate.app/Contents/Developer/Platforms/MacOSX.platform/Developer/usr/lib/swift/host/plugins/libSwiftUIMacros.dylib\#/Applications/Xcode-27.0.0-Release.Candidate.app/Contents/Developer/Platforms/MacOSX.platform/Developer/usr/bin/swift-plugin-server\#SwiftUIMacros -disable-implicit-swift-modules -Xcc -fno-implicit-modules -Xcc -fno-implicit-module-maps -explicit-swift-module-map-file /Users/admin/builder/spi-builder-workspace/.build/out/Intermediates.noindex/AirAlert.build/Debug/AirAlert-t.build/Objects-normal/arm64/AirAlert-dependencies-1.json -Xllvm -aarch64-use-tbi -enable-objc-interop -stack-check -sdk /Applications/Xcode-27.0.0-Release.Candidate.app/Contents/Developer/Platforms/MacOSX.platform/Developer/SDKs/MacOSX27.0.sdk -I /Users/admin/builder/spi-builder-workspace/.build/out/Products/Debug -Isystem /Applications/Xcode-27.0.0-Release.Candidate.app/Contents/Developer/Platforms/MacOSX.platform/Developer/usr/lib -F /Users/admin/builder/spi-builder-workspace/.build/out/Products/Debug -F /Applications/Xcode-27.0.0-Release.Candidate.app/Contents/Developer/Platforms/MacOSX.platform/Developer/Library/Frameworks -module-cache-path /Users/admin/builder/spi-builder-workspace/.build/out/Intermediates.noindex/SwiftExplicitPrecompiledModules -color-diagnostics -Xcc -fcolor-diagnostics -enable-testing -g -debug-info-format\=dwarf -dwarf-version\=4 -swift-version 6 -Onone -D SWIFT_PACKAGE -D DEBUG -D SWIFT_MODULE_RESOURCE_BUNDLE_UNAVAILABLE -D Xcode -serialize-debugging-options -enable-experimental-feature DebugDescriptionMacro -empty-abi-descriptor -validate-clang-modules-once -clang-build-session-file /Users/admin/builder/spi-builder-workspace/.build/out/ModuleCache.noindex/Session.modulevalidation -Xcc -working-directory -Xcc /Users/admin/builder -enable-anonymous-context-mangled-names -file-compilation-dir /Users/admin/builder -Xcc -D_LIBCPP_HARDENING_MODE\=_LIBCPP_HARDENING_MODE_DEBUG -Xcc -ivfsstatcache -Xcc /Users/admin/builder/spi-builder-workspace/.build/out/SDKStatCaches.noindex/macosx27.0-26A425-80c5bbf1d171475443272936d42f90a36a22442a12e9d48fe1a705f55a1adfc4.sdkstatcache -Xcc -fmodules-prune-interval\=86400 -Xcc -fmodules-prune-after\=345600 -Xcc -I/Users/admin/builder/spi-builder-workspace/.build/out/Products/Debug/include -Xcc -I/Users/admin/builder/spi-builder-workspace/.build/out/Intermediates.noindex/AirAlert.build/Debug/AirAlert-t.build/DerivedSources-normal/arm64 -Xcc -I/Users/admin/builder/spi-builder-workspace/.build/out/Intermediates.noindex/AirAlert.build/Debug/AirAlert-t.build/DerivedSources/arm64 -Xcc -I/Users/admin/builder/spi-builder-workspace/.build/out/Intermediates.noindex/AirAlert.build/Debug/AirAlert-t.build/DerivedSources -Xcc -DSWIFT_PACKAGE -Xcc -DDEBUG\=1 -no-auto-bridging-header-chaining -module-name AirAlert -package-name spi_builder_workspace -const-gather-protocols-file /Users/admin/builder/spi-builder-workspace/.build/out/Intermediates.noindex/AirAlert.build/Debug/AirAlert-t.build/Objects-normal/arm64/AirAlert_const_extract_protocols.json -disable-clang-spi -clang-target arm64-apple-macos27.0 -target-sdk-version 27.0 -target-sdk-name macosx27.0 -in-process-plugin-server-path /Applications/Xcode-27.0.0-Release.Candidate.app/Contents/Developer/Toolchains/XcodeDefault.xctoolchain/usr/lib/swift/host/libSwiftInProcPluginServer.dylib -parse-as-library -o /Users/admin/builder/spi-builder-workspace/.build/out/Intermediates.noindex/AirAlert.build/Debug/AirAlert-t.build/Objects-normal/arm64/View+AirAlert.o -debug-module-path /Users/admin/builder/spi-builder-workspace/.build/out/Intermediates.noindex/AirAlert.build/Debug/AirAlert-t.build/Objects-normal/arm64/AirAlert.swiftmodule -index-unit-output-path /AirAlert.build/Debug/AirAlert-t.build/Objects-normal/arm64/View+AirAlert.o -index-store-path /Users/admin/builder/spi-builder-workspace/.build/out -index-system-modules
error: Build failed
BUILD FAILURE 6.4 macosSpm