Build Information
Failed to build SignalFusionKit, reference v1.0.0 (b145fe), with Swift 6.2 for macOS (Xcode) using Xcode 26.3 on 14 Aug 2026 00:24:06 UTC.
Build Command
env DEVELOPER_DIR=/Applications/Xcode-26.3.0.app xcrun xcodebuild -IDEClonedSourcePackagesDirPathOverride=$PWD/.dependencies -skipMacroValidation -skipPackagePluginValidation -derivedDataPath $PWD/.derivedData build -scheme SignalFusionKit -destination platform=macOS,arch=arm64Build Log
========================================
RunAll
========================================
Builder version: undefined version: run 'make version' to update
Interrupt handler set up.
========================================
Checkout
========================================
Clone URL: https://github.com/izetg/SignalFusionKit.git
Reference: v1.0.0
Initialized empty Git repository in /Users/admin/builder/spi-builder-workspace/.git/
From https://github.com/izetg/SignalFusionKit
* tag v1.0.0 -> FETCH_HEAD
HEAD is now at b145fef Initial commit: SignalFusionKit
Cloned https://github.com/izetg/SignalFusionKit.git
Revision (git rev-parse @):
b145fef66c2d1678aae03e965c22a81a04102097
SUCCESS checkout https://github.com/izetg/SignalFusionKit.git at v1.0.0
========================================
Build
========================================
Selected platform: macosXcodebuild
Swift version: 6.2
Building package at path: $PWD
https://github.com/izetg/SignalFusionKit.git
Command line invocation:
/Applications/Xcode-26.3.0.app/Contents/Developer/usr/bin/xcodebuild -IDEClonedSourcePackagesDirPathOverride=/Users/admin/builder/spi-builder-workspace/.dependencies -resolvePackageDependencies
Resolve Package Graph
Resolve Package Graph
Resolved source packages:
SignalFusionKit: /Users/admin/builder/spi-builder-workspace
resolved source packages: SignalFusionKit
2026-08-13 20:23:36.010 xcodebuild[538:3099] [MT] IDERunDestination: Supported platforms for the buildables in the current scheme is empty.
{
"dependencies" : [
],
"manifest_display_name" : "SignalFusionKit",
"name" : "SignalFusionKit",
"path" : "/Users/admin/builder/spi-builder-workspace",
"platforms" : [
{
"name" : "watchos",
"version" : "9.0"
},
{
"name" : "ios",
"version" : "16.0"
}
],
"products" : [
{
"name" : "SignalFusionKit",
"targets" : [
"SignalFusionKit"
],
"type" : {
"library" : [
"automatic"
]
}
}
],
"targets" : [
{
"c99name" : "SignalFusionKitTests",
"module_type" : "SwiftTarget",
"name" : "SignalFusionKitTests",
"path" : "Tests/SignalFusionKitTests",
"sources" : [
"CooldownGateTests.swift",
"MotionAnomalyDetectorTests.swift",
"RiskEngineTests.swift"
],
"target_dependencies" : [
"SignalFusionKit"
],
"type" : "test"
},
{
"c99name" : "SignalFusionKit",
"module_type" : "SwiftTarget",
"name" : "SignalFusionKit",
"path" : "Sources/SignalFusionKit",
"product_memberships" : [
"SignalFusionKit"
],
"sources" : [
"CooldownGate.swift",
"MotionAnomalyDetector.swift",
"RiskEngine.swift",
"RiskEngineConfig.swift",
"RiskLevel.swift",
"SignalSnapshot.swift",
"WatchKitAdapter.swift"
],
"type" : "library"
}
],
"tools_version" : "5.9"
}
{
"workspace" : {
"name" : "spi-builder-workspace",
"schemes" : [
"SignalFusionKit"
]
}
}
2026-08-13 20:23:54.137 xcodebuild[672:4174] [MT] IDERunDestination: Supported platforms for the buildables in the current scheme is empty.
Running build ...
env DEVELOPER_DIR=/Applications/Xcode-26.3.0.app xcrun xcodebuild -IDEClonedSourcePackagesDirPathOverride=$PWD/.dependencies -skipMacroValidation -skipPackagePluginValidation -derivedDataPath $PWD/.derivedData build -scheme SignalFusionKit -destination platform=macOS,arch=arm64
Command line invocation:
/Applications/Xcode-26.3.0.app/Contents/Developer/usr/bin/xcodebuild -IDEClonedSourcePackagesDirPathOverride=/Users/admin/builder/spi-builder-workspace/.dependencies -skipMacroValidation -skipPackagePluginValidation -derivedDataPath /Users/admin/builder/spi-builder-workspace/.derivedData build -scheme SignalFusionKit -destination platform=macOS,arch=arm64
Resolve Package Graph
Resolved source packages:
SignalFusionKit: /Users/admin/builder/spi-builder-workspace
ComputePackagePrebuildTargetDependencyGraph
Prepare packages
CreateBuildRequest
SendProjectDescription
CreateBuildOperation
ComputeTargetDependencyGraph
note: Building targets in dependency order
note: Target dependency graph (2 targets)
Target 'SignalFusionKit' in project 'SignalFusionKit'
➜ Explicit dependency on target 'SignalFusionKit' in project 'SignalFusionKit'
Target 'SignalFusionKit' in project 'SignalFusionKit' (no dependencies)
GatherProvisioningInputs
CreateBuildDescription
ExecuteExternalTool /Applications/Xcode-26.3.0.app/Contents/Developer/Toolchains/XcodeDefault.xctoolchain/usr/bin/clang -v -E -dM -isysroot /Applications/Xcode-26.3.0.app/Contents/Developer/Platforms/MacOSX.platform/Developer/SDKs/MacOSX26.2.sdk -x c -c /dev/null
ExecuteExternalTool /Applications/Xcode-26.3.0.app/Contents/Developer/Toolchains/XcodeDefault.xctoolchain/usr/bin/swiftc --version
ExecuteExternalTool /Applications/Xcode-26.3.0.app/Contents/Developer/Toolchains/XcodeDefault.xctoolchain/usr/bin/ld -version_details
Build description signature: ed453ef5551cea260819565fb9f94199
Build description path: /Users/admin/builder/spi-builder-workspace/.derivedData/Build/Intermediates.noindex/XCBuildData/ed453ef5551cea260819565fb9f94199.xcbuilddata
CreateBuildDirectory /Users/admin/builder/spi-builder-workspace/.derivedData/Build/Products
cd /Users/admin/builder/spi-builder-workspace/.swiftpm/xcode
builtin-create-build-directory /Users/admin/builder/spi-builder-workspace/.derivedData/Build/Products
CreateBuildDirectory /Users/admin/builder/spi-builder-workspace/.derivedData/Build/Intermediates.noindex
cd /Users/admin/builder/spi-builder-workspace/.swiftpm/xcode
builtin-create-build-directory /Users/admin/builder/spi-builder-workspace/.derivedData/Build/Intermediates.noindex
ClangStatCache /Applications/Xcode-26.3.0.app/Contents/Developer/Toolchains/XcodeDefault.xctoolchain/usr/bin/clang-stat-cache /Applications/Xcode-26.3.0.app/Contents/Developer/Platforms/MacOSX.platform/Developer/SDKs/MacOSX26.2.sdk /Users/admin/builder/spi-builder-workspace/.derivedData/SDKStatCaches.noindex/macosx26.2-25C58-dc75598d0054f22ec865fa860f139d726b10091eae1b9012e514a50b0de53ce7.sdkstatcache
cd /Users/admin/builder/spi-builder-workspace/.swiftpm/xcode
/Applications/Xcode-26.3.0.app/Contents/Developer/Toolchains/XcodeDefault.xctoolchain/usr/bin/clang-stat-cache /Applications/Xcode-26.3.0.app/Contents/Developer/Platforms/MacOSX.platform/Developer/SDKs/MacOSX26.2.sdk -o /Users/admin/builder/spi-builder-workspace/.derivedData/SDKStatCaches.noindex/macosx26.2-25C58-dc75598d0054f22ec865fa860f139d726b10091eae1b9012e514a50b0de53ce7.sdkstatcache
CreateBuildDirectory /Users/admin/builder/spi-builder-workspace/.derivedData/Build/Intermediates.noindex/ExplicitPrecompiledModules
cd /Users/admin/builder/spi-builder-workspace/.swiftpm/xcode
builtin-create-build-directory /Users/admin/builder/spi-builder-workspace/.derivedData/Build/Intermediates.noindex/ExplicitPrecompiledModules
CreateBuildDirectory /Users/admin/builder/spi-builder-workspace/.derivedData/Build/Intermediates.noindex/SwiftExplicitPrecompiledModules
cd /Users/admin/builder/spi-builder-workspace/.swiftpm/xcode
builtin-create-build-directory /Users/admin/builder/spi-builder-workspace/.derivedData/Build/Intermediates.noindex/SwiftExplicitPrecompiledModules
CreateBuildDirectory /Users/admin/builder/spi-builder-workspace/.derivedData/Build/Intermediates.noindex/EagerLinkingTBDs/Debug
cd /Users/admin/builder/spi-builder-workspace/.swiftpm/xcode
builtin-create-build-directory /Users/admin/builder/spi-builder-workspace/.derivedData/Build/Intermediates.noindex/EagerLinkingTBDs/Debug
CreateBuildDirectory /Users/admin/builder/spi-builder-workspace/.derivedData/Build/Products/Debug
cd /Users/admin/builder/spi-builder-workspace/.swiftpm/xcode
builtin-create-build-directory /Users/admin/builder/spi-builder-workspace/.derivedData/Build/Products/Debug
CreateBuildDirectory /Users/admin/builder/spi-builder-workspace/.derivedData/Build/Products/Debug/PackageFrameworks
cd /Users/admin/builder/spi-builder-workspace/.swiftpm/xcode
builtin-create-build-directory /Users/admin/builder/spi-builder-workspace/.derivedData/Build/Products/Debug/PackageFrameworks
WriteAuxiliaryFile /Users/admin/builder/spi-builder-workspace/.derivedData/Build/Intermediates.noindex/SignalFusionKit.build/Debug/SignalFusionKit.build/SignalFusionKit.DependencyMetadataFileList (in target 'SignalFusionKit' from project 'SignalFusionKit')
cd /Users/admin/builder/spi-builder-workspace
write-file /Users/admin/builder/spi-builder-workspace/.derivedData/Build/Intermediates.noindex/SignalFusionKit.build/Debug/SignalFusionKit.build/SignalFusionKit.DependencyMetadataFileList
WriteAuxiliaryFile /Users/admin/builder/spi-builder-workspace/.derivedData/Build/Intermediates.noindex/SignalFusionKit.build/Debug/SignalFusionKit.build/SignalFusionKit.DependencyStaticMetadataFileList (in target 'SignalFusionKit' from project 'SignalFusionKit')
cd /Users/admin/builder/spi-builder-workspace
write-file /Users/admin/builder/spi-builder-workspace/.derivedData/Build/Intermediates.noindex/SignalFusionKit.build/Debug/SignalFusionKit.build/SignalFusionKit.DependencyStaticMetadataFileList
WriteAuxiliaryFile /Users/admin/builder/spi-builder-workspace/.derivedData/Build/Intermediates.noindex/SignalFusionKit.build/Debug/SignalFusionKit.build/SignalFusionKit.modulemap (in target 'SignalFusionKit' from project 'SignalFusionKit')
cd /Users/admin/builder/spi-builder-workspace
write-file /Users/admin/builder/spi-builder-workspace/.derivedData/Build/Intermediates.noindex/SignalFusionKit.build/Debug/SignalFusionKit.build/SignalFusionKit.modulemap
WriteAuxiliaryFile /Users/admin/builder/spi-builder-workspace/.derivedData/Build/Intermediates.noindex/SignalFusionKit.build/Debug/SignalFusionKit.build/Objects-normal/arm64/SignalFusionKit.SwiftFileList (in target 'SignalFusionKit' from project 'SignalFusionKit')
cd /Users/admin/builder/spi-builder-workspace
write-file /Users/admin/builder/spi-builder-workspace/.derivedData/Build/Intermediates.noindex/SignalFusionKit.build/Debug/SignalFusionKit.build/Objects-normal/arm64/SignalFusionKit.SwiftFileList
WriteAuxiliaryFile /Users/admin/builder/spi-builder-workspace/.derivedData/Build/Intermediates.noindex/SignalFusionKit.build/Debug/SignalFusionKit.build/Objects-normal/arm64/SignalFusionKit-OutputFileMap.json (in target 'SignalFusionKit' from project 'SignalFusionKit')
cd /Users/admin/builder/spi-builder-workspace
write-file /Users/admin/builder/spi-builder-workspace/.derivedData/Build/Intermediates.noindex/SignalFusionKit.build/Debug/SignalFusionKit.build/Objects-normal/arm64/SignalFusionKit-OutputFileMap.json
WriteAuxiliaryFile /Users/admin/builder/spi-builder-workspace/.derivedData/Build/Intermediates.noindex/SignalFusionKit.build/Debug/SignalFusionKit.build/Objects-normal/arm64/SignalFusionKit.LinkFileList (in target 'SignalFusionKit' from project 'SignalFusionKit')
cd /Users/admin/builder/spi-builder-workspace
write-file /Users/admin/builder/spi-builder-workspace/.derivedData/Build/Intermediates.noindex/SignalFusionKit.build/Debug/SignalFusionKit.build/Objects-normal/arm64/SignalFusionKit.LinkFileList
WriteAuxiliaryFile /Users/admin/builder/spi-builder-workspace/.derivedData/Build/Intermediates.noindex/SignalFusionKit.build/Debug/SignalFusionKit.build/Objects-normal/arm64/SignalFusionKit_const_extract_protocols.json (in target 'SignalFusionKit' from project 'SignalFusionKit')
cd /Users/admin/builder/spi-builder-workspace
write-file /Users/admin/builder/spi-builder-workspace/.derivedData/Build/Intermediates.noindex/SignalFusionKit.build/Debug/SignalFusionKit.build/Objects-normal/arm64/SignalFusionKit_const_extract_protocols.json
WriteAuxiliaryFile /Users/admin/builder/spi-builder-workspace/.derivedData/Build/Intermediates.noindex/SignalFusionKit.build/Debug/SignalFusionKit.build/Objects-normal/arm64/SignalFusionKit.SwiftConstValuesFileList (in target 'SignalFusionKit' from project 'SignalFusionKit')
cd /Users/admin/builder/spi-builder-workspace
write-file /Users/admin/builder/spi-builder-workspace/.derivedData/Build/Intermediates.noindex/SignalFusionKit.build/Debug/SignalFusionKit.build/Objects-normal/arm64/SignalFusionKit.SwiftConstValuesFileList
Copy /Users/admin/builder/spi-builder-workspace/.derivedData/Build/Intermediates.noindex/GeneratedModuleMaps/SignalFusionKit.modulemap /Users/admin/builder/spi-builder-workspace/.derivedData/Build/Intermediates.noindex/SignalFusionKit.build/Debug/SignalFusionKit.build/SignalFusionKit.modulemap (in target 'SignalFusionKit' from project 'SignalFusionKit')
cd /Users/admin/builder/spi-builder-workspace
builtin-copy -exclude .DS_Store -exclude CVS -exclude .svn -exclude .git -exclude .hg -resolve-src-symlinks /Users/admin/builder/spi-builder-workspace/.derivedData/Build/Intermediates.noindex/SignalFusionKit.build/Debug/SignalFusionKit.build/SignalFusionKit.modulemap /Users/admin/builder/spi-builder-workspace/.derivedData/Build/Intermediates.noindex/GeneratedModuleMaps
SwiftDriver SignalFusionKit normal arm64 com.apple.xcode.tools.swift.compiler (in target 'SignalFusionKit' from project 'SignalFusionKit')
cd /Users/admin/builder/spi-builder-workspace/.swiftpm/xcode
builtin-SwiftDriver -- /Applications/Xcode-26.3.0.app/Contents/Developer/Toolchains/XcodeDefault.xctoolchain/usr/bin/swiftc -module-name SignalFusionKit -Onone -enforce-exclusivity\=checked @/Users/admin/builder/spi-builder-workspace/.derivedData/Build/Intermediates.noindex/SignalFusionKit.build/Debug/SignalFusionKit.build/Objects-normal/arm64/SignalFusionKit.SwiftFileList -DSWIFT_PACKAGE -DDEBUG -DSWIFT_MODULE_RESOURCE_BUNDLE_UNAVAILABLE -DXcode -plugin-path /Applications/Xcode-26.3.0.app/Contents/Developer/Toolchains/XcodeDefault.xctoolchain/usr/lib/swift/host/plugins/testing -enable-experimental-feature DebugDescriptionMacro -sdk /Applications/Xcode-26.3.0.app/Contents/Developer/Platforms/MacOSX.platform/Developer/SDKs/MacOSX26.2.sdk -target arm64-apple-macos10.13 -g -module-cache-path /Users/admin/builder/spi-builder-workspace/.derivedData/ModuleCache.noindex -Xfrontend -serialize-debugging-options -profile-coverage-mapping -profile-generate -enable-testing -index-store-path /Users/admin/builder/spi-builder-workspace/.derivedData/Index.noindex/DataStore -Xcc -D_LIBCPP_HARDENING_MODE\=_LIBCPP_HARDENING_MODE_DEBUG -swift-version 5 -I /Users/admin/builder/spi-builder-workspace/.derivedData/Build/Products/Debug -Isystem /Applications/Xcode-26.3.0.app/Contents/Developer/Platforms/MacOSX.platform/Developer/usr/lib -F /Users/admin/builder/spi-builder-workspace/.derivedData/Build/Products/Debug -F /Applications/Xcode-26.3.0.app/Contents/Developer/Platforms/MacOSX.platform/Developer/Library/Frameworks -c -j10 -enable-batch-mode -incremental -Xcc -ivfsstatcache -Xcc /Users/admin/builder/spi-builder-workspace/.derivedData/SDKStatCaches.noindex/macosx26.2-25C58-dc75598d0054f22ec865fa860f139d726b10091eae1b9012e514a50b0de53ce7.sdkstatcache -output-file-map /Users/admin/builder/spi-builder-workspace/.derivedData/Build/Intermediates.noindex/SignalFusionKit.build/Debug/SignalFusionKit.build/Objects-normal/arm64/SignalFusionKit-OutputFileMap.json -use-frontend-parseable-output -save-temps -no-color-diagnostics -explicit-module-build -module-cache-path /Users/admin/builder/spi-builder-workspace/.derivedData/Build/Intermediates.noindex/SwiftExplicitPrecompiledModules -clang-scanner-module-cache-path /Users/admin/builder/spi-builder-workspace/.derivedData/ModuleCache.noindex -sdk-module-cache-path /Users/admin/builder/spi-builder-workspace/.derivedData/ModuleCache.noindex -serialize-diagnostics -emit-dependencies -emit-module -emit-module-path /Users/admin/builder/spi-builder-workspace/.derivedData/Build/Intermediates.noindex/SignalFusionKit.build/Debug/SignalFusionKit.build/Objects-normal/arm64/SignalFusionKit.swiftmodule -validate-clang-modules-once -clang-build-session-file /Users/admin/builder/spi-builder-workspace/.derivedData/ModuleCache.noindex/Session.modulevalidation -package-name spi_builder_workspace -Xcc -I/Users/admin/builder/spi-builder-workspace/.derivedData/Build/Intermediates.noindex/SignalFusionKit.build/Debug/SignalFusionKit.build/swift-overrides.hmap -emit-const-values -Xfrontend -const-gather-protocols-file -Xfrontend /Users/admin/builder/spi-builder-workspace/.derivedData/Build/Intermediates.noindex/SignalFusionKit.build/Debug/SignalFusionKit.build/Objects-normal/arm64/SignalFusionKit_const_extract_protocols.json -Xcc -I/Users/admin/builder/spi-builder-workspace/.derivedData/Build/Products/Debug/include -Xcc -I/Users/admin/builder/spi-builder-workspace/.derivedData/Build/Intermediates.noindex/SignalFusionKit.build/Debug/SignalFusionKit.build/DerivedSources-normal/arm64 -Xcc -I/Users/admin/builder/spi-builder-workspace/.derivedData/Build/Intermediates.noindex/SignalFusionKit.build/Debug/SignalFusionKit.build/DerivedSources/arm64 -Xcc -I/Users/admin/builder/spi-builder-workspace/.derivedData/Build/Intermediates.noindex/SignalFusionKit.build/Debug/SignalFusionKit.build/DerivedSources -Xcc -DSWIFT_PACKAGE -Xcc -DDEBUG\=1 -emit-objc-header -emit-objc-header-path /Users/admin/builder/spi-builder-workspace/.derivedData/Build/Intermediates.noindex/SignalFusionKit.build/Debug/SignalFusionKit.build/Objects-normal/arm64/SignalFusionKit-Swift.h -working-directory /Users/admin/builder/spi-builder-workspace/.swiftpm/xcode -experimental-emit-module-separately -disable-cmo
SwiftExplicitDependencyGeneratePcm arm64 /Users/admin/builder/spi-builder-workspace/.derivedData/ModuleCache.noindex/ptrcheck-93U344XYGKUS4DNA2KV06PF2V.pcm
SwiftExplicitDependencyGeneratePcm arm64 /Users/admin/builder/spi-builder-workspace/.derivedData/ModuleCache.noindex/_Builtin_stddef-9W0LLTF0U7WMZRHRDL6TEI2CU.pcm
SwiftExplicitDependencyGeneratePcm arm64 /Users/admin/builder/spi-builder-workspace/.derivedData/ModuleCache.noindex/SwiftShims-4YXFMW86ZNA3E25YTX928BCFY.pcm
SwiftExplicitDependencyGeneratePcm arm64 /Users/admin/builder/spi-builder-workspace/.derivedData/ModuleCache.noindex/_Builtin_stdarg-7UYNRABJ4EGIKYPA9PP5G18TP.pcm
SwiftExplicitDependencyGeneratePcm arm64 /Users/admin/builder/spi-builder-workspace/.derivedData/ModuleCache.noindex/_SwiftConcurrencyShims-7Q4MLD47DF7DGHIIY5YGOWC8E.pcm
SwiftExplicitDependencyGeneratePcm arm64 /Users/admin/builder/spi-builder-workspace/.derivedData/ModuleCache.noindex/_Builtin_stdbool-3327XH5DSKSDZST3ARZE59HKD.pcm
SwiftExplicitDependencyGeneratePcm arm64 /Users/admin/builder/spi-builder-workspace/.derivedData/ModuleCache.noindex/_Builtin_float-3Q3RDZA5DH8SEP14GG0ECQUO3.pcm
SwiftExplicitDependencyGeneratePcm arm64 /Users/admin/builder/spi-builder-workspace/.derivedData/ModuleCache.noindex/ptrauth-30M5PMPXZKY1SN1BC5XRSDDC8.pcm
SwiftExplicitDependencyGeneratePcm arm64 /Users/admin/builder/spi-builder-workspace/.derivedData/ModuleCache.noindex/_AvailabilityInternal-CONBUWD8MTJRT00VKOT5OUI53.pcm
SwiftExplicitDependencyGeneratePcm arm64 /Users/admin/builder/spi-builder-workspace/.derivedData/ModuleCache.noindex/_DarwinFoundation1-3IQUFTJ6KPJRBBQNAXN5WUHTS.pcm
SwiftExplicitDependencyGeneratePcm arm64 /Users/admin/builder/spi-builder-workspace/.derivedData/ModuleCache.noindex/_Builtin_limits-C55XJYQS5NCWTZP5NGVL0NFBU.pcm
SwiftExplicitDependencyGeneratePcm arm64 /Users/admin/builder/spi-builder-workspace/.derivedData/ModuleCache.noindex/_DarwinFoundation2-8QWCGYESGGPHMJMPOX30MBAYB.pcm
SwiftExplicitDependencyGeneratePcm arm64 /Users/admin/builder/spi-builder-workspace/.derivedData/ModuleCache.noindex/sys_types-C8HA1QAP4R5W0JW6IWTWHPS6E.pcm
SwiftExplicitDependencyGeneratePcm arm64 /Users/admin/builder/spi-builder-workspace/.derivedData/ModuleCache.noindex/_Builtin_stdint-A1BOQDGCYL0CV73QSA8SBLQ3K.pcm
SwiftExplicitDependencyGeneratePcm arm64 /Users/admin/builder/spi-builder-workspace/.derivedData/ModuleCache.noindex/_DarwinFoundation3-1P2TPGIYD0CX8B8GI4C9N0P7O.pcm
SwiftExplicitDependencyGeneratePcm arm64 /Users/admin/builder/spi-builder-workspace/.derivedData/ModuleCache.noindex/libDER-1IERM65SCXCXVWRZBQ37I2MTZ.pcm
SwiftExplicitDependencyGeneratePcm arm64 /Users/admin/builder/spi-builder-workspace/.derivedData/ModuleCache.noindex/_Builtin_stdatomic-5LF635BDIAE1KUUY99OT8FW4K.pcm
SwiftExplicitDependencyGeneratePcm arm64 /Users/admin/builder/spi-builder-workspace/.derivedData/ModuleCache.noindex/_Builtin_inttypes-6EWB8KFVQSL4GFZGH34TYIZ5F.pcm
SwiftExplicitDependencyGeneratePcm arm64 /Users/admin/builder/spi-builder-workspace/.derivedData/ModuleCache.noindex/Darwin-78D4XFSGCA7GLIPNL5JDNXJLZ.pcm
SwiftExplicitDependencyGeneratePcm arm64 /Users/admin/builder/spi-builder-workspace/.derivedData/ModuleCache.noindex/MachO-8BRYUWOB8RC68HZ7D4NO437Z6.pcm
SwiftExplicitDependencyGeneratePcm arm64 /Users/admin/builder/spi-builder-workspace/.derivedData/ModuleCache.noindex/launch-DV39EUK2WED5FC2QGMP29TA0U.pcm
SwiftExplicitDependencyGeneratePcm arm64 /Users/admin/builder/spi-builder-workspace/.derivedData/ModuleCache.noindex/libkern-61ULT46VGF9QKFXCP5M4Y3KNR.pcm
SwiftExplicitDependencyGeneratePcm arm64 /Users/admin/builder/spi-builder-workspace/.derivedData/ModuleCache.noindex/ObjectiveC-3L1NNA27OQGEOESO3XPFYU9G5.pcm
SwiftExplicitDependencyGeneratePcm arm64 /Users/admin/builder/spi-builder-workspace/.derivedData/ModuleCache.noindex/os_object-851E8HAUEFTGFU8JJVFIE4OF4.pcm
SwiftExplicitDependencyGeneratePcm arm64 /Users/admin/builder/spi-builder-workspace/.derivedData/ModuleCache.noindex/os_workgroup-DG98ANYFQS6N5QX9MJ01CKM0I.pcm
SwiftExplicitDependencyGeneratePcm arm64 /Users/admin/builder/spi-builder-workspace/.derivedData/ModuleCache.noindex/Dispatch-8RGJITL7F37N5Q8PZYILU1EYH.pcm
SwiftExplicitDependencyGeneratePcm arm64 /Users/admin/builder/spi-builder-workspace/.derivedData/ModuleCache.noindex/XPC-CDUN7AQJC4EZPL1MJXSG35T2F.pcm
SwiftExplicitDependencyGeneratePcm arm64 /Users/admin/builder/spi-builder-workspace/.derivedData/ModuleCache.noindex/CoreFoundation-60QF51KR6YDZ9NF56MSQB3PS8.pcm
SwiftExplicitDependencyGeneratePcm arm64 /Users/admin/builder/spi-builder-workspace/.derivedData/ModuleCache.noindex/os-12ZKH435CHPSZOILQ8UKYPE3K.pcm
SwiftExplicitDependencyGeneratePcm arm64 /Users/admin/builder/spi-builder-workspace/.derivedData/ModuleCache.noindex/CFNetwork-A2FULI2KDUWJ2AALCQAUHW8O.pcm
SwiftExplicitDependencyGeneratePcm arm64 /Users/admin/builder/spi-builder-workspace/.derivedData/ModuleCache.noindex/IOKit-59QIPD86JC7FJUT1CVYIJHDW5.pcm
SwiftExplicitDependencyGeneratePcm arm64 /Users/admin/builder/spi-builder-workspace/.derivedData/ModuleCache.noindex/Security-HNPIJDCILYQ22FM8LZXIO5VA.pcm
SwiftExplicitDependencyGeneratePcm arm64 /Users/admin/builder/spi-builder-workspace/.derivedData/ModuleCache.noindex/DiskArbitration-CCEXUJJGZ25A5Z5U9UDJML6TY.pcm
SwiftExplicitDependencyGeneratePcm arm64 /Users/admin/builder/spi-builder-workspace/.derivedData/ModuleCache.noindex/CoreServices-8EKMPFIHRHZPGBPPOLK03EQWF.pcm
SwiftExplicitDependencyGeneratePcm arm64 /Users/admin/builder/spi-builder-workspace/.derivedData/ModuleCache.noindex/Foundation-64382SAUTIBQZ5EZN0NW52AS3.pcm
SwiftExplicitDependencyGeneratePcm arm64 /Users/admin/builder/spi-builder-workspace/.derivedData/ModuleCache.noindex/UniformTypeIdentifiers-KKSX9FKHR4TBZZH9JJ4LP9XK.pcm
SwiftExplicitDependencyGeneratePcm arm64 /Users/admin/builder/spi-builder-workspace/.derivedData/ModuleCache.noindex/_LocationEssentials-741P00EO9668CRA9SKA2XPRHV.pcm
SwiftExplicitDependencyGeneratePcm arm64 /Users/admin/builder/spi-builder-workspace/.derivedData/ModuleCache.noindex/CoreLocation-F0234W8NBOZJLJ1FRAFADFL8L.pcm
SwiftExplicitDependencyGeneratePcm arm64 /Users/admin/builder/spi-builder-workspace/.derivedData/ModuleCache.noindex/HealthKit-35TCHY4508GZ4EBOGPK687HRT.pcm
SwiftExplicitDependencyGeneratePcm arm64 /Users/admin/builder/spi-builder-workspace/.derivedData/ModuleCache.noindex/CoreMotion-A3H0IPYF5QYQB439BSNPTDL44.pcm
SwiftEmitModule normal arm64 Emitting\ module\ for\ SignalFusionKit (in target 'SignalFusionKit' from project 'SignalFusionKit')
EmitSwiftModule normal arm64 (in target 'SignalFusionKit' from project 'SignalFusionKit')
cd /Users/admin/builder/spi-builder-workspace/.swiftpm/xcode
/Users/admin/builder/spi-builder-workspace/Sources/SignalFusionKit/WatchKitAdapter.swift:18:25: error: 'HKHealthStore' is only available in macOS 13.0 or newer
private let store = HKHealthStore()
^
/Users/admin/builder/spi-builder-workspace/Sources/SignalFusionKit/WatchKitAdapter.swift:17:20: note: add '@available' attribute to enclosing class
public final class WatchKitAdapter: NSObject, ObservableObject {
^
/Users/admin/builder/spi-builder-workspace/Sources/SignalFusionKit/WatchKitAdapter.swift:19:33: error: 'CMMotionManager' is unavailable in macOS
private let motionManager = CMMotionManager()
^~~~~~~~~~~~~~~
/Applications/Xcode-26.3.0.app/Contents/Developer/Platforms/MacOSX.platform/Developer/SDKs/MacOSX26.2.sdk/System/Library/Frameworks/CoreMotion.framework/Headers/CMMotionManager.h:86:12: note: 'CMMotionManager' has been explicitly marked unavailable here
@interface CMMotionManager : NSObject
^
/Users/admin/builder/spi-builder-workspace/Sources/SignalFusionKit/WatchKitAdapter.swift:23:6: error: 'Published' is only available in macOS 10.15 or newer
@Published public private(set) var latest: RiskAssessment?
^
/Users/admin/builder/spi-builder-workspace/Sources/SignalFusionKit/WatchKitAdapter.swift:17:20: note: add '@available' attribute to enclosing class
public final class WatchKitAdapter: NSObject, ObservableObject {
^
/Users/admin/builder/spi-builder-workspace/Sources/SignalFusionKit/WatchKitAdapter.swift:17:47: error: 'ObservableObject' is only available in macOS 10.15 or newer
public final class WatchKitAdapter: NSObject, ObservableObject {
^
/Users/admin/builder/spi-builder-workspace/Sources/SignalFusionKit/WatchKitAdapter.swift:17:20: note: add '@available' attribute to enclosing class
public final class WatchKitAdapter: NSObject, ObservableObject {
^
Failed frontend command:
/Applications/Xcode-26.3.0.app/Contents/Developer/Toolchains/XcodeDefault.xctoolchain/usr/bin/swift-frontend -frontend -emit-module -experimental-skip-non-inlinable-function-bodies-without-types /Users/admin/builder/spi-builder-workspace/Sources/SignalFusionKit/CooldownGate.swift /Users/admin/builder/spi-builder-workspace/Sources/SignalFusionKit/MotionAnomalyDetector.swift /Users/admin/builder/spi-builder-workspace/Sources/SignalFusionKit/RiskEngine.swift /Users/admin/builder/spi-builder-workspace/Sources/SignalFusionKit/RiskEngineConfig.swift /Users/admin/builder/spi-builder-workspace/Sources/SignalFusionKit/RiskLevel.swift /Users/admin/builder/spi-builder-workspace/Sources/SignalFusionKit/SignalSnapshot.swift /Users/admin/builder/spi-builder-workspace/Sources/SignalFusionKit/WatchKitAdapter.swift -target arm64-apple-macos10.13 -module-can-import-version CoreMotion 3064.0.10 3064.0.10 -module-can-import-version HealthKit 6200.3.10 1.0.0 -load-resolved-plugin /Applications/Xcode-26.3.0.app/Contents/Developer/Platforms/MacOSX.platform/Developer/usr/lib/swift/host/plugins/libFoundationMacros.dylib\#/Applications/Xcode-26.3.0.app/Contents/Developer/Platforms/MacOSX.platform/Developer/usr/bin/swift-plugin-server\#FoundationMacros -load-resolved-plugin /Applications/Xcode-26.3.0.app/Contents/Developer/Platforms/MacOSX.platform/Developer/usr/lib/swift/host/plugins/libObservationMacros.dylib\#/Applications/Xcode-26.3.0.app/Contents/Developer/Platforms/MacOSX.platform/Developer/usr/bin/swift-plugin-server\#ObservationMacros -load-resolved-plugin /Applications/Xcode-26.3.0.app/Contents/Developer/Platforms/MacOSX.platform/Developer/usr/lib/swift/host/plugins/libSwiftMacros.dylib\#/Applications/Xcode-26.3.0.app/Contents/Developer/Platforms/MacOSX.platform/Developer/usr/bin/swift-plugin-server\#SwiftMacros -disable-implicit-swift-modules -Xcc -fno-implicit-modules -Xcc -fno-implicit-module-maps -explicit-swift-module-map-file /Users/admin/builder/spi-builder-workspace/.derivedData/Build/Intermediates.noindex/SignalFusionKit.build/Debug/SignalFusionKit.build/Objects-normal/arm64/SignalFusionKit-dependencies-1.json -Xllvm -aarch64-use-tbi -enable-objc-interop -sdk /Applications/Xcode-26.3.0.app/Contents/Developer/Platforms/MacOSX.platform/Developer/SDKs/MacOSX26.2.sdk -I /Users/admin/builder/spi-builder-workspace/.derivedData/Build/Products/Debug -Isystem /Applications/Xcode-26.3.0.app/Contents/Developer/Platforms/MacOSX.platform/Developer/usr/lib -F /Users/admin/builder/spi-builder-workspace/.derivedData/Build/Products/Debug -F /Applications/Xcode-26.3.0.app/Contents/Developer/Platforms/MacOSX.platform/Developer/Library/Frameworks -no-color-diagnostics -Xcc -fno-color-diagnostics -enable-testing -g -debug-info-format\=dwarf -dwarf-version\=4 -module-cache-path /Users/admin/builder/spi-builder-workspace/.derivedData/Build/Intermediates.noindex/SwiftExplicitPrecompiledModules -profile-generate -profile-coverage-mapping -swift-version 5 -enforce-exclusivity\=checked -Onone -D SWIFT_PACKAGE -D DEBUG -D SWIFT_MODULE_RESOURCE_BUNDLE_UNAVAILABLE -D Xcode -serialize-debugging-options -const-gather-protocols-file /Users/admin/builder/spi-builder-workspace/.derivedData/Build/Intermediates.noindex/SignalFusionKit.build/Debug/SignalFusionKit.build/Objects-normal/arm64/SignalFusionKit_const_extract_protocols.json -enable-experimental-feature DebugDescriptionMacro -empty-abi-descriptor -validate-clang-modules-once -clang-build-session-file /Users/admin/builder/spi-builder-workspace/.derivedData/ModuleCache.noindex/Session.modulevalidation -Xcc -working-directory -Xcc /Users/admin/builder/spi-builder-workspace/.swiftpm/xcode -enable-anonymous-context-mangled-names -file-compilation-dir /Users/admin/builder/spi-builder-workspace/.swiftpm/xcode -Xcc -D_LIBCPP_HARDENING_MODE\=_LIBCPP_HARDENING_MODE_DEBUG -Xcc -ivfsstatcache -Xcc /Users/admin/builder/spi-builder-workspace/.derivedData/SDKStatCaches.noindex/macosx26.2-25C58-dc75598d0054f22ec865fa860f139d726b10091eae1b9012e514a50b0de53ce7.sdkstatcache -Xcc -I/Users/admin/builder/spi-builder-workspace/.derivedData/Build/Intermediates.noindex/SignalFusionKit.build/Debug/SignalFusionKit.build/swift-overrides.hmap -Xcc -I/Users/admin/builder/spi-builder-workspace/.derivedData/Build/Products/Debug/include -Xcc -I/Users/admin/builder/spi-builder-workspace/.derivedData/Build/Intermediates.noindex/SignalFusionKit.build/Debug/SignalFusionKit.build/DerivedSources-normal/arm64 -Xcc -I/Users/admin/builder/spi-builder-workspace/.derivedData/Build/Intermediates.noindex/SignalFusionKit.build/Debug/SignalFusionKit.build/DerivedSources/arm64 -Xcc -I/Users/admin/builder/spi-builder-workspace/.derivedData/Build/Intermediates.noindex/SignalFusionKit.build/Debug/SignalFusionKit.build/DerivedSources -Xcc -DSWIFT_PACKAGE -Xcc -DDEBUG\=1 -no-auto-bridging-header-chaining -module-name SignalFusionKit -package-name spi_builder_workspace -frontend-parseable-output -disable-clang-spi -target-sdk-version 26.2 -target-sdk-name macosx26.2 -clang-target arm64-apple-macos26.2 -in-process-plugin-server-path /Applications/Xcode-26.3.0.app/Contents/Developer/Toolchains/XcodeDefault.xctoolchain/usr/lib/swift/host/libSwiftInProcPluginServer.dylib -emit-module-doc-path /Users/admin/builder/spi-builder-workspace/.derivedData/Build/Intermediates.noindex/SignalFusionKit.build/Debug/SignalFusionKit.build/Objects-normal/arm64/SignalFusionKit.swiftdoc -emit-module-source-info-path /Users/admin/builder/spi-builder-workspace/.derivedData/Build/Intermediates.noindex/SignalFusionKit.build/Debug/SignalFusionKit.build/Objects-normal/arm64/SignalFusionKit.swiftsourceinfo -emit-objc-header-path /Users/admin/builder/spi-builder-workspace/.derivedData/Build/Intermediates.noindex/SignalFusionKit.build/Debug/SignalFusionKit.build/Objects-normal/arm64/SignalFusionKit-Swift.h -serialize-diagnostics-path /Users/admin/builder/spi-builder-workspace/.derivedData/Build/Intermediates.noindex/SignalFusionKit.build/Debug/SignalFusionKit.build/Objects-normal/arm64/SignalFusionKit-primary-emit-module.dia -emit-dependencies-path /Users/admin/builder/spi-builder-workspace/.derivedData/Build/Intermediates.noindex/SignalFusionKit.build/Debug/SignalFusionKit.build/Objects-normal/arm64/SignalFusionKit-primary-emit-module.d -o /Users/admin/builder/spi-builder-workspace/.derivedData/Build/Intermediates.noindex/SignalFusionKit.build/Debug/SignalFusionKit.build/Objects-normal/arm64/SignalFusionKit.swiftmodule -emit-abi-descriptor-path /Users/admin/builder/spi-builder-workspace/.derivedData/Build/Intermediates.noindex/SignalFusionKit.build/Debug/SignalFusionKit.build/Objects-normal/arm64/SignalFusionKit.abi.json
SwiftCompile normal arm64 Compiling\ RiskLevel.swift /Users/admin/builder/spi-builder-workspace/Sources/SignalFusionKit/RiskLevel.swift (in target 'SignalFusionKit' from project 'SignalFusionKit')
SwiftCompile normal arm64 /Users/admin/builder/spi-builder-workspace/Sources/SignalFusionKit/RiskLevel.swift (in target 'SignalFusionKit' from project 'SignalFusionKit')
cd /Users/admin/builder/spi-builder-workspace/.swiftpm/xcode
SwiftCompile normal arm64 Compiling\ MotionAnomalyDetector.swift /Users/admin/builder/spi-builder-workspace/Sources/SignalFusionKit/MotionAnomalyDetector.swift (in target 'SignalFusionKit' from project 'SignalFusionKit')
SwiftCompile normal arm64 /Users/admin/builder/spi-builder-workspace/Sources/SignalFusionKit/MotionAnomalyDetector.swift (in target 'SignalFusionKit' from project 'SignalFusionKit')
cd /Users/admin/builder/spi-builder-workspace/.swiftpm/xcode
SwiftCompile normal arm64 Compiling\ CooldownGate.swift /Users/admin/builder/spi-builder-workspace/Sources/SignalFusionKit/CooldownGate.swift (in target 'SignalFusionKit' from project 'SignalFusionKit')
SwiftCompile normal arm64 /Users/admin/builder/spi-builder-workspace/Sources/SignalFusionKit/CooldownGate.swift (in target 'SignalFusionKit' from project 'SignalFusionKit')
cd /Users/admin/builder/spi-builder-workspace/.swiftpm/xcode
SwiftCompile normal arm64 Compiling\ RiskEngine.swift /Users/admin/builder/spi-builder-workspace/Sources/SignalFusionKit/RiskEngine.swift (in target 'SignalFusionKit' from project 'SignalFusionKit')
SwiftCompile normal arm64 /Users/admin/builder/spi-builder-workspace/Sources/SignalFusionKit/RiskEngine.swift (in target 'SignalFusionKit' from project 'SignalFusionKit')
cd /Users/admin/builder/spi-builder-workspace/.swiftpm/xcode
SwiftCompile normal arm64 Compiling\ WatchKitAdapter.swift /Users/admin/builder/spi-builder-workspace/Sources/SignalFusionKit/WatchKitAdapter.swift (in target 'SignalFusionKit' from project 'SignalFusionKit')
SwiftCompile normal arm64 /Users/admin/builder/spi-builder-workspace/Sources/SignalFusionKit/WatchKitAdapter.swift (in target 'SignalFusionKit' from project 'SignalFusionKit')
cd /Users/admin/builder/spi-builder-workspace/.swiftpm/xcode
SwiftCompile normal arm64 Compiling\ RiskEngineConfig.swift /Users/admin/builder/spi-builder-workspace/Sources/SignalFusionKit/RiskEngineConfig.swift (in target 'SignalFusionKit' from project 'SignalFusionKit')
SwiftCompile normal arm64 /Users/admin/builder/spi-builder-workspace/Sources/SignalFusionKit/RiskEngineConfig.swift (in target 'SignalFusionKit' from project 'SignalFusionKit')
cd /Users/admin/builder/spi-builder-workspace/.swiftpm/xcode
SwiftCompile normal arm64 Compiling\ SignalSnapshot.swift /Users/admin/builder/spi-builder-workspace/Sources/SignalFusionKit/SignalSnapshot.swift (in target 'SignalFusionKit' from project 'SignalFusionKit')
SwiftCompile normal arm64 /Users/admin/builder/spi-builder-workspace/Sources/SignalFusionKit/SignalSnapshot.swift (in target 'SignalFusionKit' from project 'SignalFusionKit')
cd /Users/admin/builder/spi-builder-workspace/.swiftpm/xcode
2026-08-13 20:23:55.567 xcodebuild[674:4229] [MT] IDERunDestination: Supported platforms for the buildables in the current scheme is empty.
--- xcodebuild: WARNING: Using the first of multiple matching destinations:
{ platform:macOS, arch:arm64, id:dd54897161cebbfca197fa9ec802de7225f6b6b8, name:My Mac }
{ platform:macOS, arch:arm64, variant:Mac Catalyst, id:dd54897161cebbfca197fa9ec802de7225f6b6b8, name:My Mac }
{ platform:macOS, arch:arm64, variant:DriverKit, id:dd54897161cebbfca197fa9ec802de7225f6b6b8, name:My Mac }
{ platform:macOS, arch:arm64, variant:Designed for [iPad,iPhone], id:dd54897161cebbfca197fa9ec802de7225f6b6b8, name:My Mac }
** BUILD FAILED **
The following build commands failed:
EmitSwiftModule normal arm64 (in target 'SignalFusionKit' from project 'SignalFusionKit')
SwiftEmitModule normal arm64 Emitting\ module\ for\ SignalFusionKit (in target 'SignalFusionKit' from project 'SignalFusionKit')
Building workspace spi-builder-workspace with scheme SignalFusionKit
(3 failures)
Command line invocation:
/Applications/Xcode-26.3.0.app/Contents/Developer/usr/bin/xcodebuild -IDEClonedSourcePackagesDirPathOverride=/Users/admin/builder/spi-builder-workspace/.dependencies -resolvePackageDependencies
Resolve Package Graph
Resolved source packages:
SignalFusionKit: /Users/admin/builder/spi-builder-workspace
resolved source packages: SignalFusionKit
2026-08-13 20:24:03.702 xcodebuild[738:4512] [MT] IDERunDestination: Supported platforms for the buildables in the current scheme is empty.
{
"dependencies" : [
],
"manifest_display_name" : "SignalFusionKit",
"name" : "SignalFusionKit",
"path" : "/Users/admin/builder/spi-builder-workspace",
"platforms" : [
{
"name" : "watchos",
"version" : "9.0"
},
{
"name" : "ios",
"version" : "16.0"
}
],
"products" : [
{
"name" : "SignalFusionKit",
"targets" : [
"SignalFusionKit"
],
"type" : {
"library" : [
"automatic"
]
}
}
],
"targets" : [
{
"c99name" : "SignalFusionKitTests",
"module_type" : "SwiftTarget",
"name" : "SignalFusionKitTests",
"path" : "Tests/SignalFusionKitTests",
"sources" : [
"CooldownGateTests.swift",
"MotionAnomalyDetectorTests.swift",
"RiskEngineTests.swift"
],
"target_dependencies" : [
"SignalFusionKit"
],
"type" : "test"
},
{
"c99name" : "SignalFusionKit",
"module_type" : "SwiftTarget",
"name" : "SignalFusionKit",
"path" : "Sources/SignalFusionKit",
"product_memberships" : [
"SignalFusionKit"
],
"sources" : [
"CooldownGate.swift",
"MotionAnomalyDetector.swift",
"RiskEngine.swift",
"RiskEngineConfig.swift",
"RiskLevel.swift",
"SignalSnapshot.swift",
"WatchKitAdapter.swift"
],
"type" : "library"
}
],
"tools_version" : "5.9"
}
{
"workspace" : {
"name" : "spi-builder-workspace",
"schemes" : [
"SignalFusionKit"
]
}
}
2026-08-13 20:24:04.758 xcodebuild[746:4586] [MT] IDERunDestination: Supported platforms for the buildables in the current scheme is empty.
Running build ...
env DEVELOPER_DIR=/Applications/Xcode-26.3.0.app xcrun xcodebuild -IDEClonedSourcePackagesDirPathOverride=$PWD/.dependencies -skipMacroValidation -skipPackagePluginValidation -derivedDataPath $PWD/.derivedData build -scheme SignalFusionKit -destination platform=macOS,arch=arm64
Command line invocation:
/Applications/Xcode-26.3.0.app/Contents/Developer/usr/bin/xcodebuild -IDEClonedSourcePackagesDirPathOverride=/Users/admin/builder/spi-builder-workspace/.dependencies -skipMacroValidation -skipPackagePluginValidation -derivedDataPath /Users/admin/builder/spi-builder-workspace/.derivedData build -scheme SignalFusionKit -destination platform=macOS,arch=arm64
Resolve Package Graph
Resolved source packages:
SignalFusionKit: /Users/admin/builder/spi-builder-workspace
ComputePackagePrebuildTargetDependencyGraph
Prepare packages
CreateBuildRequest
SendProjectDescription
CreateBuildOperation
ComputeTargetDependencyGraph
note: Building targets in dependency order
note: Target dependency graph (2 targets)
Target 'SignalFusionKit' in project 'SignalFusionKit'
➜ Explicit dependency on target 'SignalFusionKit' in project 'SignalFusionKit'
Target 'SignalFusionKit' in project 'SignalFusionKit' (no dependencies)
GatherProvisioningInputs
CreateBuildDescription
ClangStatCache /Applications/Xcode-26.3.0.app/Contents/Developer/Toolchains/XcodeDefault.xctoolchain/usr/bin/clang-stat-cache /Applications/Xcode-26.3.0.app/Contents/Developer/Platforms/MacOSX.platform/Developer/SDKs/MacOSX26.2.sdk /Users/admin/builder/spi-builder-workspace/.derivedData/SDKStatCaches.noindex/macosx26.2-25C58-dc75598d0054f22ec865fa860f139d726b10091eae1b9012e514a50b0de53ce7.sdkstatcache
cd /Users/admin/builder/spi-builder-workspace/.swiftpm/xcode
/Applications/Xcode-26.3.0.app/Contents/Developer/Toolchains/XcodeDefault.xctoolchain/usr/bin/clang-stat-cache /Applications/Xcode-26.3.0.app/Contents/Developer/Platforms/MacOSX.platform/Developer/SDKs/MacOSX26.2.sdk -o /Users/admin/builder/spi-builder-workspace/.derivedData/SDKStatCaches.noindex/macosx26.2-25C58-dc75598d0054f22ec865fa860f139d726b10091eae1b9012e514a50b0de53ce7.sdkstatcache
SwiftDriver SignalFusionKit normal arm64 com.apple.xcode.tools.swift.compiler (in target 'SignalFusionKit' from project 'SignalFusionKit')
cd /Users/admin/builder/spi-builder-workspace/.swiftpm/xcode
builtin-SwiftDriver -- /Applications/Xcode-26.3.0.app/Contents/Developer/Toolchains/XcodeDefault.xctoolchain/usr/bin/swiftc -module-name SignalFusionKit -Onone -enforce-exclusivity\=checked @/Users/admin/builder/spi-builder-workspace/.derivedData/Build/Intermediates.noindex/SignalFusionKit.build/Debug/SignalFusionKit.build/Objects-normal/arm64/SignalFusionKit.SwiftFileList -DSWIFT_PACKAGE -DDEBUG -DSWIFT_MODULE_RESOURCE_BUNDLE_UNAVAILABLE -DXcode -plugin-path /Applications/Xcode-26.3.0.app/Contents/Developer/Toolchains/XcodeDefault.xctoolchain/usr/lib/swift/host/plugins/testing -enable-experimental-feature DebugDescriptionMacro -sdk /Applications/Xcode-26.3.0.app/Contents/Developer/Platforms/MacOSX.platform/Developer/SDKs/MacOSX26.2.sdk -target arm64-apple-macos10.13 -g -module-cache-path /Users/admin/builder/spi-builder-workspace/.derivedData/ModuleCache.noindex -Xfrontend -serialize-debugging-options -profile-coverage-mapping -profile-generate -enable-testing -index-store-path /Users/admin/builder/spi-builder-workspace/.derivedData/Index.noindex/DataStore -Xcc -D_LIBCPP_HARDENING_MODE\=_LIBCPP_HARDENING_MODE_DEBUG -swift-version 5 -I /Users/admin/builder/spi-builder-workspace/.derivedData/Build/Products/Debug -Isystem /Applications/Xcode-26.3.0.app/Contents/Developer/Platforms/MacOSX.platform/Developer/usr/lib -F /Users/admin/builder/spi-builder-workspace/.derivedData/Build/Products/Debug -F /Applications/Xcode-26.3.0.app/Contents/Developer/Platforms/MacOSX.platform/Developer/Library/Frameworks -c -j10 -enable-batch-mode -incremental -Xcc -ivfsstatcache -Xcc /Users/admin/builder/spi-builder-workspace/.derivedData/SDKStatCaches.noindex/macosx26.2-25C58-dc75598d0054f22ec865fa860f139d726b10091eae1b9012e514a50b0de53ce7.sdkstatcache -output-file-map /Users/admin/builder/spi-builder-workspace/.derivedData/Build/Intermediates.noindex/SignalFusionKit.build/Debug/SignalFusionKit.build/Objects-normal/arm64/SignalFusionKit-OutputFileMap.json -use-frontend-parseable-output -save-temps -no-color-diagnostics -explicit-module-build -module-cache-path /Users/admin/builder/spi-builder-workspace/.derivedData/Build/Intermediates.noindex/SwiftExplicitPrecompiledModules -clang-scanner-module-cache-path /Users/admin/builder/spi-builder-workspace/.derivedData/ModuleCache.noindex -sdk-module-cache-path /Users/admin/builder/spi-builder-workspace/.derivedData/ModuleCache.noindex -serialize-diagnostics -emit-dependencies -emit-module -emit-module-path /Users/admin/builder/spi-builder-workspace/.derivedData/Build/Intermediates.noindex/SignalFusionKit.build/Debug/SignalFusionKit.build/Objects-normal/arm64/SignalFusionKit.swiftmodule -validate-clang-modules-once -clang-build-session-file /Users/admin/builder/spi-builder-workspace/.derivedData/ModuleCache.noindex/Session.modulevalidation -package-name spi_builder_workspace -Xcc -I/Users/admin/builder/spi-builder-workspace/.derivedData/Build/Intermediates.noindex/SignalFusionKit.build/Debug/SignalFusionKit.build/swift-overrides.hmap -emit-const-values -Xfrontend -const-gather-protocols-file -Xfrontend /Users/admin/builder/spi-builder-workspace/.derivedData/Build/Intermediates.noindex/SignalFusionKit.build/Debug/SignalFusionKit.build/Objects-normal/arm64/SignalFusionKit_const_extract_protocols.json -Xcc -I/Users/admin/builder/spi-builder-workspace/.derivedData/Build/Products/Debug/include -Xcc -I/Users/admin/builder/spi-builder-workspace/.derivedData/Build/Intermediates.noindex/SignalFusionKit.build/Debug/SignalFusionKit.build/DerivedSources-normal/arm64 -Xcc -I/Users/admin/builder/spi-builder-workspace/.derivedData/Build/Intermediates.noindex/SignalFusionKit.build/Debug/SignalFusionKit.build/DerivedSources/arm64 -Xcc -I/Users/admin/builder/spi-builder-workspace/.derivedData/Build/Intermediates.noindex/SignalFusionKit.build/Debug/SignalFusionKit.build/DerivedSources -Xcc -DSWIFT_PACKAGE -Xcc -DDEBUG\=1 -emit-objc-header -emit-objc-header-path /Users/admin/builder/spi-builder-workspace/.derivedData/Build/Intermediates.noindex/SignalFusionKit.build/Debug/SignalFusionKit.build/Objects-normal/arm64/SignalFusionKit-Swift.h -working-directory /Users/admin/builder/spi-builder-workspace/.swiftpm/xcode -experimental-emit-module-separately -disable-cmo
SwiftCompile normal arm64 Compiling\ CooldownGate.swift /Users/admin/builder/spi-builder-workspace/Sources/SignalFusionKit/CooldownGate.swift (in target 'SignalFusionKit' from project 'SignalFusionKit')
SwiftCompile normal arm64 /Users/admin/builder/spi-builder-workspace/Sources/SignalFusionKit/CooldownGate.swift (in target 'SignalFusionKit' from project 'SignalFusionKit')
cd /Users/admin/builder/spi-builder-workspace/.swiftpm/xcode
SwiftCompile normal arm64 Compiling\ RiskEngine.swift /Users/admin/builder/spi-builder-workspace/Sources/SignalFusionKit/RiskEngine.swift (in target 'SignalFusionKit' from project 'SignalFusionKit')
SwiftCompile normal arm64 /Users/admin/builder/spi-builder-workspace/Sources/SignalFusionKit/RiskEngine.swift (in target 'SignalFusionKit' from project 'SignalFusionKit')
cd /Users/admin/builder/spi-builder-workspace/.swiftpm/xcode
SwiftCompile normal arm64 Compiling\ RiskLevel.swift /Users/admin/builder/spi-builder-workspace/Sources/SignalFusionKit/RiskLevel.swift (in target 'SignalFusionKit' from project 'SignalFusionKit')
SwiftCompile normal arm64 /Users/admin/builder/spi-builder-workspace/Sources/SignalFusionKit/RiskLevel.swift (in target 'SignalFusionKit' from project 'SignalFusionKit')
cd /Users/admin/builder/spi-builder-workspace/.swiftpm/xcode
SwiftCompile normal arm64 Compiling\ MotionAnomalyDetector.swift /Users/admin/builder/spi-builder-workspace/Sources/SignalFusionKit/MotionAnomalyDetector.swift (in target 'SignalFusionKit' from project 'SignalFusionKit')
SwiftCompile normal arm64 /Users/admin/builder/spi-builder-workspace/Sources/SignalFusionKit/MotionAnomalyDetector.swift (in target 'SignalFusionKit' from project 'SignalFusionKit')
cd /Users/admin/builder/spi-builder-workspace/.swiftpm/xcode
SwiftCompile normal arm64 Compiling\ SignalSnapshot.swift /Users/admin/builder/spi-builder-workspace/Sources/SignalFusionKit/SignalSnapshot.swift (in target 'SignalFusionKit' from project 'SignalFusionKit')
SwiftCompile normal arm64 /Users/admin/builder/spi-builder-workspace/Sources/SignalFusionKit/SignalSnapshot.swift (in target 'SignalFusionKit' from project 'SignalFusionKit')
cd /Users/admin/builder/spi-builder-workspace/.swiftpm/xcode
SwiftCompile normal arm64 Compiling\ RiskEngineConfig.swift /Users/admin/builder/spi-builder-workspace/Sources/SignalFusionKit/RiskEngineConfig.swift (in target 'SignalFusionKit' from project 'SignalFusionKit')
SwiftCompile normal arm64 /Users/admin/builder/spi-builder-workspace/Sources/SignalFusionKit/RiskEngineConfig.swift (in target 'SignalFusionKit' from project 'SignalFusionKit')
cd /Users/admin/builder/spi-builder-workspace/.swiftpm/xcode
SwiftEmitModule normal arm64 Emitting\ module\ for\ SignalFusionKit (in target 'SignalFusionKit' from project 'SignalFusionKit')
Failed frontend command:
/Applications/Xcode-26.3.0.app/Contents/Developer/Toolchains/XcodeDefault.xctoolchain/usr/bin/swift-frontend -frontend -emit-module -experimental-skip-non-inlinable-function-bodies-without-types /Users/admin/builder/spi-builder-workspace/Sources/SignalFusionKit/CooldownGate.swift /Users/admin/builder/spi-builder-workspace/Sources/SignalFusionKit/MotionAnomalyDetector.swift /Users/admin/builder/spi-builder-workspace/Sources/SignalFusionKit/RiskEngine.swift /Users/admin/builder/spi-builder-workspace/Sources/SignalFusionKit/RiskEngineConfig.swift /Users/admin/builder/spi-builder-workspace/Sources/SignalFusionKit/RiskLevel.swift /Users/admin/builder/spi-builder-workspace/Sources/SignalFusionKit/SignalSnapshot.swift /Users/admin/builder/spi-builder-workspace/Sources/SignalFusionKit/WatchKitAdapter.swift -target arm64-apple-macos10.13 -module-can-import-version CoreMotion 3064.0.10 3064.0.10 -module-can-import-version HealthKit 6200.3.10 1.0.0 -load-resolved-plugin /Applications/Xcode-26.3.0.app/Contents/Developer/Platforms/MacOSX.platform/Developer/usr/lib/swift/host/plugins/libFoundationMacros.dylib\#/Applications/Xcode-26.3.0.app/Contents/Developer/Platforms/MacOSX.platform/Developer/usr/bin/swift-plugin-server\#FoundationMacros -load-resolved-plugin /Applications/Xcode-26.3.0.app/Contents/Developer/Platforms/MacOSX.platform/Developer/usr/lib/swift/host/plugins/libObservationMacros.dylib\#/Applications/Xcode-26.3.0.app/Contents/Developer/Platforms/MacOSX.platform/Developer/usr/bin/swift-plugin-server\#ObservationMacros -load-resolved-plugin /Applications/Xcode-26.3.0.app/Contents/Developer/Platforms/MacOSX.platform/Developer/usr/lib/swift/host/plugins/libSwiftMacros.dylib\#/Applications/Xcode-26.3.0.app/Contents/Developer/Platforms/MacOSX.platform/Developer/usr/bin/swift-plugin-server\#SwiftMacros -disable-implicit-swift-modules -Xcc -fno-implicit-modules -Xcc -fno-implicit-module-maps -explicit-swift-module-map-file /Users/admin/builder/spi-builder-workspace/.derivedData/Build/Intermediates.noindex/SignalFusionKit.build/Debug/SignalFusionKit.build/Objects-normal/arm64/SignalFusionKit-dependencies-1.json -Xllvm -aarch64-use-tbi -enable-objc-interop -sdk /Applications/Xcode-26.3.0.app/Contents/Developer/Platforms/MacOSX.platform/Developer/SDKs/MacOSX26.2.sdk -I /Users/admin/builder/spi-builder-workspace/.derivedData/Build/Products/Debug -Isystem /Applications/Xcode-26.3.0.app/Contents/Developer/Platforms/MacOSX.platform/Developer/usr/lib -F /Users/admin/builder/spi-builder-workspace/.derivedData/Build/Products/Debug -F /Applications/Xcode-26.3.0.app/Contents/Developer/Platforms/MacOSX.platform/Developer/Library/Frameworks -no-color-diagnostics -Xcc -fno-color-diagnostics -enable-testing -g -debug-info-format\=dwarf -dwarf-version\=4 -module-cache-path /Users/admin/builder/spi-builder-workspace/.derivedData/Build/Intermediates.noindex/SwiftExplicitPrecompiledModules -profile-generate -profile-coverage-mapping -swift-version 5 -enforce-exclusivity\=checked -Onone -D SWIFT_PACKAGE -D DEBUG -D SWIFT_MODULE_RESOURCE_BUNDLE_UNAVAILABLE -D Xcode -serialize-debugging-options -const-gather-protocols-file /Users/admin/builder/spi-builder-workspace/.derivedData/Build/Intermediates.noindex/SignalFusionKit.build/Debug/SignalFusionKit.build/Objects-normal/arm64/SignalFusionKit_const_extract_protocols.json -enable-experimental-feature DebugDescriptionMacro -empty-abi-descriptor -validate-clang-modules-once -clang-build-session-file /Users/admin/builder/spi-builder-workspace/.derivedData/ModuleCache.noindex/Session.modulevalidation -Xcc -working-directory -Xcc /Users/admin/builder/spi-builder-workspace/.swiftpm/xcode -enable-anonymous-context-mangled-names -file-compilation-dir /Users/admin/builder/spi-builder-workspace/.swiftpm/xcode -Xcc -D_LIBCPP_HARDENING_MODE\=_LIBCPP_HARDENING_MODE_DEBUG -Xcc -ivfsstatcache -Xcc /Users/admin/builder/spi-builder-workspace/.derivedData/SDKStatCaches.noindex/macosx26.2-25C58-dc75598d0054f22ec865fa860f139d726b10091eae1b9012e514a50b0de53ce7.sdkstatcache -Xcc -I/Users/admin/builder/spi-builder-workspace/.derivedData/Build/Intermediates.noindex/SignalFusionKit.build/Debug/SignalFusionKit.build/swift-overrides.hmap -Xcc -I/Users/admin/builder/spi-builder-workspace/.derivedData/Build/Products/Debug/include -Xcc -I/Users/admin/builder/spi-builder-workspace/.derivedData/Build/Intermediates.noindex/SignalFusionKit.build/Debug/SignalFusionKit.build/DerivedSources-normal/arm64 -Xcc -I/Users/admin/builder/spi-builder-workspace/.derivedData/Build/Intermediates.noindex/SignalFusionKit.build/Debug/SignalFusionKit.build/DerivedSources/arm64 -Xcc -I/Users/admin/builder/spi-builder-workspace/.derivedData/Build/Intermediates.noindex/SignalFusionKit.build/Debug/SignalFusionKit.build/DerivedSources -Xcc -DSWIFT_PACKAGE -Xcc -DDEBUG\=1 -no-auto-bridging-header-chaining -module-name SignalFusionKit -package-name spi_builder_workspace -frontend-parseable-output -disable-clang-spi -target-sdk-version 26.2 -target-sdk-name macosx26.2 -clang-target arm64-apple-macos26.2 -in-process-plugin-server-path /Applications/Xcode-26.3.0.app/Contents/Developer/Toolchains/XcodeDefault.xctoolchain/usr/lib/swift/host/libSwiftInProcPluginServer.dylib -emit-module-doc-path /Users/admin/builder/spi-builder-workspace/.derivedData/Build/Intermediates.noindex/SignalFusionKit.build/Debug/SignalFusionKit.build/Objects-normal/arm64/SignalFusionKit.swiftdoc -emit-module-source-info-path /Users/admin/builder/spi-builder-workspace/.derivedData/Build/Intermediates.noindex/SignalFusionKit.build/Debug/SignalFusionKit.build/Objects-normal/arm64/SignalFusionKit.swiftsourceinfo -emit-objc-header-path /Users/admin/builder/spi-builder-workspace/.derivedData/Build/Intermediates.noindex/SignalFusionKit.build/Debug/SignalFusionKit.build/Objects-normal/arm64/SignalFusionKit-Swift.h -serialize-diagnostics-path /Users/admin/builder/spi-builder-workspace/.derivedData/Build/Intermediates.noindex/SignalFusionKit.build/Debug/SignalFusionKit.build/Objects-normal/arm64/SignalFusionKit-primary-emit-module.dia -emit-dependencies-path /Users/admin/builder/spi-builder-workspace/.derivedData/Build/Intermediates.noindex/SignalFusionKit.build/Debug/SignalFusionKit.build/Objects-normal/arm64/SignalFusionKit-primary-emit-module.d -o /Users/admin/builder/spi-builder-workspace/.derivedData/Build/Intermediates.noindex/SignalFusionKit.build/Debug/SignalFusionKit.build/Objects-normal/arm64/SignalFusionKit.swiftmodule -emit-abi-descriptor-path /Users/admin/builder/spi-builder-workspace/.derivedData/Build/Intermediates.noindex/SignalFusionKit.build/Debug/SignalFusionKit.build/Objects-normal/arm64/SignalFusionKit.abi.json
EmitSwiftModule normal arm64 (in target 'SignalFusionKit' from project 'SignalFusionKit')
cd /Users/admin/builder/spi-builder-workspace/.swiftpm/xcode
/Users/admin/builder/spi-builder-workspace/Sources/SignalFusionKit/WatchKitAdapter.swift:18:25: error: 'HKHealthStore' is only available in macOS 13.0 or newer
private let store = HKHealthStore()
^
/Users/admin/builder/spi-builder-workspace/Sources/SignalFusionKit/WatchKitAdapter.swift:17:20: note: add '@available' attribute to enclosing class
public final class WatchKitAdapter: NSObject, ObservableObject {
^
/Users/admin/builder/spi-builder-workspace/Sources/SignalFusionKit/WatchKitAdapter.swift:19:33: error: 'CMMotionManager' is unavailable in macOS
private let motionManager = CMMotionManager()
^~~~~~~~~~~~~~~
/Applications/Xcode-26.3.0.app/Contents/Developer/Platforms/MacOSX.platform/Developer/SDKs/MacOSX26.2.sdk/System/Library/Frameworks/CoreMotion.framework/Headers/CMMotionManager.h:86:12: note: 'CMMotionManager' has been explicitly marked unavailable here
@interface CMMotionManager : NSObject
^
/Users/admin/builder/spi-builder-workspace/Sources/SignalFusionKit/WatchKitAdapter.swift:23:6: error: 'Published' is only available in macOS 10.15 or newer
@Published public private(set) var latest: RiskAssessment?
^
/Users/admin/builder/spi-builder-workspace/Sources/SignalFusionKit/WatchKitAdapter.swift:17:20: note: add '@available' attribute to enclosing class
public final class WatchKitAdapter: NSObject, ObservableObject {
^
/Users/admin/builder/spi-builder-workspace/Sources/SignalFusionKit/WatchKitAdapter.swift:17:47: error: 'ObservableObject' is only available in macOS 10.15 or newer
public final class WatchKitAdapter: NSObject, ObservableObject {
^
/Users/admin/builder/spi-builder-workspace/Sources/SignalFusionKit/WatchKitAdapter.swift:17:20: note: add '@available' attribute to enclosing class
public final class WatchKitAdapter: NSObject, ObservableObject {
^
SwiftCompile normal arm64 Compiling\ WatchKitAdapter.swift /Users/admin/builder/spi-builder-workspace/Sources/SignalFusionKit/WatchKitAdapter.swift (in target 'SignalFusionKit' from project 'SignalFusionKit')
SwiftCompile normal arm64 /Users/admin/builder/spi-builder-workspace/Sources/SignalFusionKit/WatchKitAdapter.swift (in target 'SignalFusionKit' from project 'SignalFusionKit')
cd /Users/admin/builder/spi-builder-workspace/.swiftpm/xcode
2026-08-13 20:24:05.559 xcodebuild[748:4616] [MT] IDERunDestination: Supported platforms for the buildables in the current scheme is empty.
--- xcodebuild: WARNING: Using the first of multiple matching destinations:
{ platform:macOS, arch:arm64, id:dd54897161cebbfca197fa9ec802de7225f6b6b8, name:My Mac }
{ platform:macOS, arch:arm64, variant:Mac Catalyst, id:dd54897161cebbfca197fa9ec802de7225f6b6b8, name:My Mac }
{ platform:macOS, arch:arm64, variant:DriverKit, id:dd54897161cebbfca197fa9ec802de7225f6b6b8, name:My Mac }
{ platform:macOS, arch:arm64, variant:Designed for [iPad,iPhone], id:dd54897161cebbfca197fa9ec802de7225f6b6b8, name:My Mac }
** BUILD FAILED **
The following build commands failed:
SwiftEmitModule normal arm64 Emitting\ module\ for\ SignalFusionKit (in target 'SignalFusionKit' from project 'SignalFusionKit')
EmitSwiftModule normal arm64 (in target 'SignalFusionKit' from project 'SignalFusionKit')
Building workspace spi-builder-workspace with scheme SignalFusionKit
(3 failures)
BUILD FAILURE 6.2 macosXcodebuild