The Swift Package Index logo.Swift Package Index

Build Information

Failed to build Vortex, reference 1.0.4 (9d9d90), with Swift 6.4 for tvOS using Xcode 27.0 on 23 Sep 2026 01:58:25 UTC.

Build Command

env DEVELOPER_DIR=/Applications/Xcode-27.0.0-Release.Candidate.app xcrun xcodebuild -IDEClonedSourcePackagesDirPathOverride=$PWD/.dependencies -skipMacroValidation -skipPackagePluginValidation -derivedDataPath $PWD/.derivedData build -scheme Vortex -destination generic/platform=tvOS

Build Log

========================================
RunAll
========================================
Builder version: 5.1.0
Interrupt handler set up.
========================================
Checkout
========================================
Clone URL: https://github.com/twostraws/Vortex.git
Reference: 1.0.4
Initialized empty Git repository in /Users/admin/builder/spi-builder-workspace/.git/
From https://github.com/twostraws/Vortex
 * tag               1.0.4      -> FETCH_HEAD
HEAD is now at 9d9d901 Merge pull request #41 from bdkjones/main
Cloned https://github.com/twostraws/Vortex.git
Revision (git rev-parse @):
9d9d9016ceace579455f01f8e0bd59facae7d252
SUCCESS checkout https://github.com/twostraws/Vortex.git at 1.0.4
========================================
Build
========================================
Selected platform:         tvOS
Swift version:             6.4
Building package at path:  $PWD
https://github.com/twostraws/Vortex.git
Command line invocation:
    /Applications/Xcode-27.0.0-Release.Candidate.app/Contents/Developer/usr/bin/xcodebuild -IDEClonedSourcePackagesDirPathOverride=/Users/admin/builder/spi-builder-workspace/.dependencies -resolvePackageDependencies
Resolve Package Graph
Resolve Package Graph
Resolved source packages:
  Vortex: /Users/admin/builder/spi-builder-workspace
resolved source packages: Vortex
2026-09-22 21:57:34.522 xcodebuild[525:3040] [MT] IDERunDestination: Supported platforms for the buildables in the current scheme is empty.
{
  "dependencies" : [
  ],
  "manifest_display_name" : "Vortex",
  "name" : "Vortex",
  "path" : "/Users/admin/builder/spi-builder-workspace",
  "platforms" : [
    {
      "name" : "ios",
      "version" : "15.0"
    },
    {
      "name" : "macos",
      "version" : "12.0"
    },
    {
      "name" : "maccatalyst",
      "version" : "15.0"
    },
    {
      "name" : "tvos",
      "version" : "15.0"
    },
    {
      "name" : "watchos",
      "version" : "8.0"
    },
    {
      "name" : "visionos",
      "version" : "1.0"
    }
  ],
  "products" : [
    {
      "name" : "Vortex",
      "targets" : [
        "Vortex"
      ],
      "type" : {
        "library" : [
          "automatic"
        ]
      }
    }
  ],
  "targets" : [
    {
      "c99name" : "VortexTests",
      "module_type" : "SwiftTarget",
      "name" : "VortexTests",
      "path" : "Tests/VortexTests",
      "sources" : [
        "VortexTests.swift"
      ],
      "target_dependencies" : [
        "Vortex"
      ],
      "type" : "test"
    },
    {
      "c99name" : "Vortex",
      "module_type" : "SwiftTarget",
      "name" : "Vortex",
      "path" : "Sources/Vortex",
      "product_memberships" : [
        "Vortex"
      ],
      "sources" : [
        "Helpers/Angle+Codable.swift",
        "Helpers/Array-InterpolatedColor.swift",
        "Helpers/Lerping.swift",
        "Helpers/RandomSpread.swift",
        "Presets/Confetti.swift",
        "Presets/Fire.swift",
        "Presets/Fireflies.swift",
        "Presets/Fireworks.swift",
        "Presets/Magic.swift",
        "Presets/Rain.swift",
        "Presets/Smoke.swift",
        "Presets/Snow.swift",
        "Presets/Spark.swift",
        "Presets/Splash.swift",
        "Resources/DefaultSymbols.swift",
        "System/Color.swift",
        "System/ColorMode.swift",
        "System/Particle.swift",
        "System/Shape.swift",
        "System/SpawnOccasion.swift",
        "System/VortexSystem-Behavior.swift",
        "System/VortexSystem.swift",
        "Views/VortexProxy.swift",
        "Views/VortexSystemPreferenceKey.swift",
        "Views/VortexView.swift",
        "Views/VortexViewReader.swift"
      ],
      "type" : "library"
    }
  ],
  "tools_version" : "5.9"
}
{
  "workspace" : {
    "name" : "Vortex",
    "schemes" : [
      "Vortex"
    ]
  }
}
2026-09-22 21:58:06.998 xcodebuild[622:3842] [MT] IDERunDestination: Supported platforms for the buildables in the current scheme is empty.
Running build ...
env DEVELOPER_DIR=/Applications/Xcode-27.0.0-Release.Candidate.app xcrun xcodebuild -IDEClonedSourcePackagesDirPathOverride=$PWD/.dependencies -skipMacroValidation -skipPackagePluginValidation -derivedDataPath $PWD/.derivedData build -scheme Vortex -destination generic/platform=tvOS
Command line invocation:
    /Applications/Xcode-27.0.0-Release.Candidate.app/Contents/Developer/usr/bin/xcodebuild -IDEClonedSourcePackagesDirPathOverride=/Users/admin/builder/spi-builder-workspace/.dependencies -skipMacroValidation -skipPackagePluginValidation -derivedDataPath /Users/admin/builder/spi-builder-workspace/.derivedData build -scheme Vortex -destination generic/platform=tvOS
Resolve Package Graph
Resolved source packages:
  Vortex: /Users/admin/builder/spi-builder-workspace
ComputePackagePrebuildTargetDependencyGraph
Prepare packages
CreateBuildRequest
SendProjectDescription
CreateBuildOperation
ComputeTargetDependencyGraph
note: Building targets in dependency order
note: Target dependency graph (3 targets)
    Target 'Vortex-product' in project 'Vortex'
        ➜ Explicit dependency on target 'Vortex' in project 'Vortex'
        ➜ Explicit dependency on target 'Vortex_Vortex' in project 'Vortex'
    Target 'Vortex' in project 'Vortex'
        ➜ Explicit dependency on target 'Vortex_Vortex' in project 'Vortex'
    Target 'Vortex_Vortex' in project 'Vortex' (no dependencies)
GatherProvisioningInputs
CreateBuildDescription
ExecuteExternalTool /Applications/Xcode-27.0.0-Release.Candidate.app/Contents/Developer/Toolchains/XcodeDefault.xctoolchain/usr/bin/clang -v -E -dM -isysroot /Applications/Xcode-27.0.0-Release.Candidate.app/Contents/Developer/Platforms/AppleTVOS.platform/Developer/SDKs/AppleTVOS27.0.sdk -x c -c /dev/null
ExecuteExternalTool /Applications/Xcode-27.0.0-Release.Candidate.app/Contents/Developer/usr/bin/actool --version --output-format xml1
ExecuteExternalTool /Applications/Xcode-27.0.0-Release.Candidate.app/Contents/Developer/Toolchains/XcodeDefault.xctoolchain/usr/bin/swiftc --version
ExecuteExternalTool /Applications/Xcode-27.0.0-Release.Candidate.app/Contents/Developer/Toolchains/XcodeDefault.xctoolchain/usr/bin/ld -version_details
Build description signature: 8e1dda58a06f82a817df92a1828816fd
Build description path: /Users/admin/builder/spi-builder-workspace/.derivedData/Build/Intermediates.noindex/XCBuildData/8e1dda58a06f82a817df92a1828816fd.xcbuilddata
CreateBuildDirectory /Users/admin/builder/spi-builder-workspace/.derivedData/ModuleCache.noindex
    cd /Users/admin/builder/spi-builder-workspace/.swiftpm/xcode
    builtin-create-build-directory /Users/admin/builder/spi-builder-workspace/.derivedData/ModuleCache.noindex
CreateBuildDirectory /Users/admin/builder/spi-builder-workspace/.derivedData/SDKExplicitPrecompiledModules
    cd /Users/admin/builder/spi-builder-workspace/.swiftpm/xcode
    builtin-create-build-directory /Users/admin/builder/spi-builder-workspace/.derivedData/SDKExplicitPrecompiledModules
CreateBuildDirectory /Users/admin/builder/spi-builder-workspace/.derivedData/CompilationCache.noindex
    cd /Users/admin/builder/spi-builder-workspace/.swiftpm/xcode
    builtin-create-build-directory /Users/admin/builder/spi-builder-workspace/.derivedData/CompilationCache.noindex
ClangStatCache /Applications/Xcode-27.0.0-Release.Candidate.app/Contents/Developer/Toolchains/XcodeDefault.xctoolchain/usr/bin/clang-stat-cache /Applications/Xcode-27.0.0-Release.Candidate.app/Contents/Developer/Platforms/AppleTVOS.platform/Developer/SDKs/AppleTVOS27.0.sdk /Users/admin/builder/spi-builder-workspace/.derivedData/SDKStatCaches.noindex/appletvos27.0-24J360-e829b21a6f8c9b70876ba0858053c044b32bfd8d43560033f8d89884cdb90028.sdkstatcache
    cd /Users/admin/builder/spi-builder-workspace/.swiftpm/xcode
    /Applications/Xcode-27.0.0-Release.Candidate.app/Contents/Developer/Toolchains/XcodeDefault.xctoolchain/usr/bin/clang-stat-cache /Applications/Xcode-27.0.0-Release.Candidate.app/Contents/Developer/Platforms/AppleTVOS.platform/Developer/SDKs/AppleTVOS27.0.sdk -o /Users/admin/builder/spi-builder-workspace/.derivedData/SDKStatCaches.noindex/appletvos27.0-24J360-e829b21a6f8c9b70876ba0858053c044b32bfd8d43560033f8d89884cdb90028.sdkstatcache
CreateBuildDirectory /Users/admin/builder/spi-builder-workspace/.derivedData/Build/Intermediates.noindex
    cd /Users/admin/builder/spi-builder-workspace/.swiftpm/xcode
    builtin-create-build-directory /Users/admin/builder/spi-builder-workspace/.derivedData/Build/Intermediates.noindex
CreateBuildDirectory /Users/admin/builder/spi-builder-workspace/.derivedData/Build/Products
    cd /Users/admin/builder/spi-builder-workspace/.swiftpm/xcode
    builtin-create-build-directory /Users/admin/builder/spi-builder-workspace/.derivedData/Build/Products
CreateBuildDirectory /Users/admin/builder/spi-builder-workspace/.derivedData/Build/Products/Debug-appletvos
    cd /Users/admin/builder/spi-builder-workspace/.swiftpm/xcode
    builtin-create-build-directory /Users/admin/builder/spi-builder-workspace/.derivedData/Build/Products/Debug-appletvos
CreateBuildDirectory /Users/admin/builder/spi-builder-workspace/.derivedData/Build/Intermediates.noindex/SwiftExplicitPrecompiledModules
    cd /Users/admin/builder/spi-builder-workspace/.swiftpm/xcode
    builtin-create-build-directory /Users/admin/builder/spi-builder-workspace/.derivedData/Build/Intermediates.noindex/SwiftExplicitPrecompiledModules
CreateBuildDirectory /Users/admin/builder/spi-builder-workspace/.derivedData/Build/Intermediates.noindex/PrecompiledHeaders
    cd /Users/admin/builder/spi-builder-workspace/.swiftpm/xcode
    builtin-create-build-directory /Users/admin/builder/spi-builder-workspace/.derivedData/Build/Intermediates.noindex/PrecompiledHeaders
CreateBuildDirectory /Users/admin/builder/spi-builder-workspace/.derivedData/Build/Intermediates.noindex/ExplicitPrecompiledModules
    cd /Users/admin/builder/spi-builder-workspace/.swiftpm/xcode
    builtin-create-build-directory /Users/admin/builder/spi-builder-workspace/.derivedData/Build/Intermediates.noindex/ExplicitPrecompiledModules
CreateBuildDirectory /Users/admin/builder/spi-builder-workspace/.derivedData/Build/Intermediates.noindex/EagerLinkingTBDs/Debug-appletvos
    cd /Users/admin/builder/spi-builder-workspace/.swiftpm/xcode
    builtin-create-build-directory /Users/admin/builder/spi-builder-workspace/.derivedData/Build/Intermediates.noindex/EagerLinkingTBDs/Debug-appletvos
CreateBuildDirectory /Users/admin/builder/spi-builder-workspace/.derivedData/Build/Products/Debug-appletvos/PackageFrameworks
    cd /Users/admin/builder/spi-builder-workspace/.swiftpm/xcode
    builtin-create-build-directory /Users/admin/builder/spi-builder-workspace/.derivedData/Build/Products/Debug-appletvos/PackageFrameworks
WriteAuxiliaryFile /Users/admin/builder/spi-builder-workspace/.derivedData/Build/Intermediates.noindex/Vortex.build/Debug-appletvos/Vortex_Vortex-b.build/empty-Vortex_Vortex.plist (in target 'Vortex_Vortex' from project 'Vortex')
    cd /Users/admin/builder/spi-builder-workspace
    write-file /Users/admin/builder/spi-builder-workspace/.derivedData/Build/Intermediates.noindex/Vortex.build/Debug-appletvos/Vortex_Vortex-b.build/empty-Vortex_Vortex.plist
MkDir /Users/admin/builder/spi-builder-workspace/.derivedData/Build/Products/Debug-appletvos/Vortex_Vortex.bundle (in target 'Vortex_Vortex' from project 'Vortex')
    cd /Users/admin/builder/spi-builder-workspace
    /bin/mkdir -p /Users/admin/builder/spi-builder-workspace/.derivedData/Build/Products/Debug-appletvos/Vortex_Vortex.bundle
WriteAuxiliaryFile /Users/admin/builder/spi-builder-workspace/.derivedData/Build/Intermediates.noindex/Vortex.build/Debug-appletvos/Vortex_Vortex-b.build/Vortex_Vortex.DependencyMetadataFileList (in target 'Vortex_Vortex' from project 'Vortex')
    cd /Users/admin/builder/spi-builder-workspace
    write-file /Users/admin/builder/spi-builder-workspace/.derivedData/Build/Intermediates.noindex/Vortex.build/Debug-appletvos/Vortex_Vortex-b.build/Vortex_Vortex.DependencyMetadataFileList
WriteAuxiliaryFile /Users/admin/builder/spi-builder-workspace/.derivedData/Build/Intermediates.noindex/Vortex.build/Debug-appletvos/Vortex_Vortex-b.build/Vortex_Vortex.DependencyStaticMetadataFileList (in target 'Vortex_Vortex' from project 'Vortex')
    cd /Users/admin/builder/spi-builder-workspace
    write-file /Users/admin/builder/spi-builder-workspace/.derivedData/Build/Intermediates.noindex/Vortex.build/Debug-appletvos/Vortex_Vortex-b.build/Vortex_Vortex.DependencyStaticMetadataFileList
WriteAuxiliaryFile /Users/admin/builder/spi-builder-workspace/.derivedData/Build/Intermediates.noindex/Vortex.build/Debug-appletvos/Vortex-t.build/Vortex.DependencyStaticMetadataFileList (in target 'Vortex' from project 'Vortex')
    cd /Users/admin/builder/spi-builder-workspace
    write-file /Users/admin/builder/spi-builder-workspace/.derivedData/Build/Intermediates.noindex/Vortex.build/Debug-appletvos/Vortex-t.build/Vortex.DependencyStaticMetadataFileList
WriteAuxiliaryFile /Users/admin/builder/spi-builder-workspace/.derivedData/Build/Intermediates.noindex/Vortex.build/Debug-appletvos/Vortex-t.build/Vortex.modulemap (in target 'Vortex' from project 'Vortex')
    cd /Users/admin/builder/spi-builder-workspace
    write-file /Users/admin/builder/spi-builder-workspace/.derivedData/Build/Intermediates.noindex/Vortex.build/Debug-appletvos/Vortex-t.build/Vortex.modulemap
WriteAuxiliaryFile /Users/admin/builder/spi-builder-workspace/.derivedData/Build/Intermediates.noindex/Vortex.build/Debug-appletvos/Vortex-t.build/Vortex.DependencyMetadataFileList (in target 'Vortex' from project 'Vortex')
    cd /Users/admin/builder/spi-builder-workspace
    write-file /Users/admin/builder/spi-builder-workspace/.derivedData/Build/Intermediates.noindex/Vortex.build/Debug-appletvos/Vortex-t.build/Vortex.DependencyMetadataFileList
WriteAuxiliaryFile /Users/admin/builder/spi-builder-workspace/.derivedData/Build/Intermediates.noindex/Vortex.build/Debug-appletvos/Vortex-t.build/Objects-normal/arm64/Vortex_const_extract_protocols.json (in target 'Vortex' from project 'Vortex')
    cd /Users/admin/builder/spi-builder-workspace
    write-file /Users/admin/builder/spi-builder-workspace/.derivedData/Build/Intermediates.noindex/Vortex.build/Debug-appletvos/Vortex-t.build/Objects-normal/arm64/Vortex_const_extract_protocols.json
WriteAuxiliaryFile /Users/admin/builder/spi-builder-workspace/.derivedData/Build/Intermediates.noindex/Vortex.build/Debug-appletvos/Vortex-t.build/Objects-normal/arm64/Vortex.SwiftFileList (in target 'Vortex' from project 'Vortex')
    cd /Users/admin/builder/spi-builder-workspace
    write-file /Users/admin/builder/spi-builder-workspace/.derivedData/Build/Intermediates.noindex/Vortex.build/Debug-appletvos/Vortex-t.build/Objects-normal/arm64/Vortex.SwiftFileList
WriteAuxiliaryFile /Users/admin/builder/spi-builder-workspace/.derivedData/Build/Intermediates.noindex/Vortex.build/Debug-appletvos/Vortex-t.build/Objects-normal/arm64/Vortex.SwiftConstValuesFileList (in target 'Vortex' from project 'Vortex')
    cd /Users/admin/builder/spi-builder-workspace
    write-file /Users/admin/builder/spi-builder-workspace/.derivedData/Build/Intermediates.noindex/Vortex.build/Debug-appletvos/Vortex-t.build/Objects-normal/arm64/Vortex.SwiftConstValuesFileList
WriteAuxiliaryFile /Users/admin/builder/spi-builder-workspace/.derivedData/Build/Intermediates.noindex/Vortex.build/Debug-appletvos/Vortex-t.build/Objects-normal/arm64/Vortex.LinkFileList (in target 'Vortex' from project 'Vortex')
    cd /Users/admin/builder/spi-builder-workspace
    write-file /Users/admin/builder/spi-builder-workspace/.derivedData/Build/Intermediates.noindex/Vortex.build/Debug-appletvos/Vortex-t.build/Objects-normal/arm64/Vortex.LinkFileList
WriteAuxiliaryFile /Users/admin/builder/spi-builder-workspace/.derivedData/Build/Intermediates.noindex/Vortex.build/Debug-appletvos/Vortex-t.build/Objects-normal/arm64/Vortex-OutputFileMap.json (in target 'Vortex' from project 'Vortex')
    cd /Users/admin/builder/spi-builder-workspace
    write-file /Users/admin/builder/spi-builder-workspace/.derivedData/Build/Intermediates.noindex/Vortex.build/Debug-appletvos/Vortex-t.build/Objects-normal/arm64/Vortex-OutputFileMap.json
WriteAuxiliaryFile /Users/admin/builder/spi-builder-workspace/.derivedData/Build/Intermediates.noindex/Vortex.build/Debug-appletvos/Vortex-t.build/DerivedSources/resource_bundle_accessor.swift (in target 'Vortex' from project 'Vortex')
    cd /Users/admin/builder/spi-builder-workspace
    write-file /Users/admin/builder/spi-builder-workspace/.derivedData/Build/Intermediates.noindex/Vortex.build/Debug-appletvos/Vortex-t.build/DerivedSources/resource_bundle_accessor.swift
Copy /Users/admin/builder/spi-builder-workspace/.derivedData/Build/Intermediates.noindex/GeneratedModuleMaps-appletvos/Vortex.modulemap /Users/admin/builder/spi-builder-workspace/.derivedData/Build/Intermediates.noindex/Vortex.build/Debug-appletvos/Vortex-t.build/Vortex.modulemap (in target 'Vortex' from project 'Vortex')
    cd /Users/admin/builder/spi-builder-workspace
    builtin-copy -exclude .DS_Store -exclude CVS -exclude .svn -exclude .git -exclude .hg -resolve-src-symlinks /Users/admin/builder/spi-builder-workspace/.derivedData/Build/Intermediates.noindex/Vortex.build/Debug-appletvos/Vortex-t.build/Vortex.modulemap /Users/admin/builder/spi-builder-workspace/.derivedData/Build/Intermediates.noindex/GeneratedModuleMaps-appletvos
MkDir /Users/admin/builder/spi-builder-workspace/.derivedData/Build/Intermediates.noindex/Vortex.build/Debug-appletvos/Vortex_Vortex-b.build/assetcatalog_output/unthinned (in target 'Vortex_Vortex' from project 'Vortex')
    cd /Users/admin/builder/spi-builder-workspace
    /bin/mkdir -p /Users/admin/builder/spi-builder-workspace/.derivedData/Build/Intermediates.noindex/Vortex.build/Debug-appletvos/Vortex_Vortex-b.build/assetcatalog_output/unthinned
MkDir /Users/admin/builder/spi-builder-workspace/.derivedData/Build/Intermediates.noindex/Vortex.build/Debug-appletvos/Vortex_Vortex-b.build/assetcatalog_output/thinned (in target 'Vortex_Vortex' from project 'Vortex')
    cd /Users/admin/builder/spi-builder-workspace
    /bin/mkdir -p /Users/admin/builder/spi-builder-workspace/.derivedData/Build/Intermediates.noindex/Vortex.build/Debug-appletvos/Vortex_Vortex-b.build/assetcatalog_output/thinned
GenerateAssetSymbols /Users/admin/builder/spi-builder-workspace/Sources/Vortex/Resources/Assets.xcassets (in target 'Vortex' from project 'Vortex')
    cd /Users/admin/builder/spi-builder-workspace
    /Applications/Xcode-27.0.0-Release.Candidate.app/Contents/Developer/usr/bin/actool /Users/admin/builder/spi-builder-workspace/Sources/Vortex/Resources/Assets.xcassets --compile /Users/admin/builder/spi-builder-workspace/.derivedData/Build/Products/Debug-appletvos --output-format human-readable-text --notices --warnings --export-dependency-info /Users/admin/builder/spi-builder-workspace/.derivedData/Build/Intermediates.noindex/Vortex.build/Debug-appletvos/Vortex-t.build/assetcatalog_dependencies --output-partial-info-plist /Users/admin/builder/spi-builder-workspace/.derivedData/Build/Intermediates.noindex/Vortex.build/Debug-appletvos/Vortex-t.build/assetcatalog_generated_info.plist --compress-pngs --enable-on-demand-resources NO --development-region en --leaderboard-identifier-prefix Vortex.game-center.leaderboard. --leaderboard-set-identifier-prefix Vortex.game-center.leaderboard-set. --target-device tv --minimum-deployment-target 15.0 --platform appletvos --bundle-identifier spi-builder-workspace.Vortex --generate-swift-asset-symbol-extensions NO --generate-swift-asset-symbols /Users/admin/builder/spi-builder-workspace/.derivedData/Build/Intermediates.noindex/Vortex.build/Debug-appletvos/Vortex-t.build/DerivedSources/GeneratedAssetSymbols.swift --generate-objc-asset-symbols /Users/admin/builder/spi-builder-workspace/.derivedData/Build/Intermediates.noindex/Vortex.build/Debug-appletvos/Vortex-t.build/DerivedSources/GeneratedAssetSymbols.h --generate-asset-symbol-index /Users/admin/builder/spi-builder-workspace/.derivedData/Build/Intermediates.noindex/Vortex.build/Debug-appletvos/Vortex-t.build/DerivedSources/GeneratedAssetSymbols-Index.plist
/* com.apple.actool.compilation-results */
/Users/admin/builder/spi-builder-workspace/.derivedData/Build/Intermediates.noindex/Vortex.build/Debug-appletvos/Vortex-t.build/DerivedSources/GeneratedAssetSymbols-Index.plist
/Users/admin/builder/spi-builder-workspace/.derivedData/Build/Intermediates.noindex/Vortex.build/Debug-appletvos/Vortex-t.build/DerivedSources/GeneratedAssetSymbols.h
/Users/admin/builder/spi-builder-workspace/.derivedData/Build/Intermediates.noindex/Vortex.build/Debug-appletvos/Vortex-t.build/DerivedSources/GeneratedAssetSymbols.swift
CompileAssetCatalogVariant thinned /Users/admin/builder/spi-builder-workspace/.derivedData/Build/Products/Debug-appletvos/Vortex_Vortex.bundle /Users/admin/builder/spi-builder-workspace/Sources/Vortex/Resources/Assets.xcassets (in target 'Vortex_Vortex' from project 'Vortex')
    cd /Users/admin/builder/spi-builder-workspace
    /Applications/Xcode-27.0.0-Release.Candidate.app/Contents/Developer/usr/bin/actool /Users/admin/builder/spi-builder-workspace/Sources/Vortex/Resources/Assets.xcassets --compile /Users/admin/builder/spi-builder-workspace/.derivedData/Build/Intermediates.noindex/Vortex.build/Debug-appletvos/Vortex_Vortex-b.build/assetcatalog_output/thinned --output-format human-readable-text --notices --warnings --export-dependency-info /Users/admin/builder/spi-builder-workspace/.derivedData/Build/Intermediates.noindex/Vortex.build/Debug-appletvos/Vortex_Vortex-b.build/assetcatalog_dependencies_thinned --output-partial-info-plist /Users/admin/builder/spi-builder-workspace/.derivedData/Build/Intermediates.noindex/Vortex.build/Debug-appletvos/Vortex_Vortex-b.build/assetcatalog_generated_info.plist_thinned --compress-pngs --enable-on-demand-resources NO --development-region en --leaderboard-identifier-prefix Vortex_Vortex.game-center.leaderboard. --leaderboard-set-identifier-prefix Vortex_Vortex.game-center.leaderboard-set. --target-device tv --minimum-deployment-target 15.0 --platform appletvos
/* com.apple.actool.compilation-results */
/Users/admin/builder/spi-builder-workspace/.derivedData/Build/Intermediates.noindex/Vortex.build/Debug-appletvos/Vortex_Vortex-b.build/assetcatalog_generated_info.plist_thinned
/Users/admin/builder/spi-builder-workspace/.derivedData/Build/Intermediates.noindex/Vortex.build/Debug-appletvos/Vortex_Vortex-b.build/assetcatalog_output/thinned/Assets.car
SwiftDriver Vortex normal arm64 com.apple.xcode.tools.swift.compiler (in target 'Vortex' from project 'Vortex')
    cd /Users/admin/builder/spi-builder-workspace/.swiftpm/xcode
    builtin-SwiftDriver -- /Applications/Xcode-27.0.0-Release.Candidate.app/Contents/Developer/Toolchains/XcodeDefault.xctoolchain/usr/bin/swiftc -parse-as-library -module-name Vortex -Onone @/Users/admin/builder/spi-builder-workspace/.derivedData/Build/Intermediates.noindex/Vortex.build/Debug-appletvos/Vortex-t.build/Objects-normal/arm64/Vortex.SwiftFileList -DSWIFT_PACKAGE -DDEBUG -DSWIFT_MODULE_RESOURCE_BUNDLE_AVAILABLE -DXcode -plugin-path /Applications/Xcode-27.0.0-Release.Candidate.app/Contents/Developer/Toolchains/XcodeDefault.xctoolchain/usr/lib/swift/host/plugins/testing -enable-experimental-feature DebugDescriptionMacro -sdk /Applications/Xcode-27.0.0-Release.Candidate.app/Contents/Developer/Platforms/AppleTVOS.platform/Developer/SDKs/AppleTVOS27.0.sdk -target arm64-apple-tvos15.0 -g -module-cache-path /Users/admin/builder/spi-builder-workspace/.derivedData/ModuleCache.noindex -Xfrontend -serialize-debugging-options -profile-coverage-mapping -profile-generate -enable-testing -index-store-path /Users/admin/builder/spi-builder-workspace/.derivedData/Index.noindex/DataStore -Xcc -D_LIBCPP_HARDENING_MODE\=_LIBCPP_HARDENING_MODE_DEBUG -swift-version 5 -I /Users/admin/builder/spi-builder-workspace/.derivedData/Build/Products/Debug-appletvos -Isystem /Applications/Xcode-27.0.0-Release.Candidate.app/Contents/Developer/Platforms/AppleTVOS.platform/Developer/usr/lib -F /Users/admin/builder/spi-builder-workspace/.derivedData/Build/Products/Debug-appletvos -F /Applications/Xcode-27.0.0-Release.Candidate.app/Contents/Developer/Platforms/AppleTVOS.platform/Developer/Library/Frameworks -F /Applications/Xcode-27.0.0-Release.Candidate.app/Contents/Developer/Platforms/AppleTVOS.platform/Developer/SDKs/AppleTVOS27.0.sdk/Developer/Library/Frameworks -c -j10 -enable-batch-mode -incremental -Xcc -ivfsstatcache -Xcc /Users/admin/builder/spi-builder-workspace/.derivedData/SDKStatCaches.noindex/appletvos27.0-24J360-e829b21a6f8c9b70876ba0858053c044b32bfd8d43560033f8d89884cdb90028.sdkstatcache -output-file-map /Users/admin/builder/spi-builder-workspace/.derivedData/Build/Intermediates.noindex/Vortex.build/Debug-appletvos/Vortex-t.build/Objects-normal/arm64/Vortex-OutputFileMap.json -save-temps -no-color-diagnostics -explicit-module-build -module-cache-path /Users/admin/builder/spi-builder-workspace/.derivedData/Build/Intermediates.noindex/SwiftExplicitPrecompiledModules -clang-scanner-module-cache-path /Users/admin/builder/spi-builder-workspace/.derivedData/ModuleCache.noindex -sdk-module-cache-path /Users/admin/builder/spi-builder-workspace/.derivedData/SDKExplicitPrecompiledModules -emit-dependencies -emit-module -emit-module-path /Users/admin/builder/spi-builder-workspace/.derivedData/Build/Intermediates.noindex/Vortex.build/Debug-appletvos/Vortex-t.build/Objects-normal/arm64/Vortex.swiftmodule -serialize-diagnostics -dependency-scan-serialize-diagnostics-path /Users/admin/builder/spi-builder-workspace/.derivedData/Build/Intermediates.noindex/Vortex.build/Debug-appletvos/Vortex-t.build/Objects-normal/arm64/Vortex-dependency-scan.dia -validate-clang-modules-once -clang-build-session-file /Users/admin/builder/spi-builder-workspace/.derivedData/ModuleCache.noindex/Session.modulevalidation -Xcc -fmodules-prune-interval\=86400 -Xcc -fmodules-prune-after\=345600 -package-name spi_builder_workspace -emit-const-values -const-gather-protocols-list /Users/admin/builder/spi-builder-workspace/.derivedData/Build/Intermediates.noindex/Vortex.build/Debug-appletvos/Vortex-t.build/Objects-normal/arm64/Vortex_const_extract_protocols.json -Xcc -I/Users/admin/builder/spi-builder-workspace/.derivedData/Build/Products/Debug-appletvos/include -Xcc -I/Users/admin/builder/spi-builder-workspace/.derivedData/Build/Intermediates.noindex/Vortex.build/Debug-appletvos/Vortex-t.build/DerivedSources-normal/arm64 -Xcc -I/Users/admin/builder/spi-builder-workspace/.derivedData/Build/Intermediates.noindex/Vortex.build/Debug-appletvos/Vortex-t.build/DerivedSources/arm64 -Xcc -I/Users/admin/builder/spi-builder-workspace/.derivedData/Build/Intermediates.noindex/Vortex.build/Debug-appletvos/Vortex-t.build/DerivedSources -Xcc -DSWIFT_PACKAGE -Xcc -DDEBUG\=1 -emit-objc-header -emit-objc-header-path /Users/admin/builder/spi-builder-workspace/.derivedData/Build/Intermediates.noindex/Vortex.build/Debug-appletvos/Vortex-t.build/Objects-normal/arm64/Vortex-Swift.h -working-directory /Users/admin/builder/spi-builder-workspace/.swiftpm/xcode -experimental-emit-module-separately -disable-cmo
LinkAssetCatalog /Users/admin/builder/spi-builder-workspace/Sources/Vortex/Resources/Assets.xcassets (in target 'Vortex_Vortex' from project 'Vortex')
    cd /Users/admin/builder/spi-builder-workspace
    builtin-linkAssetCatalog --thinned /Users/admin/builder/spi-builder-workspace/.derivedData/Build/Intermediates.noindex/Vortex.build/Debug-appletvos/Vortex_Vortex-b.build/assetcatalog_output/thinned --thinned-dependencies /Users/admin/builder/spi-builder-workspace/.derivedData/Build/Intermediates.noindex/Vortex.build/Debug-appletvos/Vortex_Vortex-b.build/assetcatalog_dependencies_thinned --thinned-info-plist-content /Users/admin/builder/spi-builder-workspace/.derivedData/Build/Intermediates.noindex/Vortex.build/Debug-appletvos/Vortex_Vortex-b.build/assetcatalog_generated_info.plist_thinned --unthinned /Users/admin/builder/spi-builder-workspace/.derivedData/Build/Intermediates.noindex/Vortex.build/Debug-appletvos/Vortex_Vortex-b.build/assetcatalog_output/unthinned --unthinned-dependencies /Users/admin/builder/spi-builder-workspace/.derivedData/Build/Intermediates.noindex/Vortex.build/Debug-appletvos/Vortex_Vortex-b.build/assetcatalog_dependencies_unthinned --unthinned-info-plist-content /Users/admin/builder/spi-builder-workspace/.derivedData/Build/Intermediates.noindex/Vortex.build/Debug-appletvos/Vortex_Vortex-b.build/assetcatalog_generated_info.plist_unthinned --output /Users/admin/builder/spi-builder-workspace/.derivedData/Build/Products/Debug-appletvos/Vortex_Vortex.bundle --plist-output /Users/admin/builder/spi-builder-workspace/.derivedData/Build/Intermediates.noindex/Vortex.build/Debug-appletvos/Vortex_Vortex-b.build/assetcatalog_generated_info.plist
note: Emplaced /Users/admin/builder/spi-builder-workspace/.derivedData/Build/Products/Debug-appletvos/Vortex_Vortex.bundle/Assets.car (in target 'Vortex_Vortex' from project 'Vortex')
ProcessInfoPlistFile /Users/admin/builder/spi-builder-workspace/.derivedData/Build/Products/Debug-appletvos/Vortex_Vortex.bundle/Info.plist /Users/admin/builder/spi-builder-workspace/.derivedData/Build/Intermediates.noindex/Vortex.build/Debug-appletvos/Vortex_Vortex-b.build/empty-Vortex_Vortex.plist (in target 'Vortex_Vortex' from project 'Vortex')
    cd /Users/admin/builder/spi-builder-workspace
    builtin-infoPlistUtility /Users/admin/builder/spi-builder-workspace/.derivedData/Build/Intermediates.noindex/Vortex.build/Debug-appletvos/Vortex_Vortex-b.build/empty-Vortex_Vortex.plist -producttype com.apple.product-type.bundle -expandbuildsettings -format binary -platform appletvos -additionalcontentfile /Users/admin/builder/spi-builder-workspace/.derivedData/Build/Intermediates.noindex/Vortex.build/Debug-appletvos/Vortex_Vortex-b.build/assetcatalog_generated_info.plist -o /Users/admin/builder/spi-builder-workspace/.derivedData/Build/Products/Debug-appletvos/Vortex_Vortex.bundle/Info.plist
RegisterExecutionPolicyException /Users/admin/builder/spi-builder-workspace/.derivedData/Build/Products/Debug-appletvos/Vortex_Vortex.bundle (in target 'Vortex_Vortex' from project 'Vortex')
    cd /Users/admin/builder/spi-builder-workspace
    builtin-RegisterExecutionPolicyException /Users/admin/builder/spi-builder-workspace/.derivedData/Build/Products/Debug-appletvos/Vortex_Vortex.bundle
Touch /Users/admin/builder/spi-builder-workspace/.derivedData/Build/Products/Debug-appletvos/Vortex_Vortex.bundle (in target 'Vortex_Vortex' from project 'Vortex')
    cd /Users/admin/builder/spi-builder-workspace
    /usr/bin/touch -c /Users/admin/builder/spi-builder-workspace/.derivedData/Build/Products/Debug-appletvos/Vortex_Vortex.bundle
SwiftExplicitDependencyGeneratePcm arm64 /Users/admin/builder/spi-builder-workspace/.derivedData/SDKExplicitPrecompiledModules/_AvailabilityInternal-BV2EDDP0MI5QJDDPEEV4D9D3V.pcm
SwiftExplicitDependencyGeneratePcm arm64 /Users/admin/builder/spi-builder-workspace/.derivedData/SDKExplicitPrecompiledModules/DeveloperToolsSupport-B1X8RI63V48AJRTH2RK6JAARV.pcm
SwiftExplicitDependencyGeneratePcm arm64 /Users/admin/builder/spi-builder-workspace/.derivedData/SDKExplicitPrecompiledModules/_Builtin_stddef-9ZJZ6FDEZNKTZU8YLPMFT9RAQ.pcm
SwiftExplicitDependencyGeneratePcm arm64 /Users/admin/builder/spi-builder-workspace/.derivedData/SDKExplicitPrecompiledModules/SwiftShims-8N4EXJ4RUJTR8K9OO3CMOH1EP.pcm
SwiftExplicitDependencyGeneratePcm arm64 /Users/admin/builder/spi-builder-workspace/.derivedData/SDKExplicitPrecompiledModules/_SwiftConcurrencyShims-BY5PD8KF1L5KF6F4Q69HE3TJ4.pcm
SwiftExplicitDependencyGeneratePcm arm64 /Users/admin/builder/spi-builder-workspace/.derivedData/SDKExplicitPrecompiledModules/ptrcheck-2AZ6B5IBYD3RRRTFWN2ONASY3.pcm
SwiftExplicitDependencyGeneratePcm arm64 /Users/admin/builder/spi-builder-workspace/.derivedData/SDKExplicitPrecompiledModules/ptrauth-8X2KEPL7CTRPS40TUB9APHPK6.pcm
SwiftExplicitDependencyGeneratePcm arm64 /Users/admin/builder/spi-builder-workspace/.derivedData/SDKExplicitPrecompiledModules/_Builtin_float-8ZJAYZ85YBOAOP52Y9H6IUNP3.pcm
SwiftExplicitDependencyGeneratePcm arm64 /Users/admin/builder/spi-builder-workspace/.derivedData/SDKExplicitPrecompiledModules/_Builtin_stdbool-AHRDH5EKLY6D04C5E42F3VCQI.pcm
SwiftExplicitDependencyGeneratePcm arm64 /Users/admin/builder/spi-builder-workspace/.derivedData/SDKExplicitPrecompiledModules/_Builtin_stdarg-BO2OCAUYVAXDRVQWQ8ISKGNUQ.pcm
SwiftExplicitDependencyGeneratePcm arm64 /Users/admin/builder/spi-builder-workspace/.derivedData/SDKExplicitPrecompiledModules/_DarwinFoundation1-JOTYMOA1YZCIJ2NON6FQ848O.pcm
SwiftExplicitDependencyGeneratePcm arm64 /Users/admin/builder/spi-builder-workspace/.derivedData/SDKExplicitPrecompiledModules/_Builtin_limits-7JU2HP127LIT1X9E2V3D8WZ1.pcm
SwiftExplicitDependencyGeneratePcm arm64 /Users/admin/builder/spi-builder-workspace/.derivedData/SDKExplicitPrecompiledModules/_DarwinFoundation2-AOGAN1O02NKXRJN5V73AV3V3M.pcm
SwiftExplicitDependencyGeneratePcm arm64 /Users/admin/builder/spi-builder-workspace/.derivedData/SDKExplicitPrecompiledModules/_Builtin_tgmath-7ULT1EUHDHW4OZPSTT33H6QGE.pcm
SwiftExplicitDependencyGeneratePcm arm64 /Users/admin/builder/spi-builder-workspace/.derivedData/SDKExplicitPrecompiledModules/_Builtin_stdint-6NFTB6IBKS143IVPGT1EKB7HO.pcm
SwiftExplicitDependencyGeneratePcm arm64 /Users/admin/builder/spi-builder-workspace/.derivedData/SDKExplicitPrecompiledModules/string_h-6EVHP7A717OUS5DMC78F79HWO.pcm
SwiftExplicitDependencyGeneratePcm arm64 /Users/admin/builder/spi-builder-workspace/.derivedData/SDKExplicitPrecompiledModules/sys_types-8GCAV1YMG5UUGHUID3CA20TCH.pcm
SwiftExplicitDependencyGeneratePcm arm64 /Users/admin/builder/spi-builder-workspace/.derivedData/SDKExplicitPrecompiledModules/_DarwinFoundation3-8SR3855WDFHQPR6G9GHOI2C07.pcm
SwiftExplicitDependencyGeneratePcm arm64 /Users/admin/builder/spi-builder-workspace/.derivedData/SDKExplicitPrecompiledModules/_Builtin_stdatomic-3YXHN678NGYM3NL9POJ2HVEIF.pcm
SwiftExplicitDependencyGeneratePcm arm64 /Users/admin/builder/spi-builder-workspace/.derivedData/SDKExplicitPrecompiledModules/_Builtin_intrinsics-437O2R2NID4WAQVENR63GR82C.pcm
SwiftExplicitDependencyGeneratePcm arm64 /Users/admin/builder/spi-builder-workspace/.derivedData/SDKExplicitPrecompiledModules/_Builtin_inttypes-6X1IQ3QK9KEVKXOK9Y79EW7J3.pcm
SwiftExplicitDependencyGeneratePcm arm64 /Users/admin/builder/spi-builder-workspace/.derivedData/SDKExplicitPrecompiledModules/Darwin-DBSQAVBBPC3D2OMU5ZI2RXMST.pcm
SwiftExplicitDependencyGeneratePcm arm64 /Users/admin/builder/spi-builder-workspace/.derivedData/SDKExplicitPrecompiledModules/simd-117QUXEUT3Z7UQCUYWV2UA228.pcm
SwiftExplicitDependencyGeneratePcm arm64 /Users/admin/builder/spi-builder-workspace/.derivedData/SDKExplicitPrecompiledModules/MachO-EH3F5PJCIZG05NO51CEFSZYPW.pcm
SwiftExplicitDependencyGeneratePcm arm64 /Users/admin/builder/spi-builder-workspace/.derivedData/SDKExplicitPrecompiledModules/ObjectiveC-5250FDCE56N8508OR6XUYDKZM.pcm
SwiftExplicitDependencyGeneratePcm arm64 /Users/admin/builder/spi-builder-workspace/.derivedData/SDKExplicitPrecompiledModules/os_object-E2DGZ0SX0TULQHULZRPO6OKNW.pcm
SwiftExplicitDependencyGeneratePcm arm64 /Users/admin/builder/spi-builder-workspace/.derivedData/SDKExplicitPrecompiledModules/os_workgroup-DBUFF7811DKMX7VPBOJPGGF1U.pcm
SwiftExplicitDependencyGeneratePcm arm64 /Users/admin/builder/spi-builder-workspace/.derivedData/SDKExplicitPrecompiledModules/Spatial-7U8NLEFXSB8BR7PJQGVMF5A4Q.pcm
SwiftExplicitDependencyGeneratePcm arm64 /Users/admin/builder/spi-builder-workspace/.derivedData/SDKExplicitPrecompiledModules/Dispatch-1QL58A0V50C39KVAIC6C38SHL.pcm
SwiftExplicitDependencyGeneratePcm arm64 /Users/admin/builder/spi-builder-workspace/.derivedData/SDKExplicitPrecompiledModules/XPC-6O2DJFT3QUJ7QKTD3SNUB6PCR.pcm
SwiftExplicitDependencyGeneratePcm arm64 /Users/admin/builder/spi-builder-workspace/.derivedData/SDKExplicitPrecompiledModules/CoreFoundation-7TPJ7ENDC4L1A1ESHYI9TXS0D.pcm
SwiftExplicitDependencyGeneratePcm arm64 /Users/admin/builder/spi-builder-workspace/.derivedData/SDKExplicitPrecompiledModules/os-3GJI8H0BNAEZPQPQ1V0VVY3FY.pcm
SwiftExplicitDependencyGeneratePcm arm64 /Users/admin/builder/spi-builder-workspace/.derivedData/SDKExplicitPrecompiledModules/CoreAudioTypes-E7EH96HAL3G83QSWLT7VWYIP4.pcm
SwiftExplicitDependencyGeneratePcm arm64 /Users/admin/builder/spi-builder-workspace/.derivedData/SDKExplicitPrecompiledModules/CoreGraphics-CWSP3J98S2658BYCVL6RP99T3.pcm
SwiftExplicitDependencyGeneratePcm arm64 /Users/admin/builder/spi-builder-workspace/.derivedData/SDKExplicitPrecompiledModules/CFNetwork-2CUR2VK9S3S3WPFXPNXNUWYGN.pcm
SwiftExplicitDependencyGeneratePcm arm64 /Users/admin/builder/spi-builder-workspace/.derivedData/SDKExplicitPrecompiledModules/Security-8VMXEKVDA3MHUH9AOTP905DID.pcm
SwiftExplicitDependencyGeneratePcm arm64 /Users/admin/builder/spi-builder-workspace/.derivedData/SDKExplicitPrecompiledModules/CoreAudio-6IR1XRM0Q9YQZMFW89F3H4V3X.pcm
SwiftExplicitDependencyGeneratePcm arm64 /Users/admin/builder/spi-builder-workspace/.derivedData/SDKExplicitPrecompiledModules/Foundation-BSSIP64DIGUKMAYJOG1WPQ78X.pcm
SwiftExplicitDependencyGeneratePcm arm64 /Users/admin/builder/spi-builder-workspace/.derivedData/SDKExplicitPrecompiledModules/ImageIO-88D4CLEBD4CLWQKT78PZ6H1O8.pcm
SwiftExplicitDependencyGeneratePcm arm64 /Users/admin/builder/spi-builder-workspace/.derivedData/SDKExplicitPrecompiledModules/CoreText-59NY7PABM0I4V978161FOC04A.pcm
SwiftExplicitDependencyGeneratePcm arm64 /Users/admin/builder/spi-builder-workspace/.derivedData/SDKExplicitPrecompiledModules/DataDetection-37JIYZ2GWDA1L166PP1D9JKAF.pcm
SwiftExplicitDependencyGeneratePcm arm64 /Users/admin/builder/spi-builder-workspace/.derivedData/SDKExplicitPrecompiledModules/UniformTypeIdentifiers-95CC8U42ZA9STP5K6GP9ZVJS5.pcm
SwiftExplicitDependencyGeneratePcm arm64 /Users/admin/builder/spi-builder-workspace/.derivedData/SDKExplicitPrecompiledModules/Accessibility-B6BODGZ4MQQTY0PBC4SHRP009.pcm
SwiftExplicitDependencyGeneratePcm arm64 /Users/admin/builder/spi-builder-workspace/.derivedData/SDKExplicitPrecompiledModules/_LocationEssentials-ETSJ65FELPWR8WH8G49R1DF2E.pcm
SwiftExplicitDependencyGeneratePcm arm64 /Users/admin/builder/spi-builder-workspace/.derivedData/SDKExplicitPrecompiledModules/UIUtilities-6ZFJ1AK4H8IBGEBMYQBWGBYLK.pcm
SwiftExplicitDependencyGeneratePcm arm64 /Users/admin/builder/spi-builder-workspace/.derivedData/SDKExplicitPrecompiledModules/CoreData-DYMPHH3PH8AX9I1FHA4VFJ675.pcm
SwiftExplicitDependencyGeneratePcm arm64 /Users/admin/builder/spi-builder-workspace/.derivedData/SDKExplicitPrecompiledModules/Symbols-B5AU9VM9Y7NU79RLMH13Z4IFM.pcm
SwiftExplicitDependencyGeneratePcm arm64 /Users/admin/builder/spi-builder-workspace/.derivedData/SDKExplicitPrecompiledModules/OSLog-7OT6HHTMY0ZFEQJ095LJZ6NLC.pcm
SwiftExplicitDependencyGeneratePcm arm64 /Users/admin/builder/spi-builder-workspace/.derivedData/SDKExplicitPrecompiledModules/CoreTransferable-7V4O8DATEQ9F7SDNTCW8YWLG3.pcm
SwiftExplicitDependencyGeneratePcm arm64 /Users/admin/builder/spi-builder-workspace/.derivedData/SDKExplicitPrecompiledModules/UserNotifications-E9ZW5TH066WIJWH9080RC5NG4.pcm
SwiftExplicitDependencyGeneratePcm arm64 /Users/admin/builder/spi-builder-workspace/.derivedData/SDKExplicitPrecompiledModules/IOSurface-38FJ1CKX9FV2RD97O64Z7QB17.pcm
SwiftExplicitDependencyGeneratePcm arm64 /Users/admin/builder/spi-builder-workspace/.derivedData/SDKExplicitPrecompiledModules/CoreLocation-YVXXAOMVX0JH2KO1XTTKTY51.pcm
SwiftExplicitDependencyGeneratePcm arm64 /Users/admin/builder/spi-builder-workspace/.derivedData/SDKExplicitPrecompiledModules/Metal-2KYBS7IML1SD788M91YV7Q0CC.pcm
SwiftExplicitDependencyGeneratePcm arm64 /Users/admin/builder/spi-builder-workspace/.derivedData/SDKExplicitPrecompiledModules/OpenGLES-4NY99CNDU9WUNUYEIXSS1QFGE.pcm
SwiftExplicitDependencyGeneratePcm arm64 /Users/admin/builder/spi-builder-workspace/.derivedData/SDKExplicitPrecompiledModules/CoreVideo-DPU0PB5X0XLSVA2ETRGI6FJBM.pcm
SwiftExplicitDependencyGeneratePcm arm64 /Users/admin/builder/spi-builder-workspace/.derivedData/SDKExplicitPrecompiledModules/QuartzCore-DJSYAWKXFGVSAK5CQMOB3JSR.pcm
SwiftExplicitDependencyGeneratePcm arm64 /Users/admin/builder/spi-builder-workspace/.derivedData/SDKExplicitPrecompiledModules/CoreMedia-4OUKVT03LV547KZJDPPJRJ4F8.pcm
SwiftExplicitDependencyGeneratePcm arm64 /Users/admin/builder/spi-builder-workspace/.derivedData/SDKExplicitPrecompiledModules/CoreImage-7S2AFJ8EIY3DUFYLEAX1JR1QV.pcm
SwiftExplicitDependencyGeneratePcm arm64 /Users/admin/builder/spi-builder-workspace/.derivedData/SDKExplicitPrecompiledModules/SwiftUICore-543QU5V2NHKUFCYFJDKUJ7NYG.pcm
SwiftExplicitDependencyGeneratePcm arm64 /Users/admin/builder/spi-builder-workspace/.derivedData/SDKExplicitPrecompiledModules/UIKit-1TKWN7VC2X6N3ITMRVA2G0EB2.pcm
SwiftExplicitDependencyGeneratePcm arm64 /Users/admin/builder/spi-builder-workspace/.derivedData/SDKExplicitPrecompiledModules/SwiftUI-7BV1YDT6IZWW6B8OC6ENV0Y0F.pcm
SwiftEmitModule normal arm64 Emitting\ module\ for\ Vortex (in target 'Vortex' from project 'Vortex')
SwiftCompile normal arm64 (in target 'Vortex' from project 'Vortex')
    cd /Users/admin/builder/spi-builder-workspace/.swiftpm/xcode

SwiftCompile normal arm64 Compiling\ Lerping.swift,\ RandomSpread.swift,\ Confetti.swift /Users/admin/builder/spi-builder-workspace/Sources/Vortex/Helpers/Lerping.swift /Users/admin/builder/spi-builder-workspace/Sources/Vortex/Helpers/RandomSpread.swift /Users/admin/builder/spi-builder-workspace/Sources/Vortex/Presets/Confetti.swift (in target 'Vortex' from project 'Vortex')
/Users/admin/builder/spi-builder-workspace/Sources/Vortex/Presets/Confetti.swift:43:36: error: 'resolve(in:)' is only available in tvOS 17.0 or newer
 8 | import SwiftUI
 9 |
10 | extension VortexSystem {
   | `- note: add '@available' attribute to enclosing extension
11 |     /// A built-in effect that creates confetti only when a burst is triggered.
12 |     /// Relies on "square" and "circle" tags being present – using `Rectangle`
   :
36 |     /// - Returns: an instance of `VortexSystem` to pass into the VortexView
37 |     @available(macOS 14.0, iOS 17.0, *)
38 |     public static func confetti(
   |                        `- note: add '@available' attribute to enclosing static method
39 |         colors: [SwiftUI.Color],
40 |         in environment: EnvironmentValues
41 |     ) -> VortexSystem {
42 |         let resolvedColors = colors.map { color in
43 |             let components = color.resolve(in: environment)
   |                                    |- error: 'resolve(in:)' is only available in tvOS 17.0 or newer
   |                                    `- note: add 'if #available' version check
44 |
45 |             return Color(
/Users/admin/builder/spi-builder-workspace/Sources/Vortex/Presets/Confetti.swift:46:40: error: 'red' is only available in tvOS 17.0 or newer
 8 | import SwiftUI
 9 |
10 | extension VortexSystem {
   | `- note: add '@available' attribute to enclosing extension
11 |     /// A built-in effect that creates confetti only when a burst is triggered.
12 |     /// Relies on "square" and "circle" tags being present – using `Rectangle`
   :
36 |     /// - Returns: an instance of `VortexSystem` to pass into the VortexView
37 |     @available(macOS 14.0, iOS 17.0, *)
38 |     public static func confetti(
   |                        `- note: add '@available' attribute to enclosing static method
39 |         colors: [SwiftUI.Color],
40 |         in environment: EnvironmentValues
   :
44 |
45 |             return Color(
46 |                 red: Double(components.red),
   |                                        |- error: 'red' is only available in tvOS 17.0 or newer
   |                                        `- note: add 'if #available' version check
47 |                 green: Double(components.green),
48 |                 blue: Double(components.blue),
/Users/admin/builder/spi-builder-workspace/Sources/Vortex/Presets/Confetti.swift:47:42: error: 'green' is only available in tvOS 17.0 or newer
 8 | import SwiftUI
 9 |
10 | extension VortexSystem {
   | `- note: add '@available' attribute to enclosing extension
11 |     /// A built-in effect that creates confetti only when a burst is triggered.
12 |     /// Relies on "square" and "circle" tags being present – using `Rectangle`
   :
36 |     /// - Returns: an instance of `VortexSystem` to pass into the VortexView
37 |     @available(macOS 14.0, iOS 17.0, *)
38 |     public static func confetti(
   |                        `- note: add '@available' attribute to enclosing static method
39 |         colors: [SwiftUI.Color],
40 |         in environment: EnvironmentValues
   :
45 |             return Color(
46 |                 red: Double(components.red),
47 |                 green: Double(components.green),
   |                                          |- error: 'green' is only available in tvOS 17.0 or newer
   |                                          `- note: add 'if #available' version check
48 |                 blue: Double(components.blue),
49 |                 opacity: Double(components.opacity)
/Users/admin/builder/spi-builder-workspace/Sources/Vortex/Presets/Confetti.swift:48:41: error: 'blue' is only available in tvOS 17.0 or newer
 8 | import SwiftUI
 9 |
10 | extension VortexSystem {
   | `- note: add '@available' attribute to enclosing extension
11 |     /// A built-in effect that creates confetti only when a burst is triggered.
12 |     /// Relies on "square" and "circle" tags being present – using `Rectangle`
   :
36 |     /// - Returns: an instance of `VortexSystem` to pass into the VortexView
37 |     @available(macOS 14.0, iOS 17.0, *)
38 |     public static func confetti(
   |                        `- note: add '@available' attribute to enclosing static method
39 |         colors: [SwiftUI.Color],
40 |         in environment: EnvironmentValues
   :
46 |                 red: Double(components.red),
47 |                 green: Double(components.green),
48 |                 blue: Double(components.blue),
   |                                         |- error: 'blue' is only available in tvOS 17.0 or newer
   |                                         `- note: add 'if #available' version check
49 |                 opacity: Double(components.opacity)
50 |             )
Failed frontend command:
SwiftCompile normal arm64 /Users/admin/builder/spi-builder-workspace/Sources/Vortex/Helpers/Lerping.swift (in target 'Vortex' from project 'Vortex')
    cd /Users/admin/builder/spi-builder-workspace/.swiftpm/xcode
    builtin-SwiftPerFileCompile Lerping.swift
SwiftCompile normal arm64 /Users/admin/builder/spi-builder-workspace/Sources/Vortex/Helpers/RandomSpread.swift (in target 'Vortex' from project 'Vortex')
    cd /Users/admin/builder/spi-builder-workspace/.swiftpm/xcode
    builtin-SwiftPerFileCompile RandomSpread.swift
SwiftCompile normal arm64 /Users/admin/builder/spi-builder-workspace/Sources/Vortex/Presets/Confetti.swift (in target 'Vortex' from project 'Vortex')
    cd /Users/admin/builder/spi-builder-workspace/.swiftpm/xcode
    builtin-SwiftPerFileCompile Confetti.swift
/Applications/Xcode-27.0.0-Release.Candidate.app/Contents/Developer/Toolchains/XcodeDefault.xctoolchain/usr/bin/swift-frontend -frontend -c /Users/admin/builder/spi-builder-workspace/.derivedData/Build/Intermediates.noindex/Vortex.build/Debug-appletvos/Vortex-t.build/DerivedSources/resource_bundle_accessor.swift /Users/admin/builder/spi-builder-workspace/Sources/Vortex/Helpers/Angle+Codable.swift /Users/admin/builder/spi-builder-workspace/Sources/Vortex/Helpers/Array-InterpolatedColor.swift -primary-file /Users/admin/builder/spi-builder-workspace/Sources/Vortex/Helpers/Lerping.swift -primary-file /Users/admin/builder/spi-builder-workspace/Sources/Vortex/Helpers/RandomSpread.swift -primary-file /Users/admin/builder/spi-builder-workspace/Sources/Vortex/Presets/Confetti.swift /Users/admin/builder/spi-builder-workspace/Sources/Vortex/Presets/Fire.swift /Users/admin/builder/spi-builder-workspace/Sources/Vortex/Presets/Fireflies.swift /Users/admin/builder/spi-builder-workspace/Sources/Vortex/Presets/Fireworks.swift /Users/admin/builder/spi-builder-workspace/Sources/Vortex/Presets/Magic.swift /Users/admin/builder/spi-builder-workspace/Sources/Vortex/Presets/Rain.swift /Users/admin/builder/spi-builder-workspace/Sources/Vortex/Presets/Smoke.swift /Users/admin/builder/spi-builder-workspace/Sources/Vortex/Presets/Snow.swift /Users/admin/builder/spi-builder-workspace/Sources/Vortex/Presets/Spark.swift /Users/admin/builder/spi-builder-workspace/Sources/Vortex/Presets/Splash.swift /Users/admin/builder/spi-builder-workspace/Sources/Vortex/Resources/DefaultSymbols.swift /Users/admin/builder/spi-builder-workspace/Sources/Vortex/System/Color.swift /Users/admin/builder/spi-builder-workspace/Sources/Vortex/System/ColorMode.swift /Users/admin/builder/spi-builder-workspace/Sources/Vortex/System/Particle.swift /Users/admin/builder/spi-builder-workspace/Sources/Vortex/System/Shape.swift /Users/admin/builder/spi-builder-workspace/Sources/Vortex/System/SpawnOccasion.swift /Users/admin/builder/spi-builder-workspace/Sources/Vortex/System/VortexSystem-Behavior.swift /Users/admin/builder/spi-builder-workspace/Sources/Vortex/System/VortexSystem.swift /Users/admin/builder/spi-builder-workspace/Sources/Vortex/Views/VortexProxy.swift /Users/admin/builder/spi-builder-workspace/Sources/Vortex/Views/VortexSystemPreferenceKey.swift /Users/admin/builder/spi-builder-workspace/Sources/Vortex/Views/VortexView.swift /Users/admin/builder/spi-builder-workspace/Sources/Vortex/Views/VortexViewReader.swift /Users/admin/builder/spi-builder-workspace/.derivedData/Build/Intermediates.noindex/Vortex.build/Debug-appletvos/Vortex-t.build/DerivedSources/GeneratedAssetSymbols.swift -supplementary-output-file-map /Users/admin/builder/spi-builder-workspace/.derivedData/Build/Intermediates.noindex/Vortex.build/Debug-appletvos/Vortex-t.build/Objects-normal/arm64/supplementaryOutputs-2 -target arm64-apple-tvos15.0 -module-can-import-version DeveloperToolsSupport 24.0.24 24.0.24 -module-can-import-version SwiftUI 8.0.84 8.0.84 -module-can-import-version UIKit 9127.0.84.1 9127.0.84 -disable-cross-import-overlay-search -load-resolved-plugin /Applications/Xcode-27.0.0-Release.Candidate.app/Contents/Developer/Platforms/AppleTVOS.platform/Developer/usr/lib/swift/host/plugins/libFoundationMacros.dylib\#/Applications/Xcode-27.0.0-Release.Candidate.app/Contents/Developer/Platforms/AppleTVOS.platform/Developer/usr/bin/swift-plugin-server\#FoundationMacros -load-resolved-plugin /Applications/Xcode-27.0.0-Release.Candidate.app/Contents/Developer/Platforms/AppleTVOS.platform/Developer/usr/lib/swift/host/plugins/libObservationMacros.dylib\#/Applications/Xcode-27.0.0-Release.Candidate.app/Contents/Developer/Platforms/AppleTVOS.platform/Developer/usr/bin/swift-plugin-server\#ObservationMacros -load-resolved-plugin /Applications/Xcode-27.0.0-Release.Candidate.app/Contents/Developer/Platforms/AppleTVOS.platform/Developer/usr/lib/swift/host/plugins/libPreviewsMacros.dylib\#/Applications/Xcode-27.0.0-Release.Candidate.app/Contents/Developer/Platforms/AppleTVOS.platform/Developer/usr/bin/swift-plugin-server\#PreviewsMacros -load-resolved-plugin /Applications/Xcode-27.0.0-Release.Candidate.app/Contents/Developer/Platforms/AppleTVOS.platform/Developer/usr/lib/swift/host/plugins/libSwiftMacros.dylib\#/Applications/Xcode-27.0.0-Release.Candidate.app/Contents/Developer/Platforms/AppleTVOS.platform/Developer/usr/bin/swift-plugin-server\#SwiftMacros -load-resolved-plugin /Applications/Xcode-27.0.0-Release.Candidate.app/Contents/Developer/Platforms/AppleTVOS.platform/Developer/usr/lib/swift/host/plugins/libSwiftUIMacros.dylib\#/Applications/Xcode-27.0.0-Release.Candidate.app/Contents/Developer/Platforms/AppleTVOS.platform/Developer/usr/bin/swift-plugin-server\#SwiftUIMacros -disable-implicit-swift-modules -Xcc -fno-implicit-modules -Xcc -fno-implicit-module-maps -explicit-swift-module-map-file /Users/admin/builder/spi-builder-workspace/.derivedData/Build/Intermediates.noindex/Vortex.build/Debug-appletvos/Vortex-t.build/Objects-normal/arm64/Vortex-dependencies-1.json -Xllvm -aarch64-use-tbi -enable-objc-interop -stack-check -sdk /Applications/Xcode-27.0.0-Release.Candidate.app/Contents/Developer/Platforms/AppleTVOS.platform/Developer/SDKs/AppleTVOS27.0.sdk -I /Users/admin/builder/spi-builder-workspace/.derivedData/Build/Products/Debug-appletvos -Isystem /Applications/Xcode-27.0.0-Release.Candidate.app/Contents/Developer/Platforms/AppleTVOS.platform/Developer/usr/lib -F /Users/admin/builder/spi-builder-workspace/.derivedData/Build/Products/Debug-appletvos -F /Applications/Xcode-27.0.0-Release.Candidate.app/Contents/Developer/Platforms/AppleTVOS.platform/Developer/Library/Frameworks -F /Applications/Xcode-27.0.0-Release.Candidate.app/Contents/Developer/Platforms/AppleTVOS.platform/Developer/SDKs/AppleTVOS27.0.sdk/Developer/Library/Frameworks -module-cache-path /Users/admin/builder/spi-builder-workspace/.derivedData/Build/Intermediates.noindex/SwiftExplicitPrecompiledModules -no-color-diagnostics -Xcc -fno-color-diagnostics -enable-testing -g -debug-info-format\=dwarf -dwarf-version\=4 -profile-generate -profile-coverage-mapping -swift-version 5 -Onone -D SWIFT_PACKAGE -D DEBUG -D SWIFT_MODULE_RESOURCE_BUNDLE_AVAILABLE -D Xcode -serialize-debugging-options -enable-experimental-feature DebugDescriptionMacro -empty-abi-descriptor -validate-clang-modules-once -clang-build-session-file /Users/admin/builder/spi-builder-workspace/.derivedData/ModuleCache.noindex/Session.modulevalidation -Xcc -working-directory -Xcc /Users/admin/builder/spi-builder-workspace/.swiftpm/xcode -enable-anonymous-context-mangled-names -file-compilation-dir /Users/admin/builder/spi-builder-workspace/.swiftpm/xcode -Xcc -D_LIBCPP_HARDENING_MODE\=_LIBCPP_HARDENING_MODE_DEBUG -Xcc -ivfsstatcache -Xcc /Users/admin/builder/spi-builder-workspace/.derivedData/SDKStatCaches.noindex/appletvos27.0-24J360-e829b21a6f8c9b70876ba0858053c044b32bfd8d43560033f8d89884cdb90028.sdkstatcache -Xcc -fmodules-prune-interval\=86400 -Xcc -fmodules-prune-after\=345600 -Xcc -I/Users/admin/builder/spi-builder-workspace/.derivedData/Build/Products/Debug-appletvos/include -Xcc -I/Users/admin/builder/spi-builder-workspace/.derivedData/Build/Intermediates.noindex/Vortex.build/Debug-appletvos/Vortex-t.build/DerivedSources-normal/arm64 -Xcc -I/Users/admin/builder/spi-builder-workspace/.derivedData/Build/Intermediates.noindex/Vortex.build/Debug-appletvos/Vortex-t.build/DerivedSources/arm64 -Xcc -I/Users/admin/builder/spi-builder-workspace/.derivedData/Build/Intermediates.noindex/Vortex.build/Debug-appletvos/Vortex-t.build/DerivedSources -Xcc -DSWIFT_PACKAGE -Xcc -DDEBUG\=1 -no-auto-bridging-header-chaining -module-name Vortex -package-name spi_builder_workspace -const-gather-protocols-file /Users/admin/builder/spi-builder-workspace/.derivedData/Build/Intermediates.noindex/Vortex.build/Debug-appletvos/Vortex-t.build/Objects-normal/arm64/Vortex_const_extract_protocols.json -disable-clang-spi -clang-target arm64-apple-tvos27.0 -target-sdk-version 27.0 -target-sdk-name appletvos27.0 -in-process-plugin-server-path /Applications/Xcode-27.0.0-Release.Candidate.app/Contents/Developer/Toolchains/XcodeDefault.xctoolchain/usr/lib/swift/host/libSwiftInProcPluginServer.dylib -parse-as-library -o /Users/admin/builder/spi-builder-workspace/.derivedData/Build/Intermediates.noindex/Vortex.build/Debug-appletvos/Vortex-t.build/Objects-normal/arm64/Lerping.o -o /Users/admin/builder/spi-builder-workspace/.derivedData/Build/Intermediates.noindex/Vortex.build/Debug-appletvos/Vortex-t.build/Objects-normal/arm64/RandomSpread.o -o /Users/admin/builder/spi-builder-workspace/.derivedData/Build/Intermediates.noindex/Vortex.build/Debug-appletvos/Vortex-t.build/Objects-normal/arm64/Confetti.o -debug-module-path /Users/admin/builder/spi-builder-workspace/.derivedData/Build/Intermediates.noindex/Vortex.build/Debug-appletvos/Vortex-t.build/Objects-normal/arm64/Vortex.swiftmodule -index-unit-output-path /Vortex.build/Debug-appletvos/Vortex-t.build/Objects-normal/arm64/Lerping.o -index-unit-output-path /Vortex.build/Debug-appletvos/Vortex-t.build/Objects-normal/arm64/RandomSpread.o -index-unit-output-path /Vortex.build/Debug-appletvos/Vortex-t.build/Objects-normal/arm64/Confetti.o -index-store-path /Users/admin/builder/spi-builder-workspace/.derivedData/Index.noindex/DataStore -index-system-modules
SwiftCompile normal arm64 Compiling\ VortexSystem-Behavior.swift,\ VortexSystem.swift,\ VortexProxy.swift /Users/admin/builder/spi-builder-workspace/Sources/Vortex/System/VortexSystem-Behavior.swift /Users/admin/builder/spi-builder-workspace/Sources/Vortex/System/VortexSystem.swift /Users/admin/builder/spi-builder-workspace/Sources/Vortex/Views/VortexProxy.swift (in target 'Vortex' from project 'Vortex')
SwiftCompile normal arm64 /Users/admin/builder/spi-builder-workspace/Sources/Vortex/System/VortexSystem-Behavior.swift (in target 'Vortex' from project 'Vortex')
    cd /Users/admin/builder/spi-builder-workspace/.swiftpm/xcode
    builtin-SwiftPerFileCompile VortexSystem-Behavior.swift
SwiftCompile normal arm64 /Users/admin/builder/spi-builder-workspace/Sources/Vortex/System/VortexSystem.swift (in target 'Vortex' from project 'Vortex')
    cd /Users/admin/builder/spi-builder-workspace/.swiftpm/xcode
    builtin-SwiftPerFileCompile VortexSystem.swift
SwiftCompile normal arm64 /Users/admin/builder/spi-builder-workspace/Sources/Vortex/Views/VortexProxy.swift (in target 'Vortex' from project 'Vortex')
    cd /Users/admin/builder/spi-builder-workspace/.swiftpm/xcode
    builtin-SwiftPerFileCompile VortexProxy.swift
SwiftCompile normal arm64 Compiling\ Particle.swift,\ Shape.swift,\ SpawnOccasion.swift /Users/admin/builder/spi-builder-workspace/Sources/Vortex/System/Particle.swift /Users/admin/builder/spi-builder-workspace/Sources/Vortex/System/Shape.swift /Users/admin/builder/spi-builder-workspace/Sources/Vortex/System/SpawnOccasion.swift (in target 'Vortex' from project 'Vortex')
SwiftCompile normal arm64 /Users/admin/builder/spi-builder-workspace/Sources/Vortex/System/Particle.swift (in target 'Vortex' from project 'Vortex')
    cd /Users/admin/builder/spi-builder-workspace/.swiftpm/xcode
    builtin-SwiftPerFileCompile Particle.swift
SwiftCompile normal arm64 /Users/admin/builder/spi-builder-workspace/Sources/Vortex/System/Shape.swift (in target 'Vortex' from project 'Vortex')
    cd /Users/admin/builder/spi-builder-workspace/.swiftpm/xcode
    builtin-SwiftPerFileCompile Shape.swift
SwiftCompile normal arm64 /Users/admin/builder/spi-builder-workspace/Sources/Vortex/System/SpawnOccasion.swift (in target 'Vortex' from project 'Vortex')
    cd /Users/admin/builder/spi-builder-workspace/.swiftpm/xcode
    builtin-SwiftPerFileCompile SpawnOccasion.swift
SwiftCompile normal arm64 Compiling\ resource_bundle_accessor.swift,\ Angle+Codable.swift,\ Array-InterpolatedColor.swift /Users/admin/builder/spi-builder-workspace/.derivedData/Build/Intermediates.noindex/Vortex.build/Debug-appletvos/Vortex-t.build/DerivedSources/resource_bundle_accessor.swift /Users/admin/builder/spi-builder-workspace/Sources/Vortex/Helpers/Angle+Codable.swift /Users/admin/builder/spi-builder-workspace/Sources/Vortex/Helpers/Array-InterpolatedColor.swift (in target 'Vortex' from project 'Vortex')
SwiftCompile normal arm64 /Users/admin/builder/spi-builder-workspace/.derivedData/Build/Intermediates.noindex/Vortex.build/Debug-appletvos/Vortex-t.build/DerivedSources/resource_bundle_accessor.swift (in target 'Vortex' from project 'Vortex')
    cd /Users/admin/builder/spi-builder-workspace/.swiftpm/xcode
    builtin-SwiftPerFileCompile resource_bundle_accessor.swift
SwiftCompile normal arm64 /Users/admin/builder/spi-builder-workspace/Sources/Vortex/Helpers/Angle+Codable.swift (in target 'Vortex' from project 'Vortex')
    cd /Users/admin/builder/spi-builder-workspace/.swiftpm/xcode
    builtin-SwiftPerFileCompile Angle+Codable.swift
SwiftCompile normal arm64 /Users/admin/builder/spi-builder-workspace/Sources/Vortex/Helpers/Array-InterpolatedColor.swift (in target 'Vortex' from project 'Vortex')
    cd /Users/admin/builder/spi-builder-workspace/.swiftpm/xcode
    builtin-SwiftPerFileCompile Array-InterpolatedColor.swift
SwiftCompile normal arm64 Compiling\ VortexViewReader.swift,\ GeneratedAssetSymbols.swift /Users/admin/builder/spi-builder-workspace/Sources/Vortex/Views/VortexViewReader.swift /Users/admin/builder/spi-builder-workspace/.derivedData/Build/Intermediates.noindex/Vortex.build/Debug-appletvos/Vortex-t.build/DerivedSources/GeneratedAssetSymbols.swift (in target 'Vortex' from project 'Vortex')
SwiftCompile normal arm64 /Users/admin/builder/spi-builder-workspace/Sources/Vortex/Views/VortexViewReader.swift (in target 'Vortex' from project 'Vortex')
    cd /Users/admin/builder/spi-builder-workspace/.swiftpm/xcode
    builtin-SwiftPerFileCompile VortexViewReader.swift
SwiftCompile normal arm64 /Users/admin/builder/spi-builder-workspace/.derivedData/Build/Intermediates.noindex/Vortex.build/Debug-appletvos/Vortex-t.build/DerivedSources/GeneratedAssetSymbols.swift (in target 'Vortex' from project 'Vortex')
    cd /Users/admin/builder/spi-builder-workspace/.swiftpm/xcode
    builtin-SwiftPerFileCompile GeneratedAssetSymbols.swift
SwiftCompile normal arm64 Compiling\ Fire.swift,\ Fireflies.swift,\ Fireworks.swift /Users/admin/builder/spi-builder-workspace/Sources/Vortex/Presets/Fire.swift /Users/admin/builder/spi-builder-workspace/Sources/Vortex/Presets/Fireflies.swift /Users/admin/builder/spi-builder-workspace/Sources/Vortex/Presets/Fireworks.swift (in target 'Vortex' from project 'Vortex')
SwiftCompile normal arm64 /Users/admin/builder/spi-builder-workspace/Sources/Vortex/Presets/Fire.swift (in target 'Vortex' from project 'Vortex')
    cd /Users/admin/builder/spi-builder-workspace/.swiftpm/xcode
    builtin-SwiftPerFileCompile Fire.swift
SwiftCompile normal arm64 /Users/admin/builder/spi-builder-workspace/Sources/Vortex/Presets/Fireflies.swift (in target 'Vortex' from project 'Vortex')
    cd /Users/admin/builder/spi-builder-workspace/.swiftpm/xcode
    builtin-SwiftPerFileCompile Fireflies.swift
SwiftCompile normal arm64 /Users/admin/builder/spi-builder-workspace/Sources/Vortex/Presets/Fireworks.swift (in target 'Vortex' from project 'Vortex')
    cd /Users/admin/builder/spi-builder-workspace/.swiftpm/xcode
    builtin-SwiftPerFileCompile Fireworks.swift
SwiftCompile normal arm64 Compiling\ DefaultSymbols.swift,\ Color.swift,\ ColorMode.swift /Users/admin/builder/spi-builder-workspace/Sources/Vortex/Resources/DefaultSymbols.swift /Users/admin/builder/spi-builder-workspace/Sources/Vortex/System/Color.swift /Users/admin/builder/spi-builder-workspace/Sources/Vortex/System/ColorMode.swift (in target 'Vortex' from project 'Vortex')
SwiftCompile normal arm64 /Users/admin/builder/spi-builder-workspace/Sources/Vortex/Resources/DefaultSymbols.swift (in target 'Vortex' from project 'Vortex')
    cd /Users/admin/builder/spi-builder-workspace/.swiftpm/xcode
    builtin-SwiftPerFileCompile DefaultSymbols.swift
SwiftCompile normal arm64 /Users/admin/builder/spi-builder-workspace/Sources/Vortex/System/Color.swift (in target 'Vortex' from project 'Vortex')
    cd /Users/admin/builder/spi-builder-workspace/.swiftpm/xcode
    builtin-SwiftPerFileCompile Color.swift
SwiftCompile normal arm64 /Users/admin/builder/spi-builder-workspace/Sources/Vortex/System/ColorMode.swift (in target 'Vortex' from project 'Vortex')
    cd /Users/admin/builder/spi-builder-workspace/.swiftpm/xcode
    builtin-SwiftPerFileCompile ColorMode.swift
SwiftCompile normal arm64 Compiling\ Magic.swift,\ Rain.swift,\ Smoke.swift /Users/admin/builder/spi-builder-workspace/Sources/Vortex/Presets/Magic.swift /Users/admin/builder/spi-builder-workspace/Sources/Vortex/Presets/Rain.swift /Users/admin/builder/spi-builder-workspace/Sources/Vortex/Presets/Smoke.swift (in target 'Vortex' from project 'Vortex')
SwiftCompile normal arm64 /Users/admin/builder/spi-builder-workspace/Sources/Vortex/Presets/Magic.swift (in target 'Vortex' from project 'Vortex')
    cd /Users/admin/builder/spi-builder-workspace/.swiftpm/xcode
    builtin-SwiftPerFileCompile Magic.swift
SwiftCompile normal arm64 /Users/admin/builder/spi-builder-workspace/Sources/Vortex/Presets/Rain.swift (in target 'Vortex' from project 'Vortex')
    cd /Users/admin/builder/spi-builder-workspace/.swiftpm/xcode
    builtin-SwiftPerFileCompile Rain.swift
SwiftCompile normal arm64 /Users/admin/builder/spi-builder-workspace/Sources/Vortex/Presets/Smoke.swift (in target 'Vortex' from project 'Vortex')
    cd /Users/admin/builder/spi-builder-workspace/.swiftpm/xcode
    builtin-SwiftPerFileCompile Smoke.swift
SwiftCompile normal arm64 Compiling\ Snow.swift,\ Spark.swift,\ Splash.swift /Users/admin/builder/spi-builder-workspace/Sources/Vortex/Presets/Snow.swift /Users/admin/builder/spi-builder-workspace/Sources/Vortex/Presets/Spark.swift /Users/admin/builder/spi-builder-workspace/Sources/Vortex/Presets/Splash.swift (in target 'Vortex' from project 'Vortex')
SwiftCompile normal arm64 /Users/admin/builder/spi-builder-workspace/Sources/Vortex/Presets/Snow.swift (in target 'Vortex' from project 'Vortex')
    cd /Users/admin/builder/spi-builder-workspace/.swiftpm/xcode
    builtin-SwiftPerFileCompile Snow.swift
SwiftCompile normal arm64 /Users/admin/builder/spi-builder-workspace/Sources/Vortex/Presets/Spark.swift (in target 'Vortex' from project 'Vortex')
    cd /Users/admin/builder/spi-builder-workspace/.swiftpm/xcode
    builtin-SwiftPerFileCompile Spark.swift
SwiftCompile normal arm64 /Users/admin/builder/spi-builder-workspace/Sources/Vortex/Presets/Splash.swift (in target 'Vortex' from project 'Vortex')
    cd /Users/admin/builder/spi-builder-workspace/.swiftpm/xcode
    builtin-SwiftPerFileCompile Splash.swift
SwiftCompile normal arm64 Compiling\ VortexSystemPreferenceKey.swift,\ VortexView.swift /Users/admin/builder/spi-builder-workspace/Sources/Vortex/Views/VortexSystemPreferenceKey.swift /Users/admin/builder/spi-builder-workspace/Sources/Vortex/Views/VortexView.swift (in target 'Vortex' from project 'Vortex')
SwiftCompile normal arm64 /Users/admin/builder/spi-builder-workspace/Sources/Vortex/Views/VortexSystemPreferenceKey.swift (in target 'Vortex' from project 'Vortex')
    cd /Users/admin/builder/spi-builder-workspace/.swiftpm/xcode
    builtin-SwiftPerFileCompile VortexSystemPreferenceKey.swift
SwiftCompile normal arm64 /Users/admin/builder/spi-builder-workspace/Sources/Vortex/Views/VortexView.swift (in target 'Vortex' from project 'Vortex')
    cd /Users/admin/builder/spi-builder-workspace/.swiftpm/xcode
    builtin-SwiftPerFileCompile VortexView.swift
SwiftDriverJobDiscovery normal arm64 Emitting module for Vortex (in target 'Vortex' from project 'Vortex')
SwiftDriver\ Compilation\ Requirements Vortex normal arm64 com.apple.xcode.tools.swift.compiler (in target 'Vortex' from project 'Vortex')
    cd /Users/admin/builder/spi-builder-workspace/.swiftpm/xcode
    builtin-Swift-Compilation-Requirements -- /Applications/Xcode-27.0.0-Release.Candidate.app/Contents/Developer/Toolchains/XcodeDefault.xctoolchain/usr/bin/swiftc -parse-as-library -module-name Vortex -Onone @/Users/admin/builder/spi-builder-workspace/.derivedData/Build/Intermediates.noindex/Vortex.build/Debug-appletvos/Vortex-t.build/Objects-normal/arm64/Vortex.SwiftFileList -DSWIFT_PACKAGE -DDEBUG -DSWIFT_MODULE_RESOURCE_BUNDLE_AVAILABLE -DXcode -plugin-path /Applications/Xcode-27.0.0-Release.Candidate.app/Contents/Developer/Toolchains/XcodeDefault.xctoolchain/usr/lib/swift/host/plugins/testing -enable-experimental-feature DebugDescriptionMacro -sdk /Applications/Xcode-27.0.0-Release.Candidate.app/Contents/Developer/Platforms/AppleTVOS.platform/Developer/SDKs/AppleTVOS27.0.sdk -target arm64-apple-tvos15.0 -g -module-cache-path /Users/admin/builder/spi-builder-workspace/.derivedData/ModuleCache.noindex -Xfrontend -serialize-debugging-options -profile-coverage-mapping -profile-generate -enable-testing -index-store-path /Users/admin/builder/spi-builder-workspace/.derivedData/Index.noindex/DataStore -Xcc -D_LIBCPP_HARDENING_MODE\=_LIBCPP_HARDENING_MODE_DEBUG -swift-version 5 -I /Users/admin/builder/spi-builder-workspace/.derivedData/Build/Products/Debug-appletvos -Isystem /Applications/Xcode-27.0.0-Release.Candidate.app/Contents/Developer/Platforms/AppleTVOS.platform/Developer/usr/lib -F /Users/admin/builder/spi-builder-workspace/.derivedData/Build/Products/Debug-appletvos -F /Applications/Xcode-27.0.0-Release.Candidate.app/Contents/Developer/Platforms/AppleTVOS.platform/Developer/Library/Frameworks -F /Applications/Xcode-27.0.0-Release.Candidate.app/Contents/Developer/Platforms/AppleTVOS.platform/Developer/SDKs/AppleTVOS27.0.sdk/Developer/Library/Frameworks -c -j10 -enable-batch-mode -incremental -Xcc -ivfsstatcache -Xcc /Users/admin/builder/spi-builder-workspace/.derivedData/SDKStatCaches.noindex/appletvos27.0-24J360-e829b21a6f8c9b70876ba0858053c044b32bfd8d43560033f8d89884cdb90028.sdkstatcache -output-file-map /Users/admin/builder/spi-builder-workspace/.derivedData/Build/Intermediates.noindex/Vortex.build/Debug-appletvos/Vortex-t.build/Objects-normal/arm64/Vortex-OutputFileMap.json -save-temps -no-color-diagnostics -explicit-module-build -module-cache-path /Users/admin/builder/spi-builder-workspace/.derivedData/Build/Intermediates.noindex/SwiftExplicitPrecompiledModules -clang-scanner-module-cache-path /Users/admin/builder/spi-builder-workspace/.derivedData/ModuleCache.noindex -sdk-module-cache-path /Users/admin/builder/spi-builder-workspace/.derivedData/SDKExplicitPrecompiledModules -emit-dependencies -emit-module -emit-module-path /Users/admin/builder/spi-builder-workspace/.derivedData/Build/Intermediates.noindex/Vortex.build/Debug-appletvos/Vortex-t.build/Objects-normal/arm64/Vortex.swiftmodule -serialize-diagnostics -dependency-scan-serialize-diagnostics-path /Users/admin/builder/spi-builder-workspace/.derivedData/Build/Intermediates.noindex/Vortex.build/Debug-appletvos/Vortex-t.build/Objects-normal/arm64/Vortex-dependency-scan.dia -validate-clang-modules-once -clang-build-session-file /Users/admin/builder/spi-builder-workspace/.derivedData/ModuleCache.noindex/Session.modulevalidation -Xcc -fmodules-prune-interval\=86400 -Xcc -fmodules-prune-after\=345600 -package-name spi_builder_workspace -emit-const-values -const-gather-protocols-list /Users/admin/builder/spi-builder-workspace/.derivedData/Build/Intermediates.noindex/Vortex.build/Debug-appletvos/Vortex-t.build/Objects-normal/arm64/Vortex_const_extract_protocols.json -Xcc -I/Users/admin/builder/spi-builder-workspace/.derivedData/Build/Products/Debug-appletvos/include -Xcc -I/Users/admin/builder/spi-builder-workspace/.derivedData/Build/Intermediates.noindex/Vortex.build/Debug-appletvos/Vortex-t.build/DerivedSources-normal/arm64 -Xcc -I/Users/admin/builder/spi-builder-workspace/.derivedData/Build/Intermediates.noindex/Vortex.build/Debug-appletvos/Vortex-t.build/DerivedSources/arm64 -Xcc -I/Users/admin/builder/spi-builder-workspace/.derivedData/Build/Intermediates.noindex/Vortex.build/Debug-appletvos/Vortex-t.build/DerivedSources -Xcc -DSWIFT_PACKAGE -Xcc -DDEBUG\=1 -emit-objc-header -emit-objc-header-path /Users/admin/builder/spi-builder-workspace/.derivedData/Build/Intermediates.noindex/Vortex.build/Debug-appletvos/Vortex-t.build/Objects-normal/arm64/Vortex-Swift.h -working-directory /Users/admin/builder/spi-builder-workspace/.swiftpm/xcode -experimental-emit-module-separately -disable-cmo
SwiftDriverJobDiscovery normal arm64 Compiling VortexSystemPreferenceKey.swift, VortexView.swift (in target 'Vortex' from project 'Vortex')
SwiftMergeGeneratedHeaders /Users/admin/builder/spi-builder-workspace/.derivedData/Build/Intermediates.noindex/GeneratedModuleMaps-appletvos/Vortex-Swift.h /Users/admin/builder/spi-builder-workspace/.derivedData/Build/Intermediates.noindex/Vortex.build/Debug-appletvos/Vortex-t.build/Objects-normal/arm64/Vortex-Swift.h (in target 'Vortex' from project 'Vortex')
    cd /Users/admin/builder/spi-builder-workspace
    builtin-swiftHeaderTool -arch arm64 /Users/admin/builder/spi-builder-workspace/.derivedData/Build/Intermediates.noindex/Vortex.build/Debug-appletvos/Vortex-t.build/Objects-normal/arm64/Vortex-Swift.h -o /Users/admin/builder/spi-builder-workspace/.derivedData/Build/Intermediates.noindex/GeneratedModuleMaps-appletvos/Vortex-Swift.h
Copy /Users/admin/builder/spi-builder-workspace/.derivedData/Build/Products/Debug-appletvos/Vortex.swiftmodule/arm64-apple-tvos.swiftmodule /Users/admin/builder/spi-builder-workspace/.derivedData/Build/Intermediates.noindex/Vortex.build/Debug-appletvos/Vortex-t.build/Objects-normal/arm64/Vortex.swiftmodule (in target 'Vortex' from project 'Vortex')
    cd /Users/admin/builder/spi-builder-workspace
    builtin-copy -exclude .DS_Store -exclude CVS -exclude .svn -exclude .git -exclude .hg -resolve-src-symlinks -rename /Users/admin/builder/spi-builder-workspace/.derivedData/Build/Intermediates.noindex/Vortex.build/Debug-appletvos/Vortex-t.build/Objects-normal/arm64/Vortex.swiftmodule /Users/admin/builder/spi-builder-workspace/.derivedData/Build/Products/Debug-appletvos/Vortex.swiftmodule/arm64-apple-tvos.swiftmodule
PruneExplicitPrecompiledModules /Users/admin/builder/spi-builder-workspace/.derivedData/Build/Intermediates.noindex/ExplicitPrecompiledModules
PruneExplicitPrecompiledModules /Users/admin/builder/spi-builder-workspace/.derivedData/Build/Intermediates.noindex/SwiftExplicitPrecompiledModules
PruneExplicitPrecompiledModules /Users/admin/builder/spi-builder-workspace/.derivedData/SDKExplicitPrecompiledModules
2026-09-22 21:58:08.541 xcodebuild[623:3886] [MT] IDERunDestination: Supported platforms for the buildables in the current scheme is empty.
** BUILD FAILED **
The following build commands failed:
	SwiftCompile normal arm64 /Users/admin/builder/spi-builder-workspace/Sources/Vortex/Presets/Confetti.swift (in target 'Vortex' from project 'Vortex')
	SwiftCompile normal arm64 Compiling\ Lerping.swift,\ RandomSpread.swift,\ Confetti.swift /Users/admin/builder/spi-builder-workspace/Sources/Vortex/Helpers/Lerping.swift /Users/admin/builder/spi-builder-workspace/Sources/Vortex/Helpers/RandomSpread.swift /Users/admin/builder/spi-builder-workspace/Sources/Vortex/Presets/Confetti.swift (in target 'Vortex' from project 'Vortex')
	Building workspace Vortex with scheme Vortex
(3 failures)
Command line invocation:
    /Applications/Xcode-27.0.0-Release.Candidate.app/Contents/Developer/usr/bin/xcodebuild -IDEClonedSourcePackagesDirPathOverride=/Users/admin/builder/spi-builder-workspace/.dependencies -resolvePackageDependencies
Resolve Package Graph
Resolved source packages:
  Vortex: /Users/admin/builder/spi-builder-workspace
resolved source packages: Vortex
2026-09-22 21:58:21.743 xcodebuild[785:4753] [MT] IDERunDestination: Supported platforms for the buildables in the current scheme is empty.
{
  "dependencies" : [
  ],
  "manifest_display_name" : "Vortex",
  "name" : "Vortex",
  "path" : "/Users/admin/builder/spi-builder-workspace",
  "platforms" : [
    {
      "name" : "ios",
      "version" : "15.0"
    },
    {
      "name" : "macos",
      "version" : "12.0"
    },
    {
      "name" : "maccatalyst",
      "version" : "15.0"
    },
    {
      "name" : "tvos",
      "version" : "15.0"
    },
    {
      "name" : "watchos",
      "version" : "8.0"
    },
    {
      "name" : "visionos",
      "version" : "1.0"
    }
  ],
  "products" : [
    {
      "name" : "Vortex",
      "targets" : [
        "Vortex"
      ],
      "type" : {
        "library" : [
          "automatic"
        ]
      }
    }
  ],
  "targets" : [
    {
      "c99name" : "VortexTests",
      "module_type" : "SwiftTarget",
      "name" : "VortexTests",
      "path" : "Tests/VortexTests",
      "sources" : [
        "VortexTests.swift"
      ],
      "target_dependencies" : [
        "Vortex"
      ],
      "type" : "test"
    },
    {
      "c99name" : "Vortex",
      "module_type" : "SwiftTarget",
      "name" : "Vortex",
      "path" : "Sources/Vortex",
      "product_memberships" : [
        "Vortex"
      ],
      "sources" : [
        "Helpers/Angle+Codable.swift",
        "Helpers/Array-InterpolatedColor.swift",
        "Helpers/Lerping.swift",
        "Helpers/RandomSpread.swift",
        "Presets/Confetti.swift",
        "Presets/Fire.swift",
        "Presets/Fireflies.swift",
        "Presets/Fireworks.swift",
        "Presets/Magic.swift",
        "Presets/Rain.swift",
        "Presets/Smoke.swift",
        "Presets/Snow.swift",
        "Presets/Spark.swift",
        "Presets/Splash.swift",
        "Resources/DefaultSymbols.swift",
        "System/Color.swift",
        "System/ColorMode.swift",
        "System/Particle.swift",
        "System/Shape.swift",
        "System/SpawnOccasion.swift",
        "System/VortexSystem-Behavior.swift",
        "System/VortexSystem.swift",
        "Views/VortexProxy.swift",
        "Views/VortexSystemPreferenceKey.swift",
        "Views/VortexView.swift",
        "Views/VortexViewReader.swift"
      ],
      "type" : "library"
    }
  ],
  "tools_version" : "5.9"
}
{
  "workspace" : {
    "name" : "Vortex",
    "schemes" : [
      "Vortex"
    ]
  }
}
2026-09-22 21:58:22.957 xcodebuild[793:4819] [MT] IDERunDestination: Supported platforms for the buildables in the current scheme is empty.
Running build ...
env DEVELOPER_DIR=/Applications/Xcode-27.0.0-Release.Candidate.app xcrun xcodebuild -IDEClonedSourcePackagesDirPathOverride=$PWD/.dependencies -skipMacroValidation -skipPackagePluginValidation -derivedDataPath $PWD/.derivedData build -scheme Vortex -destination generic/platform=tvOS
Command line invocation:
    /Applications/Xcode-27.0.0-Release.Candidate.app/Contents/Developer/usr/bin/xcodebuild -IDEClonedSourcePackagesDirPathOverride=/Users/admin/builder/spi-builder-workspace/.dependencies -skipMacroValidation -skipPackagePluginValidation -derivedDataPath /Users/admin/builder/spi-builder-workspace/.derivedData build -scheme Vortex -destination generic/platform=tvOS
Resolve Package Graph
Resolved source packages:
  Vortex: /Users/admin/builder/spi-builder-workspace
ComputePackagePrebuildTargetDependencyGraph
Prepare packages
CreateBuildRequest
SendProjectDescription
CreateBuildOperation
ComputeTargetDependencyGraph
note: Building targets in dependency order
note: Target dependency graph (3 targets)
    Target 'Vortex-product' in project 'Vortex'
        ➜ Explicit dependency on target 'Vortex' in project 'Vortex'
        ➜ Explicit dependency on target 'Vortex_Vortex' in project 'Vortex'
    Target 'Vortex' in project 'Vortex'
        ➜ Explicit dependency on target 'Vortex_Vortex' in project 'Vortex'
    Target 'Vortex_Vortex' in project 'Vortex' (no dependencies)
GatherProvisioningInputs
CreateBuildDescription
ClangStatCache /Applications/Xcode-27.0.0-Release.Candidate.app/Contents/Developer/Toolchains/XcodeDefault.xctoolchain/usr/bin/clang-stat-cache /Applications/Xcode-27.0.0-Release.Candidate.app/Contents/Developer/Platforms/AppleTVOS.platform/Developer/SDKs/AppleTVOS27.0.sdk /Users/admin/builder/spi-builder-workspace/.derivedData/SDKStatCaches.noindex/appletvos27.0-24J360-e829b21a6f8c9b70876ba0858053c044b32bfd8d43560033f8d89884cdb90028.sdkstatcache
    cd /Users/admin/builder/spi-builder-workspace/.swiftpm/xcode
    /Applications/Xcode-27.0.0-Release.Candidate.app/Contents/Developer/Toolchains/XcodeDefault.xctoolchain/usr/bin/clang-stat-cache /Applications/Xcode-27.0.0-Release.Candidate.app/Contents/Developer/Platforms/AppleTVOS.platform/Developer/SDKs/AppleTVOS27.0.sdk -o /Users/admin/builder/spi-builder-workspace/.derivedData/SDKStatCaches.noindex/appletvos27.0-24J360-e829b21a6f8c9b70876ba0858053c044b32bfd8d43560033f8d89884cdb90028.sdkstatcache
SwiftMergeGeneratedHeaders /Users/admin/builder/spi-builder-workspace/.derivedData/Build/Intermediates.noindex/GeneratedModuleMaps-appletvos/Vortex-Swift.h /Users/admin/builder/spi-builder-workspace/.derivedData/Build/Intermediates.noindex/Vortex.build/Debug-appletvos/Vortex-t.build/Objects-normal/arm64/Vortex-Swift.h (in target 'Vortex' from project 'Vortex')
    cd /Users/admin/builder/spi-builder-workspace
    builtin-swiftHeaderTool -arch arm64 /Users/admin/builder/spi-builder-workspace/.derivedData/Build/Intermediates.noindex/Vortex.build/Debug-appletvos/Vortex-t.build/Objects-normal/arm64/Vortex-Swift.h -o /Users/admin/builder/spi-builder-workspace/.derivedData/Build/Intermediates.noindex/GeneratedModuleMaps-appletvos/Vortex-Swift.h
Copy /Users/admin/builder/spi-builder-workspace/.derivedData/Build/Products/Debug-appletvos/Vortex.swiftmodule/arm64-apple-tvos.abi.json /Users/admin/builder/spi-builder-workspace/.derivedData/Build/Intermediates.noindex/Vortex.build/Debug-appletvos/Vortex-t.build/Objects-normal/arm64/Vortex.abi.json (in target 'Vortex' from project 'Vortex')
    cd /Users/admin/builder/spi-builder-workspace
    builtin-copy -exclude .DS_Store -exclude CVS -exclude .svn -exclude .git -exclude .hg -resolve-src-symlinks -rename /Users/admin/builder/spi-builder-workspace/.derivedData/Build/Intermediates.noindex/Vortex.build/Debug-appletvos/Vortex-t.build/Objects-normal/arm64/Vortex.abi.json /Users/admin/builder/spi-builder-workspace/.derivedData/Build/Products/Debug-appletvos/Vortex.swiftmodule/arm64-apple-tvos.abi.json
Copy /Users/admin/builder/spi-builder-workspace/.derivedData/Build/Products/Debug-appletvos/Vortex.swiftmodule/arm64-apple-tvos.swiftdoc /Users/admin/builder/spi-builder-workspace/.derivedData/Build/Intermediates.noindex/Vortex.build/Debug-appletvos/Vortex-t.build/Objects-normal/arm64/Vortex.swiftdoc (in target 'Vortex' from project 'Vortex')
    cd /Users/admin/builder/spi-builder-workspace
    builtin-copy -exclude .DS_Store -exclude CVS -exclude .svn -exclude .git -exclude .hg -resolve-src-symlinks -rename /Users/admin/builder/spi-builder-workspace/.derivedData/Build/Intermediates.noindex/Vortex.build/Debug-appletvos/Vortex-t.build/Objects-normal/arm64/Vortex.swiftdoc /Users/admin/builder/spi-builder-workspace/.derivedData/Build/Products/Debug-appletvos/Vortex.swiftmodule/arm64-apple-tvos.swiftdoc
Copy /Users/admin/builder/spi-builder-workspace/.derivedData/Build/Products/Debug-appletvos/Vortex.swiftmodule/arm64-apple-tvos.swiftmodule /Users/admin/builder/spi-builder-workspace/.derivedData/Build/Intermediates.noindex/Vortex.build/Debug-appletvos/Vortex-t.build/Objects-normal/arm64/Vortex.swiftmodule (in target 'Vortex' from project 'Vortex')
    cd /Users/admin/builder/spi-builder-workspace
    builtin-copy -exclude .DS_Store -exclude CVS -exclude .svn -exclude .git -exclude .hg -resolve-src-symlinks -rename /Users/admin/builder/spi-builder-workspace/.derivedData/Build/Intermediates.noindex/Vortex.build/Debug-appletvos/Vortex-t.build/Objects-normal/arm64/Vortex.swiftmodule /Users/admin/builder/spi-builder-workspace/.derivedData/Build/Products/Debug-appletvos/Vortex.swiftmodule/arm64-apple-tvos.swiftmodule
SwiftDriver Vortex normal arm64 com.apple.xcode.tools.swift.compiler (in target 'Vortex' from project 'Vortex')
    cd /Users/admin/builder/spi-builder-workspace/.swiftpm/xcode
    builtin-SwiftDriver -- /Applications/Xcode-27.0.0-Release.Candidate.app/Contents/Developer/Toolchains/XcodeDefault.xctoolchain/usr/bin/swiftc -parse-as-library -module-name Vortex -Onone @/Users/admin/builder/spi-builder-workspace/.derivedData/Build/Intermediates.noindex/Vortex.build/Debug-appletvos/Vortex-t.build/Objects-normal/arm64/Vortex.SwiftFileList -DSWIFT_PACKAGE -DDEBUG -DSWIFT_MODULE_RESOURCE_BUNDLE_AVAILABLE -DXcode -plugin-path /Applications/Xcode-27.0.0-Release.Candidate.app/Contents/Developer/Toolchains/XcodeDefault.xctoolchain/usr/lib/swift/host/plugins/testing -enable-experimental-feature DebugDescriptionMacro -sdk /Applications/Xcode-27.0.0-Release.Candidate.app/Contents/Developer/Platforms/AppleTVOS.platform/Developer/SDKs/AppleTVOS27.0.sdk -target arm64-apple-tvos15.0 -g -module-cache-path /Users/admin/builder/spi-builder-workspace/.derivedData/ModuleCache.noindex -Xfrontend -serialize-debugging-options -profile-coverage-mapping -profile-generate -enable-testing -index-store-path /Users/admin/builder/spi-builder-workspace/.derivedData/Index.noindex/DataStore -Xcc -D_LIBCPP_HARDENING_MODE\=_LIBCPP_HARDENING_MODE_DEBUG -swift-version 5 -I /Users/admin/builder/spi-builder-workspace/.derivedData/Build/Products/Debug-appletvos -Isystem /Applications/Xcode-27.0.0-Release.Candidate.app/Contents/Developer/Platforms/AppleTVOS.platform/Developer/usr/lib -F /Users/admin/builder/spi-builder-workspace/.derivedData/Build/Products/Debug-appletvos -F /Applications/Xcode-27.0.0-Release.Candidate.app/Contents/Developer/Platforms/AppleTVOS.platform/Developer/Library/Frameworks -F /Applications/Xcode-27.0.0-Release.Candidate.app/Contents/Developer/Platforms/AppleTVOS.platform/Developer/SDKs/AppleTVOS27.0.sdk/Developer/Library/Frameworks -c -j10 -enable-batch-mode -incremental -Xcc -ivfsstatcache -Xcc /Users/admin/builder/spi-builder-workspace/.derivedData/SDKStatCaches.noindex/appletvos27.0-24J360-e829b21a6f8c9b70876ba0858053c044b32bfd8d43560033f8d89884cdb90028.sdkstatcache -output-file-map /Users/admin/builder/spi-builder-workspace/.derivedData/Build/Intermediates.noindex/Vortex.build/Debug-appletvos/Vortex-t.build/Objects-normal/arm64/Vortex-OutputFileMap.json -save-temps -no-color-diagnostics -explicit-module-build -module-cache-path /Users/admin/builder/spi-builder-workspace/.derivedData/Build/Intermediates.noindex/SwiftExplicitPrecompiledModules -clang-scanner-module-cache-path /Users/admin/builder/spi-builder-workspace/.derivedData/ModuleCache.noindex -sdk-module-cache-path /Users/admin/builder/spi-builder-workspace/.derivedData/SDKExplicitPrecompiledModules -emit-dependencies -emit-module -emit-module-path /Users/admin/builder/spi-builder-workspace/.derivedData/Build/Intermediates.noindex/Vortex.build/Debug-appletvos/Vortex-t.build/Objects-normal/arm64/Vortex.swiftmodule -serialize-diagnostics -dependency-scan-serialize-diagnostics-path /Users/admin/builder/spi-builder-workspace/.derivedData/Build/Intermediates.noindex/Vortex.build/Debug-appletvos/Vortex-t.build/Objects-normal/arm64/Vortex-dependency-scan.dia -validate-clang-modules-once -clang-build-session-file /Users/admin/builder/spi-builder-workspace/.derivedData/ModuleCache.noindex/Session.modulevalidation -Xcc -fmodules-prune-interval\=86400 -Xcc -fmodules-prune-after\=345600 -package-name spi_builder_workspace -emit-const-values -const-gather-protocols-list /Users/admin/builder/spi-builder-workspace/.derivedData/Build/Intermediates.noindex/Vortex.build/Debug-appletvos/Vortex-t.build/Objects-normal/arm64/Vortex_const_extract_protocols.json -Xcc -I/Users/admin/builder/spi-builder-workspace/.derivedData/Build/Products/Debug-appletvos/include -Xcc -I/Users/admin/builder/spi-builder-workspace/.derivedData/Build/Intermediates.noindex/Vortex.build/Debug-appletvos/Vortex-t.build/DerivedSources-normal/arm64 -Xcc -I/Users/admin/builder/spi-builder-workspace/.derivedData/Build/Intermediates.noindex/Vortex.build/Debug-appletvos/Vortex-t.build/DerivedSources/arm64 -Xcc -I/Users/admin/builder/spi-builder-workspace/.derivedData/Build/Intermediates.noindex/Vortex.build/Debug-appletvos/Vortex-t.build/DerivedSources -Xcc -DSWIFT_PACKAGE -Xcc -DDEBUG\=1 -emit-objc-header -emit-objc-header-path /Users/admin/builder/spi-builder-workspace/.derivedData/Build/Intermediates.noindex/Vortex.build/Debug-appletvos/Vortex-t.build/Objects-normal/arm64/Vortex-Swift.h -working-directory /Users/admin/builder/spi-builder-workspace/.swiftpm/xcode -experimental-emit-module-separately -disable-cmo
Copy /Users/admin/builder/spi-builder-workspace/.derivedData/Build/Products/Debug-appletvos/Vortex.swiftmodule/Project/arm64-apple-tvos.swiftsourceinfo /Users/admin/builder/spi-builder-workspace/.derivedData/Build/Intermediates.noindex/Vortex.build/Debug-appletvos/Vortex-t.build/Objects-normal/arm64/Vortex.swiftsourceinfo (in target 'Vortex' from project 'Vortex')
    cd /Users/admin/builder/spi-builder-workspace
    builtin-copy -exclude .DS_Store -exclude CVS -exclude .svn -exclude .git -exclude .hg -resolve-src-symlinks -rename /Users/admin/builder/spi-builder-workspace/.derivedData/Build/Intermediates.noindex/Vortex.build/Debug-appletvos/Vortex-t.build/Objects-normal/arm64/Vortex.swiftsourceinfo /Users/admin/builder/spi-builder-workspace/.derivedData/Build/Products/Debug-appletvos/Vortex.swiftmodule/Project/arm64-apple-tvos.swiftsourceinfo
SwiftCompile normal arm64 Compiling\ resource_bundle_accessor.swift,\ Angle+Codable.swift,\ Array-InterpolatedColor.swift /Users/admin/builder/spi-builder-workspace/.derivedData/Build/Intermediates.noindex/Vortex.build/Debug-appletvos/Vortex-t.build/DerivedSources/resource_bundle_accessor.swift /Users/admin/builder/spi-builder-workspace/Sources/Vortex/Helpers/Angle+Codable.swift /Users/admin/builder/spi-builder-workspace/Sources/Vortex/Helpers/Array-InterpolatedColor.swift (in target 'Vortex' from project 'Vortex')
SwiftCompile normal arm64 /Users/admin/builder/spi-builder-workspace/.derivedData/Build/Intermediates.noindex/Vortex.build/Debug-appletvos/Vortex-t.build/DerivedSources/resource_bundle_accessor.swift (in target 'Vortex' from project 'Vortex')
    cd /Users/admin/builder/spi-builder-workspace/.swiftpm/xcode
    builtin-SwiftPerFileCompile resource_bundle_accessor.swift
SwiftCompile normal arm64 /Users/admin/builder/spi-builder-workspace/Sources/Vortex/Helpers/Angle+Codable.swift (in target 'Vortex' from project 'Vortex')
    cd /Users/admin/builder/spi-builder-workspace/.swiftpm/xcode
    builtin-SwiftPerFileCompile Angle+Codable.swift
SwiftCompile normal arm64 /Users/admin/builder/spi-builder-workspace/Sources/Vortex/Helpers/Array-InterpolatedColor.swift (in target 'Vortex' from project 'Vortex')
    cd /Users/admin/builder/spi-builder-workspace/.swiftpm/xcode
    builtin-SwiftPerFileCompile Array-InterpolatedColor.swift
SwiftCompile normal arm64 Compiling\ Lerping.swift,\ RandomSpread.swift,\ Confetti.swift /Users/admin/builder/spi-builder-workspace/Sources/Vortex/Helpers/Lerping.swift /Users/admin/builder/spi-builder-workspace/Sources/Vortex/Helpers/RandomSpread.swift /Users/admin/builder/spi-builder-workspace/Sources/Vortex/Presets/Confetti.swift (in target 'Vortex' from project 'Vortex')
/Users/admin/builder/spi-builder-workspace/Sources/Vortex/Presets/Confetti.swift:43:36: error: 'resolve(in:)' is only available in tvOS 17.0 or newer
 8 | import SwiftUI
 9 |
10 | extension VortexSystem {
   | `- note: add '@available' attribute to enclosing extension
11 |     /// A built-in effect that creates confetti only when a burst is triggered.
12 |     /// Relies on "square" and "circle" tags being present – using `Rectangle`
   :
36 |     /// - Returns: an instance of `VortexSystem` to pass into the VortexView
37 |     @available(macOS 14.0, iOS 17.0, *)
38 |     public static func confetti(
   |                        `- note: add '@available' attribute to enclosing static method
39 |         colors: [SwiftUI.Color],
40 |         in environment: EnvironmentValues
41 |     ) -> VortexSystem {
42 |         let resolvedColors = colors.map { color in
43 |             let components = color.resolve(in: environment)
   |                                    |- error: 'resolve(in:)' is only available in tvOS 17.0 or newer
   |                                    `- note: add 'if #available' version check
44 |
45 |             return Color(
/Users/admin/builder/spi-builder-workspace/Sources/Vortex/Presets/Confetti.swift:46:40: error: 'red' is only available in tvOS 17.0 or newer
 8 | import SwiftUI
 9 |
10 | extension VortexSystem {
   | `- note: add '@available' attribute to enclosing extension
11 |     /// A built-in effect that creates confetti only when a burst is triggered.
12 |     /// Relies on "square" and "circle" tags being present – using `Rectangle`
   :
36 |     /// - Returns: an instance of `VortexSystem` to pass into the VortexView
37 |     @available(macOS 14.0, iOS 17.0, *)
38 |     public static func confetti(
   |                        `- note: add '@available' attribute to enclosing static method
39 |         colors: [SwiftUI.Color],
40 |         in environment: EnvironmentValues
   :
44 |
45 |             return Color(
46 |                 red: Double(components.red),
   |                                        |- error: 'red' is only available in tvOS 17.0 or newer
   |                                        `- note: add 'if #available' version check
47 |                 green: Double(components.green),
48 |                 blue: Double(components.blue),
/Users/admin/builder/spi-builder-workspace/Sources/Vortex/Presets/Confetti.swift:47:42: error: 'green' is only available in tvOS 17.0 or newer
 8 | import SwiftUI
 9 |
10 | extension VortexSystem {
   | `- note: add '@available' attribute to enclosing extension
11 |     /// A built-in effect that creates confetti only when a burst is triggered.
12 |     /// Relies on "square" and "circle" tags being present – using `Rectangle`
   :
36 |     /// - Returns: an instance of `VortexSystem` to pass into the VortexView
37 |     @available(macOS 14.0, iOS 17.0, *)
38 |     public static func confetti(
   |                        `- note: add '@available' attribute to enclosing static method
39 |         colors: [SwiftUI.Color],
40 |         in environment: EnvironmentValues
   :
45 |             return Color(
46 |                 red: Double(components.red),
47 |                 green: Double(components.green),
   |                                          |- error: 'green' is only available in tvOS 17.0 or newer
   |                                          `- note: add 'if #available' version check
48 |                 blue: Double(components.blue),
49 |                 opacity: Double(components.opacity)
/Users/admin/builder/spi-builder-workspace/Sources/Vortex/Presets/Confetti.swift:48:41: error: 'blue' is only available in tvOS 17.0 or newer
 8 | import SwiftUI
 9 |
10 | extension VortexSystem {
   | `- note: add '@available' attribute to enclosing extension
11 |     /// A built-in effect that creates confetti only when a burst is triggered.
12 |     /// Relies on "square" and "circle" tags being present – using `Rectangle`
   :
36 |     /// - Returns: an instance of `VortexSystem` to pass into the VortexView
37 |     @available(macOS 14.0, iOS 17.0, *)
38 |     public static func confetti(
   |                        `- note: add '@available' attribute to enclosing static method
39 |         colors: [SwiftUI.Color],
40 |         in environment: EnvironmentValues
   :
46 |                 red: Double(components.red),
47 |                 green: Double(components.green),
48 |                 blue: Double(components.blue),
   |                                         |- error: 'blue' is only available in tvOS 17.0 or newer
   |                                         `- note: add 'if #available' version check
49 |                 opacity: Double(components.opacity)
50 |             )
Failed frontend command:
/Applications/Xcode-27.0.0-Release.Candidate.app/Contents/Developer/Toolchains/XcodeDefault.xctoolchain/usr/bin/swift-frontend -frontend -c /Users/admin/builder/spi-builder-workspace/.derivedData/Build/Intermediates.noindex/Vortex.build/Debug-appletvos/Vortex-t.build/DerivedSources/resource_bundle_accessor.swift /Users/admin/builder/spi-builder-workspace/Sources/Vortex/Helpers/Angle+Codable.swift /Users/admin/builder/spi-builder-workspace/Sources/Vortex/Helpers/Array-InterpolatedColor.swift -primary-file /Users/admin/builder/spi-builder-workspace/Sources/Vortex/Helpers/Lerping.swift -primary-file /Users/admin/builder/spi-builder-workspace/Sources/Vortex/Helpers/RandomSpread.swift -primary-file /Users/admin/builder/spi-builder-workspace/Sources/Vortex/Presets/Confetti.swift /Users/admin/builder/spi-builder-workspace/Sources/Vortex/Presets/Fire.swift /Users/admin/builder/spi-builder-workspace/Sources/Vortex/Presets/Fireflies.swift /Users/admin/builder/spi-builder-workspace/Sources/Vortex/Presets/Fireworks.swift /Users/admin/builder/spi-builder-workspace/Sources/Vortex/Presets/Magic.swift /Users/admin/builder/spi-builder-workspace/Sources/Vortex/Presets/Rain.swift /Users/admin/builder/spi-builder-workspace/Sources/Vortex/Presets/Smoke.swift /Users/admin/builder/spi-builder-workspace/Sources/Vortex/Presets/Snow.swift /Users/admin/builder/spi-builder-workspace/Sources/Vortex/Presets/Spark.swift /Users/admin/builder/spi-builder-workspace/Sources/Vortex/Presets/Splash.swift /Users/admin/builder/spi-builder-workspace/Sources/Vortex/Resources/DefaultSymbols.swift /Users/admin/builder/spi-builder-workspace/Sources/Vortex/System/Color.swift /Users/admin/builder/spi-builder-workspace/Sources/Vortex/System/ColorMode.swift /Users/admin/builder/spi-builder-workspace/Sources/Vortex/System/Particle.swift /Users/admin/builder/spi-builder-workspace/Sources/Vortex/System/Shape.swift /Users/admin/builder/spi-builder-workspace/Sources/Vortex/System/SpawnOccasion.swift /Users/admin/builder/spi-builder-workspace/Sources/Vortex/System/VortexSystem-Behavior.swift /Users/admin/builder/spi-builder-workspace/Sources/Vortex/System/VortexSystem.swift /Users/admin/builder/spi-builder-workspace/Sources/Vortex/Views/VortexProxy.swift /Users/admin/builder/spi-builder-workspace/Sources/Vortex/Views/VortexSystemPreferenceKey.swift /Users/admin/builder/spi-builder-workspace/Sources/Vortex/Views/VortexView.swift /Users/admin/builder/spi-builder-workspace/Sources/Vortex/Views/VortexViewReader.swift /Users/admin/builder/spi-builder-workspace/.derivedData/Build/Intermediates.noindex/Vortex.build/Debug-appletvos/Vortex-t.build/DerivedSources/GeneratedAssetSymbols.swift -supplementary-output-file-map /Users/admin/builder/spi-builder-workspace/.derivedData/Build/Intermediates.noindex/Vortex.build/Debug-appletvos/Vortex-t.build/Objects-normal/arm64/supplementaryOutputs-2 -target arm64-apple-tvos15.0 -module-can-import-version DeveloperToolsSupport 24.0.24 24.0.24 -module-can-import-version SwiftUI 8.0.84 8.0.84 -module-can-import-version UIKit 9127.0.84.1 9127.0.84 -disable-cross-import-overlay-search -load-resolved-plugin /Applications/Xcode-27.0.0-Release.Candidate.app/Contents/Developer/Platforms/AppleTVOS.platform/Developer/usr/lib/swift/host/plugins/libFoundationMacros.dylib\#/Applications/Xcode-27.0.0-Release.Candidate.app/Contents/Developer/Platforms/AppleTVOS.platform/Developer/usr/bin/swift-plugin-server\#FoundationMacros -load-resolved-plugin /Applications/Xcode-27.0.0-Release.Candidate.app/Contents/Developer/Platforms/AppleTVOS.platform/Developer/usr/lib/swift/host/plugins/libObservationMacros.dylib\#/Applications/Xcode-27.0.0-Release.Candidate.app/Contents/Developer/Platforms/AppleTVOS.platform/Developer/usr/bin/swift-plugin-server\#ObservationMacros -load-resolved-plugin /Applications/Xcode-27.0.0-Release.Candidate.app/Contents/Developer/Platforms/AppleTVOS.platform/Developer/usr/lib/swift/host/plugins/libPreviewsMacros.dylib\#/Applications/Xcode-27.0.0-Release.Candidate.app/Contents/Developer/Platforms/AppleTVOS.platform/Developer/usr/bin/swift-plugin-server\#PreviewsMacros -load-resolved-plugin /Applications/Xcode-27.0.0-Release.Candidate.app/Contents/Developer/Platforms/AppleTVOS.platform/Developer/usr/lib/swift/host/plugins/libSwiftMacros.dylib\#/Applications/Xcode-27.0.0-Release.Candidate.app/Contents/Developer/Platforms/AppleTVOS.platform/Developer/usr/bin/swift-plugin-server\#SwiftMacros -load-resolved-plugin /Applications/Xcode-27.0.0-Release.Candidate.app/Contents/Developer/Platforms/AppleTVOS.platform/Developer/usr/lib/swift/host/plugins/libSwiftUIMacros.dylib\#/Applications/Xcode-27.0.0-Release.Candidate.app/Contents/Developer/Platforms/AppleTVOS.platform/Developer/usr/bin/swift-plugin-server\#SwiftUIMacros -disable-implicit-swift-modules -Xcc -fno-implicit-modules -Xcc -fno-implicit-module-maps -explicit-swift-module-map-file /Users/admin/builder/spi-builder-workspace/.derivedData/Build/Intermediates.noindex/Vortex.build/Debug-appletvos/Vortex-t.build/Objects-normal/arm64/Vortex-dependencies-1.json -Xllvm -aarch64-use-tbi -enable-objc-interop -stack-check -sdk /Applications/Xcode-27.0.0-Release.Candidate.app/Contents/Developer/Platforms/AppleTVOS.platform/Developer/SDKs/AppleTVOS27.0.sdk -I /Users/admin/builder/spi-builder-workspace/.derivedData/Build/Products/Debug-appletvos -Isystem /Applications/Xcode-27.0.0-Release.Candidate.app/Contents/Developer/Platforms/AppleTVOS.platform/Developer/usr/lib -F /Users/admin/builder/spi-builder-workspace/.derivedData/Build/Products/Debug-appletvos -F /Applications/Xcode-27.0.0-Release.Candidate.app/Contents/Developer/Platforms/AppleTVOS.platform/Developer/Library/Frameworks -F /Applications/Xcode-27.0.0-Release.Candidate.app/Contents/Developer/Platforms/AppleTVOS.platform/Developer/SDKs/AppleTVOS27.0.sdk/Developer/Library/Frameworks -module-cache-path /Users/admin/builder/spi-builder-workspace/.derivedData/Build/Intermediates.noindex/SwiftExplicitPrecompiledModules -no-color-diagnostics -Xcc -fno-color-diagnostics -enable-testing -g -debug-info-format\=dwarf -dwarf-version\=4 -profile-generate -profile-coverage-mapping -swift-version 5 -Onone -D SWIFT_PACKAGE -D DEBUG -D SWIFT_MODULE_RESOURCE_BUNDLE_AVAILABLE -D Xcode -serialize-debugging-options -enable-experimental-feature DebugDescriptionMacro -empty-abi-descriptor -validate-clang-modules-once -clang-build-session-file /Users/admin/builder/spi-builder-workspace/.derivedData/ModuleCache.noindex/Session.modulevalidation -Xcc -working-directory -Xcc /Users/admin/builder/spi-builder-workspace/.swiftpm/xcode -enable-anonymous-context-mangled-names -file-compilation-dir /Users/admin/builder/spi-builder-workspace/.swiftpm/xcode -Xcc -D_LIBCPP_HARDENING_MODE\=_LIBCPP_HARDENING_MODE_DEBUG -Xcc -ivfsstatcache -Xcc /Users/admin/builder/spi-builder-workspace/.derivedData/SDKStatCaches.noindex/appletvos27.0-24J360-e829b21a6f8c9b70876ba0858053c044b32bfd8d43560033f8d89884cdb90028.sdkstatcache -Xcc -fmodules-prune-interval\=86400 -Xcc -fmodules-prune-after\=345600 -Xcc -I/Users/admin/builder/spi-builder-workspace/.derivedData/Build/Products/Debug-appletvos/include -Xcc -I/Users/admin/builder/spi-builder-workspace/.derivedData/Build/Intermediates.noindex/Vortex.build/Debug-appletvos/Vortex-t.build/DerivedSources-normal/arm64 -Xcc -I/Users/admin/builder/spi-builder-workspace/.derivedData/Build/Intermediates.noindex/Vortex.build/Debug-appletvos/Vortex-t.build/DerivedSources/arm64 -Xcc -I/Users/admin/builder/spi-builder-workspace/.derivedData/Build/Intermediates.noindex/Vortex.build/Debug-appletvos/Vortex-t.build/DerivedSources -Xcc -DSWIFT_PACKAGE -Xcc -DDEBUG\=1 -no-auto-bridging-header-chaining -module-name Vortex -package-name spi_builder_workspace -const-gather-protocols-file /Users/admin/builder/spi-builder-workspace/.derivedData/Build/Intermediates.noindex/Vortex.build/Debug-appletvos/Vortex-t.build/Objects-normal/arm64/Vortex_const_extract_protocols.json -disable-clang-spi -clang-target arm64-apple-tvos27.0 -target-sdk-version 27.0 -target-sdk-name appletvos27.0 -in-process-plugin-server-path /Applications/Xcode-27.0.0-Release.Candidate.app/Contents/Developer/Toolchains/XcodeDefault.xctoolchain/usr/lib/swift/host/libSwiftInProcPluginServer.dylib -parse-as-library -o /Users/admin/builder/spi-builder-workspace/.derivedData/Build/Intermediates.noindex/Vortex.build/Debug-appletvos/Vortex-t.build/Objects-normal/arm64/Lerping.o -o /Users/admin/builder/spi-builder-workspace/.derivedData/Build/Intermediates.noindex/Vortex.build/Debug-appletvos/Vortex-t.build/Objects-normal/arm64/RandomSpread.o -o /Users/admin/builder/spi-builder-workspace/.derivedData/Build/Intermediates.noindex/Vortex.build/Debug-appletvos/Vortex-t.build/Objects-normal/arm64/Confetti.o -debug-module-path /Users/admin/builder/spi-builder-workspace/.derivedData/Build/Intermediates.noindex/Vortex.build/Debug-appletvos/Vortex-t.build/Objects-normal/arm64/Vortex.swiftmodule -index-unit-output-path /Vortex.build/Debug-appletvos/Vortex-t.build/Objects-normal/arm64/Lerping.o -index-unit-output-path /Vortex.build/Debug-appletvos/Vortex-t.build/Objects-normal/arm64/RandomSpread.o -index-unit-output-path /Vortex.build/Debug-appletvos/Vortex-t.build/Objects-normal/arm64/Confetti.o -index-store-path /Users/admin/builder/spi-builder-workspace/.derivedData/Index.noindex/DataStore -index-system-modules
SwiftCompile normal arm64 /Users/admin/builder/spi-builder-workspace/Sources/Vortex/Helpers/Lerping.swift (in target 'Vortex' from project 'Vortex')
    cd /Users/admin/builder/spi-builder-workspace/.swiftpm/xcode
    builtin-SwiftPerFileCompile Lerping.swift
SwiftCompile normal arm64 /Users/admin/builder/spi-builder-workspace/Sources/Vortex/Helpers/RandomSpread.swift (in target 'Vortex' from project 'Vortex')
    cd /Users/admin/builder/spi-builder-workspace/.swiftpm/xcode
    builtin-SwiftPerFileCompile RandomSpread.swift
SwiftCompile normal arm64 /Users/admin/builder/spi-builder-workspace/Sources/Vortex/Presets/Confetti.swift (in target 'Vortex' from project 'Vortex')
    cd /Users/admin/builder/spi-builder-workspace/.swiftpm/xcode
    builtin-SwiftPerFileCompile Confetti.swift
SwiftCompile normal arm64 Compiling\ Magic.swift,\ Rain.swift,\ Smoke.swift /Users/admin/builder/spi-builder-workspace/Sources/Vortex/Presets/Magic.swift /Users/admin/builder/spi-builder-workspace/Sources/Vortex/Presets/Rain.swift /Users/admin/builder/spi-builder-workspace/Sources/Vortex/Presets/Smoke.swift (in target 'Vortex' from project 'Vortex')
SwiftCompile normal arm64 /Users/admin/builder/spi-builder-workspace/Sources/Vortex/Presets/Magic.swift (in target 'Vortex' from project 'Vortex')
    cd /Users/admin/builder/spi-builder-workspace/.swiftpm/xcode
    builtin-SwiftPerFileCompile Magic.swift
SwiftCompile normal arm64 /Users/admin/builder/spi-builder-workspace/Sources/Vortex/Presets/Rain.swift (in target 'Vortex' from project 'Vortex')
    cd /Users/admin/builder/spi-builder-workspace/.swiftpm/xcode
    builtin-SwiftPerFileCompile Rain.swift
SwiftCompile normal arm64 /Users/admin/builder/spi-builder-workspace/Sources/Vortex/Presets/Smoke.swift (in target 'Vortex' from project 'Vortex')
    cd /Users/admin/builder/spi-builder-workspace/.swiftpm/xcode
    builtin-SwiftPerFileCompile Smoke.swift
SwiftCompile normal arm64 Compiling\ SpawnOccasion.swift,\ VortexSystem-Behavior.swift /Users/admin/builder/spi-builder-workspace/Sources/Vortex/System/SpawnOccasion.swift /Users/admin/builder/spi-builder-workspace/Sources/Vortex/System/VortexSystem-Behavior.swift (in target 'Vortex' from project 'Vortex')
SwiftCompile normal arm64 /Users/admin/builder/spi-builder-workspace/Sources/Vortex/System/SpawnOccasion.swift (in target 'Vortex' from project 'Vortex')
    cd /Users/admin/builder/spi-builder-workspace/.swiftpm/xcode
    builtin-SwiftPerFileCompile SpawnOccasion.swift
SwiftCompile normal arm64 /Users/admin/builder/spi-builder-workspace/Sources/Vortex/System/VortexSystem-Behavior.swift (in target 'Vortex' from project 'Vortex')
    cd /Users/admin/builder/spi-builder-workspace/.swiftpm/xcode
    builtin-SwiftPerFileCompile VortexSystem-Behavior.swift
SwiftCompile normal arm64 Compiling\ VortexSystem.swift,\ VortexProxy.swift /Users/admin/builder/spi-builder-workspace/Sources/Vortex/System/VortexSystem.swift /Users/admin/builder/spi-builder-workspace/Sources/Vortex/Views/VortexProxy.swift (in target 'Vortex' from project 'Vortex')
SwiftCompile normal arm64 /Users/admin/builder/spi-builder-workspace/Sources/Vortex/System/VortexSystem.swift (in target 'Vortex' from project 'Vortex')
    cd /Users/admin/builder/spi-builder-workspace/.swiftpm/xcode
    builtin-SwiftPerFileCompile VortexSystem.swift
SwiftCompile normal arm64 /Users/admin/builder/spi-builder-workspace/Sources/Vortex/Views/VortexProxy.swift (in target 'Vortex' from project 'Vortex')
    cd /Users/admin/builder/spi-builder-workspace/.swiftpm/xcode
    builtin-SwiftPerFileCompile VortexProxy.swift
SwiftCompile normal arm64 Compiling\ DefaultSymbols.swift,\ Color.swift,\ ColorMode.swift /Users/admin/builder/spi-builder-workspace/Sources/Vortex/Resources/DefaultSymbols.swift /Users/admin/builder/spi-builder-workspace/Sources/Vortex/System/Color.swift /Users/admin/builder/spi-builder-workspace/Sources/Vortex/System/ColorMode.swift (in target 'Vortex' from project 'Vortex')
SwiftCompile normal arm64 /Users/admin/builder/spi-builder-workspace/Sources/Vortex/Resources/DefaultSymbols.swift (in target 'Vortex' from project 'Vortex')
    cd /Users/admin/builder/spi-builder-workspace/.swiftpm/xcode
    builtin-SwiftPerFileCompile DefaultSymbols.swift
SwiftCompile normal arm64 /Users/admin/builder/spi-builder-workspace/Sources/Vortex/System/Color.swift (in target 'Vortex' from project 'Vortex')
    cd /Users/admin/builder/spi-builder-workspace/.swiftpm/xcode
    builtin-SwiftPerFileCompile Color.swift
SwiftCompile normal arm64 /Users/admin/builder/spi-builder-workspace/Sources/Vortex/System/ColorMode.swift (in target 'Vortex' from project 'Vortex')
    cd /Users/admin/builder/spi-builder-workspace/.swiftpm/xcode
    builtin-SwiftPerFileCompile ColorMode.swift
SwiftCompile normal arm64 Compiling\ Particle.swift,\ Shape.swift /Users/admin/builder/spi-builder-workspace/Sources/Vortex/System/Particle.swift /Users/admin/builder/spi-builder-workspace/Sources/Vortex/System/Shape.swift (in target 'Vortex' from project 'Vortex')
SwiftCompile normal arm64 /Users/admin/builder/spi-builder-workspace/Sources/Vortex/System/Particle.swift (in target 'Vortex' from project 'Vortex')
    cd /Users/admin/builder/spi-builder-workspace/.swiftpm/xcode
    builtin-SwiftPerFileCompile Particle.swift
SwiftCompile normal arm64 /Users/admin/builder/spi-builder-workspace/Sources/Vortex/System/Shape.swift (in target 'Vortex' from project 'Vortex')
    cd /Users/admin/builder/spi-builder-workspace/.swiftpm/xcode
    builtin-SwiftPerFileCompile Shape.swift
SwiftCompile normal arm64 Compiling\ Fire.swift,\ Fireflies.swift,\ Fireworks.swift /Users/admin/builder/spi-builder-workspace/Sources/Vortex/Presets/Fire.swift /Users/admin/builder/spi-builder-workspace/Sources/Vortex/Presets/Fireflies.swift /Users/admin/builder/spi-builder-workspace/Sources/Vortex/Presets/Fireworks.swift (in target 'Vortex' from project 'Vortex')
SwiftCompile normal arm64 /Users/admin/builder/spi-builder-workspace/Sources/Vortex/Presets/Fire.swift (in target 'Vortex' from project 'Vortex')
    cd /Users/admin/builder/spi-builder-workspace/.swiftpm/xcode
    builtin-SwiftPerFileCompile Fire.swift
SwiftCompile normal arm64 /Users/admin/builder/spi-builder-workspace/Sources/Vortex/Presets/Fireflies.swift (in target 'Vortex' from project 'Vortex')
    cd /Users/admin/builder/spi-builder-workspace/.swiftpm/xcode
    builtin-SwiftPerFileCompile Fireflies.swift
SwiftCompile normal arm64 /Users/admin/builder/spi-builder-workspace/Sources/Vortex/Presets/Fireworks.swift (in target 'Vortex' from project 'Vortex')
    cd /Users/admin/builder/spi-builder-workspace/.swiftpm/xcode
    builtin-SwiftPerFileCompile Fireworks.swift
SwiftEmitModule normal arm64 Emitting\ module\ for\ Vortex (in target 'Vortex' from project 'Vortex')
SwiftCompile normal arm64 (in target 'Vortex' from project 'Vortex')
    cd /Users/admin/builder/spi-builder-workspace/.swiftpm/xcode

SwiftCompile normal arm64 Compiling\ Snow.swift,\ Spark.swift,\ Splash.swift /Users/admin/builder/spi-builder-workspace/Sources/Vortex/Presets/Snow.swift /Users/admin/builder/spi-builder-workspace/Sources/Vortex/Presets/Spark.swift /Users/admin/builder/spi-builder-workspace/Sources/Vortex/Presets/Splash.swift (in target 'Vortex' from project 'Vortex')
SwiftCompile normal arm64 /Users/admin/builder/spi-builder-workspace/Sources/Vortex/Presets/Snow.swift (in target 'Vortex' from project 'Vortex')
    cd /Users/admin/builder/spi-builder-workspace/.swiftpm/xcode
    builtin-SwiftPerFileCompile Snow.swift
SwiftCompile normal arm64 /Users/admin/builder/spi-builder-workspace/Sources/Vortex/Presets/Spark.swift (in target 'Vortex' from project 'Vortex')
    cd /Users/admin/builder/spi-builder-workspace/.swiftpm/xcode
    builtin-SwiftPerFileCompile Spark.swift
SwiftCompile normal arm64 /Users/admin/builder/spi-builder-workspace/Sources/Vortex/Presets/Splash.swift (in target 'Vortex' from project 'Vortex')
    cd /Users/admin/builder/spi-builder-workspace/.swiftpm/xcode
    builtin-SwiftPerFileCompile Splash.swift
SwiftCompile normal arm64 Compiling\ VortexViewReader.swift,\ GeneratedAssetSymbols.swift /Users/admin/builder/spi-builder-workspace/Sources/Vortex/Views/VortexViewReader.swift /Users/admin/builder/spi-builder-workspace/.derivedData/Build/Intermediates.noindex/Vortex.build/Debug-appletvos/Vortex-t.build/DerivedSources/GeneratedAssetSymbols.swift (in target 'Vortex' from project 'Vortex')
SwiftCompile normal arm64 /Users/admin/builder/spi-builder-workspace/Sources/Vortex/Views/VortexViewReader.swift (in target 'Vortex' from project 'Vortex')
    cd /Users/admin/builder/spi-builder-workspace/.swiftpm/xcode
    builtin-SwiftPerFileCompile VortexViewReader.swift
SwiftCompile normal arm64 /Users/admin/builder/spi-builder-workspace/.derivedData/Build/Intermediates.noindex/Vortex.build/Debug-appletvos/Vortex-t.build/DerivedSources/GeneratedAssetSymbols.swift (in target 'Vortex' from project 'Vortex')
    cd /Users/admin/builder/spi-builder-workspace/.swiftpm/xcode
    builtin-SwiftPerFileCompile GeneratedAssetSymbols.swift
PruneExplicitPrecompiledModules /Users/admin/builder/spi-builder-workspace/.derivedData/SDKExplicitPrecompiledModules
PruneExplicitPrecompiledModules /Users/admin/builder/spi-builder-workspace/.derivedData/Build/Intermediates.noindex/ExplicitPrecompiledModules
PruneExplicitPrecompiledModules /Users/admin/builder/spi-builder-workspace/.derivedData/Build/Intermediates.noindex/SwiftExplicitPrecompiledModules
2026-09-22 21:58:23.906 xcodebuild[794:4853] [MT] IDERunDestination: Supported platforms for the buildables in the current scheme is empty.
** BUILD FAILED **
The following build commands failed:
	SwiftCompile normal arm64 Compiling\ Lerping.swift,\ RandomSpread.swift,\ Confetti.swift /Users/admin/builder/spi-builder-workspace/Sources/Vortex/Helpers/Lerping.swift /Users/admin/builder/spi-builder-workspace/Sources/Vortex/Helpers/RandomSpread.swift /Users/admin/builder/spi-builder-workspace/Sources/Vortex/Presets/Confetti.swift (in target 'Vortex' from project 'Vortex')
	SwiftCompile normal arm64 /Users/admin/builder/spi-builder-workspace/Sources/Vortex/Presets/Confetti.swift (in target 'Vortex' from project 'Vortex')
	Building workspace Vortex with scheme Vortex
(3 failures)
BUILD FAILURE 6.4 tvOS