The Swift Package Index logo.Swift Package Index

Build Information

Failed to build RelayStore, reference main (e697c4), with Swift 6.4 for macOS (Xcode) using Xcode 27.0 on 18 Sep 2026 01:13:02 UTC.

Build Command

env DEVELOPER_DIR=/Applications/Xcode-27.0.0-Release.Candidate.app xcrun xcodebuild -IDEClonedSourcePackagesDirPathOverride=$PWD/.dependencies -skipMacroValidation -skipPackagePluginValidation -derivedDataPath $PWD/.derivedData build -scheme RelayStore -destination platform=macOS,arch=arm64

Build Log

    builtin-SwiftPerFileCompile TimeZone.swift
SwiftCompile normal arm64 /Users/admin/builder/spi-builder-workspace/.dependencies/checkouts/swift-dependencies/Sources/Dependencies/DependencyValues/URLSession.swift (in target 'Dependencies' from project 'swift-dependencies')
    cd /Users/admin/builder/spi-builder-workspace/.swiftpm/xcode
    builtin-SwiftPerFileCompile URLSession.swift
SwiftCompile normal arm64 Compiling\ TypeName.swift,\ WithDependencies.swift /Users/admin/builder/spi-builder-workspace/.dependencies/checkouts/swift-dependencies/Sources/Dependencies/Internal/TypeName.swift /Users/admin/builder/spi-builder-workspace/.dependencies/checkouts/swift-dependencies/Sources/Dependencies/WithDependencies.swift (in target 'Dependencies' from project 'swift-dependencies')
SwiftCompile normal arm64 /Users/admin/builder/spi-builder-workspace/.dependencies/checkouts/swift-dependencies/Sources/Dependencies/Internal/TypeName.swift (in target 'Dependencies' from project 'swift-dependencies')
    cd /Users/admin/builder/spi-builder-workspace/.swiftpm/xcode
    builtin-SwiftPerFileCompile TypeName.swift
SwiftCompile normal arm64 /Users/admin/builder/spi-builder-workspace/.dependencies/checkouts/swift-dependencies/Sources/Dependencies/WithDependencies.swift (in target 'Dependencies' from project 'swift-dependencies')
    cd /Users/admin/builder/spi-builder-workspace/.swiftpm/xcode
    builtin-SwiftPerFileCompile WithDependencies.swift
SwiftEmitModule normal arm64 Emitting\ module\ for\ SwiftUINavigationCore (in target 'SwiftUINavigationCore' from project 'swiftui-navigation')
SwiftCompile normal arm64 (in target 'SwiftUINavigationCore' from project 'swiftui-navigation')
    cd /Users/admin/builder/spi-builder-workspace/.swiftpm/xcode

SwiftDriverJobDiscovery normal arm64 Compiling TimeZone.swift, URLSession.swift (in target 'Dependencies' from project 'swift-dependencies')
SwiftCompile normal arm64 Compiling\ Bind.swift /Users/admin/builder/spi-builder-workspace/.dependencies/checkouts/swiftui-navigation/Sources/SwiftUINavigationCore/Bind.swift (in target 'SwiftUINavigationCore' from project 'swiftui-navigation')
SwiftCompile normal arm64 /Users/admin/builder/spi-builder-workspace/.dependencies/checkouts/swiftui-navigation/Sources/SwiftUINavigationCore/Bind.swift (in target 'SwiftUINavigationCore' from project 'swiftui-navigation')
    cd /Users/admin/builder/spi-builder-workspace/.swiftpm/xcode
    builtin-SwiftPerFileCompile Bind.swift
SwiftDriverJobDiscovery normal arm64 Compiling Context.swift, Date.swift, FireAndForget.swift (in target 'Dependencies' from project 'swift-dependencies')
SwiftCompile normal arm64 Compiling\ TextState.swift /Users/admin/builder/spi-builder-workspace/.dependencies/checkouts/swiftui-navigation/Sources/SwiftUINavigationCore/TextState.swift (in target 'SwiftUINavigationCore' from project 'swiftui-navigation')
SwiftCompile normal arm64 /Users/admin/builder/spi-builder-workspace/.dependencies/checkouts/swiftui-navigation/Sources/SwiftUINavigationCore/TextState.swift (in target 'SwiftUINavigationCore' from project 'swiftui-navigation')
    cd /Users/admin/builder/spi-builder-workspace/.swiftpm/xcode
    builtin-SwiftPerFileCompile TextState.swift
SwiftDriverJobDiscovery normal arm64 Compiling MainRunLoop.swift, OpenURL.swift (in target 'Dependencies' from project 'swift-dependencies')
SwiftCompile normal arm64 Compiling\ AlertState.swift /Users/admin/builder/spi-builder-workspace/.dependencies/checkouts/swiftui-navigation/Sources/SwiftUINavigationCore/AlertState.swift (in target 'SwiftUINavigationCore' from project 'swiftui-navigation')
SwiftCompile normal arm64 /Users/admin/builder/spi-builder-workspace/.dependencies/checkouts/swiftui-navigation/Sources/SwiftUINavigationCore/AlertState.swift (in target 'SwiftUINavigationCore' from project 'swiftui-navigation')
    cd /Users/admin/builder/spi-builder-workspace/.swiftpm/xcode
    builtin-SwiftPerFileCompile AlertState.swift
SwiftCompile normal arm64 Compiling\ Deprecations.swift /Users/admin/builder/spi-builder-workspace/.dependencies/checkouts/swiftui-navigation/Sources/SwiftUINavigationCore/Internal/Deprecations.swift (in target 'SwiftUINavigationCore' from project 'swiftui-navigation')
SwiftCompile normal arm64 /Users/admin/builder/spi-builder-workspace/.dependencies/checkouts/swiftui-navigation/Sources/SwiftUINavigationCore/Internal/Deprecations.swift (in target 'SwiftUINavigationCore' from project 'swiftui-navigation')
    cd /Users/admin/builder/spi-builder-workspace/.swiftpm/xcode
    builtin-SwiftPerFileCompile Deprecations.swift
SwiftDriverJobDiscovery normal arm64 Compiling Dependency.swift, DependencyContext.swift, DependencyKey.swift (in target 'Dependencies' from project 'swift-dependencies')
SwiftDriverJobDiscovery normal arm64 Compiling Swift.swift, SwiftUI.swift, UIKit.swift (in target 'CustomDump' from project 'swift-custom-dump')
SwiftCompile normal arm64 Compiling\ ButtonStateBuilder.swift /Users/admin/builder/spi-builder-workspace/.dependencies/checkouts/swiftui-navigation/Sources/SwiftUINavigationCore/ButtonStateBuilder.swift (in target 'SwiftUINavigationCore' from project 'swiftui-navigation')
SwiftCompile normal arm64 /Users/admin/builder/spi-builder-workspace/.dependencies/checkouts/swiftui-navigation/Sources/SwiftUINavigationCore/ButtonStateBuilder.swift (in target 'SwiftUINavigationCore' from project 'swiftui-navigation')
    cd /Users/admin/builder/spi-builder-workspace/.swiftpm/xcode
    builtin-SwiftPerFileCompile ButtonStateBuilder.swift
SwiftDriverJobDiscovery normal arm64 Compiling SwiftUI.swift (in target 'CombineSchedulers' from project 'combine-schedulers')
SwiftCompile normal arm64 Compiling\ RuntimeWarnings.swift /Users/admin/builder/spi-builder-workspace/.dependencies/checkouts/swiftui-navigation/Sources/SwiftUINavigationCore/Internal/RuntimeWarnings.swift (in target 'SwiftUINavigationCore' from project 'swiftui-navigation')
SwiftCompile normal arm64 /Users/admin/builder/spi-builder-workspace/.dependencies/checkouts/swiftui-navigation/Sources/SwiftUINavigationCore/Internal/RuntimeWarnings.swift (in target 'SwiftUINavigationCore' from project 'swiftui-navigation')
    cd /Users/admin/builder/spi-builder-workspace/.swiftpm/xcode
    builtin-SwiftPerFileCompile RuntimeWarnings.swift
SwiftDriverJobDiscovery normal arm64 Emitting module for Dependencies (in target 'Dependencies' from project 'swift-dependencies')
SwiftDriver\ Compilation\ Requirements Dependencies normal arm64 com.apple.xcode.tools.swift.compiler (in target 'Dependencies' from project 'swift-dependencies')
    cd /Users/admin/builder/spi-builder-workspace/.swiftpm/xcode
    builtin-Swift-Compilation-Requirements -- /Applications/Xcode-27.0.0-Release.Candidate.app/Contents/Developer/Toolchains/XcodeDefault.xctoolchain/usr/bin/swiftc -parse-as-library -module-name Dependencies -Onone @/Users/admin/builder/spi-builder-workspace/.derivedData/Build/Intermediates.noindex/swift-dependencies.build/Debug/Dependencies-t.build/Objects-normal/arm64/Dependencies.SwiftFileList -DSWIFT_PACKAGE -DDEBUG -DSWIFT_MODULE_RESOURCE_BUNDLE_UNAVAILABLE -DXcode -plugin-path /Applications/Xcode-27.0.0-Release.Candidate.app/Contents/Developer/Toolchains/XcodeDefault.xctoolchain/usr/lib/swift/host/plugins/testing -enable-experimental-feature DebugDescriptionMacro -sdk /Applications/Xcode-27.0.0-Release.Candidate.app/Contents/Developer/Platforms/MacOSX.platform/Developer/SDKs/MacOSX27.0.sdk -target arm64-apple-macos12.0 -g -module-cache-path /Users/admin/builder/spi-builder-workspace/.derivedData/ModuleCache.noindex -Xfrontend -serialize-debugging-options -profile-coverage-mapping -profile-generate -enable-testing -suppress-warnings -index-store-path /Users/admin/builder/spi-builder-workspace/.derivedData/Index.noindex/DataStore -Xcc -D_LIBCPP_HARDENING_MODE\=_LIBCPP_HARDENING_MODE_DEBUG -swift-version 5 -I /Users/admin/builder/spi-builder-workspace/.derivedData/Build/Products/Debug -Isystem /Applications/Xcode-27.0.0-Release.Candidate.app/Contents/Developer/Platforms/MacOSX.platform/Developer/usr/lib -F /Users/admin/builder/spi-builder-workspace/.derivedData/Build/Products/Debug/PackageFrameworks -F /Users/admin/builder/spi-builder-workspace/.derivedData/Build/Products/Debug -F /Applications/Xcode-27.0.0-Release.Candidate.app/Contents/Developer/Platforms/MacOSX.platform/Developer/Library/Frameworks -c -j10 -enable-batch-mode -incremental -Xcc -ivfsstatcache -Xcc /Users/admin/builder/spi-builder-workspace/.derivedData/SDKStatCaches.noindex/macosx27.0-26A425-e829b21a6f8c9b70876ba0858053c0446a22442a12e9d48fe1a705f55a1adfc4.sdkstatcache -output-file-map /Users/admin/builder/spi-builder-workspace/.derivedData/Build/Intermediates.noindex/swift-dependencies.build/Debug/Dependencies-t.build/Objects-normal/arm64/Dependencies-OutputFileMap.json -save-temps -no-color-diagnostics -explicit-module-build -module-cache-path /Users/admin/builder/spi-builder-workspace/.derivedData/Build/Intermediates.noindex/SwiftExplicitPrecompiledModules -clang-scanner-module-cache-path /Users/admin/builder/spi-builder-workspace/.derivedData/ModuleCache.noindex -sdk-module-cache-path /Users/admin/builder/spi-builder-workspace/.derivedData/SDKExplicitPrecompiledModules -emit-dependencies -emit-module -emit-module-path /Users/admin/builder/spi-builder-workspace/.derivedData/Build/Intermediates.noindex/swift-dependencies.build/Debug/Dependencies-t.build/Objects-normal/arm64/Dependencies.swiftmodule -serialize-diagnostics -dependency-scan-serialize-diagnostics-path /Users/admin/builder/spi-builder-workspace/.derivedData/Build/Intermediates.noindex/swift-dependencies.build/Debug/Dependencies-t.build/Objects-normal/arm64/Dependencies-dependency-scan.dia -validate-clang-modules-once -clang-build-session-file /Users/admin/builder/spi-builder-workspace/.derivedData/ModuleCache.noindex/Session.modulevalidation -Xcc -fmodules-prune-interval\=86400 -Xcc -fmodules-prune-after\=345600 -emit-const-values -const-gather-protocols-list /Users/admin/builder/spi-builder-workspace/.derivedData/Build/Intermediates.noindex/swift-dependencies.build/Debug/Dependencies-t.build/Objects-normal/arm64/Dependencies_const_extract_protocols.json -Xcc -I/Users/admin/builder/spi-builder-workspace/.derivedData/Build/Products/Debug/include -Xcc -I/Users/admin/builder/spi-builder-workspace/.derivedData/Build/Intermediates.noindex/swift-dependencies.build/Debug/Dependencies-t.build/DerivedSources-normal/arm64 -Xcc -I/Users/admin/builder/spi-builder-workspace/.derivedData/Build/Intermediates.noindex/swift-dependencies.build/Debug/Dependencies-t.build/DerivedSources/arm64 -Xcc -I/Users/admin/builder/spi-builder-workspace/.derivedData/Build/Intermediates.noindex/swift-dependencies.build/Debug/Dependencies-t.build/DerivedSources -Xcc -DSWIFT_PACKAGE -Xcc -DDEBUG\=1 -emit-objc-header -emit-objc-header-path /Users/admin/builder/spi-builder-workspace/.derivedData/Build/Intermediates.noindex/swift-dependencies.build/Debug/Dependencies-t.build/Objects-normal/arm64/Dependencies-Swift.h -working-directory /Users/admin/builder/spi-builder-workspace/.swiftpm/xcode -experimental-emit-module-separately -disable-cmo
SwiftDriverJobDiscovery normal arm64 Compiling TypeName.swift, WithDependencies.swift (in target 'Dependencies' from project 'swift-dependencies')
SwiftCompile normal arm64 Compiling\ ButtonState.swift /Users/admin/builder/spi-builder-workspace/.dependencies/checkouts/swiftui-navigation/Sources/SwiftUINavigationCore/ButtonState.swift (in target 'SwiftUINavigationCore' from project 'swiftui-navigation')
SwiftCompile normal arm64 /Users/admin/builder/spi-builder-workspace/.dependencies/checkouts/swiftui-navigation/Sources/SwiftUINavigationCore/ButtonState.swift (in target 'SwiftUINavigationCore' from project 'swiftui-navigation')
    cd /Users/admin/builder/spi-builder-workspace/.swiftpm/xcode
    builtin-SwiftPerFileCompile ButtonState.swift
SwiftMergeGeneratedHeaders /Users/admin/builder/spi-builder-workspace/.derivedData/Build/Intermediates.noindex/GeneratedModuleMaps/Dependencies-Swift.h /Users/admin/builder/spi-builder-workspace/.derivedData/Build/Intermediates.noindex/swift-dependencies.build/Debug/Dependencies-t.build/Objects-normal/arm64/Dependencies-Swift.h (in target 'Dependencies' from project 'swift-dependencies')
    cd /Users/admin/builder/spi-builder-workspace/.dependencies/checkouts/swift-dependencies
    builtin-swiftHeaderTool -arch arm64 /Users/admin/builder/spi-builder-workspace/.derivedData/Build/Intermediates.noindex/swift-dependencies.build/Debug/Dependencies-t.build/Objects-normal/arm64/Dependencies-Swift.h -o /Users/admin/builder/spi-builder-workspace/.derivedData/Build/Intermediates.noindex/GeneratedModuleMaps/Dependencies-Swift.h
SwiftDriverJobDiscovery normal arm64 Compiling SwiftUI.swift (in target 'Clocks' from project 'swift-clocks')
Copy /Users/admin/builder/spi-builder-workspace/.derivedData/Build/Products/Debug/Dependencies.swiftmodule/arm64-apple-macos.swiftmodule /Users/admin/builder/spi-builder-workspace/.derivedData/Build/Intermediates.noindex/swift-dependencies.build/Debug/Dependencies-t.build/Objects-normal/arm64/Dependencies.swiftmodule (in target 'Dependencies' from project 'swift-dependencies')
    cd /Users/admin/builder/spi-builder-workspace/.dependencies/checkouts/swift-dependencies
    builtin-copy -exclude .DS_Store -exclude CVS -exclude .svn -exclude .git -exclude .hg -resolve-src-symlinks -rename /Users/admin/builder/spi-builder-workspace/.derivedData/Build/Intermediates.noindex/swift-dependencies.build/Debug/Dependencies-t.build/Objects-normal/arm64/Dependencies.swiftmodule /Users/admin/builder/spi-builder-workspace/.derivedData/Build/Products/Debug/Dependencies.swiftmodule/arm64-apple-macos.swiftmodule
Copy /Users/admin/builder/spi-builder-workspace/.derivedData/Build/Products/Debug/Dependencies.swiftmodule/arm64-apple-macos.swiftdoc /Users/admin/builder/spi-builder-workspace/.derivedData/Build/Intermediates.noindex/swift-dependencies.build/Debug/Dependencies-t.build/Objects-normal/arm64/Dependencies.swiftdoc (in target 'Dependencies' from project 'swift-dependencies')
    cd /Users/admin/builder/spi-builder-workspace/.dependencies/checkouts/swift-dependencies
    builtin-copy -exclude .DS_Store -exclude CVS -exclude .svn -exclude .git -exclude .hg -resolve-src-symlinks -rename /Users/admin/builder/spi-builder-workspace/.derivedData/Build/Intermediates.noindex/swift-dependencies.build/Debug/Dependencies-t.build/Objects-normal/arm64/Dependencies.swiftdoc /Users/admin/builder/spi-builder-workspace/.derivedData/Build/Products/Debug/Dependencies.swiftmodule/arm64-apple-macos.swiftdoc
Copy /Users/admin/builder/spi-builder-workspace/.derivedData/Build/Products/Debug/Dependencies.swiftmodule/arm64-apple-macos.abi.json /Users/admin/builder/spi-builder-workspace/.derivedData/Build/Intermediates.noindex/swift-dependencies.build/Debug/Dependencies-t.build/Objects-normal/arm64/Dependencies.abi.json (in target 'Dependencies' from project 'swift-dependencies')
    cd /Users/admin/builder/spi-builder-workspace/.dependencies/checkouts/swift-dependencies
    builtin-copy -exclude .DS_Store -exclude CVS -exclude .svn -exclude .git -exclude .hg -resolve-src-symlinks -rename /Users/admin/builder/spi-builder-workspace/.derivedData/Build/Intermediates.noindex/swift-dependencies.build/Debug/Dependencies-t.build/Objects-normal/arm64/Dependencies.abi.json /Users/admin/builder/spi-builder-workspace/.derivedData/Build/Products/Debug/Dependencies.swiftmodule/arm64-apple-macos.abi.json
Copy /Users/admin/builder/spi-builder-workspace/.derivedData/Build/Products/Debug/Dependencies.swiftmodule/Project/arm64-apple-macos.swiftsourceinfo /Users/admin/builder/spi-builder-workspace/.derivedData/Build/Intermediates.noindex/swift-dependencies.build/Debug/Dependencies-t.build/Objects-normal/arm64/Dependencies.swiftsourceinfo (in target 'Dependencies' from project 'swift-dependencies')
    cd /Users/admin/builder/spi-builder-workspace/.dependencies/checkouts/swift-dependencies
    builtin-copy -exclude .DS_Store -exclude CVS -exclude .svn -exclude .git -exclude .hg -resolve-src-symlinks -rename /Users/admin/builder/spi-builder-workspace/.derivedData/Build/Intermediates.noindex/swift-dependencies.build/Debug/Dependencies-t.build/Objects-normal/arm64/Dependencies.swiftsourceinfo /Users/admin/builder/spi-builder-workspace/.derivedData/Build/Products/Debug/Dependencies.swiftmodule/Project/arm64-apple-macos.swiftsourceinfo
SwiftCompile normal arm64 Compiling\ ConfirmationDialogState.swift /Users/admin/builder/spi-builder-workspace/.dependencies/checkouts/swiftui-navigation/Sources/SwiftUINavigationCore/ConfirmationDialogState.swift (in target 'SwiftUINavigationCore' from project 'swiftui-navigation')
SwiftCompile normal arm64 /Users/admin/builder/spi-builder-workspace/.dependencies/checkouts/swiftui-navigation/Sources/SwiftUINavigationCore/ConfirmationDialogState.swift (in target 'SwiftUINavigationCore' from project 'swiftui-navigation')
    cd /Users/admin/builder/spi-builder-workspace/.swiftpm/xcode
    builtin-SwiftPerFileCompile ConfirmationDialogState.swift
SwiftDriverJobDiscovery normal arm64 Compiling Photos.swift, Speech.swift, StoreKit.swift (in target 'CustomDump' from project 'swift-custom-dump')
SwiftCompile normal arm64 Compiling\ OpenExistential.swift,\ RuntimeWarnings.swift /Users/admin/builder/spi-builder-workspace/.dependencies/checkouts/swift-dependencies/Sources/Dependencies/Internal/OpenExistential.swift /Users/admin/builder/spi-builder-workspace/.dependencies/checkouts/swift-dependencies/Sources/Dependencies/Internal/RuntimeWarnings.swift (in target 'Dependencies' from project 'swift-dependencies')
SwiftCompile normal arm64 /Users/admin/builder/spi-builder-workspace/.dependencies/checkouts/swift-dependencies/Sources/Dependencies/Internal/OpenExistential.swift (in target 'Dependencies' from project 'swift-dependencies')
    cd /Users/admin/builder/spi-builder-workspace/.swiftpm/xcode
    builtin-SwiftPerFileCompile OpenExistential.swift
SwiftCompile normal arm64 /Users/admin/builder/spi-builder-workspace/.dependencies/checkouts/swift-dependencies/Sources/Dependencies/Internal/RuntimeWarnings.swift (in target 'Dependencies' from project 'swift-dependencies')
    cd /Users/admin/builder/spi-builder-workspace/.swiftpm/xcode
    builtin-SwiftPerFileCompile RuntimeWarnings.swift
SwiftDriverJobDiscovery normal arm64 Compiling ButtonStateBuilder.swift (in target 'SwiftUINavigationCore' from project 'swiftui-navigation')
SwiftCompile normal arm64 Compiling\ Deprecations.swift,\ Exports.swift /Users/admin/builder/spi-builder-workspace/.dependencies/checkouts/swift-dependencies/Sources/Dependencies/Internal/Deprecations.swift /Users/admin/builder/spi-builder-workspace/.dependencies/checkouts/swift-dependencies/Sources/Dependencies/Internal/Exports.swift (in target 'Dependencies' from project 'swift-dependencies')
SwiftCompile normal arm64 /Users/admin/builder/spi-builder-workspace/.dependencies/checkouts/swift-dependencies/Sources/Dependencies/Internal/Deprecations.swift (in target 'Dependencies' from project 'swift-dependencies')
    cd /Users/admin/builder/spi-builder-workspace/.swiftpm/xcode
    builtin-SwiftPerFileCompile Deprecations.swift
SwiftCompile normal arm64 /Users/admin/builder/spi-builder-workspace/.dependencies/checkouts/swift-dependencies/Sources/Dependencies/Internal/Exports.swift (in target 'Dependencies' from project 'swift-dependencies')
    cd /Users/admin/builder/spi-builder-workspace/.swiftpm/xcode
    builtin-SwiftPerFileCompile Exports.swift
SwiftDriverJobDiscovery normal arm64 Compiling Deprecations.swift (in target 'SwiftUINavigationCore' from project 'swiftui-navigation')
SwiftCompile normal arm64 Compiling\ Locale.swift,\ MainQueue.swift /Users/admin/builder/spi-builder-workspace/.dependencies/checkouts/swift-dependencies/Sources/Dependencies/DependencyValues/Locale.swift /Users/admin/builder/spi-builder-workspace/.dependencies/checkouts/swift-dependencies/Sources/Dependencies/DependencyValues/MainQueue.swift (in target 'Dependencies' from project 'swift-dependencies')
SwiftCompile normal arm64 /Users/admin/builder/spi-builder-workspace/.dependencies/checkouts/swift-dependencies/Sources/Dependencies/DependencyValues/Locale.swift (in target 'Dependencies' from project 'swift-dependencies')
    cd /Users/admin/builder/spi-builder-workspace/.swiftpm/xcode
    builtin-SwiftPerFileCompile Locale.swift
SwiftCompile normal arm64 /Users/admin/builder/spi-builder-workspace/.dependencies/checkouts/swift-dependencies/Sources/Dependencies/DependencyValues/MainQueue.swift (in target 'Dependencies' from project 'swift-dependencies')
    cd /Users/admin/builder/spi-builder-workspace/.swiftpm/xcode
    builtin-SwiftPerFileCompile MainQueue.swift
SwiftCompile normal arm64 Compiling\ UUID.swift,\ WithRandomNumberGenerator.swift /Users/admin/builder/spi-builder-workspace/.dependencies/checkouts/swift-dependencies/Sources/Dependencies/DependencyValues/UUID.swift /Users/admin/builder/spi-builder-workspace/.dependencies/checkouts/swift-dependencies/Sources/Dependencies/DependencyValues/WithRandomNumberGenerator.swift (in target 'Dependencies' from project 'swift-dependencies')
SwiftCompile normal arm64 /Users/admin/builder/spi-builder-workspace/.dependencies/checkouts/swift-dependencies/Sources/Dependencies/DependencyValues/UUID.swift (in target 'Dependencies' from project 'swift-dependencies')
    cd /Users/admin/builder/spi-builder-workspace/.swiftpm/xcode
    builtin-SwiftPerFileCompile UUID.swift
SwiftCompile normal arm64 /Users/admin/builder/spi-builder-workspace/.dependencies/checkouts/swift-dependencies/Sources/Dependencies/DependencyValues/WithRandomNumberGenerator.swift (in target 'Dependencies' from project 'swift-dependencies')
    cd /Users/admin/builder/spi-builder-workspace/.swiftpm/xcode
    builtin-SwiftPerFileCompile WithRandomNumberGenerator.swift
SwiftDriverJobDiscovery normal arm64 Compiling Bind.swift (in target 'SwiftUINavigationCore' from project 'swiftui-navigation')
SwiftCompile normal arm64 Compiling\ DependencyValues.swift,\ Calendar.swift,\ Clocks.swift /Users/admin/builder/spi-builder-workspace/.dependencies/checkouts/swift-dependencies/Sources/Dependencies/DependencyValues.swift /Users/admin/builder/spi-builder-workspace/.dependencies/checkouts/swift-dependencies/Sources/Dependencies/DependencyValues/Calendar.swift /Users/admin/builder/spi-builder-workspace/.dependencies/checkouts/swift-dependencies/Sources/Dependencies/DependencyValues/Clocks.swift (in target 'Dependencies' from project 'swift-dependencies')
SwiftCompile normal arm64 /Users/admin/builder/spi-builder-workspace/.dependencies/checkouts/swift-dependencies/Sources/Dependencies/DependencyValues.swift (in target 'Dependencies' from project 'swift-dependencies')
    cd /Users/admin/builder/spi-builder-workspace/.swiftpm/xcode
    builtin-SwiftPerFileCompile DependencyValues.swift
SwiftCompile normal arm64 /Users/admin/builder/spi-builder-workspace/.dependencies/checkouts/swift-dependencies/Sources/Dependencies/DependencyValues/Calendar.swift (in target 'Dependencies' from project 'swift-dependencies')
    cd /Users/admin/builder/spi-builder-workspace/.swiftpm/xcode
    builtin-SwiftPerFileCompile Calendar.swift
SwiftCompile normal arm64 /Users/admin/builder/spi-builder-workspace/.dependencies/checkouts/swift-dependencies/Sources/Dependencies/DependencyValues/Clocks.swift (in target 'Dependencies' from project 'swift-dependencies')
    cd /Users/admin/builder/spi-builder-workspace/.swiftpm/xcode
    builtin-SwiftPerFileCompile Clocks.swift
SwiftDriverJobDiscovery normal arm64 Compiling RuntimeWarnings.swift (in target 'SwiftUINavigationCore' from project 'swiftui-navigation')
SwiftDriver\ Compilation CustomDump normal arm64 com.apple.xcode.tools.swift.compiler (in target 'CustomDump' from project 'swift-custom-dump')
    cd /Users/admin/builder/spi-builder-workspace/.swiftpm/xcode
    builtin-Swift-Compilation -- /Applications/Xcode-27.0.0-Release.Candidate.app/Contents/Developer/Toolchains/XcodeDefault.xctoolchain/usr/bin/swiftc -parse-as-library -module-name CustomDump -Onone @/Users/admin/builder/spi-builder-workspace/.derivedData/Build/Intermediates.noindex/swift-custom-dump.build/Debug/CustomDump-t.build/Objects-normal/arm64/CustomDump.SwiftFileList -DSWIFT_PACKAGE -DDEBUG -DSWIFT_MODULE_RESOURCE_BUNDLE_UNAVAILABLE -DXcode -plugin-path /Applications/Xcode-27.0.0-Release.Candidate.app/Contents/Developer/Toolchains/XcodeDefault.xctoolchain/usr/lib/swift/host/plugins/testing -enable-experimental-feature DebugDescriptionMacro -sdk /Applications/Xcode-27.0.0-Release.Candidate.app/Contents/Developer/Platforms/MacOSX.platform/Developer/SDKs/MacOSX27.0.sdk -target arm64-apple-macos12.0 -g -module-cache-path /Users/admin/builder/spi-builder-workspace/.derivedData/ModuleCache.noindex -Xfrontend -serialize-debugging-options -profile-coverage-mapping -profile-generate -enable-testing -suppress-warnings -index-store-path /Users/admin/builder/spi-builder-workspace/.derivedData/Index.noindex/DataStore -Xcc -D_LIBCPP_HARDENING_MODE\=_LIBCPP_HARDENING_MODE_DEBUG -swift-version 5 -I /Users/admin/builder/spi-builder-workspace/.derivedData/Build/Products/Debug -Isystem /Applications/Xcode-27.0.0-Release.Candidate.app/Contents/Developer/Platforms/MacOSX.platform/Developer/usr/lib -F /Users/admin/builder/spi-builder-workspace/.derivedData/Build/Products/Debug/PackageFrameworks -F /Users/admin/builder/spi-builder-workspace/.derivedData/Build/Products/Debug -F /Applications/Xcode-27.0.0-Release.Candidate.app/Contents/Developer/Platforms/MacOSX.platform/Developer/Library/Frameworks -c -j10 -enable-batch-mode -incremental -Xcc -ivfsstatcache -Xcc /Users/admin/builder/spi-builder-workspace/.derivedData/SDKStatCaches.noindex/macosx27.0-26A425-e829b21a6f8c9b70876ba0858053c0446a22442a12e9d48fe1a705f55a1adfc4.sdkstatcache -output-file-map /Users/admin/builder/spi-builder-workspace/.derivedData/Build/Intermediates.noindex/swift-custom-dump.build/Debug/CustomDump-t.build/Objects-normal/arm64/CustomDump-OutputFileMap.json -save-temps -no-color-diagnostics -explicit-module-build -module-cache-path /Users/admin/builder/spi-builder-workspace/.derivedData/Build/Intermediates.noindex/SwiftExplicitPrecompiledModules -clang-scanner-module-cache-path /Users/admin/builder/spi-builder-workspace/.derivedData/ModuleCache.noindex -sdk-module-cache-path /Users/admin/builder/spi-builder-workspace/.derivedData/SDKExplicitPrecompiledModules -emit-dependencies -emit-module -emit-module-path /Users/admin/builder/spi-builder-workspace/.derivedData/Build/Intermediates.noindex/swift-custom-dump.build/Debug/CustomDump-t.build/Objects-normal/arm64/CustomDump.swiftmodule -serialize-diagnostics -dependency-scan-serialize-diagnostics-path /Users/admin/builder/spi-builder-workspace/.derivedData/Build/Intermediates.noindex/swift-custom-dump.build/Debug/CustomDump-t.build/Objects-normal/arm64/CustomDump-dependency-scan.dia -validate-clang-modules-once -clang-build-session-file /Users/admin/builder/spi-builder-workspace/.derivedData/ModuleCache.noindex/Session.modulevalidation -Xcc -fmodules-prune-interval\=86400 -Xcc -fmodules-prune-after\=345600 -emit-const-values -const-gather-protocols-list /Users/admin/builder/spi-builder-workspace/.derivedData/Build/Intermediates.noindex/swift-custom-dump.build/Debug/CustomDump-t.build/Objects-normal/arm64/CustomDump_const_extract_protocols.json -Xcc -I/Users/admin/builder/spi-builder-workspace/.derivedData/Build/Products/Debug/include -Xcc -I/Users/admin/builder/spi-builder-workspace/.derivedData/Build/Intermediates.noindex/swift-custom-dump.build/Debug/CustomDump-t.build/DerivedSources-normal/arm64 -Xcc -I/Users/admin/builder/spi-builder-workspace/.derivedData/Build/Intermediates.noindex/swift-custom-dump.build/Debug/CustomDump-t.build/DerivedSources/arm64 -Xcc -I/Users/admin/builder/spi-builder-workspace/.derivedData/Build/Intermediates.noindex/swift-custom-dump.build/Debug/CustomDump-t.build/DerivedSources -Xcc -DSWIFT_PACKAGE -Xcc -DDEBUG\=1 -emit-objc-header -emit-objc-header-path /Users/admin/builder/spi-builder-workspace/.derivedData/Build/Intermediates.noindex/swift-custom-dump.build/Debug/CustomDump-t.build/Objects-normal/arm64/CustomDump-Swift.h -working-directory /Users/admin/builder/spi-builder-workspace/.swiftpm/xcode -experimental-emit-module-separately -disable-cmo
SwiftDriverJobDiscovery normal arm64 Compiling AlertState.swift (in target 'SwiftUINavigationCore' from project 'swiftui-navigation')
SwiftDriver\ Compilation CombineSchedulers normal arm64 com.apple.xcode.tools.swift.compiler (in target 'CombineSchedulers' from project 'combine-schedulers')
    cd /Users/admin/builder/spi-builder-workspace/.swiftpm/xcode
    builtin-Swift-Compilation -- /Applications/Xcode-27.0.0-Release.Candidate.app/Contents/Developer/Toolchains/XcodeDefault.xctoolchain/usr/bin/swiftc -parse-as-library -module-name CombineSchedulers -Onone @/Users/admin/builder/spi-builder-workspace/.derivedData/Build/Intermediates.noindex/combine-schedulers.build/Debug/CombineSchedulers-t.build/Objects-normal/arm64/CombineSchedulers.SwiftFileList -DSWIFT_PACKAGE -DDEBUG -DSWIFT_MODULE_RESOURCE_BUNDLE_UNAVAILABLE -DXcode -plugin-path /Applications/Xcode-27.0.0-Release.Candidate.app/Contents/Developer/Toolchains/XcodeDefault.xctoolchain/usr/lib/swift/host/plugins/testing -enable-experimental-feature DebugDescriptionMacro -sdk /Applications/Xcode-27.0.0-Release.Candidate.app/Contents/Developer/Platforms/MacOSX.platform/Developer/SDKs/MacOSX27.0.sdk -target arm64-apple-macos12.0 -g -module-cache-path /Users/admin/builder/spi-builder-workspace/.derivedData/ModuleCache.noindex -Xfrontend -serialize-debugging-options -profile-coverage-mapping -profile-generate -enable-testing -suppress-warnings -index-store-path /Users/admin/builder/spi-builder-workspace/.derivedData/Index.noindex/DataStore -Xcc -D_LIBCPP_HARDENING_MODE\=_LIBCPP_HARDENING_MODE_DEBUG -swift-version 5 -I /Users/admin/builder/spi-builder-workspace/.derivedData/Build/Products/Debug -Isystem /Applications/Xcode-27.0.0-Release.Candidate.app/Contents/Developer/Platforms/MacOSX.platform/Developer/usr/lib -F /Users/admin/builder/spi-builder-workspace/.derivedData/Build/Products/Debug/PackageFrameworks -F /Users/admin/builder/spi-builder-workspace/.derivedData/Build/Products/Debug -F /Applications/Xcode-27.0.0-Release.Candidate.app/Contents/Developer/Platforms/MacOSX.platform/Developer/Library/Frameworks -c -j10 -enable-batch-mode -incremental -Xcc -ivfsstatcache -Xcc /Users/admin/builder/spi-builder-workspace/.derivedData/SDKStatCaches.noindex/macosx27.0-26A425-e829b21a6f8c9b70876ba0858053c0446a22442a12e9d48fe1a705f55a1adfc4.sdkstatcache -output-file-map /Users/admin/builder/spi-builder-workspace/.derivedData/Build/Intermediates.noindex/combine-schedulers.build/Debug/CombineSchedulers-t.build/Objects-normal/arm64/CombineSchedulers-OutputFileMap.json -save-temps -no-color-diagnostics -explicit-module-build -module-cache-path /Users/admin/builder/spi-builder-workspace/.derivedData/Build/Intermediates.noindex/SwiftExplicitPrecompiledModules -clang-scanner-module-cache-path /Users/admin/builder/spi-builder-workspace/.derivedData/ModuleCache.noindex -sdk-module-cache-path /Users/admin/builder/spi-builder-workspace/.derivedData/SDKExplicitPrecompiledModules -emit-dependencies -emit-module -emit-module-path /Users/admin/builder/spi-builder-workspace/.derivedData/Build/Intermediates.noindex/combine-schedulers.build/Debug/CombineSchedulers-t.build/Objects-normal/arm64/CombineSchedulers.swiftmodule -serialize-diagnostics -dependency-scan-serialize-diagnostics-path /Users/admin/builder/spi-builder-workspace/.derivedData/Build/Intermediates.noindex/combine-schedulers.build/Debug/CombineSchedulers-t.build/Objects-normal/arm64/CombineSchedulers-dependency-scan.dia -validate-clang-modules-once -clang-build-session-file /Users/admin/builder/spi-builder-workspace/.derivedData/ModuleCache.noindex/Session.modulevalidation -Xcc -fmodules-prune-interval\=86400 -Xcc -fmodules-prune-after\=345600 -emit-const-values -const-gather-protocols-list /Users/admin/builder/spi-builder-workspace/.derivedData/Build/Intermediates.noindex/combine-schedulers.build/Debug/CombineSchedulers-t.build/Objects-normal/arm64/CombineSchedulers_const_extract_protocols.json -Xcc -I/Users/admin/builder/spi-builder-workspace/.derivedData/Build/Products/Debug/include -Xcc -I/Users/admin/builder/spi-builder-workspace/.derivedData/Build/Intermediates.noindex/combine-schedulers.build/Debug/CombineSchedulers-t.build/DerivedSources-normal/arm64 -Xcc -I/Users/admin/builder/spi-builder-workspace/.derivedData/Build/Intermediates.noindex/combine-schedulers.build/Debug/CombineSchedulers-t.build/DerivedSources/arm64 -Xcc -I/Users/admin/builder/spi-builder-workspace/.derivedData/Build/Intermediates.noindex/combine-schedulers.build/Debug/CombineSchedulers-t.build/DerivedSources -Xcc -DSWIFT_PACKAGE -Xcc -DDEBUG\=1 -emit-objc-header -emit-objc-header-path /Users/admin/builder/spi-builder-workspace/.derivedData/Build/Intermediates.noindex/combine-schedulers.build/Debug/CombineSchedulers-t.build/Objects-normal/arm64/CombineSchedulers-Swift.h -working-directory /Users/admin/builder/spi-builder-workspace/.swiftpm/xcode -experimental-emit-module-separately -disable-cmo
Ld /Users/admin/builder/spi-builder-workspace/.derivedData/Build/Products/Debug/CustomDump.o normal (in target 'CustomDump' from project 'swift-custom-dump')
    cd /Users/admin/builder/spi-builder-workspace/.dependencies/checkouts/swift-custom-dump
    /Applications/Xcode-27.0.0-Release.Candidate.app/Contents/Developer/Toolchains/XcodeDefault.xctoolchain/usr/bin/clang -Xlinker -reproducible -target arm64-apple-macos12.0 -r -isysroot /Applications/Xcode-27.0.0-Release.Candidate.app/Contents/Developer/Platforms/MacOSX.platform/Developer/SDKs/MacOSX27.0.sdk -O0 -w -Xlinker -no_warn_duplicate_libraries -F/Users/admin/builder/spi-builder-workspace/.derivedData/Build/Intermediates.noindex/EagerLinkingTBDs/Debug -F/Users/admin/builder/spi-builder-workspace/.derivedData/Build/Products/Debug/PackageFrameworks -F/Users/admin/builder/spi-builder-workspace/.derivedData/Build/Products/Debug -iframework /Applications/Xcode-27.0.0-Release.Candidate.app/Contents/Developer/Platforms/MacOSX.platform/Developer/Library/Frameworks -filelist /Users/admin/builder/spi-builder-workspace/.derivedData/Build/Intermediates.noindex/swift-custom-dump.build/Debug/CustomDump-t.build/Objects-normal/arm64/CustomDump.LinkFileList -nostdlib -Xlinker -object_path_lto -Xlinker /Users/admin/builder/spi-builder-workspace/.derivedData/Build/Intermediates.noindex/swift-custom-dump.build/Debug/CustomDump-t.build/Objects-normal/arm64/CustomDump_lto.o -Xlinker -no_deduplicate -Xlinker -debug_variant -Xlinker -dependency_info -Xlinker /Users/admin/builder/spi-builder-workspace/.derivedData/Build/Intermediates.noindex/swift-custom-dump.build/Debug/CustomDump-t.build/Objects-normal/arm64/CustomDump_dependency_info.dat -fobjc-link-runtime -L/Applications/Xcode-27.0.0-Release.Candidate.app/Contents/Developer/Toolchains/XcodeDefault.xctoolchain/usr/lib/swift/macosx -L/usr/lib/swift -Xlinker -add_ast_path -Xlinker /Users/admin/builder/spi-builder-workspace/.derivedData/Build/Intermediates.noindex/swift-custom-dump.build/Debug/CustomDump-t.build/Objects-normal/arm64/CustomDump.swiftmodule -o /Users/admin/builder/spi-builder-workspace/.derivedData/Build/Products/Debug/CustomDump.o
Ld /Users/admin/builder/spi-builder-workspace/.derivedData/Build/Products/Debug/CombineSchedulers.o normal (in target 'CombineSchedulers' from project 'combine-schedulers')
    cd /Users/admin/builder/spi-builder-workspace/.dependencies/checkouts/combine-schedulers
    /Applications/Xcode-27.0.0-Release.Candidate.app/Contents/Developer/Toolchains/XcodeDefault.xctoolchain/usr/bin/clang -Xlinker -reproducible -target arm64-apple-macos12.0 -r -isysroot /Applications/Xcode-27.0.0-Release.Candidate.app/Contents/Developer/Platforms/MacOSX.platform/Developer/SDKs/MacOSX27.0.sdk -O0 -w -Xlinker -no_warn_duplicate_libraries -F/Users/admin/builder/spi-builder-workspace/.derivedData/Build/Intermediates.noindex/EagerLinkingTBDs/Debug -F/Users/admin/builder/spi-builder-workspace/.derivedData/Build/Products/Debug/PackageFrameworks -F/Users/admin/builder/spi-builder-workspace/.derivedData/Build/Products/Debug -iframework /Applications/Xcode-27.0.0-Release.Candidate.app/Contents/Developer/Platforms/MacOSX.platform/Developer/Library/Frameworks -filelist /Users/admin/builder/spi-builder-workspace/.derivedData/Build/Intermediates.noindex/combine-schedulers.build/Debug/CombineSchedulers-t.build/Objects-normal/arm64/CombineSchedulers.LinkFileList -nostdlib -Xlinker -object_path_lto -Xlinker /Users/admin/builder/spi-builder-workspace/.derivedData/Build/Intermediates.noindex/combine-schedulers.build/Debug/CombineSchedulers-t.build/Objects-normal/arm64/CombineSchedulers_lto.o -Xlinker -no_deduplicate -Xlinker -debug_variant -Xlinker -dependency_info -Xlinker /Users/admin/builder/spi-builder-workspace/.derivedData/Build/Intermediates.noindex/combine-schedulers.build/Debug/CombineSchedulers-t.build/Objects-normal/arm64/CombineSchedulers_dependency_info.dat -fobjc-link-runtime -L/Applications/Xcode-27.0.0-Release.Candidate.app/Contents/Developer/Toolchains/XcodeDefault.xctoolchain/usr/lib/swift/macosx -L/usr/lib/swift -Xlinker -add_ast_path -Xlinker /Users/admin/builder/spi-builder-workspace/.derivedData/Build/Intermediates.noindex/combine-schedulers.build/Debug/CombineSchedulers-t.build/Objects-normal/arm64/CombineSchedulers.swiftmodule -o /Users/admin/builder/spi-builder-workspace/.derivedData/Build/Products/Debug/CombineSchedulers.o
SwiftDriverJobDiscovery normal arm64 Compiling OpenExistential.swift, RuntimeWarnings.swift (in target 'Dependencies' from project 'swift-dependencies')
SwiftDriver\ Compilation Clocks normal arm64 com.apple.xcode.tools.swift.compiler (in target 'Clocks' from project 'swift-clocks')
    cd /Users/admin/builder/spi-builder-workspace/.swiftpm/xcode
    builtin-Swift-Compilation -- /Applications/Xcode-27.0.0-Release.Candidate.app/Contents/Developer/Toolchains/XcodeDefault.xctoolchain/usr/bin/swiftc -parse-as-library -module-name Clocks -Onone @/Users/admin/builder/spi-builder-workspace/.derivedData/Build/Intermediates.noindex/swift-clocks.build/Debug/Clocks-t.build/Objects-normal/arm64/Clocks.SwiftFileList -DSWIFT_PACKAGE -DDEBUG -DSWIFT_MODULE_RESOURCE_BUNDLE_UNAVAILABLE -DXcode -plugin-path /Applications/Xcode-27.0.0-Release.Candidate.app/Contents/Developer/Toolchains/XcodeDefault.xctoolchain/usr/lib/swift/host/plugins/testing -enable-experimental-feature DebugDescriptionMacro -sdk /Applications/Xcode-27.0.0-Release.Candidate.app/Contents/Developer/Platforms/MacOSX.platform/Developer/SDKs/MacOSX27.0.sdk -target arm64-apple-macos12.0 -g -module-cache-path /Users/admin/builder/spi-builder-workspace/.derivedData/ModuleCache.noindex -Xfrontend -serialize-debugging-options -profile-coverage-mapping -profile-generate -enable-testing -suppress-warnings -index-store-path /Users/admin/builder/spi-builder-workspace/.derivedData/Index.noindex/DataStore -Xcc -D_LIBCPP_HARDENING_MODE\=_LIBCPP_HARDENING_MODE_DEBUG -swift-version 5 -I /Users/admin/builder/spi-builder-workspace/.derivedData/Build/Products/Debug -Isystem /Applications/Xcode-27.0.0-Release.Candidate.app/Contents/Developer/Platforms/MacOSX.platform/Developer/usr/lib -F /Users/admin/builder/spi-builder-workspace/.derivedData/Build/Products/Debug/PackageFrameworks -F /Users/admin/builder/spi-builder-workspace/.derivedData/Build/Products/Debug -F /Applications/Xcode-27.0.0-Release.Candidate.app/Contents/Developer/Platforms/MacOSX.platform/Developer/Library/Frameworks -c -j10 -enable-batch-mode -incremental -Xcc -ivfsstatcache -Xcc /Users/admin/builder/spi-builder-workspace/.derivedData/SDKStatCaches.noindex/macosx27.0-26A425-e829b21a6f8c9b70876ba0858053c0446a22442a12e9d48fe1a705f55a1adfc4.sdkstatcache -output-file-map /Users/admin/builder/spi-builder-workspace/.derivedData/Build/Intermediates.noindex/swift-clocks.build/Debug/Clocks-t.build/Objects-normal/arm64/Clocks-OutputFileMap.json -save-temps -no-color-diagnostics -explicit-module-build -module-cache-path /Users/admin/builder/spi-builder-workspace/.derivedData/Build/Intermediates.noindex/SwiftExplicitPrecompiledModules -clang-scanner-module-cache-path /Users/admin/builder/spi-builder-workspace/.derivedData/ModuleCache.noindex -sdk-module-cache-path /Users/admin/builder/spi-builder-workspace/.derivedData/SDKExplicitPrecompiledModules -emit-dependencies -emit-module -emit-module-path /Users/admin/builder/spi-builder-workspace/.derivedData/Build/Intermediates.noindex/swift-clocks.build/Debug/Clocks-t.build/Objects-normal/arm64/Clocks.swiftmodule -serialize-diagnostics -dependency-scan-serialize-diagnostics-path /Users/admin/builder/spi-builder-workspace/.derivedData/Build/Intermediates.noindex/swift-clocks.build/Debug/Clocks-t.build/Objects-normal/arm64/Clocks-dependency-scan.dia -validate-clang-modules-once -clang-build-session-file /Users/admin/builder/spi-builder-workspace/.derivedData/ModuleCache.noindex/Session.modulevalidation -Xcc -fmodules-prune-interval\=86400 -Xcc -fmodules-prune-after\=345600 -emit-const-values -const-gather-protocols-list /Users/admin/builder/spi-builder-workspace/.derivedData/Build/Intermediates.noindex/swift-clocks.build/Debug/Clocks-t.build/Objects-normal/arm64/Clocks_const_extract_protocols.json -Xcc -I/Users/admin/builder/spi-builder-workspace/.derivedData/Build/Products/Debug/include -Xcc -I/Users/admin/builder/spi-builder-workspace/.derivedData/Build/Intermediates.noindex/swift-clocks.build/Debug/Clocks-t.build/DerivedSources-normal/arm64 -Xcc -I/Users/admin/builder/spi-builder-workspace/.derivedData/Build/Intermediates.noindex/swift-clocks.build/Debug/Clocks-t.build/DerivedSources/arm64 -Xcc -I/Users/admin/builder/spi-builder-workspace/.derivedData/Build/Intermediates.noindex/swift-clocks.build/Debug/Clocks-t.build/DerivedSources -Xcc -DSWIFT_PACKAGE -Xcc -DDEBUG\=1 -emit-objc-header -emit-objc-header-path /Users/admin/builder/spi-builder-workspace/.derivedData/Build/Intermediates.noindex/swift-clocks.build/Debug/Clocks-t.build/Objects-normal/arm64/Clocks-Swift.h -working-directory /Users/admin/builder/spi-builder-workspace/.swiftpm/xcode -experimental-emit-module-separately -disable-cmo
SwiftDriverJobDiscovery normal arm64 Emitting module for SwiftUINavigationCore (in target 'SwiftUINavigationCore' from project 'swiftui-navigation')
SwiftDriver\ Compilation\ Requirements SwiftUINavigationCore normal arm64 com.apple.xcode.tools.swift.compiler (in target 'SwiftUINavigationCore' from project 'swiftui-navigation')
    cd /Users/admin/builder/spi-builder-workspace/.swiftpm/xcode
    builtin-Swift-Compilation-Requirements -- /Applications/Xcode-27.0.0-Release.Candidate.app/Contents/Developer/Toolchains/XcodeDefault.xctoolchain/usr/bin/swiftc -parse-as-library -module-name SwiftUINavigationCore -Onone @/Users/admin/builder/spi-builder-workspace/.derivedData/Build/Intermediates.noindex/swiftui-navigation.build/Debug/SwiftUINavigationCore-t.build/Objects-normal/arm64/SwiftUINavigationCore.SwiftFileList -DSWIFT_PACKAGE -DDEBUG -DSWIFT_MODULE_RESOURCE_BUNDLE_UNAVAILABLE -DXcode -plugin-path /Applications/Xcode-27.0.0-Release.Candidate.app/Contents/Developer/Toolchains/XcodeDefault.xctoolchain/usr/lib/swift/host/plugins/testing -enable-experimental-feature DebugDescriptionMacro -sdk /Applications/Xcode-27.0.0-Release.Candidate.app/Contents/Developer/Platforms/MacOSX.platform/Developer/SDKs/MacOSX27.0.sdk -target arm64-apple-macos12.0 -g -module-cache-path /Users/admin/builder/spi-builder-workspace/.derivedData/ModuleCache.noindex -Xfrontend -serialize-debugging-options -profile-coverage-mapping -profile-generate -enable-testing -suppress-warnings -index-store-path /Users/admin/builder/spi-builder-workspace/.derivedData/Index.noindex/DataStore -Xcc -D_LIBCPP_HARDENING_MODE\=_LIBCPP_HARDENING_MODE_DEBUG -swift-version 5 -I /Users/admin/builder/spi-builder-workspace/.derivedData/Build/Products/Debug -Isystem /Applications/Xcode-27.0.0-Release.Candidate.app/Contents/Developer/Platforms/MacOSX.platform/Developer/usr/lib -F /Users/admin/builder/spi-builder-workspace/.derivedData/Build/Products/Debug/PackageFrameworks -F /Users/admin/builder/spi-builder-workspace/.derivedData/Build/Products/Debug -F /Applications/Xcode-27.0.0-Release.Candidate.app/Contents/Developer/Platforms/MacOSX.platform/Developer/Library/Frameworks -c -j10 -enable-batch-mode -incremental -Xcc -ivfsstatcache -Xcc /Users/admin/builder/spi-builder-workspace/.derivedData/SDKStatCaches.noindex/macosx27.0-26A425-e829b21a6f8c9b70876ba0858053c0446a22442a12e9d48fe1a705f55a1adfc4.sdkstatcache -output-file-map /Users/admin/builder/spi-builder-workspace/.derivedData/Build/Intermediates.noindex/swiftui-navigation.build/Debug/SwiftUINavigationCore-t.build/Objects-normal/arm64/SwiftUINavigationCore-OutputFileMap.json -save-temps -no-color-diagnostics -explicit-module-build -module-cache-path /Users/admin/builder/spi-builder-workspace/.derivedData/Build/Intermediates.noindex/SwiftExplicitPrecompiledModules -clang-scanner-module-cache-path /Users/admin/builder/spi-builder-workspace/.derivedData/ModuleCache.noindex -sdk-module-cache-path /Users/admin/builder/spi-builder-workspace/.derivedData/SDKExplicitPrecompiledModules -emit-dependencies -emit-module -emit-module-path /Users/admin/builder/spi-builder-workspace/.derivedData/Build/Intermediates.noindex/swiftui-navigation.build/Debug/SwiftUINavigationCore-t.build/Objects-normal/arm64/SwiftUINavigationCore.swiftmodule -serialize-diagnostics -dependency-scan-serialize-diagnostics-path /Users/admin/builder/spi-builder-workspace/.derivedData/Build/Intermediates.noindex/swiftui-navigation.build/Debug/SwiftUINavigationCore-t.build/Objects-normal/arm64/SwiftUINavigationCore-dependency-scan.dia -validate-clang-modules-once -clang-build-session-file /Users/admin/builder/spi-builder-workspace/.derivedData/ModuleCache.noindex/Session.modulevalidation -Xcc -fmodules-prune-interval\=86400 -Xcc -fmodules-prune-after\=345600 -emit-const-values -const-gather-protocols-list /Users/admin/builder/spi-builder-workspace/.derivedData/Build/Intermediates.noindex/swiftui-navigation.build/Debug/SwiftUINavigationCore-t.build/Objects-normal/arm64/SwiftUINavigationCore_const_extract_protocols.json -Xcc -I/Users/admin/builder/spi-builder-workspace/.derivedData/Build/Products/Debug/include -Xcc -I/Users/admin/builder/spi-builder-workspace/.derivedData/Build/Intermediates.noindex/swiftui-navigation.build/Debug/SwiftUINavigationCore-t.build/DerivedSources-normal/arm64 -Xcc -I/Users/admin/builder/spi-builder-workspace/.derivedData/Build/Intermediates.noindex/swiftui-navigation.build/Debug/SwiftUINavigationCore-t.build/DerivedSources/arm64 -Xcc -I/Users/admin/builder/spi-builder-workspace/.derivedData/Build/Intermediates.noindex/swiftui-navigation.build/Debug/SwiftUINavigationCore-t.build/DerivedSources -Xcc -DSWIFT_PACKAGE -Xcc -DDEBUG\=1 -emit-objc-header -emit-objc-header-path /Users/admin/builder/spi-builder-workspace/.derivedData/Build/Intermediates.noindex/swiftui-navigation.build/Debug/SwiftUINavigationCore-t.build/Objects-normal/arm64/SwiftUINavigationCore-Swift.h -working-directory /Users/admin/builder/spi-builder-workspace/.swiftpm/xcode -experimental-emit-module-separately -disable-cmo
Ld /Users/admin/builder/spi-builder-workspace/.derivedData/Build/Products/Debug/Clocks.o normal (in target 'Clocks' from project 'swift-clocks')
    cd /Users/admin/builder/spi-builder-workspace/.dependencies/checkouts/swift-clocks
    /Applications/Xcode-27.0.0-Release.Candidate.app/Contents/Developer/Toolchains/XcodeDefault.xctoolchain/usr/bin/clang -Xlinker -reproducible -target arm64-apple-macos12.0 -r -isysroot /Applications/Xcode-27.0.0-Release.Candidate.app/Contents/Developer/Platforms/MacOSX.platform/Developer/SDKs/MacOSX27.0.sdk -O0 -w -Xlinker -no_warn_duplicate_libraries -F/Users/admin/builder/spi-builder-workspace/.derivedData/Build/Intermediates.noindex/EagerLinkingTBDs/Debug -F/Users/admin/builder/spi-builder-workspace/.derivedData/Build/Products/Debug/PackageFrameworks -F/Users/admin/builder/spi-builder-workspace/.derivedData/Build/Products/Debug -iframework /Applications/Xcode-27.0.0-Release.Candidate.app/Contents/Developer/Platforms/MacOSX.platform/Developer/Library/Frameworks -filelist /Users/admin/builder/spi-builder-workspace/.derivedData/Build/Intermediates.noindex/swift-clocks.build/Debug/Clocks-t.build/Objects-normal/arm64/Clocks.LinkFileList -nostdlib -Xlinker -object_path_lto -Xlinker /Users/admin/builder/spi-builder-workspace/.derivedData/Build/Intermediates.noindex/swift-clocks.build/Debug/Clocks-t.build/Objects-normal/arm64/Clocks_lto.o -Xlinker -no_deduplicate -Xlinker -debug_variant -Xlinker -dependency_info -Xlinker /Users/admin/builder/spi-builder-workspace/.derivedData/Build/Intermediates.noindex/swift-clocks.build/Debug/Clocks-t.build/Objects-normal/arm64/Clocks_dependency_info.dat -fobjc-link-runtime -L/Applications/Xcode-27.0.0-Release.Candidate.app/Contents/Developer/Toolchains/XcodeDefault.xctoolchain/usr/lib/swift/macosx -L/usr/lib/swift -Xlinker -add_ast_path -Xlinker /Users/admin/builder/spi-builder-workspace/.derivedData/Build/Intermediates.noindex/swift-clocks.build/Debug/Clocks-t.build/Objects-normal/arm64/Clocks.swiftmodule -o /Users/admin/builder/spi-builder-workspace/.derivedData/Build/Products/Debug/Clocks.o
ExtractAppIntentsMetadata (in target 'CustomDump' from project 'swift-custom-dump')
    cd /Users/admin/builder/spi-builder-workspace/.dependencies/checkouts/swift-custom-dump
    /Applications/Xcode-27.0.0-Release.Candidate.app/Contents/Developer/Toolchains/XcodeDefault.xctoolchain/usr/bin/appintentsmetadataprocessor --toolchain-dir /var/run/com.apple.security.cryptexd/mnt/com.apple.MobileAsset.MetalToolchain-v27.1.266.1.jwwIH5/Metal.xctoolchain --module-name CustomDump --sdk-root /Applications/Xcode-27.0.0-Release.Candidate.app/Contents/Developer/Platforms/MacOSX.platform/Developer/SDKs/MacOSX27.0.sdk --xcode-version 27A266a --platform-family macOS --deployment-target 12.0 --bundle-identifier swift-custom-dump.CustomDump --output /Users/admin/builder/spi-builder-workspace/.derivedData/Build/Products/Debug/CustomDump.appintents --target-triple arm64-apple-macos12.0 --binary-file /Users/admin/builder/spi-builder-workspace/.derivedData/Build/Products/Debug/CustomDump.o --dependency-file /Users/admin/builder/spi-builder-workspace/.derivedData/Build/Intermediates.noindex/swift-custom-dump.build/Debug/CustomDump-t.build/Objects-normal/arm64/CustomDump_dependency_info.dat --stringsdata-file /Users/admin/builder/spi-builder-workspace/.derivedData/Build/Intermediates.noindex/swift-custom-dump.build/Debug/CustomDump-t.build/Objects-normal/arm64/ExtractedAppShortcutsMetadata.stringsdata --source-file-list /Users/admin/builder/spi-builder-workspace/.derivedData/Build/Intermediates.noindex/swift-custom-dump.build/Debug/CustomDump-t.build/Objects-normal/arm64/CustomDump.SwiftFileList --metadata-file-list /Users/admin/builder/spi-builder-workspace/.derivedData/Build/Intermediates.noindex/swift-custom-dump.build/Debug/CustomDump-t.build/CustomDump.DependencyMetadataFileList --static-metadata-file-list /Users/admin/builder/spi-builder-workspace/.derivedData/Build/Intermediates.noindex/swift-custom-dump.build/Debug/CustomDump-t.build/CustomDump.DependencyStaticMetadataFileList --swift-const-vals-list /Users/admin/builder/spi-builder-workspace/.derivedData/Build/Intermediates.noindex/swift-custom-dump.build/Debug/CustomDump-t.build/Objects-normal/arm64/CustomDump.SwiftConstValuesFileList --force --compile-time-extraction --deployment-aware-processing --no-app-shortcuts-localization
2026-09-17 21:12:53.813 appintentsmetadataprocessor[1392:7873] Starting appintentsmetadataprocessor export
2026-09-17 21:12:53.896 appintentsmetadataprocessor[1392:7873] Extracted no relevant App Intents symbols, skipping writing output
ExtractAppIntentsMetadata (in target 'CombineSchedulers' from project 'combine-schedulers')
    cd /Users/admin/builder/spi-builder-workspace/.dependencies/checkouts/combine-schedulers
    /Applications/Xcode-27.0.0-Release.Candidate.app/Contents/Developer/Toolchains/XcodeDefault.xctoolchain/usr/bin/appintentsmetadataprocessor --toolchain-dir /var/run/com.apple.security.cryptexd/mnt/com.apple.MobileAsset.MetalToolchain-v27.1.266.1.jwwIH5/Metal.xctoolchain --module-name CombineSchedulers --sdk-root /Applications/Xcode-27.0.0-Release.Candidate.app/Contents/Developer/Platforms/MacOSX.platform/Developer/SDKs/MacOSX27.0.sdk --xcode-version 27A266a --platform-family macOS --deployment-target 12.0 --bundle-identifier combine-schedulers.CombineSchedulers --output /Users/admin/builder/spi-builder-workspace/.derivedData/Build/Products/Debug/CombineSchedulers.appintents --target-triple arm64-apple-macos12.0 --binary-file /Users/admin/builder/spi-builder-workspace/.derivedData/Build/Products/Debug/CombineSchedulers.o --dependency-file /Users/admin/builder/spi-builder-workspace/.derivedData/Build/Intermediates.noindex/combine-schedulers.build/Debug/CombineSchedulers-t.build/Objects-normal/arm64/CombineSchedulers_dependency_info.dat --stringsdata-file /Users/admin/builder/spi-builder-workspace/.derivedData/Build/Intermediates.noindex/combine-schedulers.build/Debug/CombineSchedulers-t.build/Objects-normal/arm64/ExtractedAppShortcutsMetadata.stringsdata --source-file-list /Users/admin/builder/spi-builder-workspace/.derivedData/Build/Intermediates.noindex/combine-schedulers.build/Debug/CombineSchedulers-t.build/Objects-normal/arm64/CombineSchedulers.SwiftFileList --metadata-file-list /Users/admin/builder/spi-builder-workspace/.derivedData/Build/Intermediates.noindex/combine-schedulers.build/Debug/CombineSchedulers-t.build/CombineSchedulers.DependencyMetadataFileList --static-metadata-file-list /Users/admin/builder/spi-builder-workspace/.derivedData/Build/Intermediates.noindex/combine-schedulers.build/Debug/CombineSchedulers-t.build/CombineSchedulers.DependencyStaticMetadataFileList --swift-const-vals-list /Users/admin/builder/spi-builder-workspace/.derivedData/Build/Intermediates.noindex/combine-schedulers.build/Debug/CombineSchedulers-t.build/Objects-normal/arm64/CombineSchedulers.SwiftConstValuesFileList --force --compile-time-extraction --deployment-aware-processing --no-app-shortcuts-localization
2026-09-17 21:12:53.818 appintentsmetadataprocessor[1393:7875] Starting appintentsmetadataprocessor export
2026-09-17 21:12:53.896 appintentsmetadataprocessor[1393:7875] Extracted no relevant App Intents symbols, skipping writing output
SwiftMergeGeneratedHeaders /Users/admin/builder/spi-builder-workspace/.derivedData/Build/Intermediates.noindex/GeneratedModuleMaps/SwiftUINavigationCore-Swift.h /Users/admin/builder/spi-builder-workspace/.derivedData/Build/Intermediates.noindex/swiftui-navigation.build/Debug/SwiftUINavigationCore-t.build/Objects-normal/arm64/SwiftUINavigationCore-Swift.h (in target 'SwiftUINavigationCore' from project 'swiftui-navigation')
    cd /Users/admin/builder/spi-builder-workspace/.dependencies/checkouts/swiftui-navigation
    builtin-swiftHeaderTool -arch arm64 /Users/admin/builder/spi-builder-workspace/.derivedData/Build/Intermediates.noindex/swiftui-navigation.build/Debug/SwiftUINavigationCore-t.build/Objects-normal/arm64/SwiftUINavigationCore-Swift.h -o /Users/admin/builder/spi-builder-workspace/.derivedData/Build/Intermediates.noindex/GeneratedModuleMaps/SwiftUINavigationCore-Swift.h
Copy /Users/admin/builder/spi-builder-workspace/.derivedData/Build/Products/Debug/SwiftUINavigationCore.swiftmodule/arm64-apple-macos.swiftmodule /Users/admin/builder/spi-builder-workspace/.derivedData/Build/Intermediates.noindex/swiftui-navigation.build/Debug/SwiftUINavigationCore-t.build/Objects-normal/arm64/SwiftUINavigationCore.swiftmodule (in target 'SwiftUINavigationCore' from project 'swiftui-navigation')
    cd /Users/admin/builder/spi-builder-workspace/.dependencies/checkouts/swiftui-navigation
    builtin-copy -exclude .DS_Store -exclude CVS -exclude .svn -exclude .git -exclude .hg -resolve-src-symlinks -rename /Users/admin/builder/spi-builder-workspace/.derivedData/Build/Intermediates.noindex/swiftui-navigation.build/Debug/SwiftUINavigationCore-t.build/Objects-normal/arm64/SwiftUINavigationCore.swiftmodule /Users/admin/builder/spi-builder-workspace/.derivedData/Build/Products/Debug/SwiftUINavigationCore.swiftmodule/arm64-apple-macos.swiftmodule
Copy /Users/admin/builder/spi-builder-workspace/.derivedData/Build/Products/Debug/SwiftUINavigationCore.swiftmodule/arm64-apple-macos.swiftdoc /Users/admin/builder/spi-builder-workspace/.derivedData/Build/Intermediates.noindex/swiftui-navigation.build/Debug/SwiftUINavigationCore-t.build/Objects-normal/arm64/SwiftUINavigationCore.swiftdoc (in target 'SwiftUINavigationCore' from project 'swiftui-navigation')
    cd /Users/admin/builder/spi-builder-workspace/.dependencies/checkouts/swiftui-navigation
    builtin-copy -exclude .DS_Store -exclude CVS -exclude .svn -exclude .git -exclude .hg -resolve-src-symlinks -rename /Users/admin/builder/spi-builder-workspace/.derivedData/Build/Intermediates.noindex/swiftui-navigation.build/Debug/SwiftUINavigationCore-t.build/Objects-normal/arm64/SwiftUINavigationCore.swiftdoc /Users/admin/builder/spi-builder-workspace/.derivedData/Build/Products/Debug/SwiftUINavigationCore.swiftmodule/arm64-apple-macos.swiftdoc
SwiftDriverJobDiscovery normal arm64 Compiling ConfirmationDialogState.swift (in target 'SwiftUINavigationCore' from project 'swiftui-navigation')
Copy /Users/admin/builder/spi-builder-workspace/.derivedData/Build/Products/Debug/SwiftUINavigationCore.swiftmodule/arm64-apple-macos.abi.json /Users/admin/builder/spi-builder-workspace/.derivedData/Build/Intermediates.noindex/swiftui-navigation.build/Debug/SwiftUINavigationCore-t.build/Objects-normal/arm64/SwiftUINavigationCore.abi.json (in target 'SwiftUINavigationCore' from project 'swiftui-navigation')
    cd /Users/admin/builder/spi-builder-workspace/.dependencies/checkouts/swiftui-navigation
    builtin-copy -exclude .DS_Store -exclude CVS -exclude .svn -exclude .git -exclude .hg -resolve-src-symlinks -rename /Users/admin/builder/spi-builder-workspace/.derivedData/Build/Intermediates.noindex/swiftui-navigation.build/Debug/SwiftUINavigationCore-t.build/Objects-normal/arm64/SwiftUINavigationCore.abi.json /Users/admin/builder/spi-builder-workspace/.derivedData/Build/Products/Debug/SwiftUINavigationCore.swiftmodule/arm64-apple-macos.abi.json
Copy /Users/admin/builder/spi-builder-workspace/.derivedData/Build/Products/Debug/SwiftUINavigationCore.swiftmodule/Project/arm64-apple-macos.swiftsourceinfo /Users/admin/builder/spi-builder-workspace/.derivedData/Build/Intermediates.noindex/swiftui-navigation.build/Debug/SwiftUINavigationCore-t.build/Objects-normal/arm64/SwiftUINavigationCore.swiftsourceinfo (in target 'SwiftUINavigationCore' from project 'swiftui-navigation')
    cd /Users/admin/builder/spi-builder-workspace/.dependencies/checkouts/swiftui-navigation
    builtin-copy -exclude .DS_Store -exclude CVS -exclude .svn -exclude .git -exclude .hg -resolve-src-symlinks -rename /Users/admin/builder/spi-builder-workspace/.derivedData/Build/Intermediates.noindex/swiftui-navigation.build/Debug/SwiftUINavigationCore-t.build/Objects-normal/arm64/SwiftUINavigationCore.swiftsourceinfo /Users/admin/builder/spi-builder-workspace/.derivedData/Build/Products/Debug/SwiftUINavigationCore.swiftmodule/Project/arm64-apple-macos.swiftsourceinfo
ExtractAppIntentsMetadata (in target 'Clocks' from project 'swift-clocks')
    cd /Users/admin/builder/spi-builder-workspace/.dependencies/checkouts/swift-clocks
    /Applications/Xcode-27.0.0-Release.Candidate.app/Contents/Developer/Toolchains/XcodeDefault.xctoolchain/usr/bin/appintentsmetadataprocessor --toolchain-dir /var/run/com.apple.security.cryptexd/mnt/com.apple.MobileAsset.MetalToolchain-v27.1.266.1.jwwIH5/Metal.xctoolchain --module-name Clocks --sdk-root /Applications/Xcode-27.0.0-Release.Candidate.app/Contents/Developer/Platforms/MacOSX.platform/Developer/SDKs/MacOSX27.0.sdk --xcode-version 27A266a --platform-family macOS --deployment-target 12.0 --bundle-identifier swift-clocks.Clocks --output /Users/admin/builder/spi-builder-workspace/.derivedData/Build/Products/Debug/Clocks.appintents --target-triple arm64-apple-macos12.0 --binary-file /Users/admin/builder/spi-builder-workspace/.derivedData/Build/Products/Debug/Clocks.o --dependency-file /Users/admin/builder/spi-builder-workspace/.derivedData/Build/Intermediates.noindex/swift-clocks.build/Debug/Clocks-t.build/Objects-normal/arm64/Clocks_dependency_info.dat --stringsdata-file /Users/admin/builder/spi-builder-workspace/.derivedData/Build/Intermediates.noindex/swift-clocks.build/Debug/Clocks-t.build/Objects-normal/arm64/ExtractedAppShortcutsMetadata.stringsdata --source-file-list /Users/admin/builder/spi-builder-workspace/.derivedData/Build/Intermediates.noindex/swift-clocks.build/Debug/Clocks-t.build/Objects-normal/arm64/Clocks.SwiftFileList --metadata-file-list /Users/admin/builder/spi-builder-workspace/.derivedData/Build/Intermediates.noindex/swift-clocks.build/Debug/Clocks-t.build/Clocks.DependencyMetadataFileList --static-metadata-file-list /Users/admin/builder/spi-builder-workspace/.derivedData/Build/Intermediates.noindex/swift-clocks.build/Debug/Clocks-t.build/Clocks.DependencyStaticMetadataFileList --swift-const-vals-list /Users/admin/builder/spi-builder-workspace/.derivedData/Build/Intermediates.noindex/swift-clocks.build/Debug/Clocks-t.build/Objects-normal/arm64/Clocks.SwiftConstValuesFileList --force --compile-time-extraction --deployment-aware-processing --no-app-shortcuts-localization
2026-09-17 21:12:53.854 appintentsmetadataprocessor[1396:7893] Starting appintentsmetadataprocessor export
2026-09-17 21:12:53.931 appintentsmetadataprocessor[1396:7893] Extracted no relevant App Intents symbols, skipping writing output
SwiftDriver ComposableArchitecture normal arm64 com.apple.xcode.tools.swift.compiler (in target 'ComposableArchitecture' from project 'swift-composable-architecture')
    cd /Users/admin/builder/spi-builder-workspace/.swiftpm/xcode
    builtin-SwiftDriver -- /Applications/Xcode-27.0.0-Release.Candidate.app/Contents/Developer/Toolchains/XcodeDefault.xctoolchain/usr/bin/swiftc -parse-as-library -module-name ComposableArchitecture -Onone @/Users/admin/builder/spi-builder-workspace/.derivedData/Build/Intermediates.noindex/swift-composable-architecture.build/Debug/ComposableArchitecture-t.build/Objects-normal/arm64/ComposableArchitecture.SwiftFileList -DSWIFT_PACKAGE -DDEBUG -DSWIFT_MODULE_RESOURCE_BUNDLE_UNAVAILABLE -DXcode -plugin-path /Applications/Xcode-27.0.0-Release.Candidate.app/Contents/Developer/Toolchains/XcodeDefault.xctoolchain/usr/lib/swift/host/plugins/testing -enable-experimental-feature DebugDescriptionMacro -sdk /Applications/Xcode-27.0.0-Release.Candidate.app/Contents/Developer/Platforms/MacOSX.platform/Developer/SDKs/MacOSX27.0.sdk -target arm64-apple-macos12.0 -g -module-cache-path /Users/admin/builder/spi-builder-workspace/.derivedData/ModuleCache.noindex -Xfrontend -serialize-debugging-options -profile-coverage-mapping -profile-generate -enable-testing -suppress-warnings -index-store-path /Users/admin/builder/spi-builder-workspace/.derivedData/Index.noindex/DataStore -Xcc -D_LIBCPP_HARDENING_MODE\=_LIBCPP_HARDENING_MODE_DEBUG -swift-version 5 -I /Users/admin/builder/spi-builder-workspace/.derivedData/Build/Products/Debug -Isystem /Applications/Xcode-27.0.0-Release.Candidate.app/Contents/Developer/Platforms/MacOSX.platform/Developer/usr/lib -F /Users/admin/builder/spi-builder-workspace/.derivedData/Build/Products/Debug/PackageFrameworks -F /Users/admin/builder/spi-builder-workspace/.derivedData/Build/Products/Debug -F /Applications/Xcode-27.0.0-Release.Candidate.app/Contents/Developer/Platforms/MacOSX.platform/Developer/Library/Frameworks -c -j10 -enable-batch-mode -incremental -Xcc -ivfsstatcache -Xcc /Users/admin/builder/spi-builder-workspace/.derivedData/SDKStatCaches.noindex/macosx27.0-26A425-e829b21a6f8c9b70876ba0858053c0446a22442a12e9d48fe1a705f55a1adfc4.sdkstatcache -output-file-map /Users/admin/builder/spi-builder-workspace/.derivedData/Build/Intermediates.noindex/swift-composable-architecture.build/Debug/ComposableArchitecture-t.build/Objects-normal/arm64/ComposableArchitecture-OutputFileMap.json -save-temps -no-color-diagnostics -explicit-module-build -module-cache-path /Users/admin/builder/spi-builder-workspace/.derivedData/Build/Intermediates.noindex/SwiftExplicitPrecompiledModules -clang-scanner-module-cache-path /Users/admin/builder/spi-builder-workspace/.derivedData/ModuleCache.noindex -sdk-module-cache-path /Users/admin/builder/spi-builder-workspace/.derivedData/SDKExplicitPrecompiledModules -emit-dependencies -emit-module -emit-module-path /Users/admin/builder/spi-builder-workspace/.derivedData/Build/Intermediates.noindex/swift-composable-architecture.build/Debug/ComposableArchitecture-t.build/Objects-normal/arm64/ComposableArchitecture.swiftmodule -serialize-diagnostics -dependency-scan-serialize-diagnostics-path /Users/admin/builder/spi-builder-workspace/.derivedData/Build/Intermediates.noindex/swift-composable-architecture.build/Debug/ComposableArchitecture-t.build/Objects-normal/arm64/ComposableArchitecture-dependency-scan.dia -validate-clang-modules-once -clang-build-session-file /Users/admin/builder/spi-builder-workspace/.derivedData/ModuleCache.noindex/Session.modulevalidation -Xcc -fmodules-prune-interval\=86400 -Xcc -fmodules-prune-after\=345600 -emit-const-values -const-gather-protocols-list /Users/admin/builder/spi-builder-workspace/.derivedData/Build/Intermediates.noindex/swift-composable-architecture.build/Debug/ComposableArchitecture-t.build/Objects-normal/arm64/ComposableArchitecture_const_extract_protocols.json -Xcc -I/Users/admin/builder/spi-builder-workspace/.derivedData/Build/Products/Debug/include -Xcc -I/Users/admin/builder/spi-builder-workspace/.derivedData/Build/Intermediates.noindex/swift-composable-architecture.build/Debug/ComposableArchitecture-t.build/DerivedSources-normal/arm64 -Xcc -I/Users/admin/builder/spi-builder-workspace/.derivedData/Build/Intermediates.noindex/swift-composable-architecture.build/Debug/ComposableArchitecture-t.build/DerivedSources/arm64 -Xcc -I/Users/admin/builder/spi-builder-workspace/.derivedData/Build/Intermediates.noindex/swift-composable-architecture.build/Debug/ComposableArchitecture-t.build/DerivedSources -Xcc -DSWIFT_PACKAGE -Xcc -DDEBUG\=1 -emit-objc-header -emit-objc-header-path /Users/admin/builder/spi-builder-workspace/.derivedData/Build/Intermediates.noindex/swift-composable-architecture.build/Debug/ComposableArchitecture-t.build/Objects-normal/arm64/ComposableArchitecture-Swift.h -working-directory /Users/admin/builder/spi-builder-workspace/.swiftpm/xcode -experimental-emit-module-separately -disable-cmo
SwiftDriverJobDiscovery normal arm64 Compiling Locale.swift, MainQueue.swift (in target 'Dependencies' from project 'swift-dependencies')
SwiftDriverJobDiscovery normal arm64 Compiling Deprecations.swift, Exports.swift (in target 'Dependencies' from project 'swift-dependencies')
SwiftDriverJobDiscovery normal arm64 Compiling UUID.swift, WithRandomNumberGenerator.swift (in target 'Dependencies' from project 'swift-dependencies')
SwiftDriverJobDiscovery normal arm64 Compiling ButtonState.swift (in target 'SwiftUINavigationCore' from project 'swiftui-navigation')
SwiftDriverJobDiscovery normal arm64 Compiling TextState.swift (in target 'SwiftUINavigationCore' from project 'swiftui-navigation')
SwiftDriver\ Compilation SwiftUINavigationCore normal arm64 com.apple.xcode.tools.swift.compiler (in target 'SwiftUINavigationCore' from project 'swiftui-navigation')
    cd /Users/admin/builder/spi-builder-workspace/.swiftpm/xcode
    builtin-Swift-Compilation -- /Applications/Xcode-27.0.0-Release.Candidate.app/Contents/Developer/Toolchains/XcodeDefault.xctoolchain/usr/bin/swiftc -parse-as-library -module-name SwiftUINavigationCore -Onone @/Users/admin/builder/spi-builder-workspace/.derivedData/Build/Intermediates.noindex/swiftui-navigation.build/Debug/SwiftUINavigationCore-t.build/Objects-normal/arm64/SwiftUINavigationCore.SwiftFileList -DSWIFT_PACKAGE -DDEBUG -DSWIFT_MODULE_RESOURCE_BUNDLE_UNAVAILABLE -DXcode -plugin-path /Applications/Xcode-27.0.0-Release.Candidate.app/Contents/Developer/Toolchains/XcodeDefault.xctoolchain/usr/lib/swift/host/plugins/testing -enable-experimental-feature DebugDescriptionMacro -sdk /Applications/Xcode-27.0.0-Release.Candidate.app/Contents/Developer/Platforms/MacOSX.platform/Developer/SDKs/MacOSX27.0.sdk -target arm64-apple-macos12.0 -g -module-cache-path /Users/admin/builder/spi-builder-workspace/.derivedData/ModuleCache.noindex -Xfrontend -serialize-debugging-options -profile-coverage-mapping -profile-generate -enable-testing -suppress-warnings -index-store-path /Users/admin/builder/spi-builder-workspace/.derivedData/Index.noindex/DataStore -Xcc -D_LIBCPP_HARDENING_MODE\=_LIBCPP_HARDENING_MODE_DEBUG -swift-version 5 -I /Users/admin/builder/spi-builder-workspace/.derivedData/Build/Products/Debug -Isystem /Applications/Xcode-27.0.0-Release.Candidate.app/Contents/Developer/Platforms/MacOSX.platform/Developer/usr/lib -F /Users/admin/builder/spi-builder-workspace/.derivedData/Build/Products/Debug/PackageFrameworks -F /Users/admin/builder/spi-builder-workspace/.derivedData/Build/Products/Debug -F /Applications/Xcode-27.0.0-Release.Candidate.app/Contents/Developer/Platforms/MacOSX.platform/Developer/Library/Frameworks -c -j10 -enable-batch-mode -incremental -Xcc -ivfsstatcache -Xcc /Users/admin/builder/spi-builder-workspace/.derivedData/SDKStatCaches.noindex/macosx27.0-26A425-e829b21a6f8c9b70876ba0858053c0446a22442a12e9d48fe1a705f55a1adfc4.sdkstatcache -output-file-map /Users/admin/builder/spi-builder-workspace/.derivedData/Build/Intermediates.noindex/swiftui-navigation.build/Debug/SwiftUINavigationCore-t.build/Objects-normal/arm64/SwiftUINavigationCore-OutputFileMap.json -save-temps -no-color-diagnostics -explicit-module-build -module-cache-path /Users/admin/builder/spi-builder-workspace/.derivedData/Build/Intermediates.noindex/SwiftExplicitPrecompiledModules -clang-scanner-module-cache-path /Users/admin/builder/spi-builder-workspace/.derivedData/ModuleCache.noindex -sdk-module-cache-path /Users/admin/builder/spi-builder-workspace/.derivedData/SDKExplicitPrecompiledModules -emit-dependencies -emit-module -emit-module-path /Users/admin/builder/spi-builder-workspace/.derivedData/Build/Intermediates.noindex/swiftui-navigation.build/Debug/SwiftUINavigationCore-t.build/Objects-normal/arm64/SwiftUINavigationCore.swiftmodule -serialize-diagnostics -dependency-scan-serialize-diagnostics-path /Users/admin/builder/spi-builder-workspace/.derivedData/Build/Intermediates.noindex/swiftui-navigation.build/Debug/SwiftUINavigationCore-t.build/Objects-normal/arm64/SwiftUINavigationCore-dependency-scan.dia -validate-clang-modules-once -clang-build-session-file /Users/admin/builder/spi-builder-workspace/.derivedData/ModuleCache.noindex/Session.modulevalidation -Xcc -fmodules-prune-interval\=86400 -Xcc -fmodules-prune-after\=345600 -emit-const-values -const-gather-protocols-list /Users/admin/builder/spi-builder-workspace/.derivedData/Build/Intermediates.noindex/swiftui-navigation.build/Debug/SwiftUINavigationCore-t.build/Objects-normal/arm64/SwiftUINavigationCore_const_extract_protocols.json -Xcc -I/Users/admin/builder/spi-builder-workspace/.derivedData/Build/Products/Debug/include -Xcc -I/Users/admin/builder/spi-builder-workspace/.derivedData/Build/Intermediates.noindex/swiftui-navigation.build/Debug/SwiftUINavigationCore-t.build/DerivedSources-normal/arm64 -Xcc -I/Users/admin/builder/spi-builder-workspace/.derivedData/Build/Intermediates.noindex/swiftui-navigation.build/Debug/SwiftUINavigationCore-t.build/DerivedSources/arm64 -Xcc -I/Users/admin/builder/spi-builder-workspace/.derivedData/Build/Intermediates.noindex/swiftui-navigation.build/Debug/SwiftUINavigationCore-t.build/DerivedSources -Xcc -DSWIFT_PACKAGE -Xcc -DDEBUG\=1 -emit-objc-header -emit-objc-header-path /Users/admin/builder/spi-builder-workspace/.derivedData/Build/Intermediates.noindex/swiftui-navigation.build/Debug/SwiftUINavigationCore-t.build/Objects-normal/arm64/SwiftUINavigationCore-Swift.h -working-directory /Users/admin/builder/spi-builder-workspace/.swiftpm/xcode -experimental-emit-module-separately -disable-cmo
Ld /Users/admin/builder/spi-builder-workspace/.derivedData/Build/Products/Debug/SwiftUINavigationCore.o normal (in target 'SwiftUINavigationCore' from project 'swiftui-navigation')
    cd /Users/admin/builder/spi-builder-workspace/.dependencies/checkouts/swiftui-navigation
    /Applications/Xcode-27.0.0-Release.Candidate.app/Contents/Developer/Toolchains/XcodeDefault.xctoolchain/usr/bin/clang -Xlinker -reproducible -target arm64-apple-macos12.0 -r -isysroot /Applications/Xcode-27.0.0-Release.Candidate.app/Contents/Developer/Platforms/MacOSX.platform/Developer/SDKs/MacOSX27.0.sdk -O0 -w -Xlinker -no_warn_duplicate_libraries -F/Users/admin/builder/spi-builder-workspace/.derivedData/Build/Intermediates.noindex/EagerLinkingTBDs/Debug -F/Users/admin/builder/spi-builder-workspace/.derivedData/Build/Products/Debug/PackageFrameworks -F/Users/admin/builder/spi-builder-workspace/.derivedData/Build/Products/Debug -iframework /Applications/Xcode-27.0.0-Release.Candidate.app/Contents/Developer/Platforms/MacOSX.platform/Developer/Library/Frameworks -filelist /Users/admin/builder/spi-builder-workspace/.derivedData/Build/Intermediates.noindex/swiftui-navigation.build/Debug/SwiftUINavigationCore-t.build/Objects-normal/arm64/SwiftUINavigationCore.LinkFileList -nostdlib -Xlinker -object_path_lto -Xlinker /Users/admin/builder/spi-builder-workspace/.derivedData/Build/Intermediates.noindex/swiftui-navigation.build/Debug/SwiftUINavigationCore-t.build/Objects-normal/arm64/SwiftUINavigationCore_lto.o -Xlinker -no_deduplicate -Xlinker -debug_variant -Xlinker -dependency_info -Xlinker /Users/admin/builder/spi-builder-workspace/.derivedData/Build/Intermediates.noindex/swiftui-navigation.build/Debug/SwiftUINavigationCore-t.build/Objects-normal/arm64/SwiftUINavigationCore_dependency_info.dat -fobjc-link-runtime -L/Applications/Xcode-27.0.0-Release.Candidate.app/Contents/Developer/Toolchains/XcodeDefault.xctoolchain/usr/lib/swift/macosx -L/usr/lib/swift -Xlinker -add_ast_path -Xlinker /Users/admin/builder/spi-builder-workspace/.derivedData/Build/Intermediates.noindex/swiftui-navigation.build/Debug/SwiftUINavigationCore-t.build/Objects-normal/arm64/SwiftUINavigationCore.swiftmodule -o /Users/admin/builder/spi-builder-workspace/.derivedData/Build/Products/Debug/SwiftUINavigationCore.o
ExtractAppIntentsMetadata (in target 'SwiftUINavigationCore' from project 'swiftui-navigation')
    cd /Users/admin/builder/spi-builder-workspace/.dependencies/checkouts/swiftui-navigation
    /Applications/Xcode-27.0.0-Release.Candidate.app/Contents/Developer/Toolchains/XcodeDefault.xctoolchain/usr/bin/appintentsmetadataprocessor --toolchain-dir /var/run/com.apple.security.cryptexd/mnt/com.apple.MobileAsset.MetalToolchain-v27.1.266.1.jwwIH5/Metal.xctoolchain --module-name SwiftUINavigationCore --sdk-root /Applications/Xcode-27.0.0-Release.Candidate.app/Contents/Developer/Platforms/MacOSX.platform/Developer/SDKs/MacOSX27.0.sdk --xcode-version 27A266a --platform-family macOS --deployment-target 12.0 --bundle-identifier swiftui-navigation.SwiftUINavigationCore --output /Users/admin/builder/spi-builder-workspace/.derivedData/Build/Products/Debug/SwiftUINavigationCore.appintents --target-triple arm64-apple-macos12.0 --binary-file /Users/admin/builder/spi-builder-workspace/.derivedData/Build/Products/Debug/SwiftUINavigationCore.o --dependency-file /Users/admin/builder/spi-builder-workspace/.derivedData/Build/Intermediates.noindex/swiftui-navigation.build/Debug/SwiftUINavigationCore-t.build/Objects-normal/arm64/SwiftUINavigationCore_dependency_info.dat --stringsdata-file /Users/admin/builder/spi-builder-workspace/.derivedData/Build/Intermediates.noindex/swiftui-navigation.build/Debug/SwiftUINavigationCore-t.build/Objects-normal/arm64/ExtractedAppShortcutsMetadata.stringsdata --source-file-list /Users/admin/builder/spi-builder-workspace/.derivedData/Build/Intermediates.noindex/swiftui-navigation.build/Debug/SwiftUINavigationCore-t.build/Objects-normal/arm64/SwiftUINavigationCore.SwiftFileList --metadata-file-list /Users/admin/builder/spi-builder-workspace/.derivedData/Build/Intermediates.noindex/swiftui-navigation.build/Debug/SwiftUINavigationCore-t.build/SwiftUINavigationCore.DependencyMetadataFileList --static-metadata-file-list /Users/admin/builder/spi-builder-workspace/.derivedData/Build/Intermediates.noindex/swiftui-navigation.build/Debug/SwiftUINavigationCore-t.build/SwiftUINavigationCore.DependencyStaticMetadataFileList --swift-const-vals-list /Users/admin/builder/spi-builder-workspace/.derivedData/Build/Intermediates.noindex/swiftui-navigation.build/Debug/SwiftUINavigationCore-t.build/Objects-normal/arm64/SwiftUINavigationCore.SwiftConstValuesFileList --force --compile-time-extraction --deployment-aware-processing --no-app-shortcuts-localization
2026-09-17 21:12:54.058 appintentsmetadataprocessor[1400:7959] Starting appintentsmetadataprocessor export
2026-09-17 21:12:54.118 appintentsmetadataprocessor[1400:7959] Extracted no relevant App Intents symbols, skipping writing output
SwiftDriverJobDiscovery normal arm64 Compiling DependencyValues.swift, Calendar.swift, Clocks.swift (in target 'Dependencies' from project 'swift-dependencies')
SwiftDriver\ Compilation Dependencies normal arm64 com.apple.xcode.tools.swift.compiler (in target 'Dependencies' from project 'swift-dependencies')
    cd /Users/admin/builder/spi-builder-workspace/.swiftpm/xcode
    builtin-Swift-Compilation -- /Applications/Xcode-27.0.0-Release.Candidate.app/Contents/Developer/Toolchains/XcodeDefault.xctoolchain/usr/bin/swiftc -parse-as-library -module-name Dependencies -Onone @/Users/admin/builder/spi-builder-workspace/.derivedData/Build/Intermediates.noindex/swift-dependencies.build/Debug/Dependencies-t.build/Objects-normal/arm64/Dependencies.SwiftFileList -DSWIFT_PACKAGE -DDEBUG -DSWIFT_MODULE_RESOURCE_BUNDLE_UNAVAILABLE -DXcode -plugin-path /Applications/Xcode-27.0.0-Release.Candidate.app/Contents/Developer/Toolchains/XcodeDefault.xctoolchain/usr/lib/swift/host/plugins/testing -enable-experimental-feature DebugDescriptionMacro -sdk /Applications/Xcode-27.0.0-Release.Candidate.app/Contents/Developer/Platforms/MacOSX.platform/Developer/SDKs/MacOSX27.0.sdk -target arm64-apple-macos12.0 -g -module-cache-path /Users/admin/builder/spi-builder-workspace/.derivedData/ModuleCache.noindex -Xfrontend -serialize-debugging-options -profile-coverage-mapping -profile-generate -enable-testing -suppress-warnings -index-store-path /Users/admin/builder/spi-builder-workspace/.derivedData/Index.noindex/DataStore -Xcc -D_LIBCPP_HARDENING_MODE\=_LIBCPP_HARDENING_MODE_DEBUG -swift-version 5 -I /Users/admin/builder/spi-builder-workspace/.derivedData/Build/Products/Debug -Isystem /Applications/Xcode-27.0.0-Release.Candidate.app/Contents/Developer/Platforms/MacOSX.platform/Developer/usr/lib -F /Users/admin/builder/spi-builder-workspace/.derivedData/Build/Products/Debug/PackageFrameworks -F /Users/admin/builder/spi-builder-workspace/.derivedData/Build/Products/Debug -F /Applications/Xcode-27.0.0-Release.Candidate.app/Contents/Developer/Platforms/MacOSX.platform/Developer/Library/Frameworks -c -j10 -enable-batch-mode -incremental -Xcc -ivfsstatcache -Xcc /Users/admin/builder/spi-builder-workspace/.derivedData/SDKStatCaches.noindex/macosx27.0-26A425-e829b21a6f8c9b70876ba0858053c0446a22442a12e9d48fe1a705f55a1adfc4.sdkstatcache -output-file-map /Users/admin/builder/spi-builder-workspace/.derivedData/Build/Intermediates.noindex/swift-dependencies.build/Debug/Dependencies-t.build/Objects-normal/arm64/Dependencies-OutputFileMap.json -save-temps -no-color-diagnostics -explicit-module-build -module-cache-path /Users/admin/builder/spi-builder-workspace/.derivedData/Build/Intermediates.noindex/SwiftExplicitPrecompiledModules -clang-scanner-module-cache-path /Users/admin/builder/spi-builder-workspace/.derivedData/ModuleCache.noindex -sdk-module-cache-path /Users/admin/builder/spi-builder-workspace/.derivedData/SDKExplicitPrecompiledModules -emit-dependencies -emit-module -emit-module-path /Users/admin/builder/spi-builder-workspace/.derivedData/Build/Intermediates.noindex/swift-dependencies.build/Debug/Dependencies-t.build/Objects-normal/arm64/Dependencies.swiftmodule -serialize-diagnostics -dependency-scan-serialize-diagnostics-path /Users/admin/builder/spi-builder-workspace/.derivedData/Build/Intermediates.noindex/swift-dependencies.build/Debug/Dependencies-t.build/Objects-normal/arm64/Dependencies-dependency-scan.dia -validate-clang-modules-once -clang-build-session-file /Users/admin/builder/spi-builder-workspace/.derivedData/ModuleCache.noindex/Session.modulevalidation -Xcc -fmodules-prune-interval\=86400 -Xcc -fmodules-prune-after\=345600 -emit-const-values -const-gather-protocols-list /Users/admin/builder/spi-builder-workspace/.derivedData/Build/Intermediates.noindex/swift-dependencies.build/Debug/Dependencies-t.build/Objects-normal/arm64/Dependencies_const_extract_protocols.json -Xcc -I/Users/admin/builder/spi-builder-workspace/.derivedData/Build/Products/Debug/include -Xcc -I/Users/admin/builder/spi-builder-workspace/.derivedData/Build/Intermediates.noindex/swift-dependencies.build/Debug/Dependencies-t.build/DerivedSources-normal/arm64 -Xcc -I/Users/admin/builder/spi-builder-workspace/.derivedData/Build/Intermediates.noindex/swift-dependencies.build/Debug/Dependencies-t.build/DerivedSources/arm64 -Xcc -I/Users/admin/builder/spi-builder-workspace/.derivedData/Build/Intermediates.noindex/swift-dependencies.build/Debug/Dependencies-t.build/DerivedSources -Xcc -DSWIFT_PACKAGE -Xcc -DDEBUG\=1 -emit-objc-header -emit-objc-header-path /Users/admin/builder/spi-builder-workspace/.derivedData/Build/Intermediates.noindex/swift-dependencies.build/Debug/Dependencies-t.build/Objects-normal/arm64/Dependencies-Swift.h -working-directory /Users/admin/builder/spi-builder-workspace/.swiftpm/xcode -experimental-emit-module-separately -disable-cmo
Ld /Users/admin/builder/spi-builder-workspace/.derivedData/Build/Products/Debug/Dependencies.o normal (in target 'Dependencies' from project 'swift-dependencies')
    cd /Users/admin/builder/spi-builder-workspace/.dependencies/checkouts/swift-dependencies
    /Applications/Xcode-27.0.0-Release.Candidate.app/Contents/Developer/Toolchains/XcodeDefault.xctoolchain/usr/bin/clang -Xlinker -reproducible -target arm64-apple-macos12.0 -r -isysroot /Applications/Xcode-27.0.0-Release.Candidate.app/Contents/Developer/Platforms/MacOSX.platform/Developer/SDKs/MacOSX27.0.sdk -O0 -w -Xlinker -no_warn_duplicate_libraries -F/Users/admin/builder/spi-builder-workspace/.derivedData/Build/Intermediates.noindex/EagerLinkingTBDs/Debug -F/Users/admin/builder/spi-builder-workspace/.derivedData/Build/Products/Debug/PackageFrameworks -F/Users/admin/builder/spi-builder-workspace/.derivedData/Build/Products/Debug -iframework /Applications/Xcode-27.0.0-Release.Candidate.app/Contents/Developer/Platforms/MacOSX.platform/Developer/Library/Frameworks -filelist /Users/admin/builder/spi-builder-workspace/.derivedData/Build/Intermediates.noindex/swift-dependencies.build/Debug/Dependencies-t.build/Objects-normal/arm64/Dependencies.LinkFileList -nostdlib -Xlinker -object_path_lto -Xlinker /Users/admin/builder/spi-builder-workspace/.derivedData/Build/Intermediates.noindex/swift-dependencies.build/Debug/Dependencies-t.build/Objects-normal/arm64/Dependencies_lto.o -Xlinker -no_deduplicate -Xlinker -debug_variant -Xlinker -dependency_info -Xlinker /Users/admin/builder/spi-builder-workspace/.derivedData/Build/Intermediates.noindex/swift-dependencies.build/Debug/Dependencies-t.build/Objects-normal/arm64/Dependencies_dependency_info.dat -fobjc-link-runtime -L/Applications/Xcode-27.0.0-Release.Candidate.app/Contents/Developer/Toolchains/XcodeDefault.xctoolchain/usr/lib/swift/macosx -L/usr/lib/swift -Xlinker -add_ast_path -Xlinker /Users/admin/builder/spi-builder-workspace/.derivedData/Build/Intermediates.noindex/swift-dependencies.build/Debug/Dependencies-t.build/Objects-normal/arm64/Dependencies.swiftmodule -o /Users/admin/builder/spi-builder-workspace/.derivedData/Build/Products/Debug/Dependencies.o
ExtractAppIntentsMetadata (in target 'Dependencies' from project 'swift-dependencies')
    cd /Users/admin/builder/spi-builder-workspace/.dependencies/checkouts/swift-dependencies
    /Applications/Xcode-27.0.0-Release.Candidate.app/Contents/Developer/Toolchains/XcodeDefault.xctoolchain/usr/bin/appintentsmetadataprocessor --toolchain-dir /var/run/com.apple.security.cryptexd/mnt/com.apple.MobileAsset.MetalToolchain-v27.1.266.1.jwwIH5/Metal.xctoolchain --module-name Dependencies --sdk-root /Applications/Xcode-27.0.0-Release.Candidate.app/Contents/Developer/Platforms/MacOSX.platform/Developer/SDKs/MacOSX27.0.sdk --xcode-version 27A266a --platform-family macOS --deployment-target 12.0 --bundle-identifier swift-dependencies.Dependencies --output /Users/admin/builder/spi-builder-workspace/.derivedData/Build/Products/Debug/Dependencies.appintents --target-triple arm64-apple-macos12.0 --binary-file /Users/admin/builder/spi-builder-workspace/.derivedData/Build/Products/Debug/Dependencies.o --dependency-file /Users/admin/builder/spi-builder-workspace/.derivedData/Build/Intermediates.noindex/swift-dependencies.build/Debug/Dependencies-t.build/Objects-normal/arm64/Dependencies_dependency_info.dat --stringsdata-file /Users/admin/builder/spi-builder-workspace/.derivedData/Build/Intermediates.noindex/swift-dependencies.build/Debug/Dependencies-t.build/Objects-normal/arm64/ExtractedAppShortcutsMetadata.stringsdata --source-file-list /Users/admin/builder/spi-builder-workspace/.derivedData/Build/Intermediates.noindex/swift-dependencies.build/Debug/Dependencies-t.build/Objects-normal/arm64/Dependencies.SwiftFileList --metadata-file-list /Users/admin/builder/spi-builder-workspace/.derivedData/Build/Intermediates.noindex/swift-dependencies.build/Debug/Dependencies-t.build/Dependencies.DependencyMetadataFileList --static-metadata-file-list /Users/admin/builder/spi-builder-workspace/.derivedData/Build/Intermediates.noindex/swift-dependencies.build/Debug/Dependencies-t.build/Dependencies.DependencyStaticMetadataFileList --swift-const-vals-list /Users/admin/builder/spi-builder-workspace/.derivedData/Build/Intermediates.noindex/swift-dependencies.build/Debug/Dependencies-t.build/Objects-normal/arm64/Dependencies.SwiftConstValuesFileList --force --compile-time-extraction --deployment-aware-processing --no-app-shortcuts-localization
2026-09-17 21:12:54.159 appintentsmetadataprocessor[1403:7987] Starting appintentsmetadataprocessor export
2026-09-17 21:12:54.219 appintentsmetadataprocessor[1403:7987] Extracted no relevant App Intents symbols, skipping writing output
SwiftCompile normal arm64 Compiling\ Deferring.swift,\ Throttling.swift,\ Timer.swift,\ TaskResult.swift,\ AreOrderedSetsDuplicates.swift,\ Binding+IsPresent.swift,\ Box.swift,\ Create.swift /Users/admin/builder/spi-builder-workspace/.dependencies/checkouts/swift-composable-architecture/Sources/ComposableArchitecture/Effects/Publisher/Deferring.swift /Users/admin/builder/spi-builder-workspace/.dependencies/checkouts/swift-composable-architecture/Sources/ComposableArchitecture/Effects/Publisher/Throttling.swift /Users/admin/builder/spi-builder-workspace/.dependencies/checkouts/swift-composable-architecture/Sources/ComposableArchitecture/Effects/Publisher/Timer.swift /Users/admin/builder/spi-builder-workspace/.dependencies/checkouts/swift-composable-architecture/Sources/ComposableArchitecture/Effects/TaskResult.swift /Users/admin/builder/spi-builder-workspace/.dependencies/checkouts/swift-composable-architecture/Sources/ComposableArchitecture/Internal/AreOrderedSetsDuplicates.swift /Users/admin/builder/spi-builder-workspace/.dependencies/checkouts/swift-composable-architecture/Sources/ComposableArchitecture/Internal/Binding+IsPresent.swift /Users/admin/builder/spi-builder-workspace/.dependencies/checkouts/swift-composable-architecture/Sources/ComposableArchitecture/Internal/Box.swift /Users/admin/builder/spi-builder-workspace/.dependencies/checkouts/swift-composable-architecture/Sources/ComposableArchitecture/Internal/Create.swift (in target 'ComposableArchitecture' from project 'swift-composable-architecture')
SwiftCompile normal arm64 /Users/admin/builder/spi-builder-workspace/.dependencies/checkouts/swift-composable-architecture/Sources/ComposableArchitecture/Effects/Publisher/Deferring.swift (in target 'ComposableArchitecture' from project 'swift-composable-architecture')
    cd /Users/admin/builder/spi-builder-workspace/.swiftpm/xcode
    builtin-SwiftPerFileCompile Deferring.swift
SwiftCompile normal arm64 /Users/admin/builder/spi-builder-workspace/.dependencies/checkouts/swift-composable-architecture/Sources/ComposableArchitecture/Effects/Publisher/Throttling.swift (in target 'ComposableArchitecture' from project 'swift-composable-architecture')
    cd /Users/admin/builder/spi-builder-workspace/.swiftpm/xcode
    builtin-SwiftPerFileCompile Throttling.swift
SwiftCompile normal arm64 /Users/admin/builder/spi-builder-workspace/.dependencies/checkouts/swift-composable-architecture/Sources/ComposableArchitecture/Effects/Publisher/Timer.swift (in target 'ComposableArchitecture' from project 'swift-composable-architecture')
    cd /Users/admin/builder/spi-builder-workspace/.swiftpm/xcode
    builtin-SwiftPerFileCompile Timer.swift
SwiftCompile normal arm64 /Users/admin/builder/spi-builder-workspace/.dependencies/checkouts/swift-composable-architecture/Sources/ComposableArchitecture/Effects/TaskResult.swift (in target 'ComposableArchitecture' from project 'swift-composable-architecture')
    cd /Users/admin/builder/spi-builder-workspace/.swiftpm/xcode
    builtin-SwiftPerFileCompile TaskResult.swift
SwiftCompile normal arm64 /Users/admin/builder/spi-builder-workspace/.dependencies/checkouts/swift-composable-architecture/Sources/ComposableArchitecture/Internal/AreOrderedSetsDuplicates.swift (in target 'ComposableArchitecture' from project 'swift-composable-architecture')
    cd /Users/admin/builder/spi-builder-workspace/.swiftpm/xcode
    builtin-SwiftPerFileCompile AreOrderedSetsDuplicates.swift
SwiftCompile normal arm64 /Users/admin/builder/spi-builder-workspace/.dependencies/checkouts/swift-composable-architecture/Sources/ComposableArchitecture/Internal/Binding+IsPresent.swift (in target 'ComposableArchitecture' from project 'swift-composable-architecture')
    cd /Users/admin/builder/spi-builder-workspace/.swiftpm/xcode
    builtin-SwiftPerFileCompile Binding+IsPresent.swift
SwiftCompile normal arm64 /Users/admin/builder/spi-builder-workspace/.dependencies/checkouts/swift-composable-architecture/Sources/ComposableArchitecture/Internal/Box.swift (in target 'ComposableArchitecture' from project 'swift-composable-architecture')
    cd /Users/admin/builder/spi-builder-workspace/.swiftpm/xcode
    builtin-SwiftPerFileCompile Box.swift
SwiftCompile normal arm64 /Users/admin/builder/spi-builder-workspace/.dependencies/checkouts/swift-composable-architecture/Sources/ComposableArchitecture/Internal/Create.swift (in target 'ComposableArchitecture' from project 'swift-composable-architecture')
    cd /Users/admin/builder/spi-builder-workspace/.swiftpm/xcode
    builtin-SwiftPerFileCompile Create.swift
SwiftCompile normal arm64 Compiling\ CurrentValueRelay.swift,\ Debug.swift,\ Deprecations.swift,\ EphemeralState.swift,\ Exports.swift,\ Locking.swift,\ NavigationID.swift /Users/admin/builder/spi-builder-workspace/.dependencies/checkouts/swift-composable-architecture/Sources/ComposableArchitecture/Internal/CurrentValueRelay.swift /Users/admin/builder/spi-builder-workspace/.dependencies/checkouts/swift-composable-architecture/Sources/ComposableArchitecture/Internal/Debug.swift /Users/admin/builder/spi-builder-workspace/.dependencies/checkouts/swift-composable-architecture/Sources/ComposableArchitecture/Internal/Deprecations.swift /Users/admin/builder/spi-builder-workspace/.dependencies/checkouts/swift-composable-architecture/Sources/ComposableArchitecture/Internal/EphemeralState.swift /Users/admin/builder/spi-builder-workspace/.dependencies/checkouts/swift-composable-architecture/Sources/ComposableArchitecture/Internal/Exports.swift /Users/admin/builder/spi-builder-workspace/.dependencies/checkouts/swift-composable-architecture/Sources/ComposableArchitecture/Internal/Locking.swift /Users/admin/builder/spi-builder-workspace/.dependencies/checkouts/swift-composable-architecture/Sources/ComposableArchitecture/Internal/NavigationID.swift (in target 'ComposableArchitecture' from project 'swift-composable-architecture')
SwiftCompile normal arm64 /Users/admin/builder/spi-builder-workspace/.dependencies/checkouts/swift-composable-architecture/Sources/ComposableArchitecture/Internal/CurrentValueRelay.swift (in target 'ComposableArchitecture' from project 'swift-composable-architecture')
    cd /Users/admin/builder/spi-builder-workspace/.swiftpm/xcode
    builtin-SwiftPerFileCompile CurrentValueRelay.swift
SwiftCompile normal arm64 /Users/admin/builder/spi-builder-workspace/.dependencies/checkouts/swift-composable-architecture/Sources/ComposableArchitecture/Internal/Debug.swift (in target 'ComposableArchitecture' from project 'swift-composable-architecture')
    cd /Users/admin/builder/spi-builder-workspace/.swiftpm/xcode
    builtin-SwiftPerFileCompile Debug.swift
SwiftCompile normal arm64 /Users/admin/builder/spi-builder-workspace/.dependencies/checkouts/swift-composable-architecture/Sources/ComposableArchitecture/Internal/Deprecations.swift (in target 'ComposableArchitecture' from project 'swift-composable-architecture')
    cd /Users/admin/builder/spi-builder-workspace/.swiftpm/xcode
    builtin-SwiftPerFileCompile Deprecations.swift
SwiftCompile normal arm64 /Users/admin/builder/spi-builder-workspace/.dependencies/checkouts/swift-composable-architecture/Sources/ComposableArchitecture/Internal/EphemeralState.swift (in target 'ComposableArchitecture' from project 'swift-composable-architecture')
    cd /Users/admin/builder/spi-builder-workspace/.swiftpm/xcode
    builtin-SwiftPerFileCompile EphemeralState.swift
SwiftCompile normal arm64 /Users/admin/builder/spi-builder-workspace/.dependencies/checkouts/swift-composable-architecture/Sources/ComposableArchitecture/Internal/Exports.swift (in target 'ComposableArchitecture' from project 'swift-composable-architecture')
    cd /Users/admin/builder/spi-builder-workspace/.swiftpm/xcode
    builtin-SwiftPerFileCompile Exports.swift
SwiftCompile normal arm64 /Users/admin/builder/spi-builder-workspace/.dependencies/checkouts/swift-composable-architecture/Sources/ComposableArchitecture/Internal/Locking.swift (in target 'ComposableArchitecture' from project 'swift-composable-architecture')
    cd /Users/admin/builder/spi-builder-workspace/.swiftpm/xcode
    builtin-SwiftPerFileCompile Locking.swift
SwiftCompile normal arm64 /Users/admin/builder/spi-builder-workspace/.dependencies/checkouts/swift-composable-architecture/Sources/ComposableArchitecture/Internal/NavigationID.swift (in target 'ComposableArchitecture' from project 'swift-composable-architecture')
    cd /Users/admin/builder/spi-builder-workspace/.swiftpm/xcode
    builtin-SwiftPerFileCompile NavigationID.swift
SwiftCompile normal arm64 Compiling\ CombineReducers.swift,\ DebugReducer.swift,\ DependencyKeyWritingReducer.swift,\ EmptyReducer.swift,\ ForEachReducer.swift,\ IfCaseLetReducer.swift,\ IfLetReducer.swift /Users/admin/builder/spi-builder-workspace/.dependencies/checkouts/swift-composable-architecture/Sources/ComposableArchitecture/Reducer/Reducers/CombineReducers.swift /Users/admin/builder/spi-builder-workspace/.dependencies/checkouts/swift-composable-architecture/Sources/ComposableArchitecture/Reducer/Reducers/DebugReducer.swift /Users/admin/builder/spi-builder-workspace/.dependencies/checkouts/swift-composable-architecture/Sources/ComposableArchitecture/Reducer/Reducers/DependencyKeyWritingReducer.swift /Users/admin/builder/spi-builder-workspace/.dependencies/checkouts/swift-composable-architecture/Sources/ComposableArchitecture/Reducer/Reducers/EmptyReducer.swift /Users/admin/builder/spi-builder-workspace/.dependencies/checkouts/swift-composable-architecture/Sources/ComposableArchitecture/Reducer/Reducers/ForEachReducer.swift /Users/admin/builder/spi-builder-workspace/.dependencies/checkouts/swift-composable-architecture/Sources/ComposableArchitecture/Reducer/Reducers/IfCaseLetReducer.swift /Users/admin/builder/spi-builder-workspace/.dependencies/checkouts/swift-composable-architecture/Sources/ComposableArchitecture/Reducer/Reducers/IfLetReducer.swift (in target 'ComposableArchitecture' from project 'swift-composable-architecture')
SwiftCompile normal arm64 /Users/admin/builder/spi-builder-workspace/.dependencies/checkouts/swift-composable-architecture/Sources/ComposableArchitecture/Reducer/Reducers/CombineReducers.swift (in target 'ComposableArchitecture' from project 'swift-composable-architecture')
    cd /Users/admin/builder/spi-builder-workspace/.swiftpm/xcode
    builtin-SwiftPerFileCompile CombineReducers.swift
SwiftCompile normal arm64 /Users/admin/builder/spi-builder-workspace/.dependencies/checkouts/swift-composable-architecture/Sources/ComposableArchitecture/Reducer/Reducers/DebugReducer.swift (in target 'ComposableArchitecture' from project 'swift-composable-architecture')
    cd /Users/admin/builder/spi-builder-workspace/.swiftpm/xcode
    builtin-SwiftPerFileCompile DebugReducer.swift
SwiftCompile normal arm64 /Users/admin/builder/spi-builder-workspace/.dependencies/checkouts/swift-composable-architecture/Sources/ComposableArchitecture/Reducer/Reducers/DependencyKeyWritingReducer.swift (in target 'ComposableArchitecture' from project 'swift-composable-architecture')
    cd /Users/admin/builder/spi-builder-workspace/.swiftpm/xcode
    builtin-SwiftPerFileCompile DependencyKeyWritingReducer.swift
SwiftCompile normal arm64 /Users/admin/builder/spi-builder-workspace/.dependencies/checkouts/swift-composable-architecture/Sources/ComposableArchitecture/Reducer/Reducers/EmptyReducer.swift (in target 'ComposableArchitecture' from project 'swift-composable-architecture')
    cd /Users/admin/builder/spi-builder-workspace/.swiftpm/xcode
    builtin-SwiftPerFileCompile EmptyReducer.swift
SwiftCompile normal arm64 /Users/admin/builder/spi-builder-workspace/.dependencies/checkouts/swift-composable-architecture/Sources/ComposableArchitecture/Reducer/Reducers/ForEachReducer.swift (in target 'ComposableArchitecture' from project 'swift-composable-architecture')
    cd /Users/admin/builder/spi-builder-workspace/.swiftpm/xcode
    builtin-SwiftPerFileCompile ForEachReducer.swift
SwiftCompile normal arm64 /Users/admin/builder/spi-builder-workspace/.dependencies/checkouts/swift-composable-architecture/Sources/ComposableArchitecture/Reducer/Reducers/IfCaseLetReducer.swift (in target 'ComposableArchitecture' from project 'swift-composable-architecture')
    cd /Users/admin/builder/spi-builder-workspace/.swiftpm/xcode
    builtin-SwiftPerFileCompile IfCaseLetReducer.swift
SwiftCompile normal arm64 /Users/admin/builder/spi-builder-workspace/.dependencies/checkouts/swift-composable-architecture/Sources/ComposableArchitecture/Reducer/Reducers/IfLetReducer.swift (in target 'ComposableArchitecture' from project 'swift-composable-architecture')
    cd /Users/admin/builder/spi-builder-workspace/.swiftpm/xcode
    builtin-SwiftPerFileCompile IfLetReducer.swift
SwiftCompile normal arm64 Compiling\ ForEachStore.swift,\ FullScreenCover.swift,\ IfLetStore.swift,\ NavigationDestination.swift,\ NavigationStackStore.swift,\ Popover.swift,\ PresentationModifier.swift /Users/admin/builder/spi-builder-workspace/.dependencies/checkouts/swift-composable-architecture/Sources/ComposableArchitecture/SwiftUI/ForEachStore.swift /Users/admin/builder/spi-builder-workspace/.dependencies/checkouts/swift-composable-architecture/Sources/ComposableArchitecture/SwiftUI/FullScreenCover.swift /Users/admin/builder/spi-builder-workspace/.dependencies/checkouts/swift-composable-architecture/Sources/ComposableArchitecture/SwiftUI/IfLetStore.swift /Users/admin/builder/spi-builder-workspace/.dependencies/checkouts/swift-composable-architecture/Sources/ComposableArchitecture/SwiftUI/NavigationDestination.swift /Users/admin/builder/spi-builder-workspace/.dependencies/checkouts/swift-composable-architecture/Sources/ComposableArchitecture/SwiftUI/NavigationStackStore.swift /Users/admin/builder/spi-builder-workspace/.dependencies/checkouts/swift-composable-architecture/Sources/ComposableArchitecture/SwiftUI/Popover.swift /Users/admin/builder/spi-builder-workspace/.dependencies/checkouts/swift-composable-architecture/Sources/ComposableArchitecture/SwiftUI/PresentationModifier.swift (in target 'ComposableArchitecture' from project 'swift-composable-architecture')
SwiftCompile normal arm64 /Users/admin/builder/spi-builder-workspace/.dependencies/checkouts/swift-composable-architecture/Sources/ComposableArchitecture/SwiftUI/ForEachStore.swift (in target 'ComposableArchitecture' from project 'swift-composable-architecture')
    cd /Users/admin/builder/spi-builder-workspace/.swiftpm/xcode
    builtin-SwiftPerFileCompile ForEachStore.swift
SwiftCompile normal arm64 /Users/admin/builder/spi-builder-workspace/.dependencies/checkouts/swift-composable-architecture/Sources/ComposableArchitecture/SwiftUI/FullScreenCover.swift (in target 'ComposableArchitecture' from project 'swift-composable-architecture')
    cd /Users/admin/builder/spi-builder-workspace/.swiftpm/xcode
    builtin-SwiftPerFileCompile FullScreenCover.swift
SwiftCompile normal arm64 /Users/admin/builder/spi-builder-workspace/.dependencies/checkouts/swift-composable-architecture/Sources/ComposableArchitecture/SwiftUI/IfLetStore.swift (in target 'ComposableArchitecture' from project 'swift-composable-architecture')
    cd /Users/admin/builder/spi-builder-workspace/.swiftpm/xcode
    builtin-SwiftPerFileCompile IfLetStore.swift
SwiftCompile normal arm64 /Users/admin/builder/spi-builder-workspace/.dependencies/checkouts/swift-composable-architecture/Sources/ComposableArchitecture/SwiftUI/NavigationDestination.swift (in target 'ComposableArchitecture' from project 'swift-composable-architecture')
    cd /Users/admin/builder/spi-builder-workspace/.swiftpm/xcode
    builtin-SwiftPerFileCompile NavigationDestination.swift
SwiftCompile normal arm64 /Users/admin/builder/spi-builder-workspace/.dependencies/checkouts/swift-composable-architecture/Sources/ComposableArchitecture/SwiftUI/NavigationStackStore.swift (in target 'ComposableArchitecture' from project 'swift-composable-architecture')
    cd /Users/admin/builder/spi-builder-workspace/.swiftpm/xcode
    builtin-SwiftPerFileCompile NavigationStackStore.swift
SwiftCompile normal arm64 /Users/admin/builder/spi-builder-workspace/.dependencies/checkouts/swift-composable-architecture/Sources/ComposableArchitecture/SwiftUI/Popover.swift (in target 'ComposableArchitecture' from project 'swift-composable-architecture')
    cd /Users/admin/builder/spi-builder-workspace/.swiftpm/xcode
    builtin-SwiftPerFileCompile Popover.swift
SwiftCompile normal arm64 /Users/admin/builder/spi-builder-workspace/.dependencies/checkouts/swift-composable-architecture/Sources/ComposableArchitecture/SwiftUI/PresentationModifier.swift (in target 'ComposableArchitecture' from project 'swift-composable-architecture')
    cd /Users/admin/builder/spi-builder-workspace/.swiftpm/xcode
    builtin-SwiftPerFileCompile PresentationModifier.swift
SwiftCompile normal arm64 Compiling\ OpenExistential.swift,\ PresentationID.swift,\ ReturningLastNonNilValue.swift,\ RuntimeWarnings.swift,\ StackIDGenerator.swift,\ TypeName.swift,\ Reducer.swift /Users/admin/builder/spi-builder-workspace/.dependencies/checkouts/swift-composable-architecture/Sources/ComposableArchitecture/Internal/OpenExistential.swift /Users/admin/builder/spi-builder-workspace/.dependencies/checkouts/swift-composable-architecture/Sources/ComposableArchitecture/Internal/PresentationID.swift /Users/admin/builder/spi-builder-workspace/.dependencies/checkouts/swift-composable-architecture/Sources/ComposableArchitecture/Internal/ReturningLastNonNilValue.swift /Users/admin/builder/spi-builder-workspace/.dependencies/checkouts/swift-composable-architecture/Sources/ComposableArchitecture/Internal/RuntimeWarnings.swift /Users/admin/builder/spi-builder-workspace/.dependencies/checkouts/swift-composable-architecture/Sources/ComposableArchitecture/Internal/StackIDGenerator.swift /Users/admin/builder/spi-builder-workspace/.dependencies/checkouts/swift-composable-architecture/Sources/ComposableArchitecture/Internal/TypeName.swift /Users/admin/builder/spi-builder-workspace/.dependencies/checkouts/swift-composable-architecture/Sources/ComposableArchitecture/Reducer.swift (in target 'ComposableArchitecture' from project 'swift-composable-architecture')
SwiftCompile normal arm64 /Users/admin/builder/spi-builder-workspace/.dependencies/checkouts/swift-composable-architecture/Sources/ComposableArchitecture/Internal/OpenExistential.swift (in target 'ComposableArchitecture' from project 'swift-composable-architecture')
    cd /Users/admin/builder/spi-builder-workspace/.swiftpm/xcode
    builtin-SwiftPerFileCompile OpenExistential.swift
SwiftCompile normal arm64 /Users/admin/builder/spi-builder-workspace/.dependencies/checkouts/swift-composable-architecture/Sources/ComposableArchitecture/Internal/PresentationID.swift (in target 'ComposableArchitecture' from project 'swift-composable-architecture')
    cd /Users/admin/builder/spi-builder-workspace/.swiftpm/xcode
    builtin-SwiftPerFileCompile PresentationID.swift
SwiftCompile normal arm64 /Users/admin/builder/spi-builder-workspace/.dependencies/checkouts/swift-composable-architecture/Sources/ComposableArchitecture/Internal/ReturningLastNonNilValue.swift (in target 'ComposableArchitecture' from project 'swift-composable-architecture')
    cd /Users/admin/builder/spi-builder-workspace/.swiftpm/xcode
    builtin-SwiftPerFileCompile ReturningLastNonNilValue.swift
SwiftCompile normal arm64 /Users/admin/builder/spi-builder-workspace/.dependencies/checkouts/swift-composable-architecture/Sources/ComposableArchitecture/Internal/RuntimeWarnings.swift (in target 'ComposableArchitecture' from project 'swift-composable-architecture')
    cd /Users/admin/builder/spi-builder-workspace/.swiftpm/xcode
    builtin-SwiftPerFileCompile RuntimeWarnings.swift
SwiftCompile normal arm64 /Users/admin/builder/spi-builder-workspace/.dependencies/checkouts/swift-composable-architecture/Sources/ComposableArchitecture/Internal/StackIDGenerator.swift (in target 'ComposableArchitecture' from project 'swift-composable-architecture')
    cd /Users/admin/builder/spi-builder-workspace/.swiftpm/xcode
    builtin-SwiftPerFileCompile StackIDGenerator.swift
SwiftCompile normal arm64 /Users/admin/builder/spi-builder-workspace/.dependencies/checkouts/swift-composable-architecture/Sources/ComposableArchitecture/Internal/TypeName.swift (in target 'ComposableArchitecture' from project 'swift-composable-architecture')
    cd /Users/admin/builder/spi-builder-workspace/.swiftpm/xcode
    builtin-SwiftPerFileCompile TypeName.swift
SwiftCompile normal arm64 /Users/admin/builder/spi-builder-workspace/.dependencies/checkouts/swift-composable-architecture/Sources/ComposableArchitecture/Reducer.swift (in target 'ComposableArchitecture' from project 'swift-composable-architecture')
    cd /Users/admin/builder/spi-builder-workspace/.swiftpm/xcode
    builtin-SwiftPerFileCompile Reducer.swift
SwiftCompile normal arm64 Compiling\ Store.swift,\ Alert.swift,\ Binding.swift,\ ConfirmationDialog.swift,\ ActionSheet.swift,\ LegacyAlert.swift,\ NavigationLinkStore.swift /Users/admin/builder/spi-builder-workspace/.dependencies/checkouts/swift-composable-architecture/Sources/ComposableArchitecture/Store.swift /Users/admin/builder/spi-builder-workspace/.dependencies/checkouts/swift-composable-architecture/Sources/ComposableArchitecture/SwiftUI/Alert.swift /Users/admin/builder/spi-builder-workspace/.dependencies/checkouts/swift-composable-architecture/Sources/ComposableArchitecture/SwiftUI/Binding.swift /Users/admin/builder/spi-builder-workspace/.dependencies/checkouts/swift-composable-architecture/Sources/ComposableArchitecture/SwiftUI/ConfirmationDialog.swift /Users/admin/builder/spi-builder-workspace/.dependencies/checkouts/swift-composable-architecture/Sources/ComposableArchitecture/SwiftUI/Deprecated/ActionSheet.swift /Users/admin/builder/spi-builder-workspace/.dependencies/checkouts/swift-composable-architecture/Sources/ComposableArchitecture/SwiftUI/Deprecated/LegacyAlert.swift /Users/admin/builder/spi-builder-workspace/.dependencies/checkouts/swift-composable-architecture/Sources/ComposableArchitecture/SwiftUI/Deprecated/NavigationLinkStore.swift (in target 'ComposableArchitecture' from project 'swift-composable-architecture')
SwiftCompile normal arm64 /Users/admin/builder/spi-builder-workspace/.dependencies/checkouts/swift-composable-architecture/Sources/ComposableArchitecture/Store.swift (in target 'ComposableArchitecture' from project 'swift-composable-architecture')
    cd /Users/admin/builder/spi-builder-workspace/.swiftpm/xcode
    builtin-SwiftPerFileCompile Store.swift
SwiftCompile normal arm64 /Users/admin/builder/spi-builder-workspace/.dependencies/checkouts/swift-composable-architecture/Sources/ComposableArchitecture/SwiftUI/Alert.swift (in target 'ComposableArchitecture' from project 'swift-composable-architecture')
    cd /Users/admin/builder/spi-builder-workspace/.swiftpm/xcode
    builtin-SwiftPerFileCompile Alert.swift
SwiftCompile normal arm64 /Users/admin/builder/spi-builder-workspace/.dependencies/checkouts/swift-composable-architecture/Sources/ComposableArchitecture/SwiftUI/Binding.swift (in target 'ComposableArchitecture' from project 'swift-composable-architecture')
    cd /Users/admin/builder/spi-builder-workspace/.swiftpm/xcode
    builtin-SwiftPerFileCompile Binding.swift
SwiftCompile normal arm64 /Users/admin/builder/spi-builder-workspace/.dependencies/checkouts/swift-composable-architecture/Sources/ComposableArchitecture/SwiftUI/ConfirmationDialog.swift (in target 'ComposableArchitecture' from project 'swift-composable-architecture')
    cd /Users/admin/builder/spi-builder-workspace/.swiftpm/xcode
    builtin-SwiftPerFileCompile ConfirmationDialog.swift
SwiftCompile normal arm64 /Users/admin/builder/spi-builder-workspace/.dependencies/checkouts/swift-composable-architecture/Sources/ComposableArchitecture/SwiftUI/Deprecated/ActionSheet.swift (in target 'ComposableArchitecture' from project 'swift-composable-architecture')
    cd /Users/admin/builder/spi-builder-workspace/.swiftpm/xcode
    builtin-SwiftPerFileCompile ActionSheet.swift
SwiftCompile normal arm64 /Users/admin/builder/spi-builder-workspace/.dependencies/checkouts/swift-composable-architecture/Sources/ComposableArchitecture/SwiftUI/Deprecated/LegacyAlert.swift (in target 'ComposableArchitecture' from project 'swift-composable-architecture')
    cd /Users/admin/builder/spi-builder-workspace/.swiftpm/xcode
    builtin-SwiftPerFileCompile LegacyAlert.swift
SwiftCompile normal arm64 /Users/admin/builder/spi-builder-workspace/.dependencies/checkouts/swift-composable-architecture/Sources/ComposableArchitecture/SwiftUI/Deprecated/NavigationLinkStore.swift (in target 'ComposableArchitecture' from project 'swift-composable-architecture')
    cd /Users/admin/builder/spi-builder-workspace/.swiftpm/xcode
    builtin-SwiftPerFileCompile NavigationLinkStore.swift
SwiftCompile normal arm64 Compiling\ Sheet.swift,\ SwitchStore.swift,\ WithViewStore.swift,\ TestStore.swift,\ AlertStateUIKit.swift,\ IfLetUIKit.swift,\ ViewStore.swift /Users/admin/builder/spi-builder-workspace/.dependencies/checkouts/swift-composable-architecture/Sources/ComposableArchitecture/SwiftUI/Sheet.swift /Users/admin/builder/spi-builder-workspace/.dependencies/checkouts/swift-composable-architecture/Sources/ComposableArchitecture/SwiftUI/SwitchStore.swift /Users/admin/builder/spi-builder-workspace/.dependencies/checkouts/swift-composable-architecture/Sources/ComposableArchitecture/SwiftUI/WithViewStore.swift /Users/admin/builder/spi-builder-workspace/.dependencies/checkouts/swift-composable-architecture/Sources/ComposableArchitecture/TestStore.swift /Users/admin/builder/spi-builder-workspace/.dependencies/checkouts/swift-composable-architecture/Sources/ComposableArchitecture/UIKit/AlertStateUIKit.swift /Users/admin/builder/spi-builder-workspace/.dependencies/checkouts/swift-composable-architecture/Sources/ComposableArchitecture/UIKit/IfLetUIKit.swift /Users/admin/builder/spi-builder-workspace/.dependencies/checkouts/swift-composable-architecture/Sources/ComposableArchitecture/ViewStore.swift (in target 'ComposableArchitecture' from project 'swift-composable-architecture')
SwiftCompile normal arm64 /Users/admin/builder/spi-builder-workspace/.dependencies/checkouts/swift-composable-architecture/Sources/ComposableArchitecture/SwiftUI/Sheet.swift (in target 'ComposableArchitecture' from project 'swift-composable-architecture')
    cd /Users/admin/builder/spi-builder-workspace/.swiftpm/xcode
    builtin-SwiftPerFileCompile Sheet.swift
SwiftCompile normal arm64 /Users/admin/builder/spi-builder-workspace/.dependencies/checkouts/swift-composable-architecture/Sources/ComposableArchitecture/SwiftUI/SwitchStore.swift (in target 'ComposableArchitecture' from project 'swift-composable-architecture')
    cd /Users/admin/builder/spi-builder-workspace/.swiftpm/xcode
    builtin-SwiftPerFileCompile SwitchStore.swift
SwiftCompile normal arm64 /Users/admin/builder/spi-builder-workspace/.dependencies/checkouts/swift-composable-architecture/Sources/ComposableArchitecture/SwiftUI/WithViewStore.swift (in target 'ComposableArchitecture' from project 'swift-composable-architecture')
    cd /Users/admin/builder/spi-builder-workspace/.swiftpm/xcode
    builtin-SwiftPerFileCompile WithViewStore.swift
SwiftCompile normal arm64 /Users/admin/builder/spi-builder-workspace/.dependencies/checkouts/swift-composable-architecture/Sources/ComposableArchitecture/TestStore.swift (in target 'ComposableArchitecture' from project 'swift-composable-architecture')
    cd /Users/admin/builder/spi-builder-workspace/.swiftpm/xcode
    builtin-SwiftPerFileCompile TestStore.swift
SwiftCompile normal arm64 /Users/admin/builder/spi-builder-workspace/.dependencies/checkouts/swift-composable-architecture/Sources/ComposableArchitecture/UIKit/AlertStateUIKit.swift (in target 'ComposableArchitecture' from project 'swift-composable-architecture')
    cd /Users/admin/builder/spi-builder-workspace/.swiftpm/xcode
    builtin-SwiftPerFileCompile AlertStateUIKit.swift
SwiftCompile normal arm64 /Users/admin/builder/spi-builder-workspace/.dependencies/checkouts/swift-composable-architecture/Sources/ComposableArchitecture/UIKit/IfLetUIKit.swift (in target 'ComposableArchitecture' from project 'swift-composable-architecture')
    cd /Users/admin/builder/spi-builder-workspace/.swiftpm/xcode
    builtin-SwiftPerFileCompile IfLetUIKit.swift
SwiftCompile normal arm64 /Users/admin/builder/spi-builder-workspace/.dependencies/checkouts/swift-composable-architecture/Sources/ComposableArchitecture/ViewStore.swift (in target 'ComposableArchitecture' from project 'swift-composable-architecture')
    cd /Users/admin/builder/spi-builder-workspace/.swiftpm/xcode
    builtin-SwiftPerFileCompile ViewStore.swift
SwiftEmitModule normal arm64 Emitting\ module\ for\ ComposableArchitecture (in target 'ComposableArchitecture' from project 'swift-composable-architecture')
SwiftCompile normal arm64 (in target 'ComposableArchitecture' from project 'swift-composable-architecture')
    cd /Users/admin/builder/spi-builder-workspace/.swiftpm/xcode

SwiftCompile normal arm64 Compiling\ OnChange.swift,\ Optional.swift,\ PresentationReducer.swift,\ Reduce.swift,\ Scope.swift,\ SignpostReducer.swift,\ StackReducer.swift /Users/admin/builder/spi-builder-workspace/.dependencies/checkouts/swift-composable-architecture/Sources/ComposableArchitecture/Reducer/Reducers/OnChange.swift /Users/admin/builder/spi-builder-workspace/.dependencies/checkouts/swift-composable-architecture/Sources/ComposableArchitecture/Reducer/Reducers/Optional.swift /Users/admin/builder/spi-builder-workspace/.dependencies/checkouts/swift-composable-architecture/Sources/ComposableArchitecture/Reducer/Reducers/PresentationReducer.swift /Users/admin/builder/spi-builder-workspace/.dependencies/checkouts/swift-composable-architecture/Sources/ComposableArchitecture/Reducer/Reducers/Reduce.swift /Users/admin/builder/spi-builder-workspace/.dependencies/checkouts/swift-composable-architecture/Sources/ComposableArchitecture/Reducer/Reducers/Scope.swift /Users/admin/builder/spi-builder-workspace/.dependencies/checkouts/swift-composable-architecture/Sources/ComposableArchitecture/Reducer/Reducers/SignpostReducer.swift /Users/admin/builder/spi-builder-workspace/.dependencies/checkouts/swift-composable-architecture/Sources/ComposableArchitecture/Reducer/Reducers/StackReducer.swift (in target 'ComposableArchitecture' from project 'swift-composable-architecture')
SwiftCompile normal arm64 /Users/admin/builder/spi-builder-workspace/.dependencies/checkouts/swift-composable-architecture/Sources/ComposableArchitecture/Reducer/Reducers/OnChange.swift (in target 'ComposableArchitecture' from project 'swift-composable-architecture')
    cd /Users/admin/builder/spi-builder-workspace/.swiftpm/xcode
    builtin-SwiftPerFileCompile OnChange.swift
SwiftCompile normal arm64 /Users/admin/builder/spi-builder-workspace/.dependencies/checkouts/swift-composable-architecture/Sources/ComposableArchitecture/Reducer/Reducers/Optional.swift (in target 'ComposableArchitecture' from project 'swift-composable-architecture')
    cd /Users/admin/builder/spi-builder-workspace/.swiftpm/xcode
    builtin-SwiftPerFileCompile Optional.swift
SwiftCompile normal arm64 /Users/admin/builder/spi-builder-workspace/.dependencies/checkouts/swift-composable-architecture/Sources/ComposableArchitecture/Reducer/Reducers/PresentationReducer.swift (in target 'ComposableArchitecture' from project 'swift-composable-architecture')
    cd /Users/admin/builder/spi-builder-workspace/.swiftpm/xcode
    builtin-SwiftPerFileCompile PresentationReducer.swift
SwiftCompile normal arm64 /Users/admin/builder/spi-builder-workspace/.dependencies/checkouts/swift-composable-architecture/Sources/ComposableArchitecture/Reducer/Reducers/Reduce.swift (in target 'ComposableArchitecture' from project 'swift-composable-architecture')
    cd /Users/admin/builder/spi-builder-workspace/.swiftpm/xcode
    builtin-SwiftPerFileCompile Reduce.swift
SwiftCompile normal arm64 /Users/admin/builder/spi-builder-workspace/.dependencies/checkouts/swift-composable-architecture/Sources/ComposableArchitecture/Reducer/Reducers/Scope.swift (in target 'ComposableArchitecture' from project 'swift-composable-architecture')
    cd /Users/admin/builder/spi-builder-workspace/.swiftpm/xcode
    builtin-SwiftPerFileCompile Scope.swift
SwiftCompile normal arm64 /Users/admin/builder/spi-builder-workspace/.dependencies/checkouts/swift-composable-architecture/Sources/ComposableArchitecture/Reducer/Reducers/SignpostReducer.swift (in target 'ComposableArchitecture' from project 'swift-composable-architecture')
    cd /Users/admin/builder/spi-builder-workspace/.swiftpm/xcode
    builtin-SwiftPerFileCompile SignpostReducer.swift
SwiftCompile normal arm64 /Users/admin/builder/spi-builder-workspace/.dependencies/checkouts/swift-composable-architecture/Sources/ComposableArchitecture/Reducer/Reducers/StackReducer.swift (in target 'ComposableArchitecture' from project 'swift-composable-architecture')
    cd /Users/admin/builder/spi-builder-workspace/.swiftpm/xcode
    builtin-SwiftPerFileCompile StackReducer.swift
SwiftCompile normal arm64 Compiling\ AnyReducer.swift,\ AnyReducerBinding.swift,\ AnyReducerCompatibility.swift,\ AnyReducerDebug.swift,\ AnyReducerSignpost.swift,\ ReducerBuilder.swift,\ BindingReducer.swift /Users/admin/builder/spi-builder-workspace/.dependencies/checkouts/swift-composable-architecture/Sources/ComposableArchitecture/Reducer/AnyReducer/AnyReducer.swift /Users/admin/builder/spi-builder-workspace/.dependencies/checkouts/swift-composable-architecture/Sources/ComposableArchitecture/Reducer/AnyReducer/AnyReducerBinding.swift /Users/admin/builder/spi-builder-workspace/.dependencies/checkouts/swift-composable-architecture/Sources/ComposableArchitecture/Reducer/AnyReducer/AnyReducerCompatibility.swift /Users/admin/builder/spi-builder-workspace/.dependencies/checkouts/swift-composable-architecture/Sources/ComposableArchitecture/Reducer/AnyReducer/AnyReducerDebug.swift /Users/admin/builder/spi-builder-workspace/.dependencies/checkouts/swift-composable-architecture/Sources/ComposableArchitecture/Reducer/AnyReducer/AnyReducerSignpost.swift /Users/admin/builder/spi-builder-workspace/.dependencies/checkouts/swift-composable-architecture/Sources/ComposableArchitecture/Reducer/ReducerBuilder.swift /Users/admin/builder/spi-builder-workspace/.dependencies/checkouts/swift-composable-architecture/Sources/ComposableArchitecture/Reducer/Reducers/BindingReducer.swift (in target 'ComposableArchitecture' from project 'swift-composable-architecture')
SwiftCompile normal arm64 /Users/admin/builder/spi-builder-workspace/.dependencies/checkouts/swift-composable-architecture/Sources/ComposableArchitecture/Reducer/AnyReducer/AnyReducer.swift (in target 'ComposableArchitecture' from project 'swift-composable-architecture')
    cd /Users/admin/builder/spi-builder-workspace/.swiftpm/xcode
    builtin-SwiftPerFileCompile AnyReducer.swift
SwiftCompile normal arm64 /Users/admin/builder/spi-builder-workspace/.dependencies/checkouts/swift-composable-architecture/Sources/ComposableArchitecture/Reducer/AnyReducer/AnyReducerBinding.swift (in target 'ComposableArchitecture' from project 'swift-composable-architecture')
    cd /Users/admin/builder/spi-builder-workspace/.swiftpm/xcode
    builtin-SwiftPerFileCompile AnyReducerBinding.swift
SwiftCompile normal arm64 /Users/admin/builder/spi-builder-workspace/.dependencies/checkouts/swift-composable-architecture/Sources/ComposableArchitecture/Reducer/AnyReducer/AnyReducerCompatibility.swift (in target 'ComposableArchitecture' from project 'swift-composable-architecture')
    cd /Users/admin/builder/spi-builder-workspace/.swiftpm/xcode
    builtin-SwiftPerFileCompile AnyReducerCompatibility.swift
SwiftCompile normal arm64 /Users/admin/builder/spi-builder-workspace/.dependencies/checkouts/swift-composable-architecture/Sources/ComposableArchitecture/Reducer/AnyReducer/AnyReducerDebug.swift (in target 'ComposableArchitecture' from project 'swift-composable-architecture')
    cd /Users/admin/builder/spi-builder-workspace/.swiftpm/xcode
    builtin-SwiftPerFileCompile AnyReducerDebug.swift
SwiftCompile normal arm64 /Users/admin/builder/spi-builder-workspace/.dependencies/checkouts/swift-composable-architecture/Sources/ComposableArchitecture/Reducer/AnyReducer/AnyReducerSignpost.swift (in target 'ComposableArchitecture' from project 'swift-composable-architecture')
    cd /Users/admin/builder/spi-builder-workspace/.swiftpm/xcode
    builtin-SwiftPerFileCompile AnyReducerSignpost.swift
SwiftCompile normal arm64 /Users/admin/builder/spi-builder-workspace/.dependencies/checkouts/swift-composable-architecture/Sources/ComposableArchitecture/Reducer/ReducerBuilder.swift (in target 'ComposableArchitecture' from project 'swift-composable-architecture')
    cd /Users/admin/builder/spi-builder-workspace/.swiftpm/xcode
    builtin-SwiftPerFileCompile ReducerBuilder.swift
SwiftCompile normal arm64 /Users/admin/builder/spi-builder-workspace/.dependencies/checkouts/swift-composable-architecture/Sources/ComposableArchitecture/Reducer/Reducers/BindingReducer.swift (in target 'ComposableArchitecture' from project 'swift-composable-architecture')
    cd /Users/admin/builder/spi-builder-workspace/.swiftpm/xcode
    builtin-SwiftPerFileCompile BindingReducer.swift
SwiftCompile normal arm64 Compiling\ Dismiss.swift,\ IsPresented.swift,\ Effect.swift,\ Animation.swift,\ Cancellation.swift,\ EffectActions.swift,\ Publisher.swift,\ Debouncing.swift /Users/admin/builder/spi-builder-workspace/.dependencies/checkouts/swift-composable-architecture/Sources/ComposableArchitecture/Dependencies/Dismiss.swift /Users/admin/builder/spi-builder-workspace/.dependencies/checkouts/swift-composable-architecture/Sources/ComposableArchitecture/Dependencies/IsPresented.swift /Users/admin/builder/spi-builder-workspace/.dependencies/checkouts/swift-composable-architecture/Sources/ComposableArchitecture/Effect.swift /Users/admin/builder/spi-builder-workspace/.dependencies/checkouts/swift-composable-architecture/Sources/ComposableArchitecture/Effects/Animation.swift /Users/admin/builder/spi-builder-workspace/.dependencies/checkouts/swift-composable-architecture/Sources/ComposableArchitecture/Effects/Cancellation.swift /Users/admin/builder/spi-builder-workspace/.dependencies/checkouts/swift-composable-architecture/Sources/ComposableArchitecture/Effects/EffectActions.swift /Users/admin/builder/spi-builder-workspace/.dependencies/checkouts/swift-composable-architecture/Sources/ComposableArchitecture/Effects/Publisher.swift /Users/admin/builder/spi-builder-workspace/.dependencies/checkouts/swift-composable-architecture/Sources/ComposableArchitecture/Effects/Publisher/Debouncing.swift (in target 'ComposableArchitecture' from project 'swift-composable-architecture')
SwiftCompile normal arm64 /Users/admin/builder/spi-builder-workspace/.dependencies/checkouts/swift-composable-architecture/Sources/ComposableArchitecture/Dependencies/Dismiss.swift (in target 'ComposableArchitecture' from project 'swift-composable-architecture')
    cd /Users/admin/builder/spi-builder-workspace/.swiftpm/xcode
    builtin-SwiftPerFileCompile Dismiss.swift
SwiftCompile normal arm64 /Users/admin/builder/spi-builder-workspace/.dependencies/checkouts/swift-composable-architecture/Sources/ComposableArchitecture/Dependencies/IsPresented.swift (in target 'ComposableArchitecture' from project 'swift-composable-architecture')
    cd /Users/admin/builder/spi-builder-workspace/.swiftpm/xcode
    builtin-SwiftPerFileCompile IsPresented.swift
SwiftCompile normal arm64 /Users/admin/builder/spi-builder-workspace/.dependencies/checkouts/swift-composable-architecture/Sources/ComposableArchitecture/Effect.swift (in target 'ComposableArchitecture' from project 'swift-composable-architecture')
    cd /Users/admin/builder/spi-builder-workspace/.swiftpm/xcode
    builtin-SwiftPerFileCompile Effect.swift
SwiftCompile normal arm64 /Users/admin/builder/spi-builder-workspace/.dependencies/checkouts/swift-composable-architecture/Sources/ComposableArchitecture/Effects/Animation.swift (in target 'ComposableArchitecture' from project 'swift-composable-architecture')
    cd /Users/admin/builder/spi-builder-workspace/.swiftpm/xcode
    builtin-SwiftPerFileCompile Animation.swift
SwiftCompile normal arm64 /Users/admin/builder/spi-builder-workspace/.dependencies/checkouts/swift-composable-architecture/Sources/ComposableArchitecture/Effects/Cancellation.swift (in target 'ComposableArchitecture' from project 'swift-composable-architecture')
    cd /Users/admin/builder/spi-builder-workspace/.swiftpm/xcode
    builtin-SwiftPerFileCompile Cancellation.swift
SwiftCompile normal arm64 /Users/admin/builder/spi-builder-workspace/.dependencies/checkouts/swift-composable-architecture/Sources/ComposableArchitecture/Effects/EffectActions.swift (in target 'ComposableArchitecture' from project 'swift-composable-architecture')
    cd /Users/admin/builder/spi-builder-workspace/.swiftpm/xcode
    builtin-SwiftPerFileCompile EffectActions.swift
SwiftCompile normal arm64 /Users/admin/builder/spi-builder-workspace/.dependencies/checkouts/swift-composable-architecture/Sources/ComposableArchitecture/Effects/Publisher.swift (in target 'ComposableArchitecture' from project 'swift-composable-architecture')
    cd /Users/admin/builder/spi-builder-workspace/.swiftpm/xcode
    builtin-SwiftPerFileCompile Publisher.swift
SwiftCompile normal arm64 /Users/admin/builder/spi-builder-workspace/.dependencies/checkouts/swift-composable-architecture/Sources/ComposableArchitecture/Effects/Publisher/Debouncing.swift (in target 'ComposableArchitecture' from project 'swift-composable-architecture')
    cd /Users/admin/builder/spi-builder-workspace/.swiftpm/xcode
    builtin-SwiftPerFileCompile Debouncing.swift
SwiftDriverJobDiscovery normal arm64 Compiling OpenExistential.swift, PresentationID.swift, ReturningLastNonNilValue.swift, RuntimeWarnings.swift, StackIDGenerator.swift, TypeName.swift, Reducer.swift (in target 'ComposableArchitecture' from project 'swift-composable-architecture')
SwiftDriverJobDiscovery normal arm64 Compiling CombineReducers.swift, DebugReducer.swift, DependencyKeyWritingReducer.swift, EmptyReducer.swift, ForEachReducer.swift, IfCaseLetReducer.swift, IfLetReducer.swift (in target 'ComposableArchitecture' from project 'swift-composable-architecture')
SwiftDriverJobDiscovery normal arm64 Compiling Deferring.swift, Throttling.swift, Timer.swift, TaskResult.swift, AreOrderedSetsDuplicates.swift, Binding+IsPresent.swift, Box.swift, Create.swift (in target 'ComposableArchitecture' from project 'swift-composable-architecture')
SwiftDriverJobDiscovery normal arm64 Compiling AnyReducer.swift, AnyReducerBinding.swift, AnyReducerCompatibility.swift, AnyReducerDebug.swift, AnyReducerSignpost.swift, ReducerBuilder.swift, BindingReducer.swift (in target 'ComposableArchitecture' from project 'swift-composable-architecture')
SwiftDriverJobDiscovery normal arm64 Compiling CurrentValueRelay.swift, Debug.swift, Deprecations.swift, EphemeralState.swift, Exports.swift, Locking.swift, NavigationID.swift (in target 'ComposableArchitecture' from project 'swift-composable-architecture')
SwiftDriverJobDiscovery normal arm64 Emitting module for ComposableArchitecture (in target 'ComposableArchitecture' from project 'swift-composable-architecture')
SwiftDriver\ Compilation\ Requirements ComposableArchitecture normal arm64 com.apple.xcode.tools.swift.compiler (in target 'ComposableArchitecture' from project 'swift-composable-architecture')
    cd /Users/admin/builder/spi-builder-workspace/.swiftpm/xcode
    builtin-Swift-Compilation-Requirements -- /Applications/Xcode-27.0.0-Release.Candidate.app/Contents/Developer/Toolchains/XcodeDefault.xctoolchain/usr/bin/swiftc -parse-as-library -module-name ComposableArchitecture -Onone @/Users/admin/builder/spi-builder-workspace/.derivedData/Build/Intermediates.noindex/swift-composable-architecture.build/Debug/ComposableArchitecture-t.build/Objects-normal/arm64/ComposableArchitecture.SwiftFileList -DSWIFT_PACKAGE -DDEBUG -DSWIFT_MODULE_RESOURCE_BUNDLE_UNAVAILABLE -DXcode -plugin-path /Applications/Xcode-27.0.0-Release.Candidate.app/Contents/Developer/Toolchains/XcodeDefault.xctoolchain/usr/lib/swift/host/plugins/testing -enable-experimental-feature DebugDescriptionMacro -sdk /Applications/Xcode-27.0.0-Release.Candidate.app/Contents/Developer/Platforms/MacOSX.platform/Developer/SDKs/MacOSX27.0.sdk -target arm64-apple-macos12.0 -g -module-cache-path /Users/admin/builder/spi-builder-workspace/.derivedData/ModuleCache.noindex -Xfrontend -serialize-debugging-options -profile-coverage-mapping -profile-generate -enable-testing -suppress-warnings -index-store-path /Users/admin/builder/spi-builder-workspace/.derivedData/Index.noindex/DataStore -Xcc -D_LIBCPP_HARDENING_MODE\=_LIBCPP_HARDENING_MODE_DEBUG -swift-version 5 -I /Users/admin/builder/spi-builder-workspace/.derivedData/Build/Products/Debug -Isystem /Applications/Xcode-27.0.0-Release.Candidate.app/Contents/Developer/Platforms/MacOSX.platform/Developer/usr/lib -F /Users/admin/builder/spi-builder-workspace/.derivedData/Build/Products/Debug/PackageFrameworks -F /Users/admin/builder/spi-builder-workspace/.derivedData/Build/Products/Debug -F /Applications/Xcode-27.0.0-Release.Candidate.app/Contents/Developer/Platforms/MacOSX.platform/Developer/Library/Frameworks -c -j10 -enable-batch-mode -incremental -Xcc -ivfsstatcache -Xcc /Users/admin/builder/spi-builder-workspace/.derivedData/SDKStatCaches.noindex/macosx27.0-26A425-e829b21a6f8c9b70876ba0858053c0446a22442a12e9d48fe1a705f55a1adfc4.sdkstatcache -output-file-map /Users/admin/builder/spi-builder-workspace/.derivedData/Build/Intermediates.noindex/swift-composable-architecture.build/Debug/ComposableArchitecture-t.build/Objects-normal/arm64/ComposableArchitecture-OutputFileMap.json -save-temps -no-color-diagnostics -explicit-module-build -module-cache-path /Users/admin/builder/spi-builder-workspace/.derivedData/Build/Intermediates.noindex/SwiftExplicitPrecompiledModules -clang-scanner-module-cache-path /Users/admin/builder/spi-builder-workspace/.derivedData/ModuleCache.noindex -sdk-module-cache-path /Users/admin/builder/spi-builder-workspace/.derivedData/SDKExplicitPrecompiledModules -emit-dependencies -emit-module -emit-module-path /Users/admin/builder/spi-builder-workspace/.derivedData/Build/Intermediates.noindex/swift-composable-architecture.build/Debug/ComposableArchitecture-t.build/Objects-normal/arm64/ComposableArchitecture.swiftmodule -serialize-diagnostics -dependency-scan-serialize-diagnostics-path /Users/admin/builder/spi-builder-workspace/.derivedData/Build/Intermediates.noindex/swift-composable-architecture.build/Debug/ComposableArchitecture-t.build/Objects-normal/arm64/ComposableArchitecture-dependency-scan.dia -validate-clang-modules-once -clang-build-session-file /Users/admin/builder/spi-builder-workspace/.derivedData/ModuleCache.noindex/Session.modulevalidation -Xcc -fmodules-prune-interval\=86400 -Xcc -fmodules-prune-after\=345600 -emit-const-values -const-gather-protocols-list /Users/admin/builder/spi-builder-workspace/.derivedData/Build/Intermediates.noindex/swift-composable-architecture.build/Debug/ComposableArchitecture-t.build/Objects-normal/arm64/ComposableArchitecture_const_extract_protocols.json -Xcc -I/Users/admin/builder/spi-builder-workspace/.derivedData/Build/Products/Debug/include -Xcc -I/Users/admin/builder/spi-builder-workspace/.derivedData/Build/Intermediates.noindex/swift-composable-architecture.build/Debug/ComposableArchitecture-t.build/DerivedSources-normal/arm64 -Xcc -I/Users/admin/builder/spi-builder-workspace/.derivedData/Build/Intermediates.noindex/swift-composable-architecture.build/Debug/ComposableArchitecture-t.build/DerivedSources/arm64 -Xcc -I/Users/admin/builder/spi-builder-workspace/.derivedData/Build/Intermediates.noindex/swift-composable-architecture.build/Debug/ComposableArchitecture-t.build/DerivedSources -Xcc -DSWIFT_PACKAGE -Xcc -DDEBUG\=1 -emit-objc-header -emit-objc-header-path /Users/admin/builder/spi-builder-workspace/.derivedData/Build/Intermediates.noindex/swift-composable-architecture.build/Debug/ComposableArchitecture-t.build/Objects-normal/arm64/ComposableArchitecture-Swift.h -working-directory /Users/admin/builder/spi-builder-workspace/.swiftpm/xcode -experimental-emit-module-separately -disable-cmo
SwiftMergeGeneratedHeaders /Users/admin/builder/spi-builder-workspace/.derivedData/Build/Intermediates.noindex/GeneratedModuleMaps/ComposableArchitecture-Swift.h /Users/admin/builder/spi-builder-workspace/.derivedData/Build/Intermediates.noindex/swift-composable-architecture.build/Debug/ComposableArchitecture-t.build/Objects-normal/arm64/ComposableArchitecture-Swift.h (in target 'ComposableArchitecture' from project 'swift-composable-architecture')
    cd /Users/admin/builder/spi-builder-workspace/.dependencies/checkouts/swift-composable-architecture
    builtin-swiftHeaderTool -arch arm64 /Users/admin/builder/spi-builder-workspace/.derivedData/Build/Intermediates.noindex/swift-composable-architecture.build/Debug/ComposableArchitecture-t.build/Objects-normal/arm64/ComposableArchitecture-Swift.h -o /Users/admin/builder/spi-builder-workspace/.derivedData/Build/Intermediates.noindex/GeneratedModuleMaps/ComposableArchitecture-Swift.h
Copy /Users/admin/builder/spi-builder-workspace/.derivedData/Build/Products/Debug/ComposableArchitecture.swiftmodule/arm64-apple-macos.swiftmodule /Users/admin/builder/spi-builder-workspace/.derivedData/Build/Intermediates.noindex/swift-composable-architecture.build/Debug/ComposableArchitecture-t.build/Objects-normal/arm64/ComposableArchitecture.swiftmodule (in target 'ComposableArchitecture' from project 'swift-composable-architecture')
    cd /Users/admin/builder/spi-builder-workspace/.dependencies/checkouts/swift-composable-architecture
    builtin-copy -exclude .DS_Store -exclude CVS -exclude .svn -exclude .git -exclude .hg -resolve-src-symlinks -rename /Users/admin/builder/spi-builder-workspace/.derivedData/Build/Intermediates.noindex/swift-composable-architecture.build/Debug/ComposableArchitecture-t.build/Objects-normal/arm64/ComposableArchitecture.swiftmodule /Users/admin/builder/spi-builder-workspace/.derivedData/Build/Products/Debug/ComposableArchitecture.swiftmodule/arm64-apple-macos.swiftmodule
Copy /Users/admin/builder/spi-builder-workspace/.derivedData/Build/Products/Debug/ComposableArchitecture.swiftmodule/arm64-apple-macos.swiftdoc /Users/admin/builder/spi-builder-workspace/.derivedData/Build/Intermediates.noindex/swift-composable-architecture.build/Debug/ComposableArchitecture-t.build/Objects-normal/arm64/ComposableArchitecture.swiftdoc (in target 'ComposableArchitecture' from project 'swift-composable-architecture')
    cd /Users/admin/builder/spi-builder-workspace/.dependencies/checkouts/swift-composable-architecture
    builtin-copy -exclude .DS_Store -exclude CVS -exclude .svn -exclude .git -exclude .hg -resolve-src-symlinks -rename /Users/admin/builder/spi-builder-workspace/.derivedData/Build/Intermediates.noindex/swift-composable-architecture.build/Debug/ComposableArchitecture-t.build/Objects-normal/arm64/ComposableArchitecture.swiftdoc /Users/admin/builder/spi-builder-workspace/.derivedData/Build/Products/Debug/ComposableArchitecture.swiftmodule/arm64-apple-macos.swiftdoc
Copy /Users/admin/builder/spi-builder-workspace/.derivedData/Build/Products/Debug/ComposableArchitecture.swiftmodule/arm64-apple-macos.abi.json /Users/admin/builder/spi-builder-workspace/.derivedData/Build/Intermediates.noindex/swift-composable-architecture.build/Debug/ComposableArchitecture-t.build/Objects-normal/arm64/ComposableArchitecture.abi.json (in target 'ComposableArchitecture' from project 'swift-composable-architecture')
    cd /Users/admin/builder/spi-builder-workspace/.dependencies/checkouts/swift-composable-architecture
    builtin-copy -exclude .DS_Store -exclude CVS -exclude .svn -exclude .git -exclude .hg -resolve-src-symlinks -rename /Users/admin/builder/spi-builder-workspace/.derivedData/Build/Intermediates.noindex/swift-composable-architecture.build/Debug/ComposableArchitecture-t.build/Objects-normal/arm64/ComposableArchitecture.abi.json /Users/admin/builder/spi-builder-workspace/.derivedData/Build/Products/Debug/ComposableArchitecture.swiftmodule/arm64-apple-macos.abi.json
Copy /Users/admin/builder/spi-builder-workspace/.derivedData/Build/Products/Debug/ComposableArchitecture.swiftmodule/Project/arm64-apple-macos.swiftsourceinfo /Users/admin/builder/spi-builder-workspace/.derivedData/Build/Intermediates.noindex/swift-composable-architecture.build/Debug/ComposableArchitecture-t.build/Objects-normal/arm64/ComposableArchitecture.swiftsourceinfo (in target 'ComposableArchitecture' from project 'swift-composable-architecture')
    cd /Users/admin/builder/spi-builder-workspace/.dependencies/checkouts/swift-composable-architecture
    builtin-copy -exclude .DS_Store -exclude CVS -exclude .svn -exclude .git -exclude .hg -resolve-src-symlinks -rename /Users/admin/builder/spi-builder-workspace/.derivedData/Build/Intermediates.noindex/swift-composable-architecture.build/Debug/ComposableArchitecture-t.build/Objects-normal/arm64/ComposableArchitecture.swiftsourceinfo /Users/admin/builder/spi-builder-workspace/.derivedData/Build/Products/Debug/ComposableArchitecture.swiftmodule/Project/arm64-apple-macos.swiftsourceinfo
SwiftDriver RelayStore normal arm64 com.apple.xcode.tools.swift.compiler (in target 'RelayStore' from project 'RelayStore')
    cd /Users/admin/builder/spi-builder-workspace/.swiftpm/xcode
    builtin-SwiftDriver -- /Applications/Xcode-27.0.0-Release.Candidate.app/Contents/Developer/Toolchains/XcodeDefault.xctoolchain/usr/bin/swiftc -parse-as-library -module-name RelayStore -Onone @/Users/admin/builder/spi-builder-workspace/.derivedData/Build/Intermediates.noindex/RelayStore.build/Debug/RelayStore-t.build/Objects-normal/arm64/RelayStore.SwiftFileList -DSWIFT_PACKAGE -DDEBUG -DSWIFT_MODULE_RESOURCE_BUNDLE_UNAVAILABLE -DXcode -plugin-path /Applications/Xcode-27.0.0-Release.Candidate.app/Contents/Developer/Toolchains/XcodeDefault.xctoolchain/usr/lib/swift/host/plugins/testing -enable-experimental-feature DebugDescriptionMacro -sdk /Applications/Xcode-27.0.0-Release.Candidate.app/Contents/Developer/Platforms/MacOSX.platform/Developer/SDKs/MacOSX27.0.sdk -target arm64-apple-macos12.0 -g -module-cache-path /Users/admin/builder/spi-builder-workspace/.derivedData/ModuleCache.noindex -Xfrontend -serialize-debugging-options -profile-coverage-mapping -profile-generate -enable-testing -index-store-path /Users/admin/builder/spi-builder-workspace/.derivedData/Index.noindex/DataStore -Xcc -D_LIBCPP_HARDENING_MODE\=_LIBCPP_HARDENING_MODE_DEBUG -swift-version 5 -I /Users/admin/builder/spi-builder-workspace/.derivedData/Build/Products/Debug -Isystem /Applications/Xcode-27.0.0-Release.Candidate.app/Contents/Developer/Platforms/MacOSX.platform/Developer/usr/lib -F /Users/admin/builder/spi-builder-workspace/.derivedData/Build/Products/Debug/PackageFrameworks -F /Users/admin/builder/spi-builder-workspace/.derivedData/Build/Products/Debug -F /Applications/Xcode-27.0.0-Release.Candidate.app/Contents/Developer/Platforms/MacOSX.platform/Developer/Library/Frameworks -c -j10 -enable-batch-mode -incremental -Xcc -ivfsstatcache -Xcc /Users/admin/builder/spi-builder-workspace/.derivedData/SDKStatCaches.noindex/macosx27.0-26A425-e829b21a6f8c9b70876ba0858053c0446a22442a12e9d48fe1a705f55a1adfc4.sdkstatcache -output-file-map /Users/admin/builder/spi-builder-workspace/.derivedData/Build/Intermediates.noindex/RelayStore.build/Debug/RelayStore-t.build/Objects-normal/arm64/RelayStore-OutputFileMap.json -save-temps -no-color-diagnostics -explicit-module-build -module-cache-path /Users/admin/builder/spi-builder-workspace/.derivedData/Build/Intermediates.noindex/SwiftExplicitPrecompiledModules -clang-scanner-module-cache-path /Users/admin/builder/spi-builder-workspace/.derivedData/ModuleCache.noindex -sdk-module-cache-path /Users/admin/builder/spi-builder-workspace/.derivedData/SDKExplicitPrecompiledModules -emit-dependencies -emit-module -emit-module-path /Users/admin/builder/spi-builder-workspace/.derivedData/Build/Intermediates.noindex/RelayStore.build/Debug/RelayStore-t.build/Objects-normal/arm64/RelayStore.swiftmodule -serialize-diagnostics -dependency-scan-serialize-diagnostics-path /Users/admin/builder/spi-builder-workspace/.derivedData/Build/Intermediates.noindex/RelayStore.build/Debug/RelayStore-t.build/Objects-normal/arm64/RelayStore-dependency-scan.dia -validate-clang-modules-once -clang-build-session-file /Users/admin/builder/spi-builder-workspace/.derivedData/ModuleCache.noindex/Session.modulevalidation -Xcc -fmodules-prune-interval\=86400 -Xcc -fmodules-prune-after\=345600 -emit-const-values -const-gather-protocols-list /Users/admin/builder/spi-builder-workspace/.derivedData/Build/Intermediates.noindex/RelayStore.build/Debug/RelayStore-t.build/Objects-normal/arm64/RelayStore_const_extract_protocols.json -Xcc -I/Users/admin/builder/spi-builder-workspace/.derivedData/Build/Products/Debug/include -Xcc -I/Users/admin/builder/spi-builder-workspace/.derivedData/Build/Intermediates.noindex/RelayStore.build/Debug/RelayStore-t.build/DerivedSources-normal/arm64 -Xcc -I/Users/admin/builder/spi-builder-workspace/.derivedData/Build/Intermediates.noindex/RelayStore.build/Debug/RelayStore-t.build/DerivedSources/arm64 -Xcc -I/Users/admin/builder/spi-builder-workspace/.derivedData/Build/Intermediates.noindex/RelayStore.build/Debug/RelayStore-t.build/DerivedSources -Xcc -DSWIFT_PACKAGE -Xcc -DDEBUG\=1 -emit-objc-header -emit-objc-header-path /Users/admin/builder/spi-builder-workspace/.derivedData/Build/Intermediates.noindex/RelayStore.build/Debug/RelayStore-t.build/Objects-normal/arm64/RelayStore-Swift.h -working-directory /Users/admin/builder/spi-builder-workspace/.swiftpm/xcode -experimental-emit-module-separately -disable-cmo
SwiftDriverJobDiscovery normal arm64 Compiling ForEachStore.swift, FullScreenCover.swift, IfLetStore.swift, NavigationDestination.swift, NavigationStackStore.swift, Popover.swift, PresentationModifier.swift (in target 'ComposableArchitecture' from project 'swift-composable-architecture')
SwiftDriverJobDiscovery normal arm64 Compiling OnChange.swift, Optional.swift, PresentationReducer.swift, Reduce.swift, Scope.swift, SignpostReducer.swift, StackReducer.swift (in target 'ComposableArchitecture' from project 'swift-composable-architecture')
SwiftDriverJobDiscovery normal arm64 Compiling Dismiss.swift, IsPresented.swift, Effect.swift, Animation.swift, Cancellation.swift, EffectActions.swift, Publisher.swift, Debouncing.swift (in target 'ComposableArchitecture' from project 'swift-composable-architecture')
SwiftDriverJobDiscovery normal arm64 Compiling Store.swift, Alert.swift, Binding.swift, ConfirmationDialog.swift, ActionSheet.swift, LegacyAlert.swift, NavigationLinkStore.swift (in target 'ComposableArchitecture' from project 'swift-composable-architecture')
SwiftCompile normal arm64 Compiling\ RelayStore.swift /Users/admin/builder/spi-builder-workspace/Sources/RelayStore/RelayStore.swift (in target 'RelayStore' from project 'RelayStore')
/Users/admin/builder/spi-builder-workspace/Sources/RelayStore/RelayStore.swift:47:26: error: protocol type 'Reducer' specialized with too many type arguments (got 3, but expected 2)
45 | public final class RelayStore<State, Action, Environment> {
46 |     private let initialState: State
47 |     private let reducer: Reducer<State, Action, Environment>
   |                          `- error: protocol type 'Reducer' specialized with too many type arguments (got 3, but expected 2)
48 |     private let environment: Environment
49 |     private var store: Store<State, Action>?
/Users/admin/builder/spi-builder-workspace/Sources/RelayStore/RelayStore.swift:53:18: error: protocol type 'Reducer' specialized with too many type arguments (got 3, but expected 2)
51 |     public init(
52 |         initialState: State,
53 |         reducer: Reducer<State, Action, Environment>,
   |                  `- error: protocol type 'Reducer' specialized with too many type arguments (got 3, but expected 2)
54 |         environment: Environment
55 |     ) {
/Users/admin/builder/spi-builder-workspace/Sources/RelayStore/RelayStore.swift:9:9: error: cannot find 'combined' in scope
 7 |         destination: @escaping (Action) -> Void
 8 |     ) -> Self {
 9 |         combined(
   |         `- error: cannot find 'combined' in scope
10 |             with: .init { _, action, _ in
11 |                 .fireAndForget {
/Users/admin/builder/spi-builder-workspace/Sources/RelayStore/RelayStore.swift:11:18: error: cannot infer contextual base in reference to member 'fireAndForget'
 9 |         combined(
10 |             with: .init { _, action, _ in
11 |                 .fireAndForget {
   |                  `- error: cannot infer contextual base in reference to member 'fireAndForget'
12 |                     destination(action)
13 |                 }
SwiftCompile normal arm64 /Users/admin/builder/spi-builder-workspace/Sources/RelayStore/RelayStore.swift (in target 'RelayStore' from project 'RelayStore')
    cd /Users/admin/builder/spi-builder-workspace/.swiftpm/xcode
    builtin-SwiftPerFileCompile RelayStore.swift
SwiftEmitModule normal arm64 Emitting\ module\ for\ RelayStore (in target 'RelayStore' from project 'RelayStore')
/Users/admin/builder/spi-builder-workspace/Sources/RelayStore/RelayStore.swift:47:26: error: protocol type 'Reducer' specialized with too many type arguments (got 3, but expected 2)
45 | public final class RelayStore<State, Action, Environment> {
46 |     private let initialState: State
47 |     private let reducer: Reducer<State, Action, Environment>
   |                          `- error: protocol type 'Reducer' specialized with too many type arguments (got 3, but expected 2)
48 |     private let environment: Environment
49 |     private var store: Store<State, Action>?
/Users/admin/builder/spi-builder-workspace/Sources/RelayStore/RelayStore.swift:53:18: error: protocol type 'Reducer' specialized with too many type arguments (got 3, but expected 2)
51 |     public init(
52 |         initialState: State,
53 |         reducer: Reducer<State, Action, Environment>,
   |                  `- error: protocol type 'Reducer' specialized with too many type arguments (got 3, but expected 2)
54 |         environment: Environment
55 |     ) {
Failed frontend command:
/Applications/Xcode-27.0.0-Release.Candidate.app/Contents/Developer/Toolchains/XcodeDefault.xctoolchain/usr/bin/swift-frontend -frontend -emit-module -experimental-skip-non-inlinable-function-bodies-without-types /Users/admin/builder/spi-builder-workspace/Sources/RelayStore/RelayStore.swift -target arm64-apple-macos12.0 -disable-cross-import-overlay-search -load-resolved-plugin /Applications/Xcode-27.0.0-Release.Candidate.app/Contents/Developer/Platforms/MacOSX.platform/Developer/usr/lib/swift/host/plugins/libFoundationMacros.dylib\#/Applications/Xcode-27.0.0-Release.Candidate.app/Contents/Developer/Platforms/MacOSX.platform/Developer/usr/bin/swift-plugin-server\#FoundationMacros -load-resolved-plugin /Applications/Xcode-27.0.0-Release.Candidate.app/Contents/Developer/Platforms/MacOSX.platform/Developer/usr/lib/swift/host/plugins/libObservationMacros.dylib\#/Applications/Xcode-27.0.0-Release.Candidate.app/Contents/Developer/Platforms/MacOSX.platform/Developer/usr/bin/swift-plugin-server\#ObservationMacros -load-resolved-plugin /Applications/Xcode-27.0.0-Release.Candidate.app/Contents/Developer/Platforms/MacOSX.platform/Developer/usr/lib/swift/host/plugins/libPreviewsMacros.dylib\#/Applications/Xcode-27.0.0-Release.Candidate.app/Contents/Developer/Platforms/MacOSX.platform/Developer/usr/bin/swift-plugin-server\#PreviewsMacros -load-resolved-plugin /Applications/Xcode-27.0.0-Release.Candidate.app/Contents/Developer/Platforms/MacOSX.platform/Developer/usr/lib/swift/host/plugins/libSwiftMacros.dylib\#/Applications/Xcode-27.0.0-Release.Candidate.app/Contents/Developer/Platforms/MacOSX.platform/Developer/usr/bin/swift-plugin-server\#SwiftMacros -load-resolved-plugin /Applications/Xcode-27.0.0-Release.Candidate.app/Contents/Developer/Platforms/MacOSX.platform/Developer/usr/lib/swift/host/plugins/libSwiftUIMacros.dylib\#/Applications/Xcode-27.0.0-Release.Candidate.app/Contents/Developer/Platforms/MacOSX.platform/Developer/usr/bin/swift-plugin-server\#SwiftUIMacros -disable-implicit-swift-modules -Xcc -fno-implicit-modules -Xcc -fno-implicit-module-maps -explicit-swift-module-map-file /Users/admin/builder/spi-builder-workspace/.derivedData/Build/Intermediates.noindex/RelayStore.build/Debug/RelayStore-t.build/Objects-normal/arm64/RelayStore-dependencies-1.json -Xllvm -aarch64-use-tbi -enable-objc-interop -stack-check -sdk /Applications/Xcode-27.0.0-Release.Candidate.app/Contents/Developer/Platforms/MacOSX.platform/Developer/SDKs/MacOSX27.0.sdk -I /Users/admin/builder/spi-builder-workspace/.derivedData/Build/Products/Debug -Isystem /Applications/Xcode-27.0.0-Release.Candidate.app/Contents/Developer/Platforms/MacOSX.platform/Developer/usr/lib -F /Users/admin/builder/spi-builder-workspace/.derivedData/Build/Products/Debug/PackageFrameworks -F /Users/admin/builder/spi-builder-workspace/.derivedData/Build/Products/Debug -F /Applications/Xcode-27.0.0-Release.Candidate.app/Contents/Developer/Platforms/MacOSX.platform/Developer/Library/Frameworks -module-cache-path /Users/admin/builder/spi-builder-workspace/.derivedData/Build/Intermediates.noindex/SwiftExplicitPrecompiledModules -no-color-diagnostics -Xcc -fno-color-diagnostics -enable-testing -g -debug-info-format\=dwarf -dwarf-version\=4 -profile-generate -profile-coverage-mapping -swift-version 5 -Onone -D SWIFT_PACKAGE -D DEBUG -D SWIFT_MODULE_RESOURCE_BUNDLE_UNAVAILABLE -D Xcode -serialize-debugging-options -enable-experimental-feature DebugDescriptionMacro -empty-abi-descriptor -validate-clang-modules-once -clang-build-session-file /Users/admin/builder/spi-builder-workspace/.derivedData/ModuleCache.noindex/Session.modulevalidation -Xcc -working-directory -Xcc /Users/admin/builder/spi-builder-workspace/.swiftpm/xcode -enable-anonymous-context-mangled-names -file-compilation-dir /Users/admin/builder/spi-builder-workspace/.swiftpm/xcode -Xcc -D_LIBCPP_HARDENING_MODE\=_LIBCPP_HARDENING_MODE_DEBUG -Xcc -ivfsstatcache -Xcc /Users/admin/builder/spi-builder-workspace/.derivedData/SDKStatCaches.noindex/macosx27.0-26A425-e829b21a6f8c9b70876ba0858053c0446a22442a12e9d48fe1a705f55a1adfc4.sdkstatcache -Xcc -fmodules-prune-interval\=86400 -Xcc -fmodules-prune-after\=345600 -Xcc -I/Users/admin/builder/spi-builder-workspace/.derivedData/Build/Products/Debug/include -Xcc -I/Users/admin/builder/spi-builder-workspace/.derivedData/Build/Intermediates.noindex/RelayStore.build/Debug/RelayStore-t.build/DerivedSources-normal/arm64 -Xcc -I/Users/admin/builder/spi-builder-workspace/.derivedData/Build/Intermediates.noindex/RelayStore.build/Debug/RelayStore-t.build/DerivedSources/arm64 -Xcc -I/Users/admin/builder/spi-builder-workspace/.derivedData/Build/Intermediates.noindex/RelayStore.build/Debug/RelayStore-t.build/DerivedSources -Xcc -DSWIFT_PACKAGE -Xcc -DDEBUG\=1 -no-auto-bridging-header-chaining -module-name RelayStore -const-gather-protocols-file /Users/admin/builder/spi-builder-workspace/.derivedData/Build/Intermediates.noindex/RelayStore.build/Debug/RelayStore-t.build/Objects-normal/arm64/RelayStore_const_extract_protocols.json -disable-clang-spi -clang-target arm64-apple-macos27.0 -target-sdk-version 27.0 -target-sdk-name macosx27.0 -in-process-plugin-server-path /Applications/Xcode-27.0.0-Release.Candidate.app/Contents/Developer/Toolchains/XcodeDefault.xctoolchain/usr/lib/swift/host/libSwiftInProcPluginServer.dylib -emit-module-doc-path /Users/admin/builder/spi-builder-workspace/.derivedData/Build/Intermediates.noindex/RelayStore.build/Debug/RelayStore-t.build/Objects-normal/arm64/RelayStore.swiftdoc -emit-module-source-info-path /Users/admin/builder/spi-builder-workspace/.derivedData/Build/Intermediates.noindex/RelayStore.build/Debug/RelayStore-t.build/Objects-normal/arm64/RelayStore.swiftsourceinfo -emit-objc-header-path /Users/admin/builder/spi-builder-workspace/.derivedData/Build/Intermediates.noindex/RelayStore.build/Debug/RelayStore-t.build/Objects-normal/arm64/RelayStore-Swift.h -serialize-diagnostics-path /Users/admin/builder/spi-builder-workspace/.derivedData/Build/Intermediates.noindex/RelayStore.build/Debug/RelayStore-t.build/Objects-normal/arm64/RelayStore-primary-emit-module.dia -emit-dependencies-path /Users/admin/builder/spi-builder-workspace/.derivedData/Build/Intermediates.noindex/RelayStore.build/Debug/RelayStore-t.build/Objects-normal/arm64/RelayStore-primary-emit-module.d -parse-as-library -o /Users/admin/builder/spi-builder-workspace/.derivedData/Build/Intermediates.noindex/RelayStore.build/Debug/RelayStore-t.build/Objects-normal/arm64/RelayStore.swiftmodule -emit-abi-descriptor-path /Users/admin/builder/spi-builder-workspace/.derivedData/Build/Intermediates.noindex/RelayStore.build/Debug/RelayStore-t.build/Objects-normal/arm64/RelayStore.abi.json
SwiftCompile normal arm64 (in target 'RelayStore' from project 'RelayStore')
    cd /Users/admin/builder/spi-builder-workspace/.swiftpm/xcode

PruneExplicitPrecompiledModules /Users/admin/builder/spi-builder-workspace/.derivedData/Build/Intermediates.noindex/SwiftExplicitPrecompiledModules
PruneExplicitPrecompiledModules /Users/admin/builder/spi-builder-workspace/.derivedData/SDKExplicitPrecompiledModules
PruneExplicitPrecompiledModules /Users/admin/builder/spi-builder-workspace/.derivedData/Build/Intermediates.noindex/ExplicitPrecompiledModules
2026-09-17 21:12:32.790 xcodebuild[1052:5948] [MT] IDERunDestination: Supported platforms for the buildables in the current scheme is empty.
2026-09-17 21:12:32.893 xcodebuild[1052:5948] [MT] IDERunDestination: Supported platforms for the buildables in the current scheme is empty.
--- xcodebuild: WARNING: Using the first of multiple matching destinations:
{ platform:macOS, arch:arm64, id:4dd2334f69d9074a10acb46aefa24387e34fb344, name:My Mac }
{ platform:macOS, arch:arm64, variant:Mac Catalyst, id:4dd2334f69d9074a10acb46aefa24387e34fb344, name:My Mac }
{ platform:macOS, arch:arm64, variant:DriverKit, id:4dd2334f69d9074a10acb46aefa24387e34fb344, name:My Mac }
{ platform:macOS, arch:arm64, variant:Designed for [iPad,iPhone], id:4dd2334f69d9074a10acb46aefa24387e34fb344, name:My Mac }
** BUILD FAILED **
The following build commands failed:
	SwiftEmitModule normal arm64 Emitting\ module\ for\ RelayStore (in target 'RelayStore' from project 'RelayStore')
	SwiftCompile normal arm64 (in target 'RelayStore' from project 'RelayStore')
	Building workspace RelayStore with scheme RelayStore
(3 failures)
Command line invocation:
    /Applications/Xcode-27.0.0-Release.Candidate.app/Contents/Developer/usr/bin/xcodebuild -IDEClonedSourcePackagesDirPathOverride=/Users/admin/builder/spi-builder-workspace/.dependencies -resolvePackageDependencies
Resolve Package Graph
Resolved source packages:
  swift-collections: https://github.com/apple/swift-collections @ 1.6.0
  swift-composable-architecture: https://github.com/pointfreeco/swift-composable-architecture.git @ 0.59.0
  swift-dependencies: https://github.com/pointfreeco/swift-dependencies @ 0.6.0
  swift-custom-dump: https://github.com/pointfreeco/swift-custom-dump @ 0.11.2
  swift-concurrency-extras: https://github.com/pointfreeco/swift-concurrency-extras @ 0.1.2
  swiftui-navigation: https://github.com/pointfreeco/swiftui-navigation @ 0.8.0
  swift-case-paths: https://github.com/pointfreeco/swift-case-paths @ 0.14.1
  swift-clocks: https://github.com/pointfreeco/swift-clocks @ 0.4.0
  combine-schedulers: https://github.com/pointfreeco/combine-schedulers @ 0.11.0
  xctest-dynamic-overlay: https://github.com/pointfreeco/xctest-dynamic-overlay @ 0.9.0
  RelayStore: /Users/admin/builder/spi-builder-workspace
  swift-identified-collections: https://github.com/pointfreeco/swift-identified-collections @ 0.8.0
resolved source packages: swift-collections, swift-composable-architecture, swift-dependencies, swift-custom-dump, swift-concurrency-extras, swiftui-navigation, swift-case-paths, swift-clocks, combine-schedulers, xctest-dynamic-overlay, RelayStore, swift-identified-collections
2026-09-17 21:12:57.038 xcodebuild[1421:8274] [MT] IDERunDestination: Supported platforms for the buildables in the current scheme is empty.
2026-09-17 21:12:57.144 xcodebuild[1421:8274] [MT] IDERunDestination: Supported platforms for the buildables in the current scheme is empty.
{
  "dependencies" : [
    {
      "identity" : "swift-composable-architecture",
      "requirement" : {
        "range" : [
          {
            "lower_bound" : "0.29.0",
            "upper_bound" : "1.0.0"
          }
        ]
      },
      "type" : "sourceControl",
      "url" : "https://github.com/pointfreeco/swift-composable-architecture.git"
    }
  ],
  "manifest_display_name" : "RelayStore",
  "name" : "RelayStore",
  "path" : "/Users/admin/builder/spi-builder-workspace",
  "platforms" : [
    {
      "name" : "ios",
      "version" : "13.0"
    },
    {
      "name" : "macos",
      "version" : "10.15"
    },
    {
      "name" : "tvos",
      "version" : "13.0"
    },
    {
      "name" : "watchos",
      "version" : "6.0"
    }
  ],
  "products" : [
    {
      "name" : "RelayStore",
      "targets" : [
        "RelayStore"
      ],
      "type" : {
        "library" : [
          "automatic"
        ]
      }
    }
  ],
  "targets" : [
    {
      "c99name" : "RelayStoreTests",
      "module_type" : "SwiftTarget",
      "name" : "RelayStoreTests",
      "path" : "Tests/RelayStoreTests",
      "sources" : [
        "RelayStoreTests.swift"
      ],
      "target_dependencies" : [
        "RelayStore"
      ],
      "type" : "test"
    },
    {
      "c99name" : "RelayStore",
      "module_type" : "SwiftTarget",
      "name" : "RelayStore",
      "path" : "Sources/RelayStore",
      "product_dependencies" : [
        "ComposableArchitecture"
      ],
      "product_memberships" : [
        "RelayStore"
      ],
      "sources" : [
        "RelayStore.swift"
      ],
      "type" : "library"
    }
  ],
  "tools_version" : "5.5"
}
{
  "workspace" : {
    "name" : "RelayStore",
    "schemes" : [
      "RelayStore"
    ]
  }
}
2026-09-17 21:12:58.578 xcodebuild[1429:8343] [MT] IDERunDestination: Supported platforms for the buildables in the current scheme is empty.
2026-09-17 21:12:58.683 xcodebuild[1429:8343] [MT] IDERunDestination: Supported platforms for the buildables in the current scheme is empty.
Running build ...
env DEVELOPER_DIR=/Applications/Xcode-27.0.0-Release.Candidate.app xcrun xcodebuild -IDEClonedSourcePackagesDirPathOverride=$PWD/.dependencies -skipMacroValidation -skipPackagePluginValidation -derivedDataPath $PWD/.derivedData build -scheme RelayStore -destination platform=macOS,arch=arm64
Command line invocation:
    /Applications/Xcode-27.0.0-Release.Candidate.app/Contents/Developer/usr/bin/xcodebuild -IDEClonedSourcePackagesDirPathOverride=/Users/admin/builder/spi-builder-workspace/.dependencies -skipMacroValidation -skipPackagePluginValidation -derivedDataPath /Users/admin/builder/spi-builder-workspace/.derivedData build -scheme RelayStore -destination platform=macOS,arch=arm64
Resolve Package Graph
Resolved source packages:
  swift-clocks: https://github.com/pointfreeco/swift-clocks @ 0.4.0
  swift-identified-collections: https://github.com/pointfreeco/swift-identified-collections @ 0.8.0
  swift-composable-architecture: https://github.com/pointfreeco/swift-composable-architecture.git @ 0.59.0
  swift-dependencies: https://github.com/pointfreeco/swift-dependencies @ 0.6.0
  swift-custom-dump: https://github.com/pointfreeco/swift-custom-dump @ 0.11.2
  swift-collections: https://github.com/apple/swift-collections @ 1.6.0
  swiftui-navigation: https://github.com/pointfreeco/swiftui-navigation @ 0.8.0
  swift-case-paths: https://github.com/pointfreeco/swift-case-paths @ 0.14.1
  RelayStore: /Users/admin/builder/spi-builder-workspace
  combine-schedulers: https://github.com/pointfreeco/combine-schedulers @ 0.11.0
  xctest-dynamic-overlay: https://github.com/pointfreeco/xctest-dynamic-overlay @ 0.9.0
  swift-concurrency-extras: https://github.com/pointfreeco/swift-concurrency-extras @ 0.1.2
ComputePackagePrebuildTargetDependencyGraph
Prepare packages
CreateBuildRequest
SendProjectDescription
CreateBuildOperation
ComputeTargetDependencyGraph
note: Building targets in dependency order
note: Target dependency graph (26 targets)
    Target 'RelayStoreTests-product' in project 'RelayStore'
        ➜ Explicit dependency on target 'RelayStore' in project 'RelayStore'
        ➜ Explicit dependency on target 'ComposableArchitecture-product' in project 'swift-composable-architecture'
    Target 'RelayStore-product' in project 'RelayStore'
        ➜ Explicit dependency on target 'RelayStore' in project 'RelayStore'
        ➜ Explicit dependency on target 'ComposableArchitecture-product' in project 'swift-composable-architecture'
    Target 'RelayStore' in project 'RelayStore'
        ➜ Explicit dependency on target 'ComposableArchitecture-product' in project 'swift-composable-architecture'
    Target 'ComposableArchitecture-product' in project 'swift-composable-architecture'
        ➜ Explicit dependency on target 'ComposableArchitecture' in project 'swift-composable-architecture'
        ➜ Explicit dependency on target 'CasePaths-product' in project 'swift-case-paths'
        ➜ Explicit dependency on target 'CombineSchedulers-product' in project 'combine-schedulers'
        ➜ Explicit dependency on target 'ConcurrencyExtras-product' in project 'swift-concurrency-extras'
        ➜ Explicit dependency on target 'CustomDump-product' in project 'swift-custom-dump'
        ➜ Explicit dependency on target 'Dependencies-product' in project 'swift-dependencies'
        ➜ Explicit dependency on target 'IdentifiedCollections-product' in project 'swift-identified-collections'
        ➜ Explicit dependency on target 'OrderedCollections-product' in project 'swift-collections'
        ➜ Explicit dependency on target 'SwiftUINavigationCore-product' in project 'swiftui-navigation'
        ➜ Explicit dependency on target 'XCTestDynamicOverlay-product' in project 'xctest-dynamic-overlay'
    Target 'ComposableArchitecture' in project 'swift-composable-architecture'
        ➜ Explicit dependency on target 'CasePaths-product' in project 'swift-case-paths'
        ➜ Explicit dependency on target 'CombineSchedulers-product' in project 'combine-schedulers'
        ➜ Explicit dependency on target 'ConcurrencyExtras-product' in project 'swift-concurrency-extras'
        ➜ Explicit dependency on target 'CustomDump-product' in project 'swift-custom-dump'
        ➜ Explicit dependency on target 'Dependencies-product' in project 'swift-dependencies'
        ➜ Explicit dependency on target 'IdentifiedCollections-product' in project 'swift-identified-collections'
        ➜ Explicit dependency on target 'OrderedCollections-product' in project 'swift-collections'
        ➜ Explicit dependency on target 'SwiftUINavigationCore-product' in project 'swiftui-navigation'
        ➜ Explicit dependency on target 'XCTestDynamicOverlay-product' in project 'xctest-dynamic-overlay'
    Target 'SwiftUINavigationCore-product' in project 'swiftui-navigation'
        ➜ Explicit dependency on target 'SwiftUINavigationCore' in project 'swiftui-navigation'
        ➜ Explicit dependency on target 'CustomDump-product' in project 'swift-custom-dump'
        ➜ Explicit dependency on target 'XCTestDynamicOverlay-product' in project 'xctest-dynamic-overlay'
    Target 'SwiftUINavigationCore' in project 'swiftui-navigation'
        ➜ Explicit dependency on target 'CustomDump-product' in project 'swift-custom-dump'
        ➜ Explicit dependency on target 'XCTestDynamicOverlay-product' in project 'xctest-dynamic-overlay'
    Target 'IdentifiedCollections-product' in project 'swift-identified-collections'
        ➜ Explicit dependency on target 'IdentifiedCollections' in project 'swift-identified-collections'
        ➜ Explicit dependency on target 'OrderedCollections-product' in project 'swift-collections'
    Target 'IdentifiedCollections' in project 'swift-identified-collections'
        ➜ Explicit dependency on target 'OrderedCollections-product' in project 'swift-collections'
    Target 'OrderedCollections-product' in project 'swift-collections'
        ➜ Explicit dependency on target 'OrderedCollections' in project 'swift-collections'
        ➜ Explicit dependency on target 'InternalCollectionsUtilities' in project 'swift-collections'
    Target 'OrderedCollections' in project 'swift-collections'
        ➜ Explicit dependency on target 'InternalCollectionsUtilities' in project 'swift-collections'
    Target 'InternalCollectionsUtilities' in project 'swift-collections' (no dependencies)
    Target 'Dependencies-product' in project 'swift-dependencies'
        ➜ Explicit dependency on target 'Dependencies' in project 'swift-dependencies'
        ➜ Explicit dependency on target 'Clocks-product' in project 'swift-clocks'
        ➜ Explicit dependency on target 'CombineSchedulers-product' in project 'combine-schedulers'
        ➜ Explicit dependency on target 'ConcurrencyExtras-product' in project 'swift-concurrency-extras'
        ➜ Explicit dependency on target 'XCTestDynamicOverlay-product' in project 'xctest-dynamic-overlay'
    Target 'Dependencies' in project 'swift-dependencies'
        ➜ Explicit dependency on target 'Clocks-product' in project 'swift-clocks'
        ➜ Explicit dependency on target 'CombineSchedulers-product' in project 'combine-schedulers'
        ➜ Explicit dependency on target 'ConcurrencyExtras-product' in project 'swift-concurrency-extras'
        ➜ Explicit dependency on target 'XCTestDynamicOverlay-product' in project 'xctest-dynamic-overlay'
    Target 'Clocks-product' in project 'swift-clocks'
        ➜ Explicit dependency on target 'Clocks' in project 'swift-clocks'
        ➜ Explicit dependency on target 'ConcurrencyExtras-product' in project 'swift-concurrency-extras'
        ➜ Explicit dependency on target 'XCTestDynamicOverlay-product' in project 'xctest-dynamic-overlay'
    Target 'Clocks' in project 'swift-clocks'
        ➜ Explicit dependency on target 'ConcurrencyExtras-product' in project 'swift-concurrency-extras'
        ➜ Explicit dependency on target 'XCTestDynamicOverlay-product' in project 'xctest-dynamic-overlay'
    Target 'CustomDump-product' in project 'swift-custom-dump'
        ➜ Explicit dependency on target 'CustomDump' in project 'swift-custom-dump'
        ➜ Explicit dependency on target 'XCTestDynamicOverlay-product' in project 'xctest-dynamic-overlay'
    Target 'CustomDump' in project 'swift-custom-dump'
        ➜ Explicit dependency on target 'XCTestDynamicOverlay-product' in project 'xctest-dynamic-overlay'
    Target 'CombineSchedulers-product' in project 'combine-schedulers'
        ➜ Explicit dependency on target 'CombineSchedulers' in project 'combine-schedulers'
        ➜ Explicit dependency on target 'ConcurrencyExtras-product' in project 'swift-concurrency-extras'
        ➜ Explicit dependency on target 'XCTestDynamicOverlay-product' in project 'xctest-dynamic-overlay'
    Target 'CombineSchedulers' in project 'combine-schedulers'
        ➜ Explicit dependency on target 'ConcurrencyExtras-product' in project 'swift-concurrency-extras'
        ➜ Explicit dependency on target 'XCTestDynamicOverlay-product' in project 'xctest-dynamic-overlay'
    Target 'ConcurrencyExtras-product' in project 'swift-concurrency-extras'
        ➜ Explicit dependency on target 'ConcurrencyExtras' in project 'swift-concurrency-extras'
    Target 'ConcurrencyExtras' in project 'swift-concurrency-extras' (no dependencies)
    Target 'CasePaths-product' in project 'swift-case-paths'
        ➜ Explicit dependency on target 'CasePaths' in project 'swift-case-paths'
        ➜ Explicit dependency on target 'XCTestDynamicOverlay-product' in project 'xctest-dynamic-overlay'
    Target 'CasePaths' in project 'swift-case-paths'
        ➜ Explicit dependency on target 'XCTestDynamicOverlay-product' in project 'xctest-dynamic-overlay'
    Target 'XCTestDynamicOverlay-product' in project 'xctest-dynamic-overlay'
        ➜ Explicit dependency on target 'XCTestDynamicOverlay' in project 'xctest-dynamic-overlay'
    Target 'XCTestDynamicOverlay' in project 'xctest-dynamic-overlay' (no dependencies)
GatherProvisioningInputs
CreateBuildDescription
ClangStatCache /Applications/Xcode-27.0.0-Release.Candidate.app/Contents/Developer/Toolchains/XcodeDefault.xctoolchain/usr/bin/clang-stat-cache /Applications/Xcode-27.0.0-Release.Candidate.app/Contents/Developer/Platforms/MacOSX.platform/Developer/SDKs/MacOSX27.0.sdk /Users/admin/builder/spi-builder-workspace/.derivedData/SDKStatCaches.noindex/macosx27.0-26A425-e829b21a6f8c9b70876ba0858053c0446a22442a12e9d48fe1a705f55a1adfc4.sdkstatcache
    cd /Users/admin/builder/spi-builder-workspace/.swiftpm/xcode
    /Applications/Xcode-27.0.0-Release.Candidate.app/Contents/Developer/Toolchains/XcodeDefault.xctoolchain/usr/bin/clang-stat-cache /Applications/Xcode-27.0.0-Release.Candidate.app/Contents/Developer/Platforms/MacOSX.platform/Developer/SDKs/MacOSX27.0.sdk -o /Users/admin/builder/spi-builder-workspace/.derivedData/SDKStatCaches.noindex/macosx27.0-26A425-e829b21a6f8c9b70876ba0858053c0446a22442a12e9d48fe1a705f55a1adfc4.sdkstatcache
SwiftDriver ComposableArchitecture normal arm64 com.apple.xcode.tools.swift.compiler (in target 'ComposableArchitecture' from project 'swift-composable-architecture')
    cd /Users/admin/builder/spi-builder-workspace/.swiftpm/xcode
    builtin-SwiftDriver -- /Applications/Xcode-27.0.0-Release.Candidate.app/Contents/Developer/Toolchains/XcodeDefault.xctoolchain/usr/bin/swiftc -parse-as-library -module-name ComposableArchitecture -Onone @/Users/admin/builder/spi-builder-workspace/.derivedData/Build/Intermediates.noindex/swift-composable-architecture.build/Debug/ComposableArchitecture-t.build/Objects-normal/arm64/ComposableArchitecture.SwiftFileList -DSWIFT_PACKAGE -DDEBUG -DSWIFT_MODULE_RESOURCE_BUNDLE_UNAVAILABLE -DXcode -plugin-path /Applications/Xcode-27.0.0-Release.Candidate.app/Contents/Developer/Toolchains/XcodeDefault.xctoolchain/usr/lib/swift/host/plugins/testing -enable-experimental-feature DebugDescriptionMacro -sdk /Applications/Xcode-27.0.0-Release.Candidate.app/Contents/Developer/Platforms/MacOSX.platform/Developer/SDKs/MacOSX27.0.sdk -target arm64-apple-macos12.0 -g -module-cache-path /Users/admin/builder/spi-builder-workspace/.derivedData/ModuleCache.noindex -Xfrontend -serialize-debugging-options -profile-coverage-mapping -profile-generate -enable-testing -suppress-warnings -index-store-path /Users/admin/builder/spi-builder-workspace/.derivedData/Index.noindex/DataStore -Xcc -D_LIBCPP_HARDENING_MODE\=_LIBCPP_HARDENING_MODE_DEBUG -swift-version 5 -I /Users/admin/builder/spi-builder-workspace/.derivedData/Build/Products/Debug -Isystem /Applications/Xcode-27.0.0-Release.Candidate.app/Contents/Developer/Platforms/MacOSX.platform/Developer/usr/lib -F /Users/admin/builder/spi-builder-workspace/.derivedData/Build/Products/Debug/PackageFrameworks -F /Users/admin/builder/spi-builder-workspace/.derivedData/Build/Products/Debug -F /Applications/Xcode-27.0.0-Release.Candidate.app/Contents/Developer/Platforms/MacOSX.platform/Developer/Library/Frameworks -c -j10 -enable-batch-mode -incremental -Xcc -ivfsstatcache -Xcc /Users/admin/builder/spi-builder-workspace/.derivedData/SDKStatCaches.noindex/macosx27.0-26A425-e829b21a6f8c9b70876ba0858053c0446a22442a12e9d48fe1a705f55a1adfc4.sdkstatcache -output-file-map /Users/admin/builder/spi-builder-workspace/.derivedData/Build/Intermediates.noindex/swift-composable-architecture.build/Debug/ComposableArchitecture-t.build/Objects-normal/arm64/ComposableArchitecture-OutputFileMap.json -save-temps -no-color-diagnostics -explicit-module-build -module-cache-path /Users/admin/builder/spi-builder-workspace/.derivedData/Build/Intermediates.noindex/SwiftExplicitPrecompiledModules -clang-scanner-module-cache-path /Users/admin/builder/spi-builder-workspace/.derivedData/ModuleCache.noindex -sdk-module-cache-path /Users/admin/builder/spi-builder-workspace/.derivedData/SDKExplicitPrecompiledModules -emit-dependencies -emit-module -emit-module-path /Users/admin/builder/spi-builder-workspace/.derivedData/Build/Intermediates.noindex/swift-composable-architecture.build/Debug/ComposableArchitecture-t.build/Objects-normal/arm64/ComposableArchitecture.swiftmodule -serialize-diagnostics -dependency-scan-serialize-diagnostics-path /Users/admin/builder/spi-builder-workspace/.derivedData/Build/Intermediates.noindex/swift-composable-architecture.build/Debug/ComposableArchitecture-t.build/Objects-normal/arm64/ComposableArchitecture-dependency-scan.dia -validate-clang-modules-once -clang-build-session-file /Users/admin/builder/spi-builder-workspace/.derivedData/ModuleCache.noindex/Session.modulevalidation -Xcc -fmodules-prune-interval\=86400 -Xcc -fmodules-prune-after\=345600 -emit-const-values -const-gather-protocols-list /Users/admin/builder/spi-builder-workspace/.derivedData/Build/Intermediates.noindex/swift-composable-architecture.build/Debug/ComposableArchitecture-t.build/Objects-normal/arm64/ComposableArchitecture_const_extract_protocols.json -Xcc -I/Users/admin/builder/spi-builder-workspace/.derivedData/Build/Products/Debug/include -Xcc -I/Users/admin/builder/spi-builder-workspace/.derivedData/Build/Intermediates.noindex/swift-composable-architecture.build/Debug/ComposableArchitecture-t.build/DerivedSources-normal/arm64 -Xcc -I/Users/admin/builder/spi-builder-workspace/.derivedData/Build/Intermediates.noindex/swift-composable-architecture.build/Debug/ComposableArchitecture-t.build/DerivedSources/arm64 -Xcc -I/Users/admin/builder/spi-builder-workspace/.derivedData/Build/Intermediates.noindex/swift-composable-architecture.build/Debug/ComposableArchitecture-t.build/DerivedSources -Xcc -DSWIFT_PACKAGE -Xcc -DDEBUG\=1 -emit-objc-header -emit-objc-header-path /Users/admin/builder/spi-builder-workspace/.derivedData/Build/Intermediates.noindex/swift-composable-architecture.build/Debug/ComposableArchitecture-t.build/Objects-normal/arm64/ComposableArchitecture-Swift.h -working-directory /Users/admin/builder/spi-builder-workspace/.swiftpm/xcode -experimental-emit-module-separately -disable-cmo
SwiftDriver RelayStore normal arm64 com.apple.xcode.tools.swift.compiler (in target 'RelayStore' from project 'RelayStore')
    cd /Users/admin/builder/spi-builder-workspace/.swiftpm/xcode
    builtin-SwiftDriver -- /Applications/Xcode-27.0.0-Release.Candidate.app/Contents/Developer/Toolchains/XcodeDefault.xctoolchain/usr/bin/swiftc -parse-as-library -module-name RelayStore -Onone @/Users/admin/builder/spi-builder-workspace/.derivedData/Build/Intermediates.noindex/RelayStore.build/Debug/RelayStore-t.build/Objects-normal/arm64/RelayStore.SwiftFileList -DSWIFT_PACKAGE -DDEBUG -DSWIFT_MODULE_RESOURCE_BUNDLE_UNAVAILABLE -DXcode -plugin-path /Applications/Xcode-27.0.0-Release.Candidate.app/Contents/Developer/Toolchains/XcodeDefault.xctoolchain/usr/lib/swift/host/plugins/testing -enable-experimental-feature DebugDescriptionMacro -sdk /Applications/Xcode-27.0.0-Release.Candidate.app/Contents/Developer/Platforms/MacOSX.platform/Developer/SDKs/MacOSX27.0.sdk -target arm64-apple-macos12.0 -g -module-cache-path /Users/admin/builder/spi-builder-workspace/.derivedData/ModuleCache.noindex -Xfrontend -serialize-debugging-options -profile-coverage-mapping -profile-generate -enable-testing -index-store-path /Users/admin/builder/spi-builder-workspace/.derivedData/Index.noindex/DataStore -Xcc -D_LIBCPP_HARDENING_MODE\=_LIBCPP_HARDENING_MODE_DEBUG -swift-version 5 -I /Users/admin/builder/spi-builder-workspace/.derivedData/Build/Products/Debug -Isystem /Applications/Xcode-27.0.0-Release.Candidate.app/Contents/Developer/Platforms/MacOSX.platform/Developer/usr/lib -F /Users/admin/builder/spi-builder-workspace/.derivedData/Build/Products/Debug/PackageFrameworks -F /Users/admin/builder/spi-builder-workspace/.derivedData/Build/Products/Debug -F /Applications/Xcode-27.0.0-Release.Candidate.app/Contents/Developer/Platforms/MacOSX.platform/Developer/Library/Frameworks -c -j10 -enable-batch-mode -incremental -Xcc -ivfsstatcache -Xcc /Users/admin/builder/spi-builder-workspace/.derivedData/SDKStatCaches.noindex/macosx27.0-26A425-e829b21a6f8c9b70876ba0858053c0446a22442a12e9d48fe1a705f55a1adfc4.sdkstatcache -output-file-map /Users/admin/builder/spi-builder-workspace/.derivedData/Build/Intermediates.noindex/RelayStore.build/Debug/RelayStore-t.build/Objects-normal/arm64/RelayStore-OutputFileMap.json -save-temps -no-color-diagnostics -explicit-module-build -module-cache-path /Users/admin/builder/spi-builder-workspace/.derivedData/Build/Intermediates.noindex/SwiftExplicitPrecompiledModules -clang-scanner-module-cache-path /Users/admin/builder/spi-builder-workspace/.derivedData/ModuleCache.noindex -sdk-module-cache-path /Users/admin/builder/spi-builder-workspace/.derivedData/SDKExplicitPrecompiledModules -emit-dependencies -emit-module -emit-module-path /Users/admin/builder/spi-builder-workspace/.derivedData/Build/Intermediates.noindex/RelayStore.build/Debug/RelayStore-t.build/Objects-normal/arm64/RelayStore.swiftmodule -serialize-diagnostics -dependency-scan-serialize-diagnostics-path /Users/admin/builder/spi-builder-workspace/.derivedData/Build/Intermediates.noindex/RelayStore.build/Debug/RelayStore-t.build/Objects-normal/arm64/RelayStore-dependency-scan.dia -validate-clang-modules-once -clang-build-session-file /Users/admin/builder/spi-builder-workspace/.derivedData/ModuleCache.noindex/Session.modulevalidation -Xcc -fmodules-prune-interval\=86400 -Xcc -fmodules-prune-after\=345600 -emit-const-values -const-gather-protocols-list /Users/admin/builder/spi-builder-workspace/.derivedData/Build/Intermediates.noindex/RelayStore.build/Debug/RelayStore-t.build/Objects-normal/arm64/RelayStore_const_extract_protocols.json -Xcc -I/Users/admin/builder/spi-builder-workspace/.derivedData/Build/Products/Debug/include -Xcc -I/Users/admin/builder/spi-builder-workspace/.derivedData/Build/Intermediates.noindex/RelayStore.build/Debug/RelayStore-t.build/DerivedSources-normal/arm64 -Xcc -I/Users/admin/builder/spi-builder-workspace/.derivedData/Build/Intermediates.noindex/RelayStore.build/Debug/RelayStore-t.build/DerivedSources/arm64 -Xcc -I/Users/admin/builder/spi-builder-workspace/.derivedData/Build/Intermediates.noindex/RelayStore.build/Debug/RelayStore-t.build/DerivedSources -Xcc -DSWIFT_PACKAGE -Xcc -DDEBUG\=1 -emit-objc-header -emit-objc-header-path /Users/admin/builder/spi-builder-workspace/.derivedData/Build/Intermediates.noindex/RelayStore.build/Debug/RelayStore-t.build/Objects-normal/arm64/RelayStore-Swift.h -working-directory /Users/admin/builder/spi-builder-workspace/.swiftpm/xcode -experimental-emit-module-separately -disable-cmo
SwiftEmitModule normal arm64 Emitting\ module\ for\ RelayStore (in target 'RelayStore' from project 'RelayStore')
SwiftCompile normal arm64 (in target 'RelayStore' from project 'RelayStore')
    cd /Users/admin/builder/spi-builder-workspace/.swiftpm/xcode

/Users/admin/builder/spi-builder-workspace/Sources/RelayStore/RelayStore.swift:47:26: error: protocol type 'Reducer' specialized with too many type arguments (got 3, but expected 2)
45 | public final class RelayStore<State, Action, Environment> {
46 |     private let initialState: State
47 |     private let reducer: Reducer<State, Action, Environment>
   |                          `- error: protocol type 'Reducer' specialized with too many type arguments (got 3, but expected 2)
48 |     private let environment: Environment
49 |     private var store: Store<State, Action>?
/Users/admin/builder/spi-builder-workspace/Sources/RelayStore/RelayStore.swift:53:18: error: protocol type 'Reducer' specialized with too many type arguments (got 3, but expected 2)
51 |     public init(
52 |         initialState: State,
53 |         reducer: Reducer<State, Action, Environment>,
   |                  `- error: protocol type 'Reducer' specialized with too many type arguments (got 3, but expected 2)
54 |         environment: Environment
55 |     ) {
Failed frontend command:
/Applications/Xcode-27.0.0-Release.Candidate.app/Contents/Developer/Toolchains/XcodeDefault.xctoolchain/usr/bin/swift-frontend -frontend -emit-module -experimental-skip-non-inlinable-function-bodies-without-types /Users/admin/builder/spi-builder-workspace/Sources/RelayStore/RelayStore.swift -target arm64-apple-macos12.0 -disable-cross-import-overlay-search -load-resolved-plugin /Applications/Xcode-27.0.0-Release.Candidate.app/Contents/Developer/Platforms/MacOSX.platform/Developer/usr/lib/swift/host/plugins/libFoundationMacros.dylib\#/Applications/Xcode-27.0.0-Release.Candidate.app/Contents/Developer/Platforms/MacOSX.platform/Developer/usr/bin/swift-plugin-server\#FoundationMacros -load-resolved-plugin /Applications/Xcode-27.0.0-Release.Candidate.app/Contents/Developer/Platforms/MacOSX.platform/Developer/usr/lib/swift/host/plugins/libObservationMacros.dylib\#/Applications/Xcode-27.0.0-Release.Candidate.app/Contents/Developer/Platforms/MacOSX.platform/Developer/usr/bin/swift-plugin-server\#ObservationMacros -load-resolved-plugin /Applications/Xcode-27.0.0-Release.Candidate.app/Contents/Developer/Platforms/MacOSX.platform/Developer/usr/lib/swift/host/plugins/libPreviewsMacros.dylib\#/Applications/Xcode-27.0.0-Release.Candidate.app/Contents/Developer/Platforms/MacOSX.platform/Developer/usr/bin/swift-plugin-server\#PreviewsMacros -load-resolved-plugin /Applications/Xcode-27.0.0-Release.Candidate.app/Contents/Developer/Platforms/MacOSX.platform/Developer/usr/lib/swift/host/plugins/libSwiftMacros.dylib\#/Applications/Xcode-27.0.0-Release.Candidate.app/Contents/Developer/Platforms/MacOSX.platform/Developer/usr/bin/swift-plugin-server\#SwiftMacros -load-resolved-plugin /Applications/Xcode-27.0.0-Release.Candidate.app/Contents/Developer/Platforms/MacOSX.platform/Developer/usr/lib/swift/host/plugins/libSwiftUIMacros.dylib\#/Applications/Xcode-27.0.0-Release.Candidate.app/Contents/Developer/Platforms/MacOSX.platform/Developer/usr/bin/swift-plugin-server\#SwiftUIMacros -disable-implicit-swift-modules -Xcc -fno-implicit-modules -Xcc -fno-implicit-module-maps -explicit-swift-module-map-file /Users/admin/builder/spi-builder-workspace/.derivedData/Build/Intermediates.noindex/RelayStore.build/Debug/RelayStore-t.build/Objects-normal/arm64/RelayStore-dependencies-1.json -Xllvm -aarch64-use-tbi -enable-objc-interop -stack-check -sdk /Applications/Xcode-27.0.0-Release.Candidate.app/Contents/Developer/Platforms/MacOSX.platform/Developer/SDKs/MacOSX27.0.sdk -I /Users/admin/builder/spi-builder-workspace/.derivedData/Build/Products/Debug -Isystem /Applications/Xcode-27.0.0-Release.Candidate.app/Contents/Developer/Platforms/MacOSX.platform/Developer/usr/lib -F /Users/admin/builder/spi-builder-workspace/.derivedData/Build/Products/Debug/PackageFrameworks -F /Users/admin/builder/spi-builder-workspace/.derivedData/Build/Products/Debug -F /Applications/Xcode-27.0.0-Release.Candidate.app/Contents/Developer/Platforms/MacOSX.platform/Developer/Library/Frameworks -module-cache-path /Users/admin/builder/spi-builder-workspace/.derivedData/Build/Intermediates.noindex/SwiftExplicitPrecompiledModules -no-color-diagnostics -Xcc -fno-color-diagnostics -enable-testing -g -debug-info-format\=dwarf -dwarf-version\=4 -profile-generate -profile-coverage-mapping -swift-version 5 -Onone -D SWIFT_PACKAGE -D DEBUG -D SWIFT_MODULE_RESOURCE_BUNDLE_UNAVAILABLE -D Xcode -serialize-debugging-options -enable-experimental-feature DebugDescriptionMacro -empty-abi-descriptor -validate-clang-modules-once -clang-build-session-file /Users/admin/builder/spi-builder-workspace/.derivedData/ModuleCache.noindex/Session.modulevalidation -Xcc -working-directory -Xcc /Users/admin/builder/spi-builder-workspace/.swiftpm/xcode -enable-anonymous-context-mangled-names -file-compilation-dir /Users/admin/builder/spi-builder-workspace/.swiftpm/xcode -Xcc -D_LIBCPP_HARDENING_MODE\=_LIBCPP_HARDENING_MODE_DEBUG -Xcc -ivfsstatcache -Xcc /Users/admin/builder/spi-builder-workspace/.derivedData/SDKStatCaches.noindex/macosx27.0-26A425-e829b21a6f8c9b70876ba0858053c0446a22442a12e9d48fe1a705f55a1adfc4.sdkstatcache -Xcc -fmodules-prune-interval\=86400 -Xcc -fmodules-prune-after\=345600 -Xcc -I/Users/admin/builder/spi-builder-workspace/.derivedData/Build/Products/Debug/include -Xcc -I/Users/admin/builder/spi-builder-workspace/.derivedData/Build/Intermediates.noindex/RelayStore.build/Debug/RelayStore-t.build/DerivedSources-normal/arm64 -Xcc -I/Users/admin/builder/spi-builder-workspace/.derivedData/Build/Intermediates.noindex/RelayStore.build/Debug/RelayStore-t.build/DerivedSources/arm64 -Xcc -I/Users/admin/builder/spi-builder-workspace/.derivedData/Build/Intermediates.noindex/RelayStore.build/Debug/RelayStore-t.build/DerivedSources -Xcc -DSWIFT_PACKAGE -Xcc -DDEBUG\=1 -no-auto-bridging-header-chaining -module-name RelayStore -const-gather-protocols-file /Users/admin/builder/spi-builder-workspace/.derivedData/Build/Intermediates.noindex/RelayStore.build/Debug/RelayStore-t.build/Objects-normal/arm64/RelayStore_const_extract_protocols.json -disable-clang-spi -clang-target arm64-apple-macos27.0 -target-sdk-version 27.0 -target-sdk-name macosx27.0 -in-process-plugin-server-path /Applications/Xcode-27.0.0-Release.Candidate.app/Contents/Developer/Toolchains/XcodeDefault.xctoolchain/usr/lib/swift/host/libSwiftInProcPluginServer.dylib -emit-module-doc-path /Users/admin/builder/spi-builder-workspace/.derivedData/Build/Intermediates.noindex/RelayStore.build/Debug/RelayStore-t.build/Objects-normal/arm64/RelayStore.swiftdoc -emit-module-source-info-path /Users/admin/builder/spi-builder-workspace/.derivedData/Build/Intermediates.noindex/RelayStore.build/Debug/RelayStore-t.build/Objects-normal/arm64/RelayStore.swiftsourceinfo -emit-objc-header-path /Users/admin/builder/spi-builder-workspace/.derivedData/Build/Intermediates.noindex/RelayStore.build/Debug/RelayStore-t.build/Objects-normal/arm64/RelayStore-Swift.h -serialize-diagnostics-path /Users/admin/builder/spi-builder-workspace/.derivedData/Build/Intermediates.noindex/RelayStore.build/Debug/RelayStore-t.build/Objects-normal/arm64/RelayStore-primary-emit-module.dia -emit-dependencies-path /Users/admin/builder/spi-builder-workspace/.derivedData/Build/Intermediates.noindex/RelayStore.build/Debug/RelayStore-t.build/Objects-normal/arm64/RelayStore-primary-emit-module.d -parse-as-library -o /Users/admin/builder/spi-builder-workspace/.derivedData/Build/Intermediates.noindex/RelayStore.build/Debug/RelayStore-t.build/Objects-normal/arm64/RelayStore.swiftmodule -emit-abi-descriptor-path /Users/admin/builder/spi-builder-workspace/.derivedData/Build/Intermediates.noindex/RelayStore.build/Debug/RelayStore-t.build/Objects-normal/arm64/RelayStore.abi.json
SwiftCompile normal arm64 Compiling\ RelayStore.swift /Users/admin/builder/spi-builder-workspace/Sources/RelayStore/RelayStore.swift (in target 'RelayStore' from project 'RelayStore')
SwiftCompile normal arm64 /Users/admin/builder/spi-builder-workspace/Sources/RelayStore/RelayStore.swift (in target 'RelayStore' from project 'RelayStore')
    cd /Users/admin/builder/spi-builder-workspace/.swiftpm/xcode
    builtin-SwiftPerFileCompile RelayStore.swift
/Users/admin/builder/spi-builder-workspace/Sources/RelayStore/RelayStore.swift:47:26: error: protocol type 'Reducer' specialized with too many type arguments (got 3, but expected 2)
45 | public final class RelayStore<State, Action, Environment> {
46 |     private let initialState: State
47 |     private let reducer: Reducer<State, Action, Environment>
   |                          `- error: protocol type 'Reducer' specialized with too many type arguments (got 3, but expected 2)
48 |     private let environment: Environment
49 |     private var store: Store<State, Action>?
/Users/admin/builder/spi-builder-workspace/Sources/RelayStore/RelayStore.swift:53:18: error: protocol type 'Reducer' specialized with too many type arguments (got 3, but expected 2)
51 |     public init(
52 |         initialState: State,
53 |         reducer: Reducer<State, Action, Environment>,
   |                  `- error: protocol type 'Reducer' specialized with too many type arguments (got 3, but expected 2)
54 |         environment: Environment
55 |     ) {
/Users/admin/builder/spi-builder-workspace/Sources/RelayStore/RelayStore.swift:9:9: error: cannot find 'combined' in scope
 7 |         destination: @escaping (Action) -> Void
 8 |     ) -> Self {
 9 |         combined(
   |         `- error: cannot find 'combined' in scope
10 |             with: .init { _, action, _ in
11 |                 .fireAndForget {
/Users/admin/builder/spi-builder-workspace/Sources/RelayStore/RelayStore.swift:11:18: error: cannot infer contextual base in reference to member 'fireAndForget'
 9 |         combined(
10 |             with: .init { _, action, _ in
11 |                 .fireAndForget {
   |                  `- error: cannot infer contextual base in reference to member 'fireAndForget'
12 |                     destination(action)
13 |                 }
SwiftCompile normal arm64 Compiling\ SwitchStore.swift /Users/admin/builder/spi-builder-workspace/.dependencies/checkouts/swift-composable-architecture/Sources/ComposableArchitecture/SwiftUI/SwitchStore.swift (in target 'ComposableArchitecture' from project 'swift-composable-architecture')
SwiftCompile normal arm64 /Users/admin/builder/spi-builder-workspace/.dependencies/checkouts/swift-composable-architecture/Sources/ComposableArchitecture/SwiftUI/SwitchStore.swift (in target 'ComposableArchitecture' from project 'swift-composable-architecture')
    cd /Users/admin/builder/spi-builder-workspace/.swiftpm/xcode
    builtin-SwiftPerFileCompile SwitchStore.swift
SwiftCompile normal arm64 Compiling\ WithViewStore.swift /Users/admin/builder/spi-builder-workspace/.dependencies/checkouts/swift-composable-architecture/Sources/ComposableArchitecture/SwiftUI/WithViewStore.swift (in target 'ComposableArchitecture' from project 'swift-composable-architecture')
SwiftCompile normal arm64 /Users/admin/builder/spi-builder-workspace/.dependencies/checkouts/swift-composable-architecture/Sources/ComposableArchitecture/SwiftUI/WithViewStore.swift (in target 'ComposableArchitecture' from project 'swift-composable-architecture')
    cd /Users/admin/builder/spi-builder-workspace/.swiftpm/xcode
    builtin-SwiftPerFileCompile WithViewStore.swift
SwiftCompile normal arm64 Compiling\ IfLetUIKit.swift /Users/admin/builder/spi-builder-workspace/.dependencies/checkouts/swift-composable-architecture/Sources/ComposableArchitecture/UIKit/IfLetUIKit.swift (in target 'ComposableArchitecture' from project 'swift-composable-architecture')
SwiftCompile normal arm64 /Users/admin/builder/spi-builder-workspace/.dependencies/checkouts/swift-composable-architecture/Sources/ComposableArchitecture/UIKit/IfLetUIKit.swift (in target 'ComposableArchitecture' from project 'swift-composable-architecture')
    cd /Users/admin/builder/spi-builder-workspace/.swiftpm/xcode
    builtin-SwiftPerFileCompile IfLetUIKit.swift
SwiftEmitModule normal arm64 Emitting\ module\ for\ ComposableArchitecture (in target 'ComposableArchitecture' from project 'swift-composable-architecture')
SwiftCompile normal arm64 (in target 'ComposableArchitecture' from project 'swift-composable-architecture')
    cd /Users/admin/builder/spi-builder-workspace/.swiftpm/xcode

SwiftCompile normal arm64 Compiling\ Sheet.swift /Users/admin/builder/spi-builder-workspace/.dependencies/checkouts/swift-composable-architecture/Sources/ComposableArchitecture/SwiftUI/Sheet.swift (in target 'ComposableArchitecture' from project 'swift-composable-architecture')
SwiftCompile normal arm64 /Users/admin/builder/spi-builder-workspace/.dependencies/checkouts/swift-composable-architecture/Sources/ComposableArchitecture/SwiftUI/Sheet.swift (in target 'ComposableArchitecture' from project 'swift-composable-architecture')
    cd /Users/admin/builder/spi-builder-workspace/.swiftpm/xcode
    builtin-SwiftPerFileCompile Sheet.swift
SwiftCompile normal arm64 Compiling\ ViewStore.swift /Users/admin/builder/spi-builder-workspace/.dependencies/checkouts/swift-composable-architecture/Sources/ComposableArchitecture/ViewStore.swift (in target 'ComposableArchitecture' from project 'swift-composable-architecture')
SwiftCompile normal arm64 /Users/admin/builder/spi-builder-workspace/.dependencies/checkouts/swift-composable-architecture/Sources/ComposableArchitecture/ViewStore.swift (in target 'ComposableArchitecture' from project 'swift-composable-architecture')
    cd /Users/admin/builder/spi-builder-workspace/.swiftpm/xcode
    builtin-SwiftPerFileCompile ViewStore.swift
SwiftCompile normal arm64 Compiling\ TestStore.swift /Users/admin/builder/spi-builder-workspace/.dependencies/checkouts/swift-composable-architecture/Sources/ComposableArchitecture/TestStore.swift (in target 'ComposableArchitecture' from project 'swift-composable-architecture')
SwiftCompile normal arm64 /Users/admin/builder/spi-builder-workspace/.dependencies/checkouts/swift-composable-architecture/Sources/ComposableArchitecture/TestStore.swift (in target 'ComposableArchitecture' from project 'swift-composable-architecture')
    cd /Users/admin/builder/spi-builder-workspace/.swiftpm/xcode
    builtin-SwiftPerFileCompile TestStore.swift
SwiftCompile normal arm64 Compiling\ AlertStateUIKit.swift /Users/admin/builder/spi-builder-workspace/.dependencies/checkouts/swift-composable-architecture/Sources/ComposableArchitecture/UIKit/AlertStateUIKit.swift (in target 'ComposableArchitecture' from project 'swift-composable-architecture')
SwiftCompile normal arm64 /Users/admin/builder/spi-builder-workspace/.dependencies/checkouts/swift-composable-architecture/Sources/ComposableArchitecture/UIKit/AlertStateUIKit.swift (in target 'ComposableArchitecture' from project 'swift-composable-architecture')
    cd /Users/admin/builder/spi-builder-workspace/.swiftpm/xcode
    builtin-SwiftPerFileCompile AlertStateUIKit.swift
PruneExplicitPrecompiledModules /Users/admin/builder/spi-builder-workspace/.derivedData/Build/Intermediates.noindex/SwiftExplicitPrecompiledModules
PruneExplicitPrecompiledModules /Users/admin/builder/spi-builder-workspace/.derivedData/SDKExplicitPrecompiledModules
PruneExplicitPrecompiledModules /Users/admin/builder/spi-builder-workspace/.derivedData/Build/Intermediates.noindex/ExplicitPrecompiledModules
2026-09-17 21:12:59.848 xcodebuild[1430:8372] [MT] IDERunDestination: Supported platforms for the buildables in the current scheme is empty.
2026-09-17 21:12:59.951 xcodebuild[1430:8372] [MT] IDERunDestination: Supported platforms for the buildables in the current scheme is empty.
--- xcodebuild: WARNING: Using the first of multiple matching destinations:
{ platform:macOS, arch:arm64, id:4dd2334f69d9074a10acb46aefa24387e34fb344, name:My Mac }
{ platform:macOS, arch:arm64, variant:Mac Catalyst, id:4dd2334f69d9074a10acb46aefa24387e34fb344, name:My Mac }
{ platform:macOS, arch:arm64, variant:DriverKit, id:4dd2334f69d9074a10acb46aefa24387e34fb344, name:My Mac }
{ platform:macOS, arch:arm64, variant:Designed for [iPad,iPhone], id:4dd2334f69d9074a10acb46aefa24387e34fb344, name:My Mac }
** BUILD FAILED **
The following build commands failed:
	SwiftCompile normal arm64 (in target 'RelayStore' from project 'RelayStore')
	SwiftEmitModule normal arm64 Emitting\ module\ for\ RelayStore (in target 'RelayStore' from project 'RelayStore')
	Building workspace RelayStore with scheme RelayStore
(3 failures)
BUILD FAILURE 6.4 macosXcodebuild