Build Information
Failed to build OursPrivacyKit, reference main (2629aa), with Swift 6.2 for macOS (Xcode) using Xcode 26.3 on 17 Oct 2026 17:57:35 UTC.
Build Command
env DEVELOPER_DIR=/Applications/Xcode-26.3.0.app xcrun xcodebuild -IDEClonedSourcePackagesDirPathOverride=$PWD/.dependencies -skipMacroValidation -skipPackagePluginValidation -derivedDataPath $PWD/.derivedData build -scheme OursPrivacy -destination platform=macOS,arch=arm64Build Log
========================================
RunAll
========================================
Builder version: 5.1.3
Interrupt handler set up.
========================================
Checkout
========================================
Clone URL: https://github.com/with-ours/ours-privacy-swift.git
Reference: main
Initialized empty Git repository in /Users/admin/builder/spi-builder-workspace/.git/
From https://github.com/with-ours/ours-privacy-swift
* branch main -> FETCH_HEAD
* [new branch] main -> origin/main
HEAD is now at 2629aad chore: prepare SDK repository (#30)
Cloned https://github.com/with-ours/ours-privacy-swift.git
Revision (git rev-parse @):
2629aad41895357e0bc404a4cebee68c6e47342f
SUCCESS checkout https://github.com/with-ours/ours-privacy-swift.git at main
========================================
Build
========================================
Selected platform: macosXcodebuild
Swift version: 6.2
Building package at path: $PWD
https://github.com/with-ours/ours-privacy-swift.git
Command line invocation:
/Applications/Xcode-26.3.0.app/Contents/Developer/usr/bin/xcodebuild -IDEClonedSourcePackagesDirPathOverride=/Users/admin/builder/spi-builder-workspace/.dependencies -resolvePackageDependencies
resolved source packages:
{
"dependencies" : [
],
"manifest_display_name" : "OursPrivacyKit",
"name" : "OursPrivacyKit",
"path" : "/Users/admin/builder/spi-builder-workspace",
"platforms" : [
{
"name" : "ios",
"version" : "15.0"
},
{
"name" : "tvos",
"version" : "15.0"
},
{
"name" : "macos",
"version" : "12.0"
},
{
"name" : "watchos",
"version" : "8.0"
}
],
"products" : [
{
"name" : "OursPrivacyKit",
"targets" : [
"OursPrivacyKit"
],
"type" : {
"library" : [
"automatic"
]
}
}
],
"swift_languages_versions" : [
"5"
],
"targets" : [
{
"c99name" : "OursPrivacyKitTests",
"module_type" : "SwiftTarget",
"name" : "OursPrivacyKitTests",
"path" : "Tests/OursPrivacyTests",
"sources" : [
"IdentityConcurrencyTests.swift",
"LoggerConcurrencyTests.swift",
"OursPrivacyTests.swift"
],
"target_dependencies" : [
"OursPrivacyKit"
],
"type" : "test"
},
{
"c99name" : "OursPrivacyKit",
"module_type" : "SwiftTarget",
"name" : "OursPrivacyKit",
"path" : "OursPrivacy",
"product_memberships" : [
"OursPrivacyKit"
],
"resources" : [
{
"path" : "/Users/admin/builder/spi-builder-workspace/OursPrivacy/OursPrivacyResources/PrivacyInfo.xcprivacy",
"rule" : {
"copy" : {
}
}
},
{
"path" : "/Users/admin/builder/spi-builder-workspace/OursPrivacy/OursPrivacyiOS.docc",
"rule" : {
"copy" : {
}
}
}
],
"sources" : [
"Attribution.swift",
"Flush.swift",
"Logging/OursPrivacyLogger.swift",
"Logging/PrintLogging.swift",
"Networking/FlushRequest.swift",
"Networking/Network.swift",
"OursPrivacy.swift",
"OursPrivacyInstance.swift",
"OursPrivacyTypes.swift",
"Track.swift",
"Utilities/AutomaticEvents.swift",
"Utilities/AutomaticProperties.swift",
"Utilities/Constants.swift",
"Utilities/Error.swift",
"Utilities/JSONHandler.swift",
"Utilities/OursPrivacyPersistence.swift",
"Utilities/OursPrivacyType.swift",
"Utilities/ReadWriteLock.swift"
],
"type" : "library"
}
],
"tools_version" : "6.0"
}
{
"project" : {
"configurations" : [
"Debug",
"Release"
],
"name" : "OursPrivacy",
"schemes" : [
"OursPrivacy"
],
"targets" : [
"OursPrivacy",
"OursPrivacyTests"
]
}
}
Running build ...
env DEVELOPER_DIR=/Applications/Xcode-26.3.0.app xcrun xcodebuild -IDEClonedSourcePackagesDirPathOverride=$PWD/.dependencies -skipMacroValidation -skipPackagePluginValidation -derivedDataPath $PWD/.derivedData build -scheme OursPrivacy -destination platform=macOS,arch=arm64
Command line invocation:
/Applications/Xcode-26.3.0.app/Contents/Developer/usr/bin/xcodebuild -IDEClonedSourcePackagesDirPathOverride=/Users/admin/builder/spi-builder-workspace/.dependencies -skipMacroValidation -skipPackagePluginValidation -derivedDataPath /Users/admin/builder/spi-builder-workspace/.derivedData build -scheme OursPrivacy -destination platform=macOS,arch=arm64
ComputePackagePrebuildTargetDependencyGraph
Prepare packages
CreateBuildRequest
SendProjectDescription
CreateBuildOperation
ComputeTargetDependencyGraph
note: Building targets in dependency order
note: Target dependency graph (1 target)
Target 'OursPrivacy' in project 'OursPrivacy' (no dependencies)
GatherProvisioningInputs
CreateBuildDescription
ExecuteExternalTool /Applications/Xcode-26.3.0.app/Contents/Developer/Toolchains/XcodeDefault.xctoolchain/usr/bin/clang -v -E -dM -isysroot /Applications/Xcode-26.3.0.app/Contents/Developer/Platforms/MacOSX.platform/Developer/SDKs/MacOSX26.2.sdk -x c -c /dev/null
ExecuteExternalTool /Applications/Xcode-26.3.0.app/Contents/Developer/Toolchains/XcodeDefault.xctoolchain/usr/bin/clang -v -E -dM -arch arm64 -isysroot /Applications/Xcode-26.3.0.app/Contents/Developer/Platforms/MacOSX.platform/Developer/SDKs/MacOSX26.2.sdk -x c -c /dev/null
ExecuteExternalTool /Applications/Xcode-26.3.0.app/Contents/Developer/Toolchains/XcodeDefault.xctoolchain/usr/bin/swiftc --version
ExecuteExternalTool /Applications/Xcode-26.3.0.app/Contents/Developer/Toolchains/XcodeDefault.xctoolchain/usr/bin/libtool -V
Build description signature: c715838c37373fa2a70bf82fe89d141f
Build description path: /Users/admin/builder/spi-builder-workspace/.derivedData/Build/Intermediates.noindex/XCBuildData/c715838c37373fa2a70bf82fe89d141f.xcbuilddata
/Users/admin/builder/spi-builder-workspace/OursPrivacy.xcodeproj: error: No signing certificate "Mac Development" found: No "Mac Development" signing certificate matching team ID "24B4S7TWC6" with a private key was found. (in target 'OursPrivacy' from project 'OursPrivacy')
/Users/admin/builder/spi-builder-workspace/OursPrivacy.xcodeproj: warning: DEFINES_MODULE was set, but no umbrella header could be found to generate the module map (in target 'OursPrivacy' from project 'OursPrivacy')
--- xcodebuild: WARNING: Using the first of multiple matching destinations:
{ platform:macOS, arch:arm64, variant:Mac Catalyst, id:401ac36b5cdefeb04c1e2a9ece1b831ea28d1c79, name:My Mac }
{ platform:macOS, arch:arm64, variant:Designed for [iPad,iPhone], id:401ac36b5cdefeb04c1e2a9ece1b831ea28d1c79, name:My Mac }
** BUILD FAILED **
The following build commands failed:
Building project OursPrivacy with scheme OursPrivacy
(1 failure)
Command line invocation:
/Applications/Xcode-26.3.0.app/Contents/Developer/usr/bin/xcodebuild -IDEClonedSourcePackagesDirPathOverride=/Users/admin/builder/spi-builder-workspace/.dependencies -resolvePackageDependencies
resolved source packages:
{
"dependencies" : [
],
"manifest_display_name" : "OursPrivacyKit",
"name" : "OursPrivacyKit",
"path" : "/Users/admin/builder/spi-builder-workspace",
"platforms" : [
{
"name" : "ios",
"version" : "15.0"
},
{
"name" : "tvos",
"version" : "15.0"
},
{
"name" : "macos",
"version" : "12.0"
},
{
"name" : "watchos",
"version" : "8.0"
}
],
"products" : [
{
"name" : "OursPrivacyKit",
"targets" : [
"OursPrivacyKit"
],
"type" : {
"library" : [
"automatic"
]
}
}
],
"swift_languages_versions" : [
"5"
],
"targets" : [
{
"c99name" : "OursPrivacyKitTests",
"module_type" : "SwiftTarget",
"name" : "OursPrivacyKitTests",
"path" : "Tests/OursPrivacyTests",
"sources" : [
"IdentityConcurrencyTests.swift",
"LoggerConcurrencyTests.swift",
"OursPrivacyTests.swift"
],
"target_dependencies" : [
"OursPrivacyKit"
],
"type" : "test"
},
{
"c99name" : "OursPrivacyKit",
"module_type" : "SwiftTarget",
"name" : "OursPrivacyKit",
"path" : "OursPrivacy",
"product_memberships" : [
"OursPrivacyKit"
],
"resources" : [
{
"path" : "/Users/admin/builder/spi-builder-workspace/OursPrivacy/OursPrivacyResources/PrivacyInfo.xcprivacy",
"rule" : {
"copy" : {
}
}
},
{
"path" : "/Users/admin/builder/spi-builder-workspace/OursPrivacy/OursPrivacyiOS.docc",
"rule" : {
"copy" : {
}
}
}
],
"sources" : [
"Attribution.swift",
"Flush.swift",
"Logging/OursPrivacyLogger.swift",
"Logging/PrintLogging.swift",
"Networking/FlushRequest.swift",
"Networking/Network.swift",
"OursPrivacy.swift",
"OursPrivacyInstance.swift",
"OursPrivacyTypes.swift",
"Track.swift",
"Utilities/AutomaticEvents.swift",
"Utilities/AutomaticProperties.swift",
"Utilities/Constants.swift",
"Utilities/Error.swift",
"Utilities/JSONHandler.swift",
"Utilities/OursPrivacyPersistence.swift",
"Utilities/OursPrivacyType.swift",
"Utilities/ReadWriteLock.swift"
],
"type" : "library"
}
],
"tools_version" : "6.0"
}
{
"project" : {
"configurations" : [
"Debug",
"Release"
],
"name" : "OursPrivacy",
"schemes" : [
"OursPrivacy"
],
"targets" : [
"OursPrivacy",
"OursPrivacyTests"
]
}
}
Running build ...
env DEVELOPER_DIR=/Applications/Xcode-26.3.0.app xcrun xcodebuild -IDEClonedSourcePackagesDirPathOverride=$PWD/.dependencies -skipMacroValidation -skipPackagePluginValidation -derivedDataPath $PWD/.derivedData build -scheme OursPrivacy -destination platform=macOS,arch=arm64
Command line invocation:
/Applications/Xcode-26.3.0.app/Contents/Developer/usr/bin/xcodebuild -IDEClonedSourcePackagesDirPathOverride=/Users/admin/builder/spi-builder-workspace/.dependencies -skipMacroValidation -skipPackagePluginValidation -derivedDataPath /Users/admin/builder/spi-builder-workspace/.derivedData build -scheme OursPrivacy -destination platform=macOS,arch=arm64
ComputePackagePrebuildTargetDependencyGraph
Prepare packages
CreateBuildRequest
SendProjectDescription
CreateBuildOperation
ComputeTargetDependencyGraph
note: Building targets in dependency order
note: Target dependency graph (1 target)
Target 'OursPrivacy' in project 'OursPrivacy' (no dependencies)
GatherProvisioningInputs
CreateBuildDescription
ExecuteExternalTool /Applications/Xcode-26.3.0.app/Contents/Developer/Toolchains/XcodeDefault.xctoolchain/usr/bin/clang -v -E -dM -isysroot /Applications/Xcode-26.3.0.app/Contents/Developer/Platforms/MacOSX.platform/Developer/SDKs/MacOSX26.2.sdk -x c -c /dev/null
ExecuteExternalTool /Applications/Xcode-26.3.0.app/Contents/Developer/Toolchains/XcodeDefault.xctoolchain/usr/bin/clang -v -E -dM -arch arm64 -isysroot /Applications/Xcode-26.3.0.app/Contents/Developer/Platforms/MacOSX.platform/Developer/SDKs/MacOSX26.2.sdk -x c -c /dev/null
ExecuteExternalTool /Applications/Xcode-26.3.0.app/Contents/Developer/Toolchains/XcodeDefault.xctoolchain/usr/bin/swiftc --version
ExecuteExternalTool /Applications/Xcode-26.3.0.app/Contents/Developer/Toolchains/XcodeDefault.xctoolchain/usr/bin/libtool -V
Build description signature: d729ef26d3d6a293235d5b2264084dee
Build description path: /Users/admin/builder/spi-builder-workspace/.derivedData/Build/Intermediates.noindex/XCBuildData/d729ef26d3d6a293235d5b2264084dee.xcbuilddata
/Users/admin/builder/spi-builder-workspace/OursPrivacy.xcodeproj: error: No signing certificate "Mac Development" found: No "Mac Development" signing certificate matching team ID "24B4S7TWC6" with a private key was found. (in target 'OursPrivacy' from project 'OursPrivacy')
/Users/admin/builder/spi-builder-workspace/OursPrivacy.xcodeproj: warning: DEFINES_MODULE was set, but no umbrella header could be found to generate the module map (in target 'OursPrivacy' from project 'OursPrivacy')
--- xcodebuild: WARNING: Using the first of multiple matching destinations:
{ platform:macOS, arch:arm64, variant:Mac Catalyst, id:401ac36b5cdefeb04c1e2a9ece1b831ea28d1c79, name:My Mac }
{ platform:macOS, arch:arm64, variant:Designed for [iPad,iPhone], id:401ac36b5cdefeb04c1e2a9ece1b831ea28d1c79, name:My Mac }
** BUILD FAILED **
The following build commands failed:
Building project OursPrivacy with scheme OursPrivacy
(1 failure)
BUILD FAILURE 6.2 macosXcodebuild