Build Information
Failed to build EasyPeasy, reference master (b0028f), with Swift 6.4 for visionOS using Xcode 27.0 on 17 Sep 2026 12:04:19 UTC.
Build Command
env DEVELOPER_DIR=/Applications/Xcode-27.0.0-Release.Candidate.app xcrun xcodebuild -IDEClonedSourcePackagesDirPathOverride=$PWD/.dependencies -skipMacroValidation -skipPackagePluginValidation -derivedDataPath $PWD/.derivedData build -scheme EasyPeasy -destination generic/platform=xrOSBuild Log
========================================
RunAll
========================================
Builder version: 5.1.0
Interrupt handler set up.
========================================
Checkout
========================================
Clone URL: https://github.com/nakiostudio/EasyPeasy.git
Reference: master
Initialized empty Git repository in /Users/admin/builder/spi-builder-workspace/.git/
From https://github.com/nakiostudio/EasyPeasy
* branch master -> FETCH_HEAD
* [new branch] master -> origin/master
HEAD is now at b0028f6 Update podspec
Cloned https://github.com/nakiostudio/EasyPeasy.git
Revision (git rev-parse @):
b0028f63d47bcb32e37d8abb9cc5d5a781742a4e
SUCCESS checkout https://github.com/nakiostudio/EasyPeasy.git at master
========================================
Build
========================================
Selected platform: visionOS
Swift version: 6.4
Building package at path: $PWD
https://github.com/nakiostudio/EasyPeasy.git
Command line invocation:
/Applications/Xcode-27.0.0-Release.Candidate.app/Contents/Developer/usr/bin/xcodebuild -IDEClonedSourcePackagesDirPathOverride=/Users/admin/builder/spi-builder-workspace/.dependencies -resolvePackageDependencies
resolved source packages:
{
"dependencies" : [
],
"manifest_display_name" : "EasyPeasy",
"name" : "EasyPeasy",
"path" : "/Users/admin/builder/spi-builder-workspace",
"platforms" : [
{
"name" : "ios",
"version" : "8.0"
},
{
"name" : "macos",
"version" : "10.10"
},
{
"name" : "tvos",
"version" : "9.0"
}
],
"products" : [
{
"name" : "EasyPeasy",
"targets" : [
"EasyPeasy"
],
"type" : {
"library" : [
"automatic"
]
}
}
],
"targets" : [
{
"c99name" : "EasyPeasy",
"module_type" : "SwiftTarget",
"name" : "EasyPeasy",
"path" : "EasyPeasy",
"product_memberships" : [
"EasyPeasy"
],
"sources" : [
"Attribute.swift",
"Collection+Easy.swift",
"CompoundAttribute.swift",
"Constant.swift",
"Context.swift",
"DimensionAttribute+AppKit.swift",
"DimensionAttribute+UIKit.swift",
"DimensionAttribute.swift",
"EasyPeasy.swift",
"Item+AppKit.swift",
"Item+UIKit.swift",
"Item.swift",
"NSLayoutGuide+Easy.swift",
"NSView+Easy.swift",
"Node.swift",
"PositionAttribute+AppKit.swift",
"PositionAttribute+UIKit.swift",
"PositionAttribute.swift",
"Priority.swift",
"ReferenceAttribute.swift",
"UILayoutGuide+Easy.swift",
"UIView+Easy.swift"
],
"type" : "library"
}
],
"tools_version" : "5.1"
}
{
"project" : {
"configurations" : [
"Debug",
"Release"
],
"name" : "Pods",
"schemes" : [
"EasyPeasy-iOS",
"EasyPeasy-macOS",
"Pods-Demo",
"Pods-Demo macOS",
"Pods-Tests",
"Pods-Tests macOS"
],
"targets" : [
"EasyPeasy-iOS",
"EasyPeasy-macOS",
"Pods-Demo",
"Pods-Demo macOS",
"Pods-Tests",
"Pods-Tests macOS"
]
}
}
{
"workspace" : {
"name" : "EasyPeasy",
"schemes" : [
"EasyPeasy"
]
}
}
2026-09-17 08:04:11.335 xcodebuild[653:4125] [MT] IDERunDestination: Supported platforms for the buildables in the current scheme is empty.
Running build ...
env DEVELOPER_DIR=/Applications/Xcode-27.0.0-Release.Candidate.app xcrun xcodebuild -IDEClonedSourcePackagesDirPathOverride=$PWD/.dependencies -skipMacroValidation -skipPackagePluginValidation -derivedDataPath $PWD/.derivedData build -scheme EasyPeasy -destination generic/platform=xrOS
Command line invocation:
/Applications/Xcode-27.0.0-Release.Candidate.app/Contents/Developer/usr/bin/xcodebuild -IDEClonedSourcePackagesDirPathOverride=/Users/admin/builder/spi-builder-workspace/.dependencies -skipMacroValidation -skipPackagePluginValidation -derivedDataPath /Users/admin/builder/spi-builder-workspace/.derivedData build -scheme EasyPeasy -destination generic/platform=xrOS
Resolve Package Graph
Resolved source packages:
EasyPeasy: /Users/admin/builder/spi-builder-workspace
ComputePackagePrebuildTargetDependencyGraph
Prepare packages
CreateBuildRequest
SendProjectDescription
CreateBuildOperation
ComputeTargetDependencyGraph
note: Building targets in dependency order
note: Target dependency graph (2 targets)
Target 'EasyPeasy-product' in project 'EasyPeasy'
➜ Explicit dependency on target 'EasyPeasy' in project 'EasyPeasy'
Target 'EasyPeasy' in project 'EasyPeasy' (no dependencies)
GatherProvisioningInputs
CreateBuildDescription
ExecuteExternalTool /Applications/Xcode-27.0.0-Release.Candidate.app/Contents/Developer/Toolchains/XcodeDefault.xctoolchain/usr/bin/clang -v -E -dM -isysroot /Applications/Xcode-27.0.0-Release.Candidate.app/Contents/Developer/Platforms/XROS.platform/Developer/SDKs/XROS27.0.sdk -x c -c /dev/null
ExecuteExternalTool /Applications/Xcode-27.0.0-Release.Candidate.app/Contents/Developer/Toolchains/XcodeDefault.xctoolchain/usr/bin/swiftc --version
ExecuteExternalTool /Applications/Xcode-27.0.0-Release.Candidate.app/Contents/Developer/Toolchains/XcodeDefault.xctoolchain/usr/bin/ld -version_details
Build description signature: fc3ed9fb2caac44c5088d61508af55b1
Build description path: /Users/admin/builder/spi-builder-workspace/.derivedData/Build/Intermediates.noindex/XCBuildData/fc3ed9fb2caac44c5088d61508af55b1.xcbuilddata
CreateBuildDirectory /Users/admin/builder/spi-builder-workspace/.derivedData/SDKExplicitPrecompiledModules
cd /Users/admin/builder/spi-builder-workspace/.swiftpm/xcode
builtin-create-build-directory /Users/admin/builder/spi-builder-workspace/.derivedData/SDKExplicitPrecompiledModules
CreateBuildDirectory /Users/admin/builder/spi-builder-workspace/.derivedData/ModuleCache.noindex
cd /Users/admin/builder/spi-builder-workspace/.swiftpm/xcode
builtin-create-build-directory /Users/admin/builder/spi-builder-workspace/.derivedData/ModuleCache.noindex
CreateBuildDirectory /Users/admin/builder/spi-builder-workspace/.derivedData/CompilationCache.noindex
cd /Users/admin/builder/spi-builder-workspace/.swiftpm/xcode
builtin-create-build-directory /Users/admin/builder/spi-builder-workspace/.derivedData/CompilationCache.noindex
CreateBuildDirectory /Users/admin/builder/spi-builder-workspace/.derivedData/Build/Intermediates.noindex
cd /Users/admin/builder/spi-builder-workspace/.swiftpm/xcode
builtin-create-build-directory /Users/admin/builder/spi-builder-workspace/.derivedData/Build/Intermediates.noindex
CreateBuildDirectory /Users/admin/builder/spi-builder-workspace/.derivedData/Build/Products
cd /Users/admin/builder/spi-builder-workspace/.swiftpm/xcode
builtin-create-build-directory /Users/admin/builder/spi-builder-workspace/.derivedData/Build/Products
ClangStatCache /Applications/Xcode-27.0.0-Release.Candidate.app/Contents/Developer/Toolchains/XcodeDefault.xctoolchain/usr/bin/clang-stat-cache /Applications/Xcode-27.0.0-Release.Candidate.app/Contents/Developer/Platforms/XROS.platform/Developer/SDKs/XROS27.0.sdk /Users/admin/builder/spi-builder-workspace/.derivedData/SDKStatCaches.noindex/xros27.0-24M361-e829b21a6f8c9b70876ba0858053c044735bd543db762f57723cac368afd1ce4.sdkstatcache
cd /Users/admin/builder/spi-builder-workspace/.swiftpm/xcode
/Applications/Xcode-27.0.0-Release.Candidate.app/Contents/Developer/Toolchains/XcodeDefault.xctoolchain/usr/bin/clang-stat-cache /Applications/Xcode-27.0.0-Release.Candidate.app/Contents/Developer/Platforms/XROS.platform/Developer/SDKs/XROS27.0.sdk -o /Users/admin/builder/spi-builder-workspace/.derivedData/SDKStatCaches.noindex/xros27.0-24M361-e829b21a6f8c9b70876ba0858053c044735bd543db762f57723cac368afd1ce4.sdkstatcache
CreateBuildDirectory /Users/admin/builder/spi-builder-workspace/.derivedData/Build/Intermediates.noindex/SwiftExplicitPrecompiledModules
cd /Users/admin/builder/spi-builder-workspace/.swiftpm/xcode
builtin-create-build-directory /Users/admin/builder/spi-builder-workspace/.derivedData/Build/Intermediates.noindex/SwiftExplicitPrecompiledModules
CreateBuildDirectory /Users/admin/builder/spi-builder-workspace/.derivedData/Build/Intermediates.noindex/ExplicitPrecompiledModules
cd /Users/admin/builder/spi-builder-workspace/.swiftpm/xcode
builtin-create-build-directory /Users/admin/builder/spi-builder-workspace/.derivedData/Build/Intermediates.noindex/ExplicitPrecompiledModules
CreateBuildDirectory /Users/admin/builder/spi-builder-workspace/.derivedData/Build/Intermediates.noindex/PrecompiledHeaders
cd /Users/admin/builder/spi-builder-workspace/.swiftpm/xcode
builtin-create-build-directory /Users/admin/builder/spi-builder-workspace/.derivedData/Build/Intermediates.noindex/PrecompiledHeaders
CreateBuildDirectory /Users/admin/builder/spi-builder-workspace/.derivedData/Build/Products/Debug-xros
cd /Users/admin/builder/spi-builder-workspace/.swiftpm/xcode
builtin-create-build-directory /Users/admin/builder/spi-builder-workspace/.derivedData/Build/Products/Debug-xros
CreateBuildDirectory /Users/admin/builder/spi-builder-workspace/.derivedData/Build/Intermediates.noindex/EagerLinkingTBDs/Debug-xros
cd /Users/admin/builder/spi-builder-workspace/.swiftpm/xcode
builtin-create-build-directory /Users/admin/builder/spi-builder-workspace/.derivedData/Build/Intermediates.noindex/EagerLinkingTBDs/Debug-xros
CreateBuildDirectory /Users/admin/builder/spi-builder-workspace/.derivedData/Build/Products/Debug-xros/PackageFrameworks
cd /Users/admin/builder/spi-builder-workspace/.swiftpm/xcode
builtin-create-build-directory /Users/admin/builder/spi-builder-workspace/.derivedData/Build/Products/Debug-xros/PackageFrameworks
WriteAuxiliaryFile /Users/admin/builder/spi-builder-workspace/.derivedData/Build/Intermediates.noindex/EasyPeasy.build/Debug-xros/EasyPeasy-t.build/EasyPeasy.DependencyMetadataFileList (in target 'EasyPeasy' from project 'EasyPeasy')
cd /Users/admin/builder/spi-builder-workspace
write-file /Users/admin/builder/spi-builder-workspace/.derivedData/Build/Intermediates.noindex/EasyPeasy.build/Debug-xros/EasyPeasy-t.build/EasyPeasy.DependencyMetadataFileList
WriteAuxiliaryFile /Users/admin/builder/spi-builder-workspace/.derivedData/Build/Intermediates.noindex/EasyPeasy.build/Debug-xros/EasyPeasy-t.build/EasyPeasy.modulemap (in target 'EasyPeasy' from project 'EasyPeasy')
cd /Users/admin/builder/spi-builder-workspace
write-file /Users/admin/builder/spi-builder-workspace/.derivedData/Build/Intermediates.noindex/EasyPeasy.build/Debug-xros/EasyPeasy-t.build/EasyPeasy.modulemap
WriteAuxiliaryFile /Users/admin/builder/spi-builder-workspace/.derivedData/Build/Intermediates.noindex/EasyPeasy.build/Debug-xros/EasyPeasy-t.build/EasyPeasy.DependencyStaticMetadataFileList (in target 'EasyPeasy' from project 'EasyPeasy')
cd /Users/admin/builder/spi-builder-workspace
write-file /Users/admin/builder/spi-builder-workspace/.derivedData/Build/Intermediates.noindex/EasyPeasy.build/Debug-xros/EasyPeasy-t.build/EasyPeasy.DependencyStaticMetadataFileList
WriteAuxiliaryFile /Users/admin/builder/spi-builder-workspace/.derivedData/Build/Intermediates.noindex/EasyPeasy.build/Debug-xros/EasyPeasy-t.build/Objects-normal/arm64/EasyPeasy-OutputFileMap.json (in target 'EasyPeasy' from project 'EasyPeasy')
cd /Users/admin/builder/spi-builder-workspace
write-file /Users/admin/builder/spi-builder-workspace/.derivedData/Build/Intermediates.noindex/EasyPeasy.build/Debug-xros/EasyPeasy-t.build/Objects-normal/arm64/EasyPeasy-OutputFileMap.json
WriteAuxiliaryFile /Users/admin/builder/spi-builder-workspace/.derivedData/Build/Intermediates.noindex/EasyPeasy.build/Debug-xros/EasyPeasy-t.build/Objects-normal/arm64/EasyPeasy.SwiftFileList (in target 'EasyPeasy' from project 'EasyPeasy')
cd /Users/admin/builder/spi-builder-workspace
write-file /Users/admin/builder/spi-builder-workspace/.derivedData/Build/Intermediates.noindex/EasyPeasy.build/Debug-xros/EasyPeasy-t.build/Objects-normal/arm64/EasyPeasy.SwiftFileList
WriteAuxiliaryFile /Users/admin/builder/spi-builder-workspace/.derivedData/Build/Intermediates.noindex/EasyPeasy.build/Debug-xros/EasyPeasy-t.build/Objects-normal/arm64/EasyPeasy.SwiftConstValuesFileList (in target 'EasyPeasy' from project 'EasyPeasy')
cd /Users/admin/builder/spi-builder-workspace
write-file /Users/admin/builder/spi-builder-workspace/.derivedData/Build/Intermediates.noindex/EasyPeasy.build/Debug-xros/EasyPeasy-t.build/Objects-normal/arm64/EasyPeasy.SwiftConstValuesFileList
WriteAuxiliaryFile /Users/admin/builder/spi-builder-workspace/.derivedData/Build/Intermediates.noindex/EasyPeasy.build/Debug-xros/EasyPeasy-t.build/Objects-normal/arm64/EasyPeasy.LinkFileList (in target 'EasyPeasy' from project 'EasyPeasy')
cd /Users/admin/builder/spi-builder-workspace
write-file /Users/admin/builder/spi-builder-workspace/.derivedData/Build/Intermediates.noindex/EasyPeasy.build/Debug-xros/EasyPeasy-t.build/Objects-normal/arm64/EasyPeasy.LinkFileList
WriteAuxiliaryFile /Users/admin/builder/spi-builder-workspace/.derivedData/Build/Intermediates.noindex/EasyPeasy.build/Debug-xros/EasyPeasy-t.build/Objects-normal/arm64/EasyPeasy_const_extract_protocols.json (in target 'EasyPeasy' from project 'EasyPeasy')
cd /Users/admin/builder/spi-builder-workspace
write-file /Users/admin/builder/spi-builder-workspace/.derivedData/Build/Intermediates.noindex/EasyPeasy.build/Debug-xros/EasyPeasy-t.build/Objects-normal/arm64/EasyPeasy_const_extract_protocols.json
Copy /Users/admin/builder/spi-builder-workspace/.derivedData/Build/Intermediates.noindex/GeneratedModuleMaps-xros/EasyPeasy.modulemap /Users/admin/builder/spi-builder-workspace/.derivedData/Build/Intermediates.noindex/EasyPeasy.build/Debug-xros/EasyPeasy-t.build/EasyPeasy.modulemap (in target 'EasyPeasy' from project 'EasyPeasy')
cd /Users/admin/builder/spi-builder-workspace
builtin-copy -exclude .DS_Store -exclude CVS -exclude .svn -exclude .git -exclude .hg -resolve-src-symlinks /Users/admin/builder/spi-builder-workspace/.derivedData/Build/Intermediates.noindex/EasyPeasy.build/Debug-xros/EasyPeasy-t.build/EasyPeasy.modulemap /Users/admin/builder/spi-builder-workspace/.derivedData/Build/Intermediates.noindex/GeneratedModuleMaps-xros
SwiftDriver EasyPeasy normal arm64 com.apple.xcode.tools.swift.compiler (in target 'EasyPeasy' from project 'EasyPeasy')
cd /Users/admin/builder/spi-builder-workspace/.swiftpm/xcode
builtin-SwiftDriver -- /Applications/Xcode-27.0.0-Release.Candidate.app/Contents/Developer/Toolchains/XcodeDefault.xctoolchain/usr/bin/swiftc -parse-as-library -module-name EasyPeasy -Onone @/Users/admin/builder/spi-builder-workspace/.derivedData/Build/Intermediates.noindex/EasyPeasy.build/Debug-xros/EasyPeasy-t.build/Objects-normal/arm64/EasyPeasy.SwiftFileList -DSWIFT_PACKAGE -DDEBUG -DSWIFT_MODULE_RESOURCE_BUNDLE_UNAVAILABLE -DXcode -plugin-path /Applications/Xcode-27.0.0-Release.Candidate.app/Contents/Developer/Toolchains/XcodeDefault.xctoolchain/usr/lib/swift/host/plugins/testing -enable-experimental-feature DebugDescriptionMacro -sdk /Applications/Xcode-27.0.0-Release.Candidate.app/Contents/Developer/Platforms/XROS.platform/Developer/SDKs/XROS27.0.sdk -target arm64-apple-xros1.0 -g -module-cache-path /Users/admin/builder/spi-builder-workspace/.derivedData/ModuleCache.noindex -Xfrontend -serialize-debugging-options -enable-testing -index-store-path /Users/admin/builder/spi-builder-workspace/.derivedData/Index.noindex/DataStore -Xcc -D_LIBCPP_HARDENING_MODE\=_LIBCPP_HARDENING_MODE_DEBUG -swift-version 5 -I /Users/admin/builder/spi-builder-workspace/.derivedData/Build/Products/Debug-xros -Isystem /Applications/Xcode-27.0.0-Release.Candidate.app/Contents/Developer/Platforms/XROS.platform/Developer/usr/lib -F /Users/admin/builder/spi-builder-workspace/.derivedData/Build/Products/Debug-xros -F /Applications/Xcode-27.0.0-Release.Candidate.app/Contents/Developer/Platforms/XROS.platform/Developer/Library/Frameworks -F /Applications/Xcode-27.0.0-Release.Candidate.app/Contents/Developer/Platforms/XROS.platform/Developer/SDKs/XROS27.0.sdk/Developer/Library/Frameworks -c -j10 -enable-batch-mode -incremental -Xcc -ivfsstatcache -Xcc /Users/admin/builder/spi-builder-workspace/.derivedData/SDKStatCaches.noindex/xros27.0-24M361-e829b21a6f8c9b70876ba0858053c044735bd543db762f57723cac368afd1ce4.sdkstatcache -output-file-map /Users/admin/builder/spi-builder-workspace/.derivedData/Build/Intermediates.noindex/EasyPeasy.build/Debug-xros/EasyPeasy-t.build/Objects-normal/arm64/EasyPeasy-OutputFileMap.json -save-temps -no-color-diagnostics -explicit-module-build -module-cache-path /Users/admin/builder/spi-builder-workspace/.derivedData/Build/Intermediates.noindex/SwiftExplicitPrecompiledModules -clang-scanner-module-cache-path /Users/admin/builder/spi-builder-workspace/.derivedData/ModuleCache.noindex -sdk-module-cache-path /Users/admin/builder/spi-builder-workspace/.derivedData/SDKExplicitPrecompiledModules -emit-dependencies -emit-module -emit-module-path /Users/admin/builder/spi-builder-workspace/.derivedData/Build/Intermediates.noindex/EasyPeasy.build/Debug-xros/EasyPeasy-t.build/Objects-normal/arm64/EasyPeasy.swiftmodule -serialize-diagnostics -dependency-scan-serialize-diagnostics-path /Users/admin/builder/spi-builder-workspace/.derivedData/Build/Intermediates.noindex/EasyPeasy.build/Debug-xros/EasyPeasy-t.build/Objects-normal/arm64/EasyPeasy-dependency-scan.dia -validate-clang-modules-once -clang-build-session-file /Users/admin/builder/spi-builder-workspace/.derivedData/ModuleCache.noindex/Session.modulevalidation -Xcc -fmodules-prune-interval\=86400 -Xcc -fmodules-prune-after\=345600 -emit-const-values -const-gather-protocols-list /Users/admin/builder/spi-builder-workspace/.derivedData/Build/Intermediates.noindex/EasyPeasy.build/Debug-xros/EasyPeasy-t.build/Objects-normal/arm64/EasyPeasy_const_extract_protocols.json -Xcc -I/Users/admin/builder/spi-builder-workspace/.derivedData/Build/Products/Debug-xros/include -Xcc -I/Users/admin/builder/spi-builder-workspace/.derivedData/Build/Intermediates.noindex/EasyPeasy.build/Debug-xros/EasyPeasy-t.build/DerivedSources-normal/arm64 -Xcc -I/Users/admin/builder/spi-builder-workspace/.derivedData/Build/Intermediates.noindex/EasyPeasy.build/Debug-xros/EasyPeasy-t.build/DerivedSources/arm64 -Xcc -I/Users/admin/builder/spi-builder-workspace/.derivedData/Build/Intermediates.noindex/EasyPeasy.build/Debug-xros/EasyPeasy-t.build/DerivedSources -Xcc -DSWIFT_PACKAGE -Xcc -DDEBUG\=1 -emit-objc-header -emit-objc-header-path /Users/admin/builder/spi-builder-workspace/.derivedData/Build/Intermediates.noindex/EasyPeasy.build/Debug-xros/EasyPeasy-t.build/Objects-normal/arm64/EasyPeasy-Swift.h -working-directory /Users/admin/builder/spi-builder-workspace/.swiftpm/xcode -experimental-emit-module-separately -disable-cmo
/Users/admin/builder/spi-builder-workspace/EasyPeasy/DimensionAttribute+AppKit.swift:53:15: warning: Extraneous whitespace between attribute name and '('; this is an error in the Swift 6 language mode (in target 'EasyPeasy' from project 'EasyPeasy')
/Users/admin/builder/spi-builder-workspace/EasyPeasy/DimensionAttribute+AppKit.swift:90:15: warning: Extraneous whitespace between attribute name and '('; this is an error in the Swift 6 language mode (in target 'EasyPeasy' from project 'EasyPeasy')
/Users/admin/builder/spi-builder-workspace/EasyPeasy/DimensionAttribute+UIKit.swift:53:15: warning: Extraneous whitespace between attribute name and '('; this is an error in the Swift 6 language mode (in target 'EasyPeasy' from project 'EasyPeasy')
/Users/admin/builder/spi-builder-workspace/EasyPeasy/DimensionAttribute+UIKit.swift:90:15: warning: Extraneous whitespace between attribute name and '('; this is an error in the Swift 6 language mode (in target 'EasyPeasy' from project 'EasyPeasy')
/Users/admin/builder/spi-builder-workspace/EasyPeasy/NSLayoutGuide+Easy.swift:18:11: warning: Extraneous whitespace between attribute name and '('; this is an error in the Swift 6 language mode (in target 'EasyPeasy' from project 'EasyPeasy')
/Users/admin/builder/spi-builder-workspace/EasyPeasy/UILayoutGuide+Easy.swift:18:11: warning: Extraneous whitespace between attribute name and '('; this is an error in the Swift 6 language mode (in target 'EasyPeasy' from project 'EasyPeasy')
/Users/admin/builder/spi-builder-workspace/EasyPeasy/Attribute.swift:14:8: error: Unable to resolve module dependency: 'AppKit' (in target 'EasyPeasy' from project 'EasyPeasy')
note: A dependency of main module 'EasyPeasy'
/Users/admin/builder/spi-builder-workspace/EasyPeasy/CompoundAttribute.swift:14:8: note: Also imported here
/Users/admin/builder/spi-builder-workspace/EasyPeasy/Constant.swift:14:8: note: Also imported here
/Users/admin/builder/spi-builder-workspace/EasyPeasy/DimensionAttribute+AppKit.swift:13:8: note: Also imported here
/Users/admin/builder/spi-builder-workspace/EasyPeasy/DimensionAttribute.swift:14:8: note: Also imported here
/Users/admin/builder/spi-builder-workspace/EasyPeasy/Item+AppKit.swift:13:8: note: Also imported here
/Users/admin/builder/spi-builder-workspace/EasyPeasy/Item.swift:14:8: note: Also imported here
/Users/admin/builder/spi-builder-workspace/EasyPeasy/NSLayoutGuide+Easy.swift:13:8: note: Also imported here
/Users/admin/builder/spi-builder-workspace/EasyPeasy/NSView+Easy.swift:13:8: note: Also imported here
/Users/admin/builder/spi-builder-workspace/EasyPeasy/Node.swift:14:8: note: Also imported here
/Users/admin/builder/spi-builder-workspace/EasyPeasy/PositionAttribute+AppKit.swift:13:8: note: Also imported here
/Users/admin/builder/spi-builder-workspace/EasyPeasy/PositionAttribute.swift:20:8: note: Also imported here
/Users/admin/builder/spi-builder-workspace/EasyPeasy/Attribute.swift:14:8: note: A dependency of main module 'EasyPeasy'
import AppKit
^ (in target 'EasyPeasy' from project 'EasyPeasy')
/Users/admin/builder/spi-builder-workspace/EasyPeasy/CompoundAttribute.swift:14:8: note: Also imported here
import AppKit
^ (in target 'EasyPeasy' from project 'EasyPeasy')
/Users/admin/builder/spi-builder-workspace/EasyPeasy/Constant.swift:14:8: note: Also imported here
import AppKit
^ (in target 'EasyPeasy' from project 'EasyPeasy')
/Users/admin/builder/spi-builder-workspace/EasyPeasy/DimensionAttribute+AppKit.swift:13:8: note: Also imported here
import AppKit
^ (in target 'EasyPeasy' from project 'EasyPeasy')
/Users/admin/builder/spi-builder-workspace/EasyPeasy/DimensionAttribute.swift:14:8: note: Also imported here
import AppKit
^ (in target 'EasyPeasy' from project 'EasyPeasy')
/Users/admin/builder/spi-builder-workspace/EasyPeasy/Item+AppKit.swift:13:8: note: Also imported here
import AppKit
^ (in target 'EasyPeasy' from project 'EasyPeasy')
/Users/admin/builder/spi-builder-workspace/EasyPeasy/Item.swift:14:8: note: Also imported here
import AppKit
^ (in target 'EasyPeasy' from project 'EasyPeasy')
/Users/admin/builder/spi-builder-workspace/EasyPeasy/NSLayoutGuide+Easy.swift:13:8: note: Also imported here
import AppKit
^ (in target 'EasyPeasy' from project 'EasyPeasy')
/Users/admin/builder/spi-builder-workspace/EasyPeasy/NSView+Easy.swift:13:8: note: Also imported here
import AppKit
^ (in target 'EasyPeasy' from project 'EasyPeasy')
/Users/admin/builder/spi-builder-workspace/EasyPeasy/Node.swift:14:8: note: Also imported here
import AppKit
^ (in target 'EasyPeasy' from project 'EasyPeasy')
/Users/admin/builder/spi-builder-workspace/EasyPeasy/PositionAttribute+AppKit.swift:13:8: note: Also imported here
import AppKit
^ (in target 'EasyPeasy' from project 'EasyPeasy')
/Users/admin/builder/spi-builder-workspace/EasyPeasy/PositionAttribute.swift:20:8: note: Also imported here
import AppKit
^ (in target 'EasyPeasy' from project 'EasyPeasy')
PruneExplicitPrecompiledModules /Users/admin/builder/spi-builder-workspace/.derivedData/Build/Intermediates.noindex/ExplicitPrecompiledModules
PruneExplicitPrecompiledModules /Users/admin/builder/spi-builder-workspace/.derivedData/Build/Intermediates.noindex/SwiftExplicitPrecompiledModules
PruneExplicitPrecompiledModules /Users/admin/builder/spi-builder-workspace/.derivedData/SDKExplicitPrecompiledModules
2026-09-17 08:04:12.961 xcodebuild[703:4525] [MT] IDERunDestination: Supported platforms for the buildables in the current scheme is empty.
** BUILD FAILED **
The following build commands failed:
SwiftDriver EasyPeasy normal arm64 com.apple.xcode.tools.swift.compiler (in target 'EasyPeasy' from project 'EasyPeasy')
Building workspace EasyPeasy with scheme EasyPeasy
(2 failures)
Command line invocation:
/Applications/Xcode-27.0.0-Release.Candidate.app/Contents/Developer/usr/bin/xcodebuild -IDEClonedSourcePackagesDirPathOverride=/Users/admin/builder/spi-builder-workspace/.dependencies -resolvePackageDependencies
Resolve Package Graph
Resolved source packages:
EasyPeasy: /Users/admin/builder/spi-builder-workspace
resolved source packages: EasyPeasy
2026-09-17 08:04:17.057 xcodebuild[727:4713] [MT] IDERunDestination: Supported platforms for the buildables in the current scheme is empty.
{
"dependencies" : [
],
"manifest_display_name" : "EasyPeasy",
"name" : "EasyPeasy",
"path" : "/Users/admin/builder/spi-builder-workspace",
"platforms" : [
{
"name" : "ios",
"version" : "8.0"
},
{
"name" : "macos",
"version" : "10.10"
},
{
"name" : "tvos",
"version" : "9.0"
}
],
"products" : [
{
"name" : "EasyPeasy",
"targets" : [
"EasyPeasy"
],
"type" : {
"library" : [
"automatic"
]
}
}
],
"targets" : [
{
"c99name" : "EasyPeasy",
"module_type" : "SwiftTarget",
"name" : "EasyPeasy",
"path" : "EasyPeasy",
"product_memberships" : [
"EasyPeasy"
],
"sources" : [
"Attribute.swift",
"Collection+Easy.swift",
"CompoundAttribute.swift",
"Constant.swift",
"Context.swift",
"DimensionAttribute+AppKit.swift",
"DimensionAttribute+UIKit.swift",
"DimensionAttribute.swift",
"EasyPeasy.swift",
"Item+AppKit.swift",
"Item+UIKit.swift",
"Item.swift",
"NSLayoutGuide+Easy.swift",
"NSView+Easy.swift",
"Node.swift",
"PositionAttribute+AppKit.swift",
"PositionAttribute+UIKit.swift",
"PositionAttribute.swift",
"Priority.swift",
"ReferenceAttribute.swift",
"UILayoutGuide+Easy.swift",
"UIView+Easy.swift"
],
"type" : "library"
}
],
"tools_version" : "5.1"
}
{
"workspace" : {
"name" : "EasyPeasy",
"schemes" : [
"EasyPeasy"
]
}
}
2026-09-17 08:04:18.241 xcodebuild[735:4772] [MT] IDERunDestination: Supported platforms for the buildables in the current scheme is empty.
Running build ...
env DEVELOPER_DIR=/Applications/Xcode-27.0.0-Release.Candidate.app xcrun xcodebuild -IDEClonedSourcePackagesDirPathOverride=$PWD/.dependencies -skipMacroValidation -skipPackagePluginValidation -derivedDataPath $PWD/.derivedData build -scheme EasyPeasy -destination generic/platform=xrOS
Command line invocation:
/Applications/Xcode-27.0.0-Release.Candidate.app/Contents/Developer/usr/bin/xcodebuild -IDEClonedSourcePackagesDirPathOverride=/Users/admin/builder/spi-builder-workspace/.dependencies -skipMacroValidation -skipPackagePluginValidation -derivedDataPath /Users/admin/builder/spi-builder-workspace/.derivedData build -scheme EasyPeasy -destination generic/platform=xrOS
Resolve Package Graph
Resolved source packages:
EasyPeasy: /Users/admin/builder/spi-builder-workspace
ComputePackagePrebuildTargetDependencyGraph
Prepare packages
CreateBuildRequest
SendProjectDescription
CreateBuildOperation
ComputeTargetDependencyGraph
note: Building targets in dependency order
note: Target dependency graph (2 targets)
Target 'EasyPeasy-product' in project 'EasyPeasy'
➜ Explicit dependency on target 'EasyPeasy' in project 'EasyPeasy'
Target 'EasyPeasy' in project 'EasyPeasy' (no dependencies)
GatherProvisioningInputs
CreateBuildDescription
ClangStatCache /Applications/Xcode-27.0.0-Release.Candidate.app/Contents/Developer/Toolchains/XcodeDefault.xctoolchain/usr/bin/clang-stat-cache /Applications/Xcode-27.0.0-Release.Candidate.app/Contents/Developer/Platforms/XROS.platform/Developer/SDKs/XROS27.0.sdk /Users/admin/builder/spi-builder-workspace/.derivedData/SDKStatCaches.noindex/xros27.0-24M361-e829b21a6f8c9b70876ba0858053c044735bd543db762f57723cac368afd1ce4.sdkstatcache
cd /Users/admin/builder/spi-builder-workspace/.swiftpm/xcode
/Applications/Xcode-27.0.0-Release.Candidate.app/Contents/Developer/Toolchains/XcodeDefault.xctoolchain/usr/bin/clang-stat-cache /Applications/Xcode-27.0.0-Release.Candidate.app/Contents/Developer/Platforms/XROS.platform/Developer/SDKs/XROS27.0.sdk -o /Users/admin/builder/spi-builder-workspace/.derivedData/SDKStatCaches.noindex/xros27.0-24M361-e829b21a6f8c9b70876ba0858053c044735bd543db762f57723cac368afd1ce4.sdkstatcache
SwiftDriver EasyPeasy normal arm64 com.apple.xcode.tools.swift.compiler (in target 'EasyPeasy' from project 'EasyPeasy')
cd /Users/admin/builder/spi-builder-workspace/.swiftpm/xcode
builtin-SwiftDriver -- /Applications/Xcode-27.0.0-Release.Candidate.app/Contents/Developer/Toolchains/XcodeDefault.xctoolchain/usr/bin/swiftc -parse-as-library -module-name EasyPeasy -Onone @/Users/admin/builder/spi-builder-workspace/.derivedData/Build/Intermediates.noindex/EasyPeasy.build/Debug-xros/EasyPeasy-t.build/Objects-normal/arm64/EasyPeasy.SwiftFileList -DSWIFT_PACKAGE -DDEBUG -DSWIFT_MODULE_RESOURCE_BUNDLE_UNAVAILABLE -DXcode -plugin-path /Applications/Xcode-27.0.0-Release.Candidate.app/Contents/Developer/Toolchains/XcodeDefault.xctoolchain/usr/lib/swift/host/plugins/testing -enable-experimental-feature DebugDescriptionMacro -sdk /Applications/Xcode-27.0.0-Release.Candidate.app/Contents/Developer/Platforms/XROS.platform/Developer/SDKs/XROS27.0.sdk -target arm64-apple-xros1.0 -g -module-cache-path /Users/admin/builder/spi-builder-workspace/.derivedData/ModuleCache.noindex -Xfrontend -serialize-debugging-options -enable-testing -index-store-path /Users/admin/builder/spi-builder-workspace/.derivedData/Index.noindex/DataStore -Xcc -D_LIBCPP_HARDENING_MODE\=_LIBCPP_HARDENING_MODE_DEBUG -swift-version 5 -I /Users/admin/builder/spi-builder-workspace/.derivedData/Build/Products/Debug-xros -Isystem /Applications/Xcode-27.0.0-Release.Candidate.app/Contents/Developer/Platforms/XROS.platform/Developer/usr/lib -F /Users/admin/builder/spi-builder-workspace/.derivedData/Build/Products/Debug-xros -F /Applications/Xcode-27.0.0-Release.Candidate.app/Contents/Developer/Platforms/XROS.platform/Developer/Library/Frameworks -F /Applications/Xcode-27.0.0-Release.Candidate.app/Contents/Developer/Platforms/XROS.platform/Developer/SDKs/XROS27.0.sdk/Developer/Library/Frameworks -c -j10 -enable-batch-mode -incremental -Xcc -ivfsstatcache -Xcc /Users/admin/builder/spi-builder-workspace/.derivedData/SDKStatCaches.noindex/xros27.0-24M361-e829b21a6f8c9b70876ba0858053c044735bd543db762f57723cac368afd1ce4.sdkstatcache -output-file-map /Users/admin/builder/spi-builder-workspace/.derivedData/Build/Intermediates.noindex/EasyPeasy.build/Debug-xros/EasyPeasy-t.build/Objects-normal/arm64/EasyPeasy-OutputFileMap.json -save-temps -no-color-diagnostics -explicit-module-build -module-cache-path /Users/admin/builder/spi-builder-workspace/.derivedData/Build/Intermediates.noindex/SwiftExplicitPrecompiledModules -clang-scanner-module-cache-path /Users/admin/builder/spi-builder-workspace/.derivedData/ModuleCache.noindex -sdk-module-cache-path /Users/admin/builder/spi-builder-workspace/.derivedData/SDKExplicitPrecompiledModules -emit-dependencies -emit-module -emit-module-path /Users/admin/builder/spi-builder-workspace/.derivedData/Build/Intermediates.noindex/EasyPeasy.build/Debug-xros/EasyPeasy-t.build/Objects-normal/arm64/EasyPeasy.swiftmodule -serialize-diagnostics -dependency-scan-serialize-diagnostics-path /Users/admin/builder/spi-builder-workspace/.derivedData/Build/Intermediates.noindex/EasyPeasy.build/Debug-xros/EasyPeasy-t.build/Objects-normal/arm64/EasyPeasy-dependency-scan.dia -validate-clang-modules-once -clang-build-session-file /Users/admin/builder/spi-builder-workspace/.derivedData/ModuleCache.noindex/Session.modulevalidation -Xcc -fmodules-prune-interval\=86400 -Xcc -fmodules-prune-after\=345600 -emit-const-values -const-gather-protocols-list /Users/admin/builder/spi-builder-workspace/.derivedData/Build/Intermediates.noindex/EasyPeasy.build/Debug-xros/EasyPeasy-t.build/Objects-normal/arm64/EasyPeasy_const_extract_protocols.json -Xcc -I/Users/admin/builder/spi-builder-workspace/.derivedData/Build/Products/Debug-xros/include -Xcc -I/Users/admin/builder/spi-builder-workspace/.derivedData/Build/Intermediates.noindex/EasyPeasy.build/Debug-xros/EasyPeasy-t.build/DerivedSources-normal/arm64 -Xcc -I/Users/admin/builder/spi-builder-workspace/.derivedData/Build/Intermediates.noindex/EasyPeasy.build/Debug-xros/EasyPeasy-t.build/DerivedSources/arm64 -Xcc -I/Users/admin/builder/spi-builder-workspace/.derivedData/Build/Intermediates.noindex/EasyPeasy.build/Debug-xros/EasyPeasy-t.build/DerivedSources -Xcc -DSWIFT_PACKAGE -Xcc -DDEBUG\=1 -emit-objc-header -emit-objc-header-path /Users/admin/builder/spi-builder-workspace/.derivedData/Build/Intermediates.noindex/EasyPeasy.build/Debug-xros/EasyPeasy-t.build/Objects-normal/arm64/EasyPeasy-Swift.h -working-directory /Users/admin/builder/spi-builder-workspace/.swiftpm/xcode -experimental-emit-module-separately -disable-cmo
/Users/admin/builder/spi-builder-workspace/EasyPeasy/DimensionAttribute+AppKit.swift:53:15: warning: Extraneous whitespace between attribute name and '('; this is an error in the Swift 6 language mode (in target 'EasyPeasy' from project 'EasyPeasy')
/Users/admin/builder/spi-builder-workspace/EasyPeasy/DimensionAttribute+AppKit.swift:90:15: warning: Extraneous whitespace between attribute name and '('; this is an error in the Swift 6 language mode (in target 'EasyPeasy' from project 'EasyPeasy')
/Users/admin/builder/spi-builder-workspace/EasyPeasy/DimensionAttribute+UIKit.swift:53:15: warning: Extraneous whitespace between attribute name and '('; this is an error in the Swift 6 language mode (in target 'EasyPeasy' from project 'EasyPeasy')
/Users/admin/builder/spi-builder-workspace/EasyPeasy/DimensionAttribute+UIKit.swift:90:15: warning: Extraneous whitespace between attribute name and '('; this is an error in the Swift 6 language mode (in target 'EasyPeasy' from project 'EasyPeasy')
/Users/admin/builder/spi-builder-workspace/EasyPeasy/NSLayoutGuide+Easy.swift:18:11: warning: Extraneous whitespace between attribute name and '('; this is an error in the Swift 6 language mode (in target 'EasyPeasy' from project 'EasyPeasy')
/Users/admin/builder/spi-builder-workspace/EasyPeasy/UILayoutGuide+Easy.swift:18:11: warning: Extraneous whitespace between attribute name and '('; this is an error in the Swift 6 language mode (in target 'EasyPeasy' from project 'EasyPeasy')
/Users/admin/builder/spi-builder-workspace/EasyPeasy/Attribute.swift:14:8: error: Unable to resolve module dependency: 'AppKit' (in target 'EasyPeasy' from project 'EasyPeasy')
note: A dependency of main module 'EasyPeasy'
/Users/admin/builder/spi-builder-workspace/EasyPeasy/CompoundAttribute.swift:14:8: note: Also imported here
/Users/admin/builder/spi-builder-workspace/EasyPeasy/Constant.swift:14:8: note: Also imported here
/Users/admin/builder/spi-builder-workspace/EasyPeasy/DimensionAttribute+AppKit.swift:13:8: note: Also imported here
/Users/admin/builder/spi-builder-workspace/EasyPeasy/DimensionAttribute.swift:14:8: note: Also imported here
/Users/admin/builder/spi-builder-workspace/EasyPeasy/Item+AppKit.swift:13:8: note: Also imported here
/Users/admin/builder/spi-builder-workspace/EasyPeasy/Item.swift:14:8: note: Also imported here
/Users/admin/builder/spi-builder-workspace/EasyPeasy/NSLayoutGuide+Easy.swift:13:8: note: Also imported here
/Users/admin/builder/spi-builder-workspace/EasyPeasy/NSView+Easy.swift:13:8: note: Also imported here
/Users/admin/builder/spi-builder-workspace/EasyPeasy/Node.swift:14:8: note: Also imported here
/Users/admin/builder/spi-builder-workspace/EasyPeasy/PositionAttribute+AppKit.swift:13:8: note: Also imported here
/Users/admin/builder/spi-builder-workspace/EasyPeasy/PositionAttribute.swift:20:8: note: Also imported here
/Users/admin/builder/spi-builder-workspace/EasyPeasy/Attribute.swift:14:8: note: A dependency of main module 'EasyPeasy'
import AppKit
^ (in target 'EasyPeasy' from project 'EasyPeasy')
/Users/admin/builder/spi-builder-workspace/EasyPeasy/CompoundAttribute.swift:14:8: note: Also imported here
import AppKit
^ (in target 'EasyPeasy' from project 'EasyPeasy')
/Users/admin/builder/spi-builder-workspace/EasyPeasy/Constant.swift:14:8: note: Also imported here
import AppKit
^ (in target 'EasyPeasy' from project 'EasyPeasy')
/Users/admin/builder/spi-builder-workspace/EasyPeasy/DimensionAttribute+AppKit.swift:13:8: note: Also imported here
import AppKit
^ (in target 'EasyPeasy' from project 'EasyPeasy')
/Users/admin/builder/spi-builder-workspace/EasyPeasy/DimensionAttribute.swift:14:8: note: Also imported here
import AppKit
^ (in target 'EasyPeasy' from project 'EasyPeasy')
/Users/admin/builder/spi-builder-workspace/EasyPeasy/Item+AppKit.swift:13:8: note: Also imported here
import AppKit
^ (in target 'EasyPeasy' from project 'EasyPeasy')
/Users/admin/builder/spi-builder-workspace/EasyPeasy/Item.swift:14:8: note: Also imported here
import AppKit
^ (in target 'EasyPeasy' from project 'EasyPeasy')
/Users/admin/builder/spi-builder-workspace/EasyPeasy/NSLayoutGuide+Easy.swift:13:8: note: Also imported here
import AppKit
^ (in target 'EasyPeasy' from project 'EasyPeasy')
/Users/admin/builder/spi-builder-workspace/EasyPeasy/NSView+Easy.swift:13:8: note: Also imported here
import AppKit
^ (in target 'EasyPeasy' from project 'EasyPeasy')
/Users/admin/builder/spi-builder-workspace/EasyPeasy/Node.swift:14:8: note: Also imported here
import AppKit
^ (in target 'EasyPeasy' from project 'EasyPeasy')
/Users/admin/builder/spi-builder-workspace/EasyPeasy/PositionAttribute+AppKit.swift:13:8: note: Also imported here
import AppKit
^ (in target 'EasyPeasy' from project 'EasyPeasy')
/Users/admin/builder/spi-builder-workspace/EasyPeasy/PositionAttribute.swift:20:8: note: Also imported here
import AppKit
^ (in target 'EasyPeasy' from project 'EasyPeasy')
PruneExplicitPrecompiledModules /Users/admin/builder/spi-builder-workspace/.derivedData/Build/Intermediates.noindex/ExplicitPrecompiledModules
PruneExplicitPrecompiledModules /Users/admin/builder/spi-builder-workspace/.derivedData/Build/Intermediates.noindex/SwiftExplicitPrecompiledModules
PruneExplicitPrecompiledModules /Users/admin/builder/spi-builder-workspace/.derivedData/SDKExplicitPrecompiledModules
2026-09-17 08:04:19.155 xcodebuild[736:4795] [MT] IDERunDestination: Supported platforms for the buildables in the current scheme is empty.
** BUILD FAILED **
The following build commands failed:
SwiftDriver EasyPeasy normal arm64 com.apple.xcode.tools.swift.compiler (in target 'EasyPeasy' from project 'EasyPeasy')
Building workspace EasyPeasy with scheme EasyPeasy
(2 failures)
BUILD FAILURE 6.4 visionOS