The Swift Package Index logo.Swift Package Index

Build Information

Failed to build CoreDataToSwiftUI, reference 0.1.0 (46878e), with Swift 6.4 for visionOS using Xcode 27.0 on 16 Sep 2026 19:44:15 UTC.

Build Command

env DEVELOPER_DIR=/Applications/Xcode-27.0.0-Release.Candidate.app xcrun xcodebuild -IDEClonedSourcePackagesDirPathOverride=$PWD/.dependencies -skipMacroValidation -skipPackagePluginValidation -derivedDataPath $PWD/.derivedData build -scheme CoreDataToSwiftUI -destination generic/platform=xrOS

Build Log

SwiftCompile normal arm64 /Users/admin/builder/spi-builder-workspace/.dependencies/checkouts/SwiftUIRules/Sources/SwiftUIRules/DynamicEnvironment/DynamicEnvironmentKey.swift (in target 'SwiftUIRules' from project 'SwiftUIRules')
    cd /Users/admin/builder/spi-builder-workspace/.swiftpm/xcode
    builtin-SwiftPerFileCompile DynamicEnvironmentKey.swift
SwiftCompile normal arm64 /Users/admin/builder/spi-builder-workspace/.dependencies/checkouts/SwiftUIRules/Sources/SwiftUIRules/DynamicEnvironment/DynamicEnvironmentPathes.swift (in target 'SwiftUIRules' from project 'SwiftUIRules')
    cd /Users/admin/builder/spi-builder-workspace/.swiftpm/xcode
    builtin-SwiftPerFileCompile DynamicEnvironmentPathes.swift
SwiftCompile normal arm64 Compiling\ RuleAction.swift,\ RuleCandidate.swift,\ RuleKeyAssignment.swift /Users/admin/builder/spi-builder-workspace/.dependencies/checkouts/SwiftUIRules/Sources/SwiftUIRules/Assignments/RuleAction.swift /Users/admin/builder/spi-builder-workspace/.dependencies/checkouts/SwiftUIRules/Sources/SwiftUIRules/Assignments/RuleCandidate.swift /Users/admin/builder/spi-builder-workspace/.dependencies/checkouts/SwiftUIRules/Sources/SwiftUIRules/Assignments/RuleKeyAssignment.swift (in target 'SwiftUIRules' from project 'SwiftUIRules')
SwiftCompile normal arm64 /Users/admin/builder/spi-builder-workspace/.dependencies/checkouts/SwiftUIRules/Sources/SwiftUIRules/Assignments/RuleAction.swift (in target 'SwiftUIRules' from project 'SwiftUIRules')
    cd /Users/admin/builder/spi-builder-workspace/.swiftpm/xcode
    builtin-SwiftPerFileCompile RuleAction.swift
SwiftCompile normal arm64 /Users/admin/builder/spi-builder-workspace/.dependencies/checkouts/SwiftUIRules/Sources/SwiftUIRules/Assignments/RuleCandidate.swift (in target 'SwiftUIRules' from project 'SwiftUIRules')
    cd /Users/admin/builder/spi-builder-workspace/.swiftpm/xcode
    builtin-SwiftPerFileCompile RuleCandidate.swift
SwiftCompile normal arm64 /Users/admin/builder/spi-builder-workspace/.dependencies/checkouts/SwiftUIRules/Sources/SwiftUIRules/Assignments/RuleKeyAssignment.swift (in target 'SwiftUIRules' from project 'SwiftUIRules')
    cd /Users/admin/builder/spi-builder-workspace/.swiftpm/xcode
    builtin-SwiftPerFileCompile RuleKeyAssignment.swift
SwiftCompile normal arm64 Compiling\ RuleOperators.swift,\ RuleBoolPredicate.swift /Users/admin/builder/spi-builder-workspace/.dependencies/checkouts/SwiftUIRules/Sources/SwiftUIRules/Operators/RuleOperators.swift /Users/admin/builder/spi-builder-workspace/.dependencies/checkouts/SwiftUIRules/Sources/SwiftUIRules/Predicates/RuleBoolPredicate.swift (in target 'SwiftUIRules' from project 'SwiftUIRules')
SwiftCompile normal arm64 /Users/admin/builder/spi-builder-workspace/.dependencies/checkouts/SwiftUIRules/Sources/SwiftUIRules/Operators/RuleOperators.swift (in target 'SwiftUIRules' from project 'SwiftUIRules')
    cd /Users/admin/builder/spi-builder-workspace/.swiftpm/xcode
    builtin-SwiftPerFileCompile RuleOperators.swift
SwiftCompile normal arm64 /Users/admin/builder/spi-builder-workspace/.dependencies/checkouts/SwiftUIRules/Sources/SwiftUIRules/Predicates/RuleBoolPredicate.swift (in target 'SwiftUIRules' from project 'SwiftUIRules')
    cd /Users/admin/builder/spi-builder-workspace/.swiftpm/xcode
    builtin-SwiftPerFileCompile RuleBoolPredicate.swift
SwiftCompile normal arm64 Compiling\ RuleClosurePredicate.swift,\ RuleCompoundPredicate.swift /Users/admin/builder/spi-builder-workspace/.dependencies/checkouts/SwiftUIRules/Sources/SwiftUIRules/Predicates/RuleClosurePredicate.swift /Users/admin/builder/spi-builder-workspace/.dependencies/checkouts/SwiftUIRules/Sources/SwiftUIRules/Predicates/RuleCompoundPredicate.swift (in target 'SwiftUIRules' from project 'SwiftUIRules')
SwiftCompile normal arm64 /Users/admin/builder/spi-builder-workspace/.dependencies/checkouts/SwiftUIRules/Sources/SwiftUIRules/Predicates/RuleClosurePredicate.swift (in target 'SwiftUIRules' from project 'SwiftUIRules')
    cd /Users/admin/builder/spi-builder-workspace/.swiftpm/xcode
    builtin-SwiftPerFileCompile RuleClosurePredicate.swift
SwiftCompile normal arm64 /Users/admin/builder/spi-builder-workspace/.dependencies/checkouts/SwiftUIRules/Sources/SwiftUIRules/Predicates/RuleCompoundPredicate.swift (in target 'SwiftUIRules' from project 'SwiftUIRules')
    cd /Users/admin/builder/spi-builder-workspace/.swiftpm/xcode
    builtin-SwiftPerFileCompile RuleCompoundPredicate.swift
SwiftCompile normal arm64 Compiling\ RuleKeyPathPredicate.swift,\ RulePredicate.swift /Users/admin/builder/spi-builder-workspace/.dependencies/checkouts/SwiftUIRules/Sources/SwiftUIRules/Predicates/RuleKeyPathPredicate.swift /Users/admin/builder/spi-builder-workspace/.dependencies/checkouts/SwiftUIRules/Sources/SwiftUIRules/Predicates/RulePredicate.swift (in target 'SwiftUIRules' from project 'SwiftUIRules')
SwiftCompile normal arm64 /Users/admin/builder/spi-builder-workspace/.dependencies/checkouts/SwiftUIRules/Sources/SwiftUIRules/Predicates/RuleKeyPathPredicate.swift (in target 'SwiftUIRules' from project 'SwiftUIRules')
    cd /Users/admin/builder/spi-builder-workspace/.swiftpm/xcode
    builtin-SwiftPerFileCompile RuleKeyPathPredicate.swift
SwiftCompile normal arm64 /Users/admin/builder/spi-builder-workspace/.dependencies/checkouts/SwiftUIRules/Sources/SwiftUIRules/Predicates/RulePredicate.swift (in target 'SwiftUIRules' from project 'SwiftUIRules')
    cd /Users/admin/builder/spi-builder-workspace/.swiftpm/xcode
    builtin-SwiftPerFileCompile RulePredicate.swift
SwiftCompile normal arm64 Compiling\ RuleTypeIDAssignment.swift,\ RuleTypeIDPathAssignment.swift,\ RuleValueAssignment.swift /Users/admin/builder/spi-builder-workspace/.dependencies/checkouts/SwiftUIRules/Sources/SwiftUIRules/Assignments/RuleTypeIDAssignment.swift /Users/admin/builder/spi-builder-workspace/.dependencies/checkouts/SwiftUIRules/Sources/SwiftUIRules/Assignments/RuleTypeIDPathAssignment.swift /Users/admin/builder/spi-builder-workspace/.dependencies/checkouts/SwiftUIRules/Sources/SwiftUIRules/Assignments/RuleValueAssignment.swift (in target 'SwiftUIRules' from project 'SwiftUIRules')
SwiftCompile normal arm64 /Users/admin/builder/spi-builder-workspace/.dependencies/checkouts/SwiftUIRules/Sources/SwiftUIRules/Assignments/RuleTypeIDAssignment.swift (in target 'SwiftUIRules' from project 'SwiftUIRules')
    cd /Users/admin/builder/spi-builder-workspace/.swiftpm/xcode
    builtin-SwiftPerFileCompile RuleTypeIDAssignment.swift
SwiftCompile normal arm64 /Users/admin/builder/spi-builder-workspace/.dependencies/checkouts/SwiftUIRules/Sources/SwiftUIRules/Assignments/RuleTypeIDPathAssignment.swift (in target 'SwiftUIRules' from project 'SwiftUIRules')
    cd /Users/admin/builder/spi-builder-workspace/.swiftpm/xcode
    builtin-SwiftPerFileCompile RuleTypeIDPathAssignment.swift
SwiftCompile normal arm64 /Users/admin/builder/spi-builder-workspace/.dependencies/checkouts/SwiftUIRules/Sources/SwiftUIRules/Assignments/RuleValueAssignment.swift (in target 'SwiftUIRules' from project 'SwiftUIRules')
    cd /Users/admin/builder/spi-builder-workspace/.swiftpm/xcode
    builtin-SwiftPerFileCompile RuleValueAssignment.swift
SwiftCompile normal arm64 Compiling\ DynamicEnvironmentValues.swift,\ AssignmentOperators.swift /Users/admin/builder/spi-builder-workspace/.dependencies/checkouts/SwiftUIRules/Sources/SwiftUIRules/DynamicEnvironment/DynamicEnvironmentValues.swift /Users/admin/builder/spi-builder-workspace/.dependencies/checkouts/SwiftUIRules/Sources/SwiftUIRules/Operators/AssignmentOperators.swift (in target 'SwiftUIRules' from project 'SwiftUIRules')
SwiftCompile normal arm64 /Users/admin/builder/spi-builder-workspace/.dependencies/checkouts/SwiftUIRules/Sources/SwiftUIRules/DynamicEnvironment/DynamicEnvironmentValues.swift (in target 'SwiftUIRules' from project 'SwiftUIRules')
    cd /Users/admin/builder/spi-builder-workspace/.swiftpm/xcode
    builtin-SwiftPerFileCompile DynamicEnvironmentValues.swift
SwiftCompile normal arm64 /Users/admin/builder/spi-builder-workspace/.dependencies/checkouts/SwiftUIRules/Sources/SwiftUIRules/Operators/AssignmentOperators.swift (in target 'SwiftUIRules' from project 'SwiftUIRules')
    cd /Users/admin/builder/spi-builder-workspace/.swiftpm/xcode
    builtin-SwiftPerFileCompile AssignmentOperators.swift
SwiftCompile normal arm64 Compiling\ CompoundPredicateOperators.swift,\ KeyPathPredicateOperators.swift /Users/admin/builder/spi-builder-workspace/.dependencies/checkouts/SwiftUIRules/Sources/SwiftUIRules/Operators/CompoundPredicateOperators.swift /Users/admin/builder/spi-builder-workspace/.dependencies/checkouts/SwiftUIRules/Sources/SwiftUIRules/Operators/KeyPathPredicateOperators.swift (in target 'SwiftUIRules' from project 'SwiftUIRules')
SwiftCompile normal arm64 /Users/admin/builder/spi-builder-workspace/.dependencies/checkouts/SwiftUIRules/Sources/SwiftUIRules/Operators/CompoundPredicateOperators.swift (in target 'SwiftUIRules' from project 'SwiftUIRules')
    cd /Users/admin/builder/spi-builder-workspace/.swiftpm/xcode
    builtin-SwiftPerFileCompile CompoundPredicateOperators.swift
SwiftCompile normal arm64 /Users/admin/builder/spi-builder-workspace/.dependencies/checkouts/SwiftUIRules/Sources/SwiftUIRules/Operators/KeyPathPredicateOperators.swift (in target 'SwiftUIRules' from project 'SwiftUIRules')
    cd /Users/admin/builder/spi-builder-workspace/.swiftpm/xcode
    builtin-SwiftPerFileCompile KeyPathPredicateOperators.swift
SwiftDriverJobDiscovery normal arm64 Emitting module for SwiftUIRules (in target 'SwiftUIRules' from project 'SwiftUIRules')
SwiftDriver\ Compilation\ Requirements SwiftUIRules normal arm64 com.apple.xcode.tools.swift.compiler (in target 'SwiftUIRules' from project 'SwiftUIRules')
    cd /Users/admin/builder/spi-builder-workspace/.swiftpm/xcode
    builtin-Swift-Compilation-Requirements -- /Applications/Xcode-27.0.0-Release.Candidate.app/Contents/Developer/Toolchains/XcodeDefault.xctoolchain/usr/bin/swiftc -parse-as-library -module-name SwiftUIRules -Onone @/Users/admin/builder/spi-builder-workspace/.derivedData/Build/Intermediates.noindex/SwiftUIRules.build/Debug-xros/SwiftUIRules-t.build/Objects-normal/arm64/SwiftUIRules.SwiftFileList -DSWIFT_PACKAGE -DDEBUG -DSWIFT_MODULE_RESOURCE_BUNDLE_UNAVAILABLE -DXcode -plugin-path /Applications/Xcode-27.0.0-Release.Candidate.app/Contents/Developer/Toolchains/XcodeDefault.xctoolchain/usr/lib/swift/host/plugins/testing -enable-experimental-feature DebugDescriptionMacro -sdk /Applications/Xcode-27.0.0-Release.Candidate.app/Contents/Developer/Platforms/XROS.platform/Developer/SDKs/XROS27.0.sdk -target arm64-apple-xros1.0 -g -module-cache-path /Users/admin/builder/spi-builder-workspace/.derivedData/ModuleCache.noindex -Xfrontend -serialize-debugging-options -enable-testing -suppress-warnings -index-store-path /Users/admin/builder/spi-builder-workspace/.derivedData/Index.noindex/DataStore -Xcc -D_LIBCPP_HARDENING_MODE\=_LIBCPP_HARDENING_MODE_DEBUG -swift-version 5 -I /Users/admin/builder/spi-builder-workspace/.derivedData/Build/Products/Debug-xros -Isystem /Applications/Xcode-27.0.0-Release.Candidate.app/Contents/Developer/Platforms/XROS.platform/Developer/usr/lib -F /Users/admin/builder/spi-builder-workspace/.derivedData/Build/Products/Debug-xros -F /Applications/Xcode-27.0.0-Release.Candidate.app/Contents/Developer/Platforms/XROS.platform/Developer/Library/Frameworks -F /Applications/Xcode-27.0.0-Release.Candidate.app/Contents/Developer/Platforms/XROS.platform/Developer/SDKs/XROS27.0.sdk/Developer/Library/Frameworks -c -j10 -enable-batch-mode -incremental -Xcc -ivfsstatcache -Xcc /Users/admin/builder/spi-builder-workspace/.derivedData/SDKStatCaches.noindex/xros27.0-24M361-e829b21a6f8c9b70876ba0858053c044735bd543db762f57723cac368afd1ce4.sdkstatcache -output-file-map /Users/admin/builder/spi-builder-workspace/.derivedData/Build/Intermediates.noindex/SwiftUIRules.build/Debug-xros/SwiftUIRules-t.build/Objects-normal/arm64/SwiftUIRules-OutputFileMap.json -save-temps -no-color-diagnostics -explicit-module-build -module-cache-path /Users/admin/builder/spi-builder-workspace/.derivedData/Build/Intermediates.noindex/SwiftExplicitPrecompiledModules -clang-scanner-module-cache-path /Users/admin/builder/spi-builder-workspace/.derivedData/ModuleCache.noindex -sdk-module-cache-path /Users/admin/builder/spi-builder-workspace/.derivedData/SDKExplicitPrecompiledModules -emit-dependencies -emit-module -emit-module-path /Users/admin/builder/spi-builder-workspace/.derivedData/Build/Intermediates.noindex/SwiftUIRules.build/Debug-xros/SwiftUIRules-t.build/Objects-normal/arm64/SwiftUIRules.swiftmodule -serialize-diagnostics -dependency-scan-serialize-diagnostics-path /Users/admin/builder/spi-builder-workspace/.derivedData/Build/Intermediates.noindex/SwiftUIRules.build/Debug-xros/SwiftUIRules-t.build/Objects-normal/arm64/SwiftUIRules-dependency-scan.dia -validate-clang-modules-once -clang-build-session-file /Users/admin/builder/spi-builder-workspace/.derivedData/ModuleCache.noindex/Session.modulevalidation -Xcc -fmodules-prune-interval\=86400 -Xcc -fmodules-prune-after\=345600 -emit-const-values -const-gather-protocols-list /Users/admin/builder/spi-builder-workspace/.derivedData/Build/Intermediates.noindex/SwiftUIRules.build/Debug-xros/SwiftUIRules-t.build/Objects-normal/arm64/SwiftUIRules_const_extract_protocols.json -Xcc -I/Users/admin/builder/spi-builder-workspace/.derivedData/Build/Products/Debug-xros/include -Xcc -I/Users/admin/builder/spi-builder-workspace/.derivedData/Build/Intermediates.noindex/SwiftUIRules.build/Debug-xros/SwiftUIRules-t.build/DerivedSources-normal/arm64 -Xcc -I/Users/admin/builder/spi-builder-workspace/.derivedData/Build/Intermediates.noindex/SwiftUIRules.build/Debug-xros/SwiftUIRules-t.build/DerivedSources/arm64 -Xcc -I/Users/admin/builder/spi-builder-workspace/.derivedData/Build/Intermediates.noindex/SwiftUIRules.build/Debug-xros/SwiftUIRules-t.build/DerivedSources -Xcc -DSWIFT_PACKAGE -Xcc -DDEBUG\=1 -emit-objc-header -emit-objc-header-path /Users/admin/builder/spi-builder-workspace/.derivedData/Build/Intermediates.noindex/SwiftUIRules.build/Debug-xros/SwiftUIRules-t.build/Objects-normal/arm64/SwiftUIRules-Swift.h -working-directory /Users/admin/builder/spi-builder-workspace/.swiftpm/xcode -experimental-emit-module-separately -disable-cmo
SwiftDriverJobDiscovery normal arm64 Compiling RuleAction.swift, RuleCandidate.swift, RuleKeyAssignment.swift (in target 'SwiftUIRules' from project 'SwiftUIRules')
SwiftDriverJobDiscovery normal arm64 Compiling RuleOperators.swift, RuleBoolPredicate.swift (in target 'SwiftUIRules' from project 'SwiftUIRules')
SwiftDriverJobDiscovery normal arm64 Compiling RuleClosurePredicate.swift, RuleCompoundPredicate.swift (in target 'SwiftUIRules' from project 'SwiftUIRules')
SwiftMergeGeneratedHeaders /Users/admin/builder/spi-builder-workspace/.derivedData/Build/Intermediates.noindex/GeneratedModuleMaps-xros/SwiftUIRules-Swift.h /Users/admin/builder/spi-builder-workspace/.derivedData/Build/Intermediates.noindex/SwiftUIRules.build/Debug-xros/SwiftUIRules-t.build/Objects-normal/arm64/SwiftUIRules-Swift.h (in target 'SwiftUIRules' from project 'SwiftUIRules')
    cd /Users/admin/builder/spi-builder-workspace/.dependencies/checkouts/SwiftUIRules
    builtin-swiftHeaderTool -arch arm64 /Users/admin/builder/spi-builder-workspace/.derivedData/Build/Intermediates.noindex/SwiftUIRules.build/Debug-xros/SwiftUIRules-t.build/Objects-normal/arm64/SwiftUIRules-Swift.h -o /Users/admin/builder/spi-builder-workspace/.derivedData/Build/Intermediates.noindex/GeneratedModuleMaps-xros/SwiftUIRules-Swift.h
Copy /Users/admin/builder/spi-builder-workspace/.derivedData/Build/Products/Debug-xros/SwiftUIRules.swiftmodule/arm64-apple-xros.swiftmodule /Users/admin/builder/spi-builder-workspace/.derivedData/Build/Intermediates.noindex/SwiftUIRules.build/Debug-xros/SwiftUIRules-t.build/Objects-normal/arm64/SwiftUIRules.swiftmodule (in target 'SwiftUIRules' from project 'SwiftUIRules')
    cd /Users/admin/builder/spi-builder-workspace/.dependencies/checkouts/SwiftUIRules
    builtin-copy -exclude .DS_Store -exclude CVS -exclude .svn -exclude .git -exclude .hg -resolve-src-symlinks -rename /Users/admin/builder/spi-builder-workspace/.derivedData/Build/Intermediates.noindex/SwiftUIRules.build/Debug-xros/SwiftUIRules-t.build/Objects-normal/arm64/SwiftUIRules.swiftmodule /Users/admin/builder/spi-builder-workspace/.derivedData/Build/Products/Debug-xros/SwiftUIRules.swiftmodule/arm64-apple-xros.swiftmodule
Copy /Users/admin/builder/spi-builder-workspace/.derivedData/Build/Products/Debug-xros/SwiftUIRules.swiftmodule/arm64-apple-xros.swiftdoc /Users/admin/builder/spi-builder-workspace/.derivedData/Build/Intermediates.noindex/SwiftUIRules.build/Debug-xros/SwiftUIRules-t.build/Objects-normal/arm64/SwiftUIRules.swiftdoc (in target 'SwiftUIRules' from project 'SwiftUIRules')
    cd /Users/admin/builder/spi-builder-workspace/.dependencies/checkouts/SwiftUIRules
    builtin-copy -exclude .DS_Store -exclude CVS -exclude .svn -exclude .git -exclude .hg -resolve-src-symlinks -rename /Users/admin/builder/spi-builder-workspace/.derivedData/Build/Intermediates.noindex/SwiftUIRules.build/Debug-xros/SwiftUIRules-t.build/Objects-normal/arm64/SwiftUIRules.swiftdoc /Users/admin/builder/spi-builder-workspace/.derivedData/Build/Products/Debug-xros/SwiftUIRules.swiftmodule/arm64-apple-xros.swiftdoc
Copy /Users/admin/builder/spi-builder-workspace/.derivedData/Build/Products/Debug-xros/SwiftUIRules.swiftmodule/arm64-apple-xros.abi.json /Users/admin/builder/spi-builder-workspace/.derivedData/Build/Intermediates.noindex/SwiftUIRules.build/Debug-xros/SwiftUIRules-t.build/Objects-normal/arm64/SwiftUIRules.abi.json (in target 'SwiftUIRules' from project 'SwiftUIRules')
    cd /Users/admin/builder/spi-builder-workspace/.dependencies/checkouts/SwiftUIRules
    builtin-copy -exclude .DS_Store -exclude CVS -exclude .svn -exclude .git -exclude .hg -resolve-src-symlinks -rename /Users/admin/builder/spi-builder-workspace/.derivedData/Build/Intermediates.noindex/SwiftUIRules.build/Debug-xros/SwiftUIRules-t.build/Objects-normal/arm64/SwiftUIRules.abi.json /Users/admin/builder/spi-builder-workspace/.derivedData/Build/Products/Debug-xros/SwiftUIRules.swiftmodule/arm64-apple-xros.abi.json
Copy /Users/admin/builder/spi-builder-workspace/.derivedData/Build/Products/Debug-xros/SwiftUIRules.swiftmodule/Project/arm64-apple-xros.swiftsourceinfo /Users/admin/builder/spi-builder-workspace/.derivedData/Build/Intermediates.noindex/SwiftUIRules.build/Debug-xros/SwiftUIRules-t.build/Objects-normal/arm64/SwiftUIRules.swiftsourceinfo (in target 'SwiftUIRules' from project 'SwiftUIRules')
    cd /Users/admin/builder/spi-builder-workspace/.dependencies/checkouts/SwiftUIRules
    builtin-copy -exclude .DS_Store -exclude CVS -exclude .svn -exclude .git -exclude .hg -resolve-src-symlinks -rename /Users/admin/builder/spi-builder-workspace/.derivedData/Build/Intermediates.noindex/SwiftUIRules.build/Debug-xros/SwiftUIRules-t.build/Objects-normal/arm64/SwiftUIRules.swiftsourceinfo /Users/admin/builder/spi-builder-workspace/.derivedData/Build/Products/Debug-xros/SwiftUIRules.swiftmodule/Project/arm64-apple-xros.swiftsourceinfo
SwiftDriverJobDiscovery normal arm64 Compiling RuleKeyPathPredicate.swift, RulePredicate.swift (in target 'SwiftUIRules' from project 'SwiftUIRules')
SwiftDriver DirectToSwiftUI normal arm64 com.apple.xcode.tools.swift.compiler (in target 'DirectToSwiftUI' from project 'CoreDataToSwiftUI')
    cd /Users/admin/builder/spi-builder-workspace/.swiftpm/xcode
    builtin-SwiftDriver -- /Applications/Xcode-27.0.0-Release.Candidate.app/Contents/Developer/Toolchains/XcodeDefault.xctoolchain/usr/bin/swiftc -parse-as-library -module-name DirectToSwiftUI -Onone @/Users/admin/builder/spi-builder-workspace/.derivedData/Build/Intermediates.noindex/CoreDataToSwiftUI.build/Debug-xros/DirectToSwiftUI-t.build/Objects-normal/arm64/DirectToSwiftUI.SwiftFileList -DSWIFT_PACKAGE -DDEBUG -DSWIFT_MODULE_RESOURCE_BUNDLE_UNAVAILABLE -DXcode -plugin-path /Applications/Xcode-27.0.0-Release.Candidate.app/Contents/Developer/Toolchains/XcodeDefault.xctoolchain/usr/lib/swift/host/plugins/testing -enable-experimental-feature DebugDescriptionMacro -sdk /Applications/Xcode-27.0.0-Release.Candidate.app/Contents/Developer/Platforms/XROS.platform/Developer/SDKs/XROS27.0.sdk -target arm64-apple-xros1.0 -g -module-cache-path /Users/admin/builder/spi-builder-workspace/.derivedData/ModuleCache.noindex -Xfrontend -serialize-debugging-options -enable-testing -index-store-path /Users/admin/builder/spi-builder-workspace/.derivedData/Index.noindex/DataStore -Xcc -D_LIBCPP_HARDENING_MODE\=_LIBCPP_HARDENING_MODE_DEBUG -swift-version 5 -I /Users/admin/builder/spi-builder-workspace/.derivedData/Build/Products/Debug-xros -Isystem /Applications/Xcode-27.0.0-Release.Candidate.app/Contents/Developer/Platforms/XROS.platform/Developer/usr/lib -F /Users/admin/builder/spi-builder-workspace/.derivedData/Build/Products/Debug-xros/PackageFrameworks -F /Users/admin/builder/spi-builder-workspace/.derivedData/Build/Products/Debug-xros -F /Applications/Xcode-27.0.0-Release.Candidate.app/Contents/Developer/Platforms/XROS.platform/Developer/Library/Frameworks -F /Applications/Xcode-27.0.0-Release.Candidate.app/Contents/Developer/Platforms/XROS.platform/Developer/SDKs/XROS27.0.sdk/Developer/Library/Frameworks -c -j10 -enable-batch-mode -incremental -Xcc -ivfsstatcache -Xcc /Users/admin/builder/spi-builder-workspace/.derivedData/SDKStatCaches.noindex/xros27.0-24M361-e829b21a6f8c9b70876ba0858053c044735bd543db762f57723cac368afd1ce4.sdkstatcache -output-file-map /Users/admin/builder/spi-builder-workspace/.derivedData/Build/Intermediates.noindex/CoreDataToSwiftUI.build/Debug-xros/DirectToSwiftUI-t.build/Objects-normal/arm64/DirectToSwiftUI-OutputFileMap.json -save-temps -no-color-diagnostics -explicit-module-build -module-cache-path /Users/admin/builder/spi-builder-workspace/.derivedData/Build/Intermediates.noindex/SwiftExplicitPrecompiledModules -clang-scanner-module-cache-path /Users/admin/builder/spi-builder-workspace/.derivedData/ModuleCache.noindex -sdk-module-cache-path /Users/admin/builder/spi-builder-workspace/.derivedData/SDKExplicitPrecompiledModules -emit-dependencies -emit-module -emit-module-path /Users/admin/builder/spi-builder-workspace/.derivedData/Build/Intermediates.noindex/CoreDataToSwiftUI.build/Debug-xros/DirectToSwiftUI-t.build/Objects-normal/arm64/DirectToSwiftUI.swiftmodule -serialize-diagnostics -dependency-scan-serialize-diagnostics-path /Users/admin/builder/spi-builder-workspace/.derivedData/Build/Intermediates.noindex/CoreDataToSwiftUI.build/Debug-xros/DirectToSwiftUI-t.build/Objects-normal/arm64/DirectToSwiftUI-dependency-scan.dia -validate-clang-modules-once -clang-build-session-file /Users/admin/builder/spi-builder-workspace/.derivedData/ModuleCache.noindex/Session.modulevalidation -Xcc -fmodules-prune-interval\=86400 -Xcc -fmodules-prune-after\=345600 -emit-const-values -const-gather-protocols-list /Users/admin/builder/spi-builder-workspace/.derivedData/Build/Intermediates.noindex/CoreDataToSwiftUI.build/Debug-xros/DirectToSwiftUI-t.build/Objects-normal/arm64/DirectToSwiftUI_const_extract_protocols.json -Xcc -I/Users/admin/builder/spi-builder-workspace/.derivedData/Build/Products/Debug-xros/include -Xcc -I/Users/admin/builder/spi-builder-workspace/.derivedData/Build/Intermediates.noindex/CoreDataToSwiftUI.build/Debug-xros/DirectToSwiftUI-t.build/DerivedSources-normal/arm64 -Xcc -I/Users/admin/builder/spi-builder-workspace/.derivedData/Build/Intermediates.noindex/CoreDataToSwiftUI.build/Debug-xros/DirectToSwiftUI-t.build/DerivedSources/arm64 -Xcc -I/Users/admin/builder/spi-builder-workspace/.derivedData/Build/Intermediates.noindex/CoreDataToSwiftUI.build/Debug-xros/DirectToSwiftUI-t.build/DerivedSources -Xcc -DSWIFT_PACKAGE -Xcc -DDEBUG\=1 -emit-objc-header -emit-objc-header-path /Users/admin/builder/spi-builder-workspace/.derivedData/Build/Intermediates.noindex/CoreDataToSwiftUI.build/Debug-xros/DirectToSwiftUI-t.build/Objects-normal/arm64/DirectToSwiftUI-Swift.h -working-directory /Users/admin/builder/spi-builder-workspace/.swiftpm/xcode -experimental-emit-module-separately -disable-cmo
SwiftDriverJobDiscovery normal arm64 Compiling RuleTypeIDAssignment.swift, RuleTypeIDPathAssignment.swift, RuleValueAssignment.swift (in target 'SwiftUIRules' from project 'SwiftUIRules')
SwiftDriverJobDiscovery normal arm64 Compiling CompoundPredicateOperators.swift, KeyPathPredicateOperators.swift (in target 'SwiftUIRules' from project 'SwiftUIRules')
SwiftCompile normal arm64 Compiling\ EntityDefaults.swift,\ ManagedContextDefaults.swift,\ ManagedObjectDefaults.swift,\ ModelDefaults.swift,\ EnvironmentKeys.swift,\ EnvironmentPathes.swift,\ ViewModifiers.swift,\ D2SInspectWindow.swift,\ D2SMainWindow.swift,\ AttributeValue.swift,\ ComparisonOperation.swift /Users/admin/builder/spi-builder-workspace/Sources/DirectToSwiftUI/Environment/DefaultAssignment/EntityDefaults.swift /Users/admin/builder/spi-builder-workspace/Sources/DirectToSwiftUI/Environment/DefaultAssignment/ManagedContextDefaults.swift /Users/admin/builder/spi-builder-workspace/Sources/DirectToSwiftUI/Environment/DefaultAssignment/ManagedObjectDefaults.swift /Users/admin/builder/spi-builder-workspace/Sources/DirectToSwiftUI/Environment/DefaultAssignment/ModelDefaults.swift /Users/admin/builder/spi-builder-workspace/Sources/DirectToSwiftUI/Environment/EnvironmentKeys.swift /Users/admin/builder/spi-builder-workspace/Sources/DirectToSwiftUI/Environment/EnvironmentPathes.swift /Users/admin/builder/spi-builder-workspace/Sources/DirectToSwiftUI/Environment/ViewModifiers.swift /Users/admin/builder/spi-builder-workspace/Sources/DirectToSwiftUI/Support/AppKit/D2SInspectWindow.swift /Users/admin/builder/spi-builder-workspace/Sources/DirectToSwiftUI/Support/AppKit/D2SMainWindow.swift /Users/admin/builder/spi-builder-workspace/Sources/DirectToSwiftUI/Support/AttributeValue.swift /Users/admin/builder/spi-builder-workspace/Sources/DirectToSwiftUI/Support/ComparisonOperation.swift (in target 'DirectToSwiftUI' from project 'CoreDataToSwiftUI')
SwiftCompile normal arm64 /Users/admin/builder/spi-builder-workspace/Sources/DirectToSwiftUI/Environment/DefaultAssignment/EntityDefaults.swift (in target 'DirectToSwiftUI' from project 'CoreDataToSwiftUI')
    cd /Users/admin/builder/spi-builder-workspace/.swiftpm/xcode
    builtin-SwiftPerFileCompile EntityDefaults.swift
SwiftCompile normal arm64 /Users/admin/builder/spi-builder-workspace/Sources/DirectToSwiftUI/Environment/DefaultAssignment/ManagedContextDefaults.swift (in target 'DirectToSwiftUI' from project 'CoreDataToSwiftUI')
    cd /Users/admin/builder/spi-builder-workspace/.swiftpm/xcode
    builtin-SwiftPerFileCompile ManagedContextDefaults.swift
SwiftCompile normal arm64 /Users/admin/builder/spi-builder-workspace/Sources/DirectToSwiftUI/Environment/DefaultAssignment/ManagedObjectDefaults.swift (in target 'DirectToSwiftUI' from project 'CoreDataToSwiftUI')
    cd /Users/admin/builder/spi-builder-workspace/.swiftpm/xcode
    builtin-SwiftPerFileCompile ManagedObjectDefaults.swift
SwiftCompile normal arm64 /Users/admin/builder/spi-builder-workspace/Sources/DirectToSwiftUI/Environment/DefaultAssignment/ModelDefaults.swift (in target 'DirectToSwiftUI' from project 'CoreDataToSwiftUI')
    cd /Users/admin/builder/spi-builder-workspace/.swiftpm/xcode
    builtin-SwiftPerFileCompile ModelDefaults.swift
SwiftCompile normal arm64 /Users/admin/builder/spi-builder-workspace/Sources/DirectToSwiftUI/Environment/EnvironmentKeys.swift (in target 'DirectToSwiftUI' from project 'CoreDataToSwiftUI')
    cd /Users/admin/builder/spi-builder-workspace/.swiftpm/xcode
    builtin-SwiftPerFileCompile EnvironmentKeys.swift
SwiftCompile normal arm64 /Users/admin/builder/spi-builder-workspace/Sources/DirectToSwiftUI/Environment/EnvironmentPathes.swift (in target 'DirectToSwiftUI' from project 'CoreDataToSwiftUI')
    cd /Users/admin/builder/spi-builder-workspace/.swiftpm/xcode
    builtin-SwiftPerFileCompile EnvironmentPathes.swift
SwiftCompile normal arm64 /Users/admin/builder/spi-builder-workspace/Sources/DirectToSwiftUI/Environment/ViewModifiers.swift (in target 'DirectToSwiftUI' from project 'CoreDataToSwiftUI')
    cd /Users/admin/builder/spi-builder-workspace/.swiftpm/xcode
    builtin-SwiftPerFileCompile ViewModifiers.swift
SwiftCompile normal arm64 /Users/admin/builder/spi-builder-workspace/Sources/DirectToSwiftUI/Support/AppKit/D2SInspectWindow.swift (in target 'DirectToSwiftUI' from project 'CoreDataToSwiftUI')
    cd /Users/admin/builder/spi-builder-workspace/.swiftpm/xcode
    builtin-SwiftPerFileCompile D2SInspectWindow.swift
SwiftCompile normal arm64 /Users/admin/builder/spi-builder-workspace/Sources/DirectToSwiftUI/Support/AppKit/D2SMainWindow.swift (in target 'DirectToSwiftUI' from project 'CoreDataToSwiftUI')
    cd /Users/admin/builder/spi-builder-workspace/.swiftpm/xcode
    builtin-SwiftPerFileCompile D2SMainWindow.swift
SwiftCompile normal arm64 /Users/admin/builder/spi-builder-workspace/Sources/DirectToSwiftUI/Support/AttributeValue.swift (in target 'DirectToSwiftUI' from project 'CoreDataToSwiftUI')
    cd /Users/admin/builder/spi-builder-workspace/.swiftpm/xcode
    builtin-SwiftPerFileCompile AttributeValue.swift
SwiftCompile normal arm64 /Users/admin/builder/spi-builder-workspace/Sources/DirectToSwiftUI/Support/ComparisonOperation.swift (in target 'DirectToSwiftUI' from project 'CoreDataToSwiftUI')
    cd /Users/admin/builder/spi-builder-workspace/.swiftpm/xcode
    builtin-SwiftPerFileCompile ComparisonOperation.swift
SwiftCompile normal arm64 Compiling\ KVCRulePredicate.swift,\ KVCRuleSelfAssignment.swift,\ RuleKeyPathAssignment.swift,\ RuleKeyPathPredicateExtras.swift,\ RuleModelExtras.swift,\ RuleOperatorExtras.swift,\ ZeeQLRuleParser.swift,\ D2SMainView.swift,\ DefaultRules.swift,\ ContextKVC.swift,\ DefaultAssignment.swift /Users/admin/builder/spi-builder-workspace/Sources/DirectToSwiftUI/CoreDataRules/KVCRulePredicate.swift /Users/admin/builder/spi-builder-workspace/Sources/DirectToSwiftUI/CoreDataRules/KVCRuleSelfAssignment.swift /Users/admin/builder/spi-builder-workspace/Sources/DirectToSwiftUI/CoreDataRules/RuleKeyPathAssignment.swift /Users/admin/builder/spi-builder-workspace/Sources/DirectToSwiftUI/CoreDataRules/RuleKeyPathPredicateExtras.swift /Users/admin/builder/spi-builder-workspace/Sources/DirectToSwiftUI/CoreDataRules/RuleModelExtras.swift /Users/admin/builder/spi-builder-workspace/Sources/DirectToSwiftUI/CoreDataRules/RuleOperatorExtras.swift /Users/admin/builder/spi-builder-workspace/Sources/DirectToSwiftUI/CoreDataRules/ZeeQLRuleParser.swift /Users/admin/builder/spi-builder-workspace/Sources/DirectToSwiftUI/D2SMainView.swift /Users/admin/builder/spi-builder-workspace/Sources/DirectToSwiftUI/DefaultRules.swift /Users/admin/builder/spi-builder-workspace/Sources/DirectToSwiftUI/Environment/ContextKVC.swift /Users/admin/builder/spi-builder-workspace/Sources/DirectToSwiftUI/Environment/DefaultAssignment/DefaultAssignment.swift (in target 'DirectToSwiftUI' from project 'CoreDataToSwiftUI')
/Users/admin/builder/spi-builder-workspace/Sources/DirectToSwiftUI/CoreDataRules/KVCRulePredicate.swift:12:1: warning: extension declares a conformance of imported type 'NSPredicate' to imported protocol 'RulePredicate'; this will not behave correctly if the owners of 'Foundation' introduce this conformance in the future
10 | import struct   SwiftUIRules.RuleContext
11 |
12 | extension NSPredicate : RulePredicate {
   | |- warning: extension declares a conformance of imported type 'NSPredicate' to imported protocol 'RulePredicate'; this will not behave correctly if the owners of 'Foundation' introduce this conformance in the future
   | `- note: add '@retroactive' to silence this warning
13 |
14 |   public func evaluate(in ruleContext: RuleContext) -> Bool {
/Users/admin/builder/spi-builder-workspace/Sources/DirectToSwiftUI/CoreDataRules/KVCRuleSelfAssignment.swift:39:33: warning: generic parameter 'K' shadows generic parameter from outer scope with the same name; this is an error in the Swift 6 language mode
23 | * operation.
24 | */
25 | open class KVCRuleSelfAssignment<K: DynamicEnvironmentKey>
   |                                  `- note: 'K' previously declared here
26 |            : NSObject, RuleCandidate, RuleAction
27 | {
   :
37 |     return ObjectIdentifier(key)
38 |   }
39 |   public func isCandidateForKey<K: DynamicEnvironmentKey>(_ key: K.Type)
   |                                 `- warning: generic parameter 'K' shadows generic parameter from outer scope with the same name; this is an error in the Swift 6 language mode
40 |               -> Bool
41 |   {
/Users/admin/builder/spi-builder-workspace/Sources/DirectToSwiftUI/CoreDataRules/RuleKeyPathAssignment.swift:50:33: warning: generic parameter 'K' shadows generic parameter from outer scope with the same name; this is an error in the Swift 6 language mode
30 |  * @see RuleAssignment
31 |  */
32 | public struct RuleKeyPathAssignment<K: DynamicEnvironmentKey>
   |                                     `- note: 'K' previously declared here
33 |               : RuleCandidate, RuleAction
34 | {
   :
48 |     return ObjectIdentifier(key)
49 |   }
50 |   public func isCandidateForKey<K: DynamicEnvironmentKey>(_ key: K.Type)
   |                                 `- warning: generic parameter 'K' shadows generic parameter from outer scope with the same name; this is an error in the Swift 6 language mode
51 |               -> Bool
52 |   {
/Users/admin/builder/spi-builder-workspace/Sources/DirectToSwiftUI/CoreDataRules/RuleKeyPathPredicateExtras.swift:11:8: warning: generic parameter 'Value' shadows generic parameter from outer scope with the same name; this is an error in the Swift 6 language mode
 9 |   // Any Predicates to support NSManagedObject dynamic properties.
10 |
11 |   init<Value>(keyPath: Swift.KeyPath<RuleContext, Any?>, value: Value) {
   |        `- warning: generic parameter 'Value' shadows generic parameter from outer scope with the same name; this is an error in the Swift 6 language mode
12 |     self.init { ruleContext in
13 |       eq(ruleContext[keyPath: keyPath], value)
/Users/admin/builder/spi-builder-workspace/Sources/DirectToSwiftUI/CoreDataRules/RuleKeyPathPredicateExtras.swift:16:8: warning: generic parameter 'Value' shadows generic parameter from outer scope with the same name; this is an error in the Swift 6 language mode
14 |     }
15 |   }
16 |   init<Value>(keyPath: Swift.KeyPath<RuleContext, Any?>, value: Value?) {
   |        `- warning: generic parameter 'Value' shadows generic parameter from outer scope with the same name; this is an error in the Swift 6 language mode
17 |     self.init { ruleContext in
18 |       eq(ruleContext[keyPath: keyPath], value)
/Users/admin/builder/spi-builder-workspace/Sources/DirectToSwiftUI/CoreDataRules/RuleKeyPathPredicateExtras.swift:22:8: warning: generic parameter 'Value' shadows generic parameter from outer scope with the same name; this is an error in the Swift 6 language mode
20 |   }
21 |
22 |   init<Value>(keyPath: Swift.KeyPath<RuleContext, Any?>,
   |        `- warning: generic parameter 'Value' shadows generic parameter from outer scope with the same name; this is an error in the Swift 6 language mode
23 |               operation: SwiftUIRules.RuleComparisonOperation,
24 |               value: Value)
/Users/admin/builder/spi-builder-workspace/Sources/DirectToSwiftUI/CoreDataRules/RuleKeyPathPredicateExtras.swift:31:8: warning: generic parameter 'Value' shadows generic parameter from outer scope with the same name; this is an error in the Swift 6 language mode
29 |     }
30 |   }
31 |   init<Value>(keyPath: Swift.KeyPath<RuleContext, Any?>,
   |        `- warning: generic parameter 'Value' shadows generic parameter from outer scope with the same name; this is an error in the Swift 6 language mode
32 |               operation: SwiftUIRules.RuleComparisonOperation,
33 |               value: Value?)
/Users/admin/builder/spi-builder-workspace/Sources/DirectToSwiftUI/DefaultRules.swift:35:51: error: type 'BasicLook.Page' has no member 'QueryList'
 33 |   \.task == "list" && \.platform == .desktop
 34 |                       => \.page <= BasicLook.Page.AppKit.WindowQueryList(),
 35 |   \.task == "list"    => \.page <= BasicLook.Page.QueryList(),
    |                                                   `- error: type 'BasicLook.Page' has no member 'QueryList'
 36 |   \.task == "inspect" => \.page <= BasicLook.Page.Inspect(),
 37 |   \.task == "edit"    => \.page <= BasicLook.Page.Edit(),
/Users/admin/builder/spi-builder-workspace/Sources/DirectToSwiftUI/DefaultRules.swift:38:51: error: type 'BasicLook.Page' has no member 'Select'
 36 |   \.task == "inspect" => \.page <= BasicLook.Page.Inspect(),
 37 |   \.task == "edit"    => \.page <= BasicLook.Page.Edit(),
 38 |   \.task == "select"  => \.page <= BasicLook.Page.Select(),
    |                                                   `- error: type 'BasicLook.Page' has no member 'Select'
 39 |   // editrelationship
 40 |   // queryall
/Users/admin/builder/spi-builder-workspace/Sources/DirectToSwiftUI/Environment/DefaultAssignment/DefaultAssignment.swift:27:37: warning: expected member name or initializer call after type name; this is an error in the Swift 6 language mode
 25 |       // Hm, this recursion won't fly:
 26 |       // \.model.d2s.isDefault == true => \.model <= \.ruleObjectContext.model // '!'
 27 |       guard let model = ruleContext[D2SKeys.ruleObjectContext]
    |                                     |       |- note: add arguments after the type to construct a value of the type
    |                                     |       `- note: use '.self' to reference the type object
    |                                     `- warning: expected member name or initializer call after type name; this is an error in the Swift 6 language mode
 28 |                         .persistentStoreCoordinator?.managedObjectModel else {
 29 |         return D2SKeys.model.defaultValue
/Users/admin/builder/spi-builder-workspace/Sources/DirectToSwiftUI/Environment/DefaultAssignment/DefaultAssignment.swift:37:37: warning: expected member name or initializer call after type name; this is an error in the Swift 6 language mode
 35 |   static var attribute: A<D2SKeys.attribute> {
 36 |     .init { ruleContext in
 37 |       let entity      = ruleContext[D2SKeys.entity]
    |                                     |       |- note: add arguments after the type to construct a value of the type
    |                                     |       `- note: use '.self' to reference the type object
    |                                     `- warning: expected member name or initializer call after type name; this is an error in the Swift 6 language mode
 38 |       let propertyKey = ruleContext[D2SKeys.propertyKey]
 39 |       return entity[attribute: propertyKey]
/Users/admin/builder/spi-builder-workspace/Sources/DirectToSwiftUI/Environment/DefaultAssignment/DefaultAssignment.swift:38:37: warning: expected member name or initializer call after type name; this is an error in the Swift 6 language mode
 36 |     .init { ruleContext in
 37 |       let entity      = ruleContext[D2SKeys.entity]
 38 |       let propertyKey = ruleContext[D2SKeys.propertyKey]
    |                                     |       |- note: add arguments after the type to construct a value of the type
    |                                     |       `- note: use '.self' to reference the type object
    |                                     `- warning: expected member name or initializer call after type name; this is an error in the Swift 6 language mode
 39 |       return entity[attribute: propertyKey]
 40 |           ?? D2SKeys.attribute.defaultValue
/Users/admin/builder/spi-builder-workspace/Sources/DirectToSwiftUI/Environment/DefaultAssignment/DefaultAssignment.swift:45:37: warning: expected member name or initializer call after type name; this is an error in the Swift 6 language mode
 43 |   static var relationship: A<D2SKeys.relationship> {
 44 |     .init { ruleContext in
 45 |       let entity      = ruleContext[D2SKeys.entity]
    |                                     |       |- note: add arguments after the type to construct a value of the type
    |                                     |       `- note: use '.self' to reference the type object
    |                                     `- warning: expected member name or initializer call after type name; this is an error in the Swift 6 language mode
 46 |       let propertyKey = ruleContext[D2SKeys.propertyKey]
 47 |       return entity[relationship: propertyKey]
/Users/admin/builder/spi-builder-workspace/Sources/DirectToSwiftUI/Environment/DefaultAssignment/DefaultAssignment.swift:46:37: warning: expected member name or initializer call after type name; this is an error in the Swift 6 language mode
 44 |     .init { ruleContext in
 45 |       let entity      = ruleContext[D2SKeys.entity]
 46 |       let propertyKey = ruleContext[D2SKeys.propertyKey]
    |                                     |       |- note: add arguments after the type to construct a value of the type
    |                                     |       `- note: use '.self' to reference the type object
    |                                     `- warning: expected member name or initializer call after type name; this is an error in the Swift 6 language mode
 47 |       return entity[relationship: propertyKey]
 48 |           ?? D2SKeys.relationship.defaultValue
/Users/admin/builder/spi-builder-workspace/Sources/DirectToSwiftUI/Environment/DefaultAssignment/DefaultAssignment.swift:54:36: warning: expected member name or initializer call after type name; this is an error in the Swift 6 language mode
 52 |   static var isEntityReadOnly: A<D2SKeys.isEntityReadOnly> {
 53 |     .init { ruleContext in
 54 |       let entity     = ruleContext[D2SKeys.entity]
    |                                    |       |- note: add arguments after the type to construct a value of the type
    |                                    |       `- note: use '.self' to reference the type object
    |                                    `- warning: expected member name or initializer call after type name; this is an error in the Swift 6 language mode
 55 |       let roEntities = ruleContext[D2SKeys.readOnlyEntityNames]
 56 |       return roEntities.contains(entity.name ?? "")
/Users/admin/builder/spi-builder-workspace/Sources/DirectToSwiftUI/Environment/DefaultAssignment/DefaultAssignment.swift:55:36: warning: expected member name or initializer call after type name; this is an error in the Swift 6 language mode
 53 |     .init { ruleContext in
 54 |       let entity     = ruleContext[D2SKeys.entity]
 55 |       let roEntities = ruleContext[D2SKeys.readOnlyEntityNames]
    |                                    |       |- note: add arguments after the type to construct a value of the type
    |                                    |       `- note: use '.self' to reference the type object
    |                                    `- warning: expected member name or initializer call after type name; this is an error in the Swift 6 language mode
 56 |       return roEntities.contains(entity.name ?? "")
 57 |     }
/Users/admin/builder/spi-builder-workspace/Sources/DirectToSwiftUI/Environment/DefaultAssignment/DefaultAssignment.swift:60:41: warning: expected member name or initializer call after type name; this is an error in the Swift 6 language mode
 58 |   }
 59 |   static var isObjectEditable: A<D2SKeys.isObjectEditable> {
 60 |     .init { ruleContext in !ruleContext[D2SKeys.isEntityReadOnly] }
    |                                         |       |- note: add arguments after the type to construct a value of the type
    |                                         |       `- note: use '.self' to reference the type object
    |                                         `- warning: expected member name or initializer call after type name; this is an error in the Swift 6 language mode
 61 |   }
 62 |   static var isObjectDeletable: A<D2SKeys.isObjectDeletable> {
/Users/admin/builder/spi-builder-workspace/Sources/DirectToSwiftUI/Environment/DefaultAssignment/DefaultAssignment.swift:63:40: warning: expected member name or initializer call after type name; this is an error in the Swift 6 language mode
 61 |   }
 62 |   static var isObjectDeletable: A<D2SKeys.isObjectDeletable> {
 63 |     .init { ruleContext in ruleContext[D2SKeys.isObjectEditable] }
    |                                        |       |- note: add arguments after the type to construct a value of the type
    |                                        |       `- note: use '.self' to reference the type object
    |                                        `- warning: expected member name or initializer call after type name; this is an error in the Swift 6 language mode
 64 |   }
 65 |
/Users/admin/builder/spi-builder-workspace/Sources/DirectToSwiftUI/Environment/DefaultAssignment/DefaultAssignment.swift:68:37: warning: expected member name or initializer call after type name; this is an error in the Swift 6 language mode
 66 |   static var propertyValue: A<D2SKeys.propertyValue> {
 67 |     .init { ruleContext in
 68 |       let object      = ruleContext[D2SKeys.object]
    |                                     |       |- note: add arguments after the type to construct a value of the type
    |                                     |       `- note: use '.self' to reference the type object
    |                                     `- warning: expected member name or initializer call after type name; this is an error in the Swift 6 language mode
 69 |       let propertyKey = ruleContext[D2SKeys.propertyKey]
 70 |       return KeyValueCoding.value(forKeyPath: propertyKey, inObject: object)
/Users/admin/builder/spi-builder-workspace/Sources/DirectToSwiftUI/Environment/DefaultAssignment/DefaultAssignment.swift:69:37: warning: expected member name or initializer call after type name; this is an error in the Swift 6 language mode
 67 |     .init { ruleContext in
 68 |       let object      = ruleContext[D2SKeys.object]
 69 |       let propertyKey = ruleContext[D2SKeys.propertyKey]
    |                                     |       |- note: add arguments after the type to construct a value of the type
    |                                     |       `- note: use '.self' to reference the type object
    |                                     `- warning: expected member name or initializer call after type name; this is an error in the Swift 6 language mode
 70 |       return KeyValueCoding.value(forKeyPath: propertyKey, inObject: object)
 71 |     }
SwiftCompile normal arm64 /Users/admin/builder/spi-builder-workspace/Sources/DirectToSwiftUI/CoreDataRules/KVCRulePredicate.swift (in target 'DirectToSwiftUI' from project 'CoreDataToSwiftUI')
    cd /Users/admin/builder/spi-builder-workspace/.swiftpm/xcode
    builtin-SwiftPerFileCompile KVCRulePredicate.swift
SwiftCompile normal arm64 /Users/admin/builder/spi-builder-workspace/Sources/DirectToSwiftUI/CoreDataRules/KVCRuleSelfAssignment.swift (in target 'DirectToSwiftUI' from project 'CoreDataToSwiftUI')
    cd /Users/admin/builder/spi-builder-workspace/.swiftpm/xcode
    builtin-SwiftPerFileCompile KVCRuleSelfAssignment.swift
SwiftCompile normal arm64 /Users/admin/builder/spi-builder-workspace/Sources/DirectToSwiftUI/CoreDataRules/RuleKeyPathAssignment.swift (in target 'DirectToSwiftUI' from project 'CoreDataToSwiftUI')
    cd /Users/admin/builder/spi-builder-workspace/.swiftpm/xcode
    builtin-SwiftPerFileCompile RuleKeyPathAssignment.swift
SwiftCompile normal arm64 /Users/admin/builder/spi-builder-workspace/Sources/DirectToSwiftUI/CoreDataRules/RuleKeyPathPredicateExtras.swift (in target 'DirectToSwiftUI' from project 'CoreDataToSwiftUI')
    cd /Users/admin/builder/spi-builder-workspace/.swiftpm/xcode
    builtin-SwiftPerFileCompile RuleKeyPathPredicateExtras.swift
SwiftCompile normal arm64 /Users/admin/builder/spi-builder-workspace/Sources/DirectToSwiftUI/CoreDataRules/RuleModelExtras.swift (in target 'DirectToSwiftUI' from project 'CoreDataToSwiftUI')
    cd /Users/admin/builder/spi-builder-workspace/.swiftpm/xcode
    builtin-SwiftPerFileCompile RuleModelExtras.swift
SwiftCompile normal arm64 /Users/admin/builder/spi-builder-workspace/Sources/DirectToSwiftUI/CoreDataRules/RuleOperatorExtras.swift (in target 'DirectToSwiftUI' from project 'CoreDataToSwiftUI')
    cd /Users/admin/builder/spi-builder-workspace/.swiftpm/xcode
    builtin-SwiftPerFileCompile RuleOperatorExtras.swift
SwiftCompile normal arm64 /Users/admin/builder/spi-builder-workspace/Sources/DirectToSwiftUI/CoreDataRules/ZeeQLRuleParser.swift (in target 'DirectToSwiftUI' from project 'CoreDataToSwiftUI')
    cd /Users/admin/builder/spi-builder-workspace/.swiftpm/xcode
    builtin-SwiftPerFileCompile ZeeQLRuleParser.swift
SwiftCompile normal arm64 /Users/admin/builder/spi-builder-workspace/Sources/DirectToSwiftUI/D2SMainView.swift (in target 'DirectToSwiftUI' from project 'CoreDataToSwiftUI')
    cd /Users/admin/builder/spi-builder-workspace/.swiftpm/xcode
    builtin-SwiftPerFileCompile D2SMainView.swift
SwiftCompile normal arm64 /Users/admin/builder/spi-builder-workspace/Sources/DirectToSwiftUI/DefaultRules.swift (in target 'DirectToSwiftUI' from project 'CoreDataToSwiftUI')
    cd /Users/admin/builder/spi-builder-workspace/.swiftpm/xcode
    builtin-SwiftPerFileCompile DefaultRules.swift
SwiftCompile normal arm64 /Users/admin/builder/spi-builder-workspace/Sources/DirectToSwiftUI/Environment/ContextKVC.swift (in target 'DirectToSwiftUI' from project 'CoreDataToSwiftUI')
    cd /Users/admin/builder/spi-builder-workspace/.swiftpm/xcode
    builtin-SwiftPerFileCompile ContextKVC.swift
SwiftCompile normal arm64 /Users/admin/builder/spi-builder-workspace/Sources/DirectToSwiftUI/Environment/DefaultAssignment/DefaultAssignment.swift (in target 'DirectToSwiftUI' from project 'CoreDataToSwiftUI')
    cd /Users/admin/builder/spi-builder-workspace/.swiftpm/xcode
    builtin-SwiftPerFileCompile DefaultAssignment.swift
SwiftEmitModule normal arm64 Emitting\ module\ for\ DirectToSwiftUI (in target 'DirectToSwiftUI' from project 'CoreDataToSwiftUI')
/Users/admin/builder/spi-builder-workspace/Sources/DirectToSwiftUI/CoreDataRules/KVCRulePredicate.swift:12:1: warning: extension declares a conformance of imported type 'NSPredicate' to imported protocol 'RulePredicate'; this will not behave correctly if the owners of 'Foundation' introduce this conformance in the future
10 | import struct   SwiftUIRules.RuleContext
11 |
12 | extension NSPredicate : RulePredicate {
   | |- warning: extension declares a conformance of imported type 'NSPredicate' to imported protocol 'RulePredicate'; this will not behave correctly if the owners of 'Foundation' introduce this conformance in the future
   | `- note: add '@retroactive' to silence this warning
13 |
14 |   public func evaluate(in ruleContext: RuleContext) -> Bool {
/Users/admin/builder/spi-builder-workspace/Sources/DirectToSwiftUI/CoreDataRules/KVCRuleSelfAssignment.swift:39:33: warning: generic parameter 'K' shadows generic parameter from outer scope with the same name; this is an error in the Swift 6 language mode
23 | * operation.
24 | */
25 | open class KVCRuleSelfAssignment<K: DynamicEnvironmentKey>
   |                                  `- note: 'K' previously declared here
26 |            : NSObject, RuleCandidate, RuleAction
27 | {
   :
37 |     return ObjectIdentifier(key)
38 |   }
39 |   public func isCandidateForKey<K: DynamicEnvironmentKey>(_ key: K.Type)
   |                                 `- warning: generic parameter 'K' shadows generic parameter from outer scope with the same name; this is an error in the Swift 6 language mode
40 |               -> Bool
41 |   {
/Users/admin/builder/spi-builder-workspace/Sources/DirectToSwiftUI/CoreDataRules/RuleKeyPathAssignment.swift:50:33: warning: generic parameter 'K' shadows generic parameter from outer scope with the same name; this is an error in the Swift 6 language mode
30 |  * @see RuleAssignment
31 |  */
32 | public struct RuleKeyPathAssignment<K: DynamicEnvironmentKey>
   |                                     `- note: 'K' previously declared here
33 |               : RuleCandidate, RuleAction
34 | {
   :
48 |     return ObjectIdentifier(key)
49 |   }
50 |   public func isCandidateForKey<K: DynamicEnvironmentKey>(_ key: K.Type)
   |                                 `- warning: generic parameter 'K' shadows generic parameter from outer scope with the same name; this is an error in the Swift 6 language mode
51 |               -> Bool
52 |   {
/Users/admin/builder/spi-builder-workspace/Sources/DirectToSwiftUI/CoreDataRules/RuleKeyPathPredicateExtras.swift:11:8: warning: generic parameter 'Value' shadows generic parameter from outer scope with the same name; this is an error in the Swift 6 language mode
 9 |   // Any Predicates to support NSManagedObject dynamic properties.
10 |
11 |   init<Value>(keyPath: Swift.KeyPath<RuleContext, Any?>, value: Value) {
   |        `- warning: generic parameter 'Value' shadows generic parameter from outer scope with the same name; this is an error in the Swift 6 language mode
12 |     self.init { ruleContext in
13 |       eq(ruleContext[keyPath: keyPath], value)
/Users/admin/builder/spi-builder-workspace/Sources/DirectToSwiftUI/CoreDataRules/RuleKeyPathPredicateExtras.swift:16:8: warning: generic parameter 'Value' shadows generic parameter from outer scope with the same name; this is an error in the Swift 6 language mode
14 |     }
15 |   }
16 |   init<Value>(keyPath: Swift.KeyPath<RuleContext, Any?>, value: Value?) {
   |        `- warning: generic parameter 'Value' shadows generic parameter from outer scope with the same name; this is an error in the Swift 6 language mode
17 |     self.init { ruleContext in
18 |       eq(ruleContext[keyPath: keyPath], value)
/Users/admin/builder/spi-builder-workspace/Sources/DirectToSwiftUI/CoreDataRules/RuleKeyPathPredicateExtras.swift:22:8: warning: generic parameter 'Value' shadows generic parameter from outer scope with the same name; this is an error in the Swift 6 language mode
20 |   }
21 |
22 |   init<Value>(keyPath: Swift.KeyPath<RuleContext, Any?>,
   |        `- warning: generic parameter 'Value' shadows generic parameter from outer scope with the same name; this is an error in the Swift 6 language mode
23 |               operation: SwiftUIRules.RuleComparisonOperation,
24 |               value: Value)
/Users/admin/builder/spi-builder-workspace/Sources/DirectToSwiftUI/CoreDataRules/RuleKeyPathPredicateExtras.swift:31:8: warning: generic parameter 'Value' shadows generic parameter from outer scope with the same name; this is an error in the Swift 6 language mode
29 |     }
30 |   }
31 |   init<Value>(keyPath: Swift.KeyPath<RuleContext, Any?>,
   |        `- warning: generic parameter 'Value' shadows generic parameter from outer scope with the same name; this is an error in the Swift 6 language mode
32 |               operation: SwiftUIRules.RuleComparisonOperation,
33 |               value: Value?)
/Users/admin/builder/spi-builder-workspace/Sources/DirectToSwiftUI/DefaultRules.swift:35:51: error: type 'BasicLook.Page' has no member 'QueryList'
 33 |   \.task == "list" && \.platform == .desktop
 34 |                       => \.page <= BasicLook.Page.AppKit.WindowQueryList(),
 35 |   \.task == "list"    => \.page <= BasicLook.Page.QueryList(),
    |                                                   `- error: type 'BasicLook.Page' has no member 'QueryList'
 36 |   \.task == "inspect" => \.page <= BasicLook.Page.Inspect(),
 37 |   \.task == "edit"    => \.page <= BasicLook.Page.Edit(),
/Users/admin/builder/spi-builder-workspace/Sources/DirectToSwiftUI/DefaultRules.swift:38:51: error: type 'BasicLook.Page' has no member 'Select'
 36 |   \.task == "inspect" => \.page <= BasicLook.Page.Inspect(),
 37 |   \.task == "edit"    => \.page <= BasicLook.Page.Edit(),
 38 |   \.task == "select"  => \.page <= BasicLook.Page.Select(),
    |                                                   `- error: type 'BasicLook.Page' has no member 'Select'
 39 |   // editrelationship
 40 |   // queryall
/Users/admin/builder/spi-builder-workspace/Sources/DirectToSwiftUI/Support/ComparisonOperation.swift:11:1: warning: extension declares a conformance of imported type 'Operator' to imported protocol 'Equatable'; this will not behave correctly if the owners of 'Foundation' introduce this conformance in the future
 9 | import Foundation
10 |
11 | extension NSComparisonPredicate.Operator: Equatable {
   | |- warning: extension declares a conformance of imported type 'Operator' to imported protocol 'Equatable'; this will not behave correctly if the owners of 'Foundation' introduce this conformance in the future
   | `- note: add '@retroactive' to silence this warning
12 |
13 |   public static func ==(lhs: NSComparisonPredicate.Operator,
/Users/admin/builder/spi-builder-workspace/Sources/DirectToSwiftUI/Support/CoreData/DummyImplementations.swift:13:22: warning: class 'D2SDummyObjectContext' must restate inherited '@unchecked Sendable' conformance
11 | // optionals in Views. Which may or may not be a good decision.
12 |
13 | internal final class D2SDummyObjectContext: NSManagedObjectContext {
   |                      `- warning: class 'D2SDummyObjectContext' must restate inherited '@unchecked Sendable' conformance
14 |   static let shared : NSManagedObjectContext = D2SDummyObjectContext()
15 |   init() {
/Users/admin/builder/spi-builder-workspace/Sources/DirectToSwiftUI/Support/CoreData/ManagedObjectBindings.swift:16:1: warning: extension declares a conformance of imported type 'NSManagedObject' to imported protocol 'Identifiable'; this will not behave correctly if the owners of 'CoreData' introduce this conformance in the future
 14 | }
 15 |
 16 | extension NSManagedObject: Identifiable {
    | |- warning: extension declares a conformance of imported type 'NSManagedObject' to imported protocol 'Identifiable'; this will not behave correctly if the owners of 'CoreData' introduce this conformance in the future
    | `- note: add '@retroactive' to silence this warning
 17 |
 18 |   // TODO: use the pkey/GID instead. This uses the ObjectIdentifier.
/Users/admin/builder/spi-builder-workspace/Sources/DirectToSwiftUI/ViewModel/D2SFault.swift:23:25: warning: generic parameter 'Object' shadows generic parameter from outer scope with the same name; this is an error in the Swift 6 language mode
 13 | }
 14 |
 15 | public enum D2SFault<Object /*: AnyObject*/, Resolver>
    |                      `- note: 'Object' previously declared here
 16 |               where Resolver: D2SFaultResolver
 17 | {
    :
 21 |
 22 |   /// Keep an object reference as unowned, to break cycles
 23 |   public struct Unowned<Object: AnyObject> {
    |                         `- warning: generic parameter 'Object' shadows generic parameter from outer scope with the same name; this is an error in the Swift 6 language mode
 24 |     unowned let object: Object
 25 |   }
/Users/admin/builder/spi-builder-workspace/Sources/DirectToSwiftUI/ViewModel/SparseFaultArray.swift:132:22: warning: class 'IndexGlobalID' must restate inherited '@unchecked Sendable' conformance
130 | }
131 |
132 | internal final class IndexGlobalID : NSManagedObjectID {
    |                      `- warning: class 'IndexGlobalID' must restate inherited '@unchecked Sendable' conformance
133 |
134 |   private static let sharedIndexGIDs : [ IndexGlobalID ] = { // prealloc some
Failed frontend command:
/Applications/Xcode-27.0.0-Release.Candidate.app/Contents/Developer/Toolchains/XcodeDefault.xctoolchain/usr/bin/swift-frontend -frontend -emit-module -experimental-skip-non-inlinable-function-bodies-without-types /Users/admin/builder/spi-builder-workspace/Sources/DirectToSwiftUI/CoreDataRules/KVCRulePredicate.swift /Users/admin/builder/spi-builder-workspace/Sources/DirectToSwiftUI/CoreDataRules/KVCRuleSelfAssignment.swift /Users/admin/builder/spi-builder-workspace/Sources/DirectToSwiftUI/CoreDataRules/RuleKeyPathAssignment.swift /Users/admin/builder/spi-builder-workspace/Sources/DirectToSwiftUI/CoreDataRules/RuleKeyPathPredicateExtras.swift /Users/admin/builder/spi-builder-workspace/Sources/DirectToSwiftUI/CoreDataRules/RuleModelExtras.swift /Users/admin/builder/spi-builder-workspace/Sources/DirectToSwiftUI/CoreDataRules/RuleOperatorExtras.swift /Users/admin/builder/spi-builder-workspace/Sources/DirectToSwiftUI/CoreDataRules/ZeeQLRuleParser.swift /Users/admin/builder/spi-builder-workspace/Sources/DirectToSwiftUI/D2SMainView.swift /Users/admin/builder/spi-builder-workspace/Sources/DirectToSwiftUI/DefaultRules.swift /Users/admin/builder/spi-builder-workspace/Sources/DirectToSwiftUI/Environment/ContextKVC.swift /Users/admin/builder/spi-builder-workspace/Sources/DirectToSwiftUI/Environment/DefaultAssignment/DefaultAssignment.swift /Users/admin/builder/spi-builder-workspace/Sources/DirectToSwiftUI/Environment/DefaultAssignment/EntityDefaults.swift /Users/admin/builder/spi-builder-workspace/Sources/DirectToSwiftUI/Environment/DefaultAssignment/ManagedContextDefaults.swift /Users/admin/builder/spi-builder-workspace/Sources/DirectToSwiftUI/Environment/DefaultAssignment/ManagedObjectDefaults.swift /Users/admin/builder/spi-builder-workspace/Sources/DirectToSwiftUI/Environment/DefaultAssignment/ModelDefaults.swift /Users/admin/builder/spi-builder-workspace/Sources/DirectToSwiftUI/Environment/EnvironmentKeys.swift /Users/admin/builder/spi-builder-workspace/Sources/DirectToSwiftUI/Environment/EnvironmentPathes.swift /Users/admin/builder/spi-builder-workspace/Sources/DirectToSwiftUI/Environment/ViewModifiers.swift /Users/admin/builder/spi-builder-workspace/Sources/DirectToSwiftUI/Support/AppKit/D2SInspectWindow.swift /Users/admin/builder/spi-builder-workspace/Sources/DirectToSwiftUI/Support/AppKit/D2SMainWindow.swift /Users/admin/builder/spi-builder-workspace/Sources/DirectToSwiftUI/Support/AttributeValue.swift /Users/admin/builder/spi-builder-workspace/Sources/DirectToSwiftUI/Support/ComparisonOperation.swift /Users/admin/builder/spi-builder-workspace/Sources/DirectToSwiftUI/Support/CoreData/AttributeExtras.swift /Users/admin/builder/spi-builder-workspace/Sources/DirectToSwiftUI/Support/CoreData/D2SEditValidation.swift /Users/admin/builder/spi-builder-workspace/Sources/DirectToSwiftUI/Support/CoreData/DataSource.swift /Users/admin/builder/spi-builder-workspace/Sources/DirectToSwiftUI/Support/CoreData/DetailDataSource.swift /Users/admin/builder/spi-builder-workspace/Sources/DirectToSwiftUI/Support/CoreData/DummyImplementations.swift /Users/admin/builder/spi-builder-workspace/Sources/DirectToSwiftUI/Support/CoreData/EntityExtras.swift /Users/admin/builder/spi-builder-workspace/Sources/DirectToSwiftUI/Support/CoreData/FetchRequestExtras.swift /Users/admin/builder/spi-builder-workspace/Sources/DirectToSwiftUI/Support/CoreData/KVCBindings.swift /Users/admin/builder/spi-builder-workspace/Sources/DirectToSwiftUI/Support/CoreData/ManagedObjectBindings.swift /Users/admin/builder/spi-builder-workspace/Sources/DirectToSwiftUI/Support/CoreData/ModelExtras.swift /Users/admin/builder/spi-builder-workspace/Sources/DirectToSwiftUI/Support/CoreData/PredicateExtras.swift /Users/admin/builder/spi-builder-workspace/Sources/DirectToSwiftUI/Support/EquatableType.swift /Users/admin/builder/spi-builder-workspace/Sources/DirectToSwiftUI/Support/FoundationExtras.swift /Users/admin/builder/spi-builder-workspace/Sources/DirectToSwiftUI/Support/Hashes.swift /Users/admin/builder/spi-builder-workspace/Sources/DirectToSwiftUI/Support/KeyValueCodingType.swift /Users/admin/builder/spi-builder-workspace/Sources/DirectToSwiftUI/Support/Logger.swift /Users/admin/builder/spi-builder-workspace/Sources/DirectToSwiftUI/Support/Platform.swift /Users/admin/builder/spi-builder-workspace/Sources/DirectToSwiftUI/Support/ReExport.swift /Users/admin/builder/spi-builder-workspace/Sources/DirectToSwiftUI/Support/SwiftUI/D2STransformingFormatter.swift /Users/admin/builder/spi-builder-workspace/Sources/DirectToSwiftUI/Support/SwiftUI/FormatterBinding.swift /Users/admin/builder/spi-builder-workspace/Sources/DirectToSwiftUI/ViewModel/D2SDisplayGroup.swift /Users/admin/builder/spi-builder-workspace/Sources/DirectToSwiftUI/ViewModel/D2SFault.swift /Users/admin/builder/spi-builder-workspace/Sources/DirectToSwiftUI/ViewModel/D2SObjectAction.swift /Users/admin/builder/spi-builder-workspace/Sources/DirectToSwiftUI/ViewModel/D2SRuleEnvironment.swift /Users/admin/builder/spi-builder-workspace/Sources/DirectToSwiftUI/ViewModel/D2SToOneFetch.swift /Users/admin/builder/spi-builder-workspace/Sources/DirectToSwiftUI/ViewModel/SparseFaultArray.swift /Users/admin/builder/spi-builder-workspace/Sources/DirectToSwiftUI/Views/BasicLook/BasicLook.swift /Users/admin/builder/spi-builder-workspace/Sources/DirectToSwiftUI/Views/BasicLook/PageWrapper/EntityMasterDetailPage.swift /Users/admin/builder/spi-builder-workspace/Sources/DirectToSwiftUI/Views/BasicLook/PageWrapper/EntitySidebar.swift /Users/admin/builder/spi-builder-workspace/Sources/DirectToSwiftUI/Views/BasicLook/PageWrapper/MasterDetail.swift /Users/admin/builder/spi-builder-workspace/Sources/DirectToSwiftUI/Views/BasicLook/PageWrapper/NavigationPage.swift /Users/admin/builder/spi-builder-workspace/Sources/DirectToSwiftUI/Views/BasicLook/Pages/AppKit/WindowQueryList.swift /Users/admin/builder/spi-builder-workspace/Sources/DirectToSwiftUI/Views/BasicLook/Pages/Edit.swift /Users/admin/builder/spi-builder-workspace/Sources/DirectToSwiftUI/Views/BasicLook/Pages/EntityList.swift /Users/admin/builder/spi-builder-workspace/Sources/DirectToSwiftUI/Views/BasicLook/Pages/Inspect.swift /Users/admin/builder/spi-builder-workspace/Sources/DirectToSwiftUI/Views/BasicLook/Pages/Login.swift /Users/admin/builder/spi-builder-workspace/Sources/DirectToSwiftUI/Views/BasicLook/Pages/QueryList.swift /Users/admin/builder/spi-builder-workspace/Sources/DirectToSwiftUI/Views/BasicLook/Pages/Select.swift /Users/admin/builder/spi-builder-workspace/Sources/DirectToSwiftUI/Views/BasicLook/Pages/SmallQueryList.swift /Users/admin/builder/spi-builder-workspace/Sources/DirectToSwiftUI/Views/BasicLook/Pages/UIKit/MobileQueryList.swift /Users/admin/builder/spi-builder-workspace/Sources/DirectToSwiftUI/Views/BasicLook/Pages/UIKit/MobileSelect.swift /Users/admin/builder/spi-builder-workspace/Sources/DirectToSwiftUI/Views/BasicLook/Properties/Display/DisplayBool.swift /Users/admin/builder/spi-builder-workspace/Sources/DirectToSwiftUI/Views/BasicLook/Properties/Display/DisplayDate.swift /Users/admin/builder/spi-builder-workspace/Sources/DirectToSwiftUI/Views/BasicLook/Properties/Display/DisplayEmail.swift /Users/admin/builder/spi-builder-workspace/Sources/DirectToSwiftUI/Views/BasicLook/Properties/Display/DisplayPassword.swift /Users/admin/builder/spi-builder-workspace/Sources/DirectToSwiftUI/Views/BasicLook/Properties/Display/DisplayString.swift /Users/admin/builder/spi-builder-workspace/Sources/DirectToSwiftUI/Views/BasicLook/Properties/Edit/EditBool.swift /Users/admin/builder/spi-builder-workspace/Sources/DirectToSwiftUI/Views/BasicLook/Properties/Edit/EditDate.swift /Users/admin/builder/spi-builder-workspace/Sources/DirectToSwiftUI/Views/BasicLook/Properties/Edit/EditLargeString.swift /Users/admin/builder/spi-builder-workspace/Sources/DirectToSwiftUI/Views/BasicLook/Properties/Edit/EditNumber.swift /Users/admin/builder/spi-builder-workspace/Sources/DirectToSwiftUI/Views/BasicLook/Properties/Edit/EditString.swift /Users/admin/builder/spi-builder-workspace/Sources/DirectToSwiftUI/Views/BasicLook/Properties/Relationships/DisplayToOneSummary.swift /Users/admin/builder/spi-builder-workspace/Sources/DirectToSwiftUI/Views/BasicLook/Properties/Relationships/DisplayToOneTitle.swift /Users/admin/builder/spi-builder-workspace/Sources/DirectToSwiftUI/Views/BasicLook/Properties/Relationships/EditToOne.swift /Users/admin/builder/spi-builder-workspace/Sources/DirectToSwiftUI/Views/BasicLook/Reusable/D2SComponentView.swift /Users/admin/builder/spi-builder-workspace/Sources/DirectToSwiftUI/Views/BasicLook/Reusable/D2SDisplayProperties.swift /Users/admin/builder/spi-builder-workspace/Sources/DirectToSwiftUI/Views/BasicLook/Reusable/D2SDisplayPropertiesList.swift /Users/admin/builder/spi-builder-workspace/Sources/DirectToSwiftUI/Views/BasicLook/Reusable/D2SFaultContainer.swift /Users/admin/builder/spi-builder-workspace/Sources/DirectToSwiftUI/Views/BasicLook/Reusable/D2SFaultObjectLink.swift /Users/admin/builder/spi-builder-workspace/Sources/DirectToSwiftUI/Views/BasicLook/Reusable/D2SNavigationLink.swift /Users/admin/builder/spi-builder-workspace/Sources/DirectToSwiftUI/Views/BasicLook/Reusable/D2SNilText.swift /Users/admin/builder/spi-builder-workspace/Sources/DirectToSwiftUI/Views/BasicLook/Reusable/D2SPropertyName.swift /Users/admin/builder/spi-builder-workspace/Sources/DirectToSwiftUI/Views/BasicLook/Reusable/D2SRowFault.swift /Users/admin/builder/spi-builder-workspace/Sources/DirectToSwiftUI/Views/BasicLook/Reusable/D2SSummaryView.swift /Users/admin/builder/spi-builder-workspace/Sources/DirectToSwiftUI/Views/BasicLook/Reusable/D2STitleText.swift /Users/admin/builder/spi-builder-workspace/Sources/DirectToSwiftUI/Views/BasicLook/Reusable/D2STitledSummaryView.swift /Users/admin/builder/spi-builder-workspace/Sources/DirectToSwiftUI/Views/BasicLook/Reusable/D2SToOneContainer.swift /Users/admin/builder/spi-builder-workspace/Sources/DirectToSwiftUI/Views/BasicLook/Reusable/D2SToOneLink.swift /Users/admin/builder/spi-builder-workspace/Sources/DirectToSwiftUI/Views/BasicLook/Rows/NamedToManyLink.swift /Users/admin/builder/spi-builder-workspace/Sources/DirectToSwiftUI/Views/BasicLook/Rows/PropertyNameAsTitle.swift /Users/admin/builder/spi-builder-workspace/Sources/DirectToSwiftUI/Views/BasicLook/Rows/PropertyNameValue.swift /Users/admin/builder/spi-builder-workspace/Sources/DirectToSwiftUI/Views/BasicLook/Rows/PropertyValue.swift /Users/admin/builder/spi-builder-workspace/Sources/DirectToSwiftUI/Views/Debug/D2SDebugBox.swift /Users/admin/builder/spi-builder-workspace/Sources/DirectToSwiftUI/Views/Debug/D2SDebugEntityDetails.swift /Users/admin/builder/spi-builder-workspace/Sources/DirectToSwiftUI/Views/Debug/D2SDebugEntityInfo.swift /Users/admin/builder/spi-builder-workspace/Sources/DirectToSwiftUI/Views/Debug/D2SDebugFormatter.swift /Users/admin/builder/spi-builder-workspace/Sources/DirectToSwiftUI/Views/Debug/D2SDebugLabel.swift /Users/admin/builder/spi-builder-workspace/Sources/DirectToSwiftUI/Views/Debug/D2SDebugMOCInfo.swift /Users/admin/builder/spi-builder-workspace/Sources/DirectToSwiftUI/Views/Debug/D2SDebugObjectEditInfo.swift /Users/admin/builder/spi-builder-workspace/Sources/DirectToSwiftUI/Views/DefaultLook.swift /Users/admin/builder/spi-builder-workspace/Sources/DirectToSwiftUI/Views/Generic/D2SEntityPageView.swift /Users/admin/builder/spi-builder-workspace/Sources/DirectToSwiftUI/Views/Generic/D2SPageView.swift /Users/admin/builder/spi-builder-workspace/Sources/DirectToSwiftUI/Views/Misc/ListEnabledDatePicker.swift /Users/admin/builder/spi-builder-workspace/Sources/DirectToSwiftUI/Views/Misc/MultilineEditor.swift /Users/admin/builder/spi-builder-workspace/Sources/DirectToSwiftUI/Views/Misc/SearchField.swift /Users/admin/builder/spi-builder-workspace/Sources/DirectToSwiftUI/Views/Misc/Spinner.swift -target arm64-apple-xros1.0 -module-can-import-version UIKit 9127.0.84.1 9127.0.84 -disable-cross-import-overlay-search -swift-module-cross-import CoreData /Applications/Xcode-27.0.0-Release.Candidate.app/Contents/Developer/Platforms/XROS.platform/Developer/SDKs/XROS.sdk/System/Library/Frameworks/CoreData.framework/Modules/CoreData.swiftcrossimport/CloudKit.swiftoverlay -swift-module-cross-import CoreData /Applications/Xcode-27.0.0-Release.Candidate.app/Contents/Developer/Platforms/XROS.platform/Developer/SDKs/XROS27.0.sdk/System/Library/Frameworks/CoreData.framework/Modules/CoreData.swiftcrossimport/CloudKit.swiftoverlay -swift-module-cross-import Darwin /Applications/Xcode-27.0.0-Release.Candidate.app/Contents/Developer/Platforms/XROS.platform/Developer/SDKs/XROS.sdk/usr/include/Darwin.swiftcrossimport/xlocale.swiftoverlay -load-resolved-plugin /Applications/Xcode-27.0.0-Release.Candidate.app/Contents/Developer/Platforms/XROS.platform/Developer/usr/lib/swift/host/plugins/libFoundationMacros.dylib\#/Applications/Xcode-27.0.0-Release.Candidate.app/Contents/Developer/Platforms/XROS.platform/Developer/usr/bin/swift-plugin-server\#FoundationMacros -load-resolved-plugin /Applications/Xcode-27.0.0-Release.Candidate.app/Contents/Developer/Platforms/XROS.platform/Developer/usr/lib/swift/host/plugins/libObservationMacros.dylib\#/Applications/Xcode-27.0.0-Release.Candidate.app/Contents/Developer/Platforms/XROS.platform/Developer/usr/bin/swift-plugin-server\#ObservationMacros -load-resolved-plugin /Applications/Xcode-27.0.0-Release.Candidate.app/Contents/Developer/Platforms/XROS.platform/Developer/usr/lib/swift/host/plugins/libPreviewsMacros.dylib\#/Applications/Xcode-27.0.0-Release.Candidate.app/Contents/Developer/Platforms/XROS.platform/Developer/usr/bin/swift-plugin-server\#PreviewsMacros -load-resolved-plugin /Applications/Xcode-27.0.0-Release.Candidate.app/Contents/Developer/Platforms/XROS.platform/Developer/usr/lib/swift/host/plugins/libSwiftMacros.dylib\#/Applications/Xcode-27.0.0-Release.Candidate.app/Contents/Developer/Platforms/XROS.platform/Developer/usr/bin/swift-plugin-server\#SwiftMacros -load-resolved-plugin /Applications/Xcode-27.0.0-Release.Candidate.app/Contents/Developer/Platforms/XROS.platform/Developer/usr/lib/swift/host/plugins/libSwiftUIMacros.dylib\#/Applications/Xcode-27.0.0-Release.Candidate.app/Contents/Developer/Platforms/XROS.platform/Developer/usr/bin/swift-plugin-server\#SwiftUIMacros -disable-implicit-swift-modules -Xcc -fno-implicit-modules -Xcc -fno-implicit-module-maps -explicit-swift-module-map-file /Users/admin/builder/spi-builder-workspace/.derivedData/Build/Intermediates.noindex/CoreDataToSwiftUI.build/Debug-xros/DirectToSwiftUI-t.build/Objects-normal/arm64/DirectToSwiftUI-dependencies-1.json -Xllvm -aarch64-use-tbi -enable-objc-interop -stack-check -sdk /Applications/Xcode-27.0.0-Release.Candidate.app/Contents/Developer/Platforms/XROS.platform/Developer/SDKs/XROS27.0.sdk -I /Users/admin/builder/spi-builder-workspace/.derivedData/Build/Products/Debug-xros -Isystem /Applications/Xcode-27.0.0-Release.Candidate.app/Contents/Developer/Platforms/XROS.platform/Developer/usr/lib -F /Users/admin/builder/spi-builder-workspace/.derivedData/Build/Products/Debug-xros/PackageFrameworks -F /Users/admin/builder/spi-builder-workspace/.derivedData/Build/Products/Debug-xros -F /Applications/Xcode-27.0.0-Release.Candidate.app/Contents/Developer/Platforms/XROS.platform/Developer/Library/Frameworks -F /Applications/Xcode-27.0.0-Release.Candidate.app/Contents/Developer/Platforms/XROS.platform/Developer/SDKs/XROS27.0.sdk/Developer/Library/Frameworks -module-cache-path /Users/admin/builder/spi-builder-workspace/.derivedData/Build/Intermediates.noindex/SwiftExplicitPrecompiledModules -no-color-diagnostics -Xcc -fno-color-diagnostics -enable-testing -g -debug-info-format\=dwarf -dwarf-version\=4 -swift-version 5 -Onone -D SWIFT_PACKAGE -D DEBUG -D SWIFT_MODULE_RESOURCE_BUNDLE_UNAVAILABLE -D Xcode -serialize-debugging-options -enable-experimental-feature DebugDescriptionMacro -empty-abi-descriptor -validate-clang-modules-once -clang-build-session-file /Users/admin/builder/spi-builder-workspace/.derivedData/ModuleCache.noindex/Session.modulevalidation -Xcc -working-directory -Xcc /Users/admin/builder/spi-builder-workspace/.swiftpm/xcode -enable-anonymous-context-mangled-names -file-compilation-dir /Users/admin/builder/spi-builder-workspace/.swiftpm/xcode -Xcc -D_LIBCPP_HARDENING_MODE\=_LIBCPP_HARDENING_MODE_DEBUG -Xcc -ivfsstatcache -Xcc /Users/admin/builder/spi-builder-workspace/.derivedData/SDKStatCaches.noindex/xros27.0-24M361-e829b21a6f8c9b70876ba0858053c044735bd543db762f57723cac368afd1ce4.sdkstatcache -Xcc -fmodules-prune-interval\=86400 -Xcc -fmodules-prune-after\=345600 -Xcc -I/Users/admin/builder/spi-builder-workspace/.derivedData/Build/Products/Debug-xros/include -Xcc -I/Users/admin/builder/spi-builder-workspace/.derivedData/Build/Intermediates.noindex/CoreDataToSwiftUI.build/Debug-xros/DirectToSwiftUI-t.build/DerivedSources-normal/arm64 -Xcc -I/Users/admin/builder/spi-builder-workspace/.derivedData/Build/Intermediates.noindex/CoreDataToSwiftUI.build/Debug-xros/DirectToSwiftUI-t.build/DerivedSources/arm64 -Xcc -I/Users/admin/builder/spi-builder-workspace/.derivedData/Build/Intermediates.noindex/CoreDataToSwiftUI.build/Debug-xros/DirectToSwiftUI-t.build/DerivedSources -Xcc -DSWIFT_PACKAGE -Xcc -DDEBUG\=1 -no-auto-bridging-header-chaining -module-name DirectToSwiftUI -const-gather-protocols-file /Users/admin/builder/spi-builder-workspace/.derivedData/Build/Intermediates.noindex/CoreDataToSwiftUI.build/Debug-xros/DirectToSwiftUI-t.build/Objects-normal/arm64/DirectToSwiftUI_const_extract_protocols.json -disable-clang-spi -clang-target arm64-apple-xros27.0 -target-sdk-version 27.0 -target-sdk-name xros27.0 -in-process-plugin-server-path /Applications/Xcode-27.0.0-Release.Candidate.app/Contents/Developer/Toolchains/XcodeDefault.xctoolchain/usr/lib/swift/host/libSwiftInProcPluginServer.dylib -emit-module-doc-path /Users/admin/builder/spi-builder-workspace/.derivedData/Build/Intermediates.noindex/CoreDataToSwiftUI.build/Debug-xros/DirectToSwiftUI-t.build/Objects-normal/arm64/DirectToSwiftUI.swiftdoc -emit-module-source-info-path /Users/admin/builder/spi-builder-workspace/.derivedData/Build/Intermediates.noindex/CoreDataToSwiftUI.build/Debug-xros/DirectToSwiftUI-t.build/Objects-normal/arm64/DirectToSwiftUI.swiftsourceinfo -emit-objc-header-path /Users/admin/builder/spi-builder-workspace/.derivedData/Build/Intermediates.noindex/CoreDataToSwiftUI.build/Debug-xros/DirectToSwiftUI-t.build/Objects-normal/arm64/DirectToSwiftUI-Swift.h -serialize-diagnostics-path /Users/admin/builder/spi-builder-workspace/.derivedData/Build/Intermediates.noindex/CoreDataToSwiftUI.build/Debug-xros/DirectToSwiftUI-t.build/Objects-normal/arm64/DirectToSwiftUI-primary-emit-module.dia -emit-dependencies-path /Users/admin/builder/spi-builder-workspace/.derivedData/Build/Intermediates.noindex/CoreDataToSwiftUI.build/Debug-xros/DirectToSwiftUI-t.build/Objects-normal/arm64/DirectToSwiftUI-primary-emit-module.d -parse-as-library -o /Users/admin/builder/spi-builder-workspace/.derivedData/Build/Intermediates.noindex/CoreDataToSwiftUI.build/Debug-xros/DirectToSwiftUI-t.build/Objects-normal/arm64/DirectToSwiftUI.swiftmodule -emit-abi-descriptor-path /Users/admin/builder/spi-builder-workspace/.derivedData/Build/Intermediates.noindex/CoreDataToSwiftUI.build/Debug-xros/DirectToSwiftUI-t.build/Objects-normal/arm64/DirectToSwiftUI.abi.json
SwiftCompile normal arm64 (in target 'DirectToSwiftUI' from project 'CoreDataToSwiftUI')
    cd /Users/admin/builder/spi-builder-workspace/.swiftpm/xcode

SwiftCompile normal arm64 Compiling\ D2SDisplayProperties.swift,\ D2SDisplayPropertiesList.swift,\ D2SFaultContainer.swift,\ D2SFaultObjectLink.swift,\ D2SNavigationLink.swift,\ D2SNilText.swift,\ D2SPropertyName.swift,\ D2SRowFault.swift,\ D2SSummaryView.swift,\ D2STitleText.swift,\ D2STitledSummaryView.swift /Users/admin/builder/spi-builder-workspace/Sources/DirectToSwiftUI/Views/BasicLook/Reusable/D2SDisplayProperties.swift /Users/admin/builder/spi-builder-workspace/Sources/DirectToSwiftUI/Views/BasicLook/Reusable/D2SDisplayPropertiesList.swift /Users/admin/builder/spi-builder-workspace/Sources/DirectToSwiftUI/Views/BasicLook/Reusable/D2SFaultContainer.swift /Users/admin/builder/spi-builder-workspace/Sources/DirectToSwiftUI/Views/BasicLook/Reusable/D2SFaultObjectLink.swift /Users/admin/builder/spi-builder-workspace/Sources/DirectToSwiftUI/Views/BasicLook/Reusable/D2SNavigationLink.swift /Users/admin/builder/spi-builder-workspace/Sources/DirectToSwiftUI/Views/BasicLook/Reusable/D2SNilText.swift /Users/admin/builder/spi-builder-workspace/Sources/DirectToSwiftUI/Views/BasicLook/Reusable/D2SPropertyName.swift /Users/admin/builder/spi-builder-workspace/Sources/DirectToSwiftUI/Views/BasicLook/Reusable/D2SRowFault.swift /Users/admin/builder/spi-builder-workspace/Sources/DirectToSwiftUI/Views/BasicLook/Reusable/D2SSummaryView.swift /Users/admin/builder/spi-builder-workspace/Sources/DirectToSwiftUI/Views/BasicLook/Reusable/D2STitleText.swift /Users/admin/builder/spi-builder-workspace/Sources/DirectToSwiftUI/Views/BasicLook/Reusable/D2STitledSummaryView.swift (in target 'DirectToSwiftUI' from project 'CoreDataToSwiftUI')
SwiftCompile normal arm64 /Users/admin/builder/spi-builder-workspace/Sources/DirectToSwiftUI/Views/BasicLook/Reusable/D2SDisplayProperties.swift (in target 'DirectToSwiftUI' from project 'CoreDataToSwiftUI')
    cd /Users/admin/builder/spi-builder-workspace/.swiftpm/xcode
    builtin-SwiftPerFileCompile D2SDisplayProperties.swift
SwiftCompile normal arm64 /Users/admin/builder/spi-builder-workspace/Sources/DirectToSwiftUI/Views/BasicLook/Reusable/D2SDisplayPropertiesList.swift (in target 'DirectToSwiftUI' from project 'CoreDataToSwiftUI')
    cd /Users/admin/builder/spi-builder-workspace/.swiftpm/xcode
    builtin-SwiftPerFileCompile D2SDisplayPropertiesList.swift
SwiftCompile normal arm64 /Users/admin/builder/spi-builder-workspace/Sources/DirectToSwiftUI/Views/BasicLook/Reusable/D2SFaultContainer.swift (in target 'DirectToSwiftUI' from project 'CoreDataToSwiftUI')
    cd /Users/admin/builder/spi-builder-workspace/.swiftpm/xcode
    builtin-SwiftPerFileCompile D2SFaultContainer.swift
SwiftCompile normal arm64 /Users/admin/builder/spi-builder-workspace/Sources/DirectToSwiftUI/Views/BasicLook/Reusable/D2SFaultObjectLink.swift (in target 'DirectToSwiftUI' from project 'CoreDataToSwiftUI')
    cd /Users/admin/builder/spi-builder-workspace/.swiftpm/xcode
    builtin-SwiftPerFileCompile D2SFaultObjectLink.swift
SwiftCompile normal arm64 /Users/admin/builder/spi-builder-workspace/Sources/DirectToSwiftUI/Views/BasicLook/Reusable/D2SNavigationLink.swift (in target 'DirectToSwiftUI' from project 'CoreDataToSwiftUI')
    cd /Users/admin/builder/spi-builder-workspace/.swiftpm/xcode
    builtin-SwiftPerFileCompile D2SNavigationLink.swift
SwiftCompile normal arm64 /Users/admin/builder/spi-builder-workspace/Sources/DirectToSwiftUI/Views/BasicLook/Reusable/D2SNilText.swift (in target 'DirectToSwiftUI' from project 'CoreDataToSwiftUI')
    cd /Users/admin/builder/spi-builder-workspace/.swiftpm/xcode
    builtin-SwiftPerFileCompile D2SNilText.swift
SwiftCompile normal arm64 /Users/admin/builder/spi-builder-workspace/Sources/DirectToSwiftUI/Views/BasicLook/Reusable/D2SPropertyName.swift (in target 'DirectToSwiftUI' from project 'CoreDataToSwiftUI')
    cd /Users/admin/builder/spi-builder-workspace/.swiftpm/xcode
    builtin-SwiftPerFileCompile D2SPropertyName.swift
SwiftCompile normal arm64 /Users/admin/builder/spi-builder-workspace/Sources/DirectToSwiftUI/Views/BasicLook/Reusable/D2SRowFault.swift (in target 'DirectToSwiftUI' from project 'CoreDataToSwiftUI')
    cd /Users/admin/builder/spi-builder-workspace/.swiftpm/xcode
    builtin-SwiftPerFileCompile D2SRowFault.swift
SwiftCompile normal arm64 /Users/admin/builder/spi-builder-workspace/Sources/DirectToSwiftUI/Views/BasicLook/Reusable/D2SSummaryView.swift (in target 'DirectToSwiftUI' from project 'CoreDataToSwiftUI')
    cd /Users/admin/builder/spi-builder-workspace/.swiftpm/xcode
    builtin-SwiftPerFileCompile D2SSummaryView.swift
SwiftCompile normal arm64 /Users/admin/builder/spi-builder-workspace/Sources/DirectToSwiftUI/Views/BasicLook/Reusable/D2STitleText.swift (in target 'DirectToSwiftUI' from project 'CoreDataToSwiftUI')
    cd /Users/admin/builder/spi-builder-workspace/.swiftpm/xcode
    builtin-SwiftPerFileCompile D2STitleText.swift
SwiftCompile normal arm64 /Users/admin/builder/spi-builder-workspace/Sources/DirectToSwiftUI/Views/BasicLook/Reusable/D2STitledSummaryView.swift (in target 'DirectToSwiftUI' from project 'CoreDataToSwiftUI')
    cd /Users/admin/builder/spi-builder-workspace/.swiftpm/xcode
    builtin-SwiftPerFileCompile D2STitledSummaryView.swift
SwiftCompile normal arm64 Compiling\ D2SToOneContainer.swift,\ D2SToOneLink.swift,\ NamedToManyLink.swift,\ PropertyNameAsTitle.swift,\ PropertyNameValue.swift,\ PropertyValue.swift,\ D2SDebugBox.swift,\ D2SDebugEntityDetails.swift,\ D2SDebugEntityInfo.swift,\ D2SDebugFormatter.swift /Users/admin/builder/spi-builder-workspace/Sources/DirectToSwiftUI/Views/BasicLook/Reusable/D2SToOneContainer.swift /Users/admin/builder/spi-builder-workspace/Sources/DirectToSwiftUI/Views/BasicLook/Reusable/D2SToOneLink.swift /Users/admin/builder/spi-builder-workspace/Sources/DirectToSwiftUI/Views/BasicLook/Rows/NamedToManyLink.swift /Users/admin/builder/spi-builder-workspace/Sources/DirectToSwiftUI/Views/BasicLook/Rows/PropertyNameAsTitle.swift /Users/admin/builder/spi-builder-workspace/Sources/DirectToSwiftUI/Views/BasicLook/Rows/PropertyNameValue.swift /Users/admin/builder/spi-builder-workspace/Sources/DirectToSwiftUI/Views/BasicLook/Rows/PropertyValue.swift /Users/admin/builder/spi-builder-workspace/Sources/DirectToSwiftUI/Views/Debug/D2SDebugBox.swift /Users/admin/builder/spi-builder-workspace/Sources/DirectToSwiftUI/Views/Debug/D2SDebugEntityDetails.swift /Users/admin/builder/spi-builder-workspace/Sources/DirectToSwiftUI/Views/Debug/D2SDebugEntityInfo.swift /Users/admin/builder/spi-builder-workspace/Sources/DirectToSwiftUI/Views/Debug/D2SDebugFormatter.swift (in target 'DirectToSwiftUI' from project 'CoreDataToSwiftUI')
SwiftCompile normal arm64 /Users/admin/builder/spi-builder-workspace/Sources/DirectToSwiftUI/Views/BasicLook/Reusable/D2SToOneContainer.swift (in target 'DirectToSwiftUI' from project 'CoreDataToSwiftUI')
    cd /Users/admin/builder/spi-builder-workspace/.swiftpm/xcode
    builtin-SwiftPerFileCompile D2SToOneContainer.swift
SwiftCompile normal arm64 /Users/admin/builder/spi-builder-workspace/Sources/DirectToSwiftUI/Views/BasicLook/Reusable/D2SToOneLink.swift (in target 'DirectToSwiftUI' from project 'CoreDataToSwiftUI')
    cd /Users/admin/builder/spi-builder-workspace/.swiftpm/xcode
    builtin-SwiftPerFileCompile D2SToOneLink.swift
SwiftCompile normal arm64 /Users/admin/builder/spi-builder-workspace/Sources/DirectToSwiftUI/Views/BasicLook/Rows/NamedToManyLink.swift (in target 'DirectToSwiftUI' from project 'CoreDataToSwiftUI')
    cd /Users/admin/builder/spi-builder-workspace/.swiftpm/xcode
    builtin-SwiftPerFileCompile NamedToManyLink.swift
SwiftCompile normal arm64 /Users/admin/builder/spi-builder-workspace/Sources/DirectToSwiftUI/Views/BasicLook/Rows/PropertyNameAsTitle.swift (in target 'DirectToSwiftUI' from project 'CoreDataToSwiftUI')
    cd /Users/admin/builder/spi-builder-workspace/.swiftpm/xcode
    builtin-SwiftPerFileCompile PropertyNameAsTitle.swift
SwiftCompile normal arm64 /Users/admin/builder/spi-builder-workspace/Sources/DirectToSwiftUI/Views/BasicLook/Rows/PropertyNameValue.swift (in target 'DirectToSwiftUI' from project 'CoreDataToSwiftUI')
    cd /Users/admin/builder/spi-builder-workspace/.swiftpm/xcode
    builtin-SwiftPerFileCompile PropertyNameValue.swift
SwiftCompile normal arm64 /Users/admin/builder/spi-builder-workspace/Sources/DirectToSwiftUI/Views/BasicLook/Rows/PropertyValue.swift (in target 'DirectToSwiftUI' from project 'CoreDataToSwiftUI')
    cd /Users/admin/builder/spi-builder-workspace/.swiftpm/xcode
    builtin-SwiftPerFileCompile PropertyValue.swift
SwiftCompile normal arm64 /Users/admin/builder/spi-builder-workspace/Sources/DirectToSwiftUI/Views/Debug/D2SDebugBox.swift (in target 'DirectToSwiftUI' from project 'CoreDataToSwiftUI')
    cd /Users/admin/builder/spi-builder-workspace/.swiftpm/xcode
    builtin-SwiftPerFileCompile D2SDebugBox.swift
SwiftCompile normal arm64 /Users/admin/builder/spi-builder-workspace/Sources/DirectToSwiftUI/Views/Debug/D2SDebugEntityDetails.swift (in target 'DirectToSwiftUI' from project 'CoreDataToSwiftUI')
    cd /Users/admin/builder/spi-builder-workspace/.swiftpm/xcode
    builtin-SwiftPerFileCompile D2SDebugEntityDetails.swift
SwiftCompile normal arm64 /Users/admin/builder/spi-builder-workspace/Sources/DirectToSwiftUI/Views/Debug/D2SDebugEntityInfo.swift (in target 'DirectToSwiftUI' from project 'CoreDataToSwiftUI')
    cd /Users/admin/builder/spi-builder-workspace/.swiftpm/xcode
    builtin-SwiftPerFileCompile D2SDebugEntityInfo.swift
SwiftCompile normal arm64 /Users/admin/builder/spi-builder-workspace/Sources/DirectToSwiftUI/Views/Debug/D2SDebugFormatter.swift (in target 'DirectToSwiftUI' from project 'CoreDataToSwiftUI')
    cd /Users/admin/builder/spi-builder-workspace/.swiftpm/xcode
    builtin-SwiftPerFileCompile D2SDebugFormatter.swift
SwiftCompile normal arm64 Compiling\ D2SObjectAction.swift,\ D2SRuleEnvironment.swift,\ D2SToOneFetch.swift,\ SparseFaultArray.swift,\ BasicLook.swift,\ EntityMasterDetailPage.swift,\ EntitySidebar.swift,\ MasterDetail.swift,\ NavigationPage.swift,\ WindowQueryList.swift,\ Edit.swift /Users/admin/builder/spi-builder-workspace/Sources/DirectToSwiftUI/ViewModel/D2SObjectAction.swift /Users/admin/builder/spi-builder-workspace/Sources/DirectToSwiftUI/ViewModel/D2SRuleEnvironment.swift /Users/admin/builder/spi-builder-workspace/Sources/DirectToSwiftUI/ViewModel/D2SToOneFetch.swift /Users/admin/builder/spi-builder-workspace/Sources/DirectToSwiftUI/ViewModel/SparseFaultArray.swift /Users/admin/builder/spi-builder-workspace/Sources/DirectToSwiftUI/Views/BasicLook/BasicLook.swift /Users/admin/builder/spi-builder-workspace/Sources/DirectToSwiftUI/Views/BasicLook/PageWrapper/EntityMasterDetailPage.swift /Users/admin/builder/spi-builder-workspace/Sources/DirectToSwiftUI/Views/BasicLook/PageWrapper/EntitySidebar.swift /Users/admin/builder/spi-builder-workspace/Sources/DirectToSwiftUI/Views/BasicLook/PageWrapper/MasterDetail.swift /Users/admin/builder/spi-builder-workspace/Sources/DirectToSwiftUI/Views/BasicLook/PageWrapper/NavigationPage.swift /Users/admin/builder/spi-builder-workspace/Sources/DirectToSwiftUI/Views/BasicLook/Pages/AppKit/WindowQueryList.swift /Users/admin/builder/spi-builder-workspace/Sources/DirectToSwiftUI/Views/BasicLook/Pages/Edit.swift (in target 'DirectToSwiftUI' from project 'CoreDataToSwiftUI')
SwiftCompile normal arm64 /Users/admin/builder/spi-builder-workspace/Sources/DirectToSwiftUI/ViewModel/D2SObjectAction.swift (in target 'DirectToSwiftUI' from project 'CoreDataToSwiftUI')
    cd /Users/admin/builder/spi-builder-workspace/.swiftpm/xcode
    builtin-SwiftPerFileCompile D2SObjectAction.swift
SwiftCompile normal arm64 /Users/admin/builder/spi-builder-workspace/Sources/DirectToSwiftUI/ViewModel/D2SRuleEnvironment.swift (in target 'DirectToSwiftUI' from project 'CoreDataToSwiftUI')
    cd /Users/admin/builder/spi-builder-workspace/.swiftpm/xcode
    builtin-SwiftPerFileCompile D2SRuleEnvironment.swift
SwiftCompile normal arm64 /Users/admin/builder/spi-builder-workspace/Sources/DirectToSwiftUI/ViewModel/D2SToOneFetch.swift (in target 'DirectToSwiftUI' from project 'CoreDataToSwiftUI')
    cd /Users/admin/builder/spi-builder-workspace/.swiftpm/xcode
    builtin-SwiftPerFileCompile D2SToOneFetch.swift
SwiftCompile normal arm64 /Users/admin/builder/spi-builder-workspace/Sources/DirectToSwiftUI/ViewModel/SparseFaultArray.swift (in target 'DirectToSwiftUI' from project 'CoreDataToSwiftUI')
    cd /Users/admin/builder/spi-builder-workspace/.swiftpm/xcode
    builtin-SwiftPerFileCompile SparseFaultArray.swift
SwiftCompile normal arm64 /Users/admin/builder/spi-builder-workspace/Sources/DirectToSwiftUI/Views/BasicLook/BasicLook.swift (in target 'DirectToSwiftUI' from project 'CoreDataToSwiftUI')
    cd /Users/admin/builder/spi-builder-workspace/.swiftpm/xcode
    builtin-SwiftPerFileCompile BasicLook.swift
SwiftCompile normal arm64 /Users/admin/builder/spi-builder-workspace/Sources/DirectToSwiftUI/Views/BasicLook/PageWrapper/EntityMasterDetailPage.swift (in target 'DirectToSwiftUI' from project 'CoreDataToSwiftUI')
    cd /Users/admin/builder/spi-builder-workspace/.swiftpm/xcode
    builtin-SwiftPerFileCompile EntityMasterDetailPage.swift
SwiftCompile normal arm64 /Users/admin/builder/spi-builder-workspace/Sources/DirectToSwiftUI/Views/BasicLook/PageWrapper/EntitySidebar.swift (in target 'DirectToSwiftUI' from project 'CoreDataToSwiftUI')
    cd /Users/admin/builder/spi-builder-workspace/.swiftpm/xcode
    builtin-SwiftPerFileCompile EntitySidebar.swift
SwiftCompile normal arm64 /Users/admin/builder/spi-builder-workspace/Sources/DirectToSwiftUI/Views/BasicLook/PageWrapper/MasterDetail.swift (in target 'DirectToSwiftUI' from project 'CoreDataToSwiftUI')
    cd /Users/admin/builder/spi-builder-workspace/.swiftpm/xcode
    builtin-SwiftPerFileCompile MasterDetail.swift
SwiftCompile normal arm64 /Users/admin/builder/spi-builder-workspace/Sources/DirectToSwiftUI/Views/BasicLook/PageWrapper/NavigationPage.swift (in target 'DirectToSwiftUI' from project 'CoreDataToSwiftUI')
    cd /Users/admin/builder/spi-builder-workspace/.swiftpm/xcode
    builtin-SwiftPerFileCompile NavigationPage.swift
SwiftCompile normal arm64 /Users/admin/builder/spi-builder-workspace/Sources/DirectToSwiftUI/Views/BasicLook/Pages/AppKit/WindowQueryList.swift (in target 'DirectToSwiftUI' from project 'CoreDataToSwiftUI')
    cd /Users/admin/builder/spi-builder-workspace/.swiftpm/xcode
    builtin-SwiftPerFileCompile WindowQueryList.swift
SwiftCompile normal arm64 /Users/admin/builder/spi-builder-workspace/Sources/DirectToSwiftUI/Views/BasicLook/Pages/Edit.swift (in target 'DirectToSwiftUI' from project 'CoreDataToSwiftUI')
    cd /Users/admin/builder/spi-builder-workspace/.swiftpm/xcode
    builtin-SwiftPerFileCompile Edit.swift
/Users/admin/builder/spi-builder-workspace/Sources/DirectToSwiftUI/ViewModel/D2SRuleEnvironment.swift:38:17: warning: expected member name or initializer call after type name; this is an error in the Swift 6 language mode
36 |
37 |     ruleContext = RuleContext(ruleModel: ruleModel)
38 |     ruleContext[D2SKeys.ruleObjectContext] = managedObjectContext
   |                 |       |- note: add arguments after the type to construct a value of the type
   |                 |       `- note: use '.self' to reference the type object
   |                 `- warning: expected member name or initializer call after type name; this is an error in the Swift 6 language mode
39 |
40 |     if let model = self.databaseModel {
/Users/admin/builder/spi-builder-workspace/Sources/DirectToSwiftUI/ViewModel/D2SRuleEnvironment.swift:41:19: warning: expected member name or initializer call after type name; this is an error in the Swift 6 language mode
39 |
40 |     if let model = self.databaseModel {
41 |       ruleContext[D2SKeys.model] = model
   |                   |       |- note: add arguments after the type to construct a value of the type
   |                   |       `- note: use '.self' to reference the type object
   |                   `- warning: expected member name or initializer call after type name; this is an error in the Swift 6 language mode
42 |     }
43 |   }
SwiftCompile normal arm64 Compiling\ DisplayPassword.swift,\ DisplayString.swift,\ EditBool.swift,\ EditDate.swift,\ EditLargeString.swift,\ EditNumber.swift,\ EditString.swift,\ DisplayToOneSummary.swift,\ DisplayToOneTitle.swift,\ EditToOne.swift,\ D2SComponentView.swift /Users/admin/builder/spi-builder-workspace/Sources/DirectToSwiftUI/Views/BasicLook/Properties/Display/DisplayPassword.swift /Users/admin/builder/spi-builder-workspace/Sources/DirectToSwiftUI/Views/BasicLook/Properties/Display/DisplayString.swift /Users/admin/builder/spi-builder-workspace/Sources/DirectToSwiftUI/Views/BasicLook/Properties/Edit/EditBool.swift /Users/admin/builder/spi-builder-workspace/Sources/DirectToSwiftUI/Views/BasicLook/Properties/Edit/EditDate.swift /Users/admin/builder/spi-builder-workspace/Sources/DirectToSwiftUI/Views/BasicLook/Properties/Edit/EditLargeString.swift /Users/admin/builder/spi-builder-workspace/Sources/DirectToSwiftUI/Views/BasicLook/Properties/Edit/EditNumber.swift /Users/admin/builder/spi-builder-workspace/Sources/DirectToSwiftUI/Views/BasicLook/Properties/Edit/EditString.swift /Users/admin/builder/spi-builder-workspace/Sources/DirectToSwiftUI/Views/BasicLook/Properties/Relationships/DisplayToOneSummary.swift /Users/admin/builder/spi-builder-workspace/Sources/DirectToSwiftUI/Views/BasicLook/Properties/Relationships/DisplayToOneTitle.swift /Users/admin/builder/spi-builder-workspace/Sources/DirectToSwiftUI/Views/BasicLook/Properties/Relationships/EditToOne.swift /Users/admin/builder/spi-builder-workspace/Sources/DirectToSwiftUI/Views/BasicLook/Reusable/D2SComponentView.swift (in target 'DirectToSwiftUI' from project 'CoreDataToSwiftUI')
SwiftCompile normal arm64 /Users/admin/builder/spi-builder-workspace/Sources/DirectToSwiftUI/Views/BasicLook/Properties/Display/DisplayPassword.swift (in target 'DirectToSwiftUI' from project 'CoreDataToSwiftUI')
    cd /Users/admin/builder/spi-builder-workspace/.swiftpm/xcode
    builtin-SwiftPerFileCompile DisplayPassword.swift
SwiftCompile normal arm64 /Users/admin/builder/spi-builder-workspace/Sources/DirectToSwiftUI/Views/BasicLook/Properties/Display/DisplayString.swift (in target 'DirectToSwiftUI' from project 'CoreDataToSwiftUI')
    cd /Users/admin/builder/spi-builder-workspace/.swiftpm/xcode
    builtin-SwiftPerFileCompile DisplayString.swift
SwiftCompile normal arm64 /Users/admin/builder/spi-builder-workspace/Sources/DirectToSwiftUI/Views/BasicLook/Properties/Edit/EditBool.swift (in target 'DirectToSwiftUI' from project 'CoreDataToSwiftUI')
    cd /Users/admin/builder/spi-builder-workspace/.swiftpm/xcode
    builtin-SwiftPerFileCompile EditBool.swift
SwiftCompile normal arm64 /Users/admin/builder/spi-builder-workspace/Sources/DirectToSwiftUI/Views/BasicLook/Properties/Edit/EditDate.swift (in target 'DirectToSwiftUI' from project 'CoreDataToSwiftUI')
    cd /Users/admin/builder/spi-builder-workspace/.swiftpm/xcode
    builtin-SwiftPerFileCompile EditDate.swift
SwiftCompile normal arm64 /Users/admin/builder/spi-builder-workspace/Sources/DirectToSwiftUI/Views/BasicLook/Properties/Edit/EditLargeString.swift (in target 'DirectToSwiftUI' from project 'CoreDataToSwiftUI')
    cd /Users/admin/builder/spi-builder-workspace/.swiftpm/xcode
    builtin-SwiftPerFileCompile EditLargeString.swift
SwiftCompile normal arm64 /Users/admin/builder/spi-builder-workspace/Sources/DirectToSwiftUI/Views/BasicLook/Properties/Edit/EditNumber.swift (in target 'DirectToSwiftUI' from project 'CoreDataToSwiftUI')
    cd /Users/admin/builder/spi-builder-workspace/.swiftpm/xcode
    builtin-SwiftPerFileCompile EditNumber.swift
SwiftCompile normal arm64 /Users/admin/builder/spi-builder-workspace/Sources/DirectToSwiftUI/Views/BasicLook/Properties/Edit/EditString.swift (in target 'DirectToSwiftUI' from project 'CoreDataToSwiftUI')
    cd /Users/admin/builder/spi-builder-workspace/.swiftpm/xcode
    builtin-SwiftPerFileCompile EditString.swift
SwiftCompile normal arm64 /Users/admin/builder/spi-builder-workspace/Sources/DirectToSwiftUI/Views/BasicLook/Properties/Relationships/DisplayToOneSummary.swift (in target 'DirectToSwiftUI' from project 'CoreDataToSwiftUI')
    cd /Users/admin/builder/spi-builder-workspace/.swiftpm/xcode
    builtin-SwiftPerFileCompile DisplayToOneSummary.swift
SwiftCompile normal arm64 /Users/admin/builder/spi-builder-workspace/Sources/DirectToSwiftUI/Views/BasicLook/Properties/Relationships/DisplayToOneTitle.swift (in target 'DirectToSwiftUI' from project 'CoreDataToSwiftUI')
    cd /Users/admin/builder/spi-builder-workspace/.swiftpm/xcode
    builtin-SwiftPerFileCompile DisplayToOneTitle.swift
SwiftCompile normal arm64 /Users/admin/builder/spi-builder-workspace/Sources/DirectToSwiftUI/Views/BasicLook/Properties/Relationships/EditToOne.swift (in target 'DirectToSwiftUI' from project 'CoreDataToSwiftUI')
    cd /Users/admin/builder/spi-builder-workspace/.swiftpm/xcode
    builtin-SwiftPerFileCompile EditToOne.swift
SwiftCompile normal arm64 /Users/admin/builder/spi-builder-workspace/Sources/DirectToSwiftUI/Views/BasicLook/Reusable/D2SComponentView.swift (in target 'DirectToSwiftUI' from project 'CoreDataToSwiftUI')
    cd /Users/admin/builder/spi-builder-workspace/.swiftpm/xcode
    builtin-SwiftPerFileCompile D2SComponentView.swift
SwiftDriverJobDiscovery normal arm64 Compiling RuleModel.swift, RuleDebug.swift (in target 'SwiftUIRules' from project 'SwiftUIRules')
SwiftCompile normal arm64 Compiling\ EquatableType.swift,\ FoundationExtras.swift,\ Hashes.swift,\ KeyValueCodingType.swift,\ Logger.swift,\ Platform.swift,\ ReExport.swift,\ D2STransformingFormatter.swift,\ FormatterBinding.swift,\ D2SDisplayGroup.swift,\ D2SFault.swift /Users/admin/builder/spi-builder-workspace/Sources/DirectToSwiftUI/Support/EquatableType.swift /Users/admin/builder/spi-builder-workspace/Sources/DirectToSwiftUI/Support/FoundationExtras.swift /Users/admin/builder/spi-builder-workspace/Sources/DirectToSwiftUI/Support/Hashes.swift /Users/admin/builder/spi-builder-workspace/Sources/DirectToSwiftUI/Support/KeyValueCodingType.swift /Users/admin/builder/spi-builder-workspace/Sources/DirectToSwiftUI/Support/Logger.swift /Users/admin/builder/spi-builder-workspace/Sources/DirectToSwiftUI/Support/Platform.swift /Users/admin/builder/spi-builder-workspace/Sources/DirectToSwiftUI/Support/ReExport.swift /Users/admin/builder/spi-builder-workspace/Sources/DirectToSwiftUI/Support/SwiftUI/D2STransformingFormatter.swift /Users/admin/builder/spi-builder-workspace/Sources/DirectToSwiftUI/Support/SwiftUI/FormatterBinding.swift /Users/admin/builder/spi-builder-workspace/Sources/DirectToSwiftUI/ViewModel/D2SDisplayGroup.swift /Users/admin/builder/spi-builder-workspace/Sources/DirectToSwiftUI/ViewModel/D2SFault.swift (in target 'DirectToSwiftUI' from project 'CoreDataToSwiftUI')
SwiftCompile normal arm64 /Users/admin/builder/spi-builder-workspace/Sources/DirectToSwiftUI/Support/EquatableType.swift (in target 'DirectToSwiftUI' from project 'CoreDataToSwiftUI')
    cd /Users/admin/builder/spi-builder-workspace/.swiftpm/xcode
    builtin-SwiftPerFileCompile EquatableType.swift
SwiftCompile normal arm64 /Users/admin/builder/spi-builder-workspace/Sources/DirectToSwiftUI/Support/FoundationExtras.swift (in target 'DirectToSwiftUI' from project 'CoreDataToSwiftUI')
    cd /Users/admin/builder/spi-builder-workspace/.swiftpm/xcode
    builtin-SwiftPerFileCompile FoundationExtras.swift
SwiftCompile normal arm64 /Users/admin/builder/spi-builder-workspace/Sources/DirectToSwiftUI/Support/Hashes.swift (in target 'DirectToSwiftUI' from project 'CoreDataToSwiftUI')
    cd /Users/admin/builder/spi-builder-workspace/.swiftpm/xcode
    builtin-SwiftPerFileCompile Hashes.swift
SwiftCompile normal arm64 /Users/admin/builder/spi-builder-workspace/Sources/DirectToSwiftUI/Support/KeyValueCodingType.swift (in target 'DirectToSwiftUI' from project 'CoreDataToSwiftUI')
    cd /Users/admin/builder/spi-builder-workspace/.swiftpm/xcode
    builtin-SwiftPerFileCompile KeyValueCodingType.swift
SwiftCompile normal arm64 /Users/admin/builder/spi-builder-workspace/Sources/DirectToSwiftUI/Support/Logger.swift (in target 'DirectToSwiftUI' from project 'CoreDataToSwiftUI')
    cd /Users/admin/builder/spi-builder-workspace/.swiftpm/xcode
    builtin-SwiftPerFileCompile Logger.swift
SwiftCompile normal arm64 /Users/admin/builder/spi-builder-workspace/Sources/DirectToSwiftUI/Support/Platform.swift (in target 'DirectToSwiftUI' from project 'CoreDataToSwiftUI')
    cd /Users/admin/builder/spi-builder-workspace/.swiftpm/xcode
    builtin-SwiftPerFileCompile Platform.swift
SwiftCompile normal arm64 /Users/admin/builder/spi-builder-workspace/Sources/DirectToSwiftUI/Support/ReExport.swift (in target 'DirectToSwiftUI' from project 'CoreDataToSwiftUI')
    cd /Users/admin/builder/spi-builder-workspace/.swiftpm/xcode
    builtin-SwiftPerFileCompile ReExport.swift
SwiftCompile normal arm64 /Users/admin/builder/spi-builder-workspace/Sources/DirectToSwiftUI/Support/SwiftUI/D2STransformingFormatter.swift (in target 'DirectToSwiftUI' from project 'CoreDataToSwiftUI')
    cd /Users/admin/builder/spi-builder-workspace/.swiftpm/xcode
    builtin-SwiftPerFileCompile D2STransformingFormatter.swift
SwiftCompile normal arm64 /Users/admin/builder/spi-builder-workspace/Sources/DirectToSwiftUI/Support/SwiftUI/FormatterBinding.swift (in target 'DirectToSwiftUI' from project 'CoreDataToSwiftUI')
    cd /Users/admin/builder/spi-builder-workspace/.swiftpm/xcode
    builtin-SwiftPerFileCompile FormatterBinding.swift
SwiftCompile normal arm64 /Users/admin/builder/spi-builder-workspace/Sources/DirectToSwiftUI/ViewModel/D2SDisplayGroup.swift (in target 'DirectToSwiftUI' from project 'CoreDataToSwiftUI')
    cd /Users/admin/builder/spi-builder-workspace/.swiftpm/xcode
    builtin-SwiftPerFileCompile D2SDisplayGroup.swift
SwiftCompile normal arm64 /Users/admin/builder/spi-builder-workspace/Sources/DirectToSwiftUI/ViewModel/D2SFault.swift (in target 'DirectToSwiftUI' from project 'CoreDataToSwiftUI')
    cd /Users/admin/builder/spi-builder-workspace/.swiftpm/xcode
    builtin-SwiftPerFileCompile D2SFault.swift
PruneExplicitPrecompiledModules /Users/admin/builder/spi-builder-workspace/.derivedData/SDKExplicitPrecompiledModules
PruneExplicitPrecompiledModules /Users/admin/builder/spi-builder-workspace/.derivedData/Build/Intermediates.noindex/SwiftExplicitPrecompiledModules
PruneExplicitPrecompiledModules /Users/admin/builder/spi-builder-workspace/.derivedData/Build/Intermediates.noindex/ExplicitPrecompiledModules
2026-09-16 15:43:59.656 xcodebuild[688:4378] [MT] IDERunDestination: Supported platforms for the buildables in the current scheme is empty.
** BUILD FAILED **
The following build commands failed:
	SwiftEmitModule normal arm64 Emitting\ module\ for\ DirectToSwiftUI (in target 'DirectToSwiftUI' from project 'CoreDataToSwiftUI')
	SwiftCompile normal arm64 (in target 'DirectToSwiftUI' from project 'CoreDataToSwiftUI')
	Building workspace CoreDataToSwiftUI with scheme CoreDataToSwiftUI
(3 failures)
Command line invocation:
    /Applications/Xcode-27.0.0-Release.Candidate.app/Contents/Developer/usr/bin/xcodebuild -IDEClonedSourcePackagesDirPathOverride=/Users/admin/builder/spi-builder-workspace/.dependencies -resolvePackageDependencies
Resolve Package Graph
Resolved source packages:
  SwiftUIRules: https://github.com/DirectToSwift/SwiftUIRules.git @ 0.2.0
  CoreDataToSwiftUI: /Users/admin/builder/spi-builder-workspace
resolved source packages: SwiftUIRules, CoreDataToSwiftUI
2026-09-16 15:44:10.733 xcodebuild[828:5069] [MT] IDERunDestination: Supported platforms for the buildables in the current scheme is empty.
{
  "dependencies" : [
    {
      "identity" : "swiftuirules",
      "requirement" : {
        "range" : [
          {
            "lower_bound" : "0.1.3",
            "upper_bound" : "1.0.0"
          }
        ]
      },
      "type" : "sourceControl",
      "url" : "https://github.com/DirectToSwift/SwiftUIRules.git"
    }
  ],
  "manifest_display_name" : "CoreDataToSwiftUI",
  "name" : "CoreDataToSwiftUI",
  "path" : "/Users/admin/builder/spi-builder-workspace",
  "platforms" : [
    {
      "name" : "macos",
      "version" : "10.15"
    },
    {
      "name" : "ios",
      "version" : "13.0"
    },
    {
      "name" : "watchos",
      "version" : "6.0"
    }
  ],
  "products" : [
    {
      "name" : "DirectToSwiftUI",
      "targets" : [
        "DirectToSwiftUI"
      ],
      "type" : {
        "library" : [
          "automatic"
        ]
      }
    }
  ],
  "targets" : [
    {
      "c99name" : "DirectToSwiftUI",
      "module_type" : "SwiftTarget",
      "name" : "DirectToSwiftUI",
      "path" : "Sources/DirectToSwiftUI",
      "product_dependencies" : [
        "SwiftUIRules"
      ],
      "product_memberships" : [
        "DirectToSwiftUI"
      ],
      "sources" : [
        "CoreDataRules/KVCRulePredicate.swift",
        "CoreDataRules/KVCRuleSelfAssignment.swift",
        "CoreDataRules/RuleKeyPathAssignment.swift",
        "CoreDataRules/RuleKeyPathPredicateExtras.swift",
        "CoreDataRules/RuleModelExtras.swift",
        "CoreDataRules/RuleOperatorExtras.swift",
        "CoreDataRules/ZeeQLRuleParser.swift",
        "D2SMainView.swift",
        "DefaultRules.swift",
        "Environment/ContextKVC.swift",
        "Environment/DefaultAssignment/DefaultAssignment.swift",
        "Environment/DefaultAssignment/EntityDefaults.swift",
        "Environment/DefaultAssignment/ManagedContextDefaults.swift",
        "Environment/DefaultAssignment/ManagedObjectDefaults.swift",
        "Environment/DefaultAssignment/ModelDefaults.swift",
        "Environment/EnvironmentKeys.swift",
        "Environment/EnvironmentPathes.swift",
        "Environment/ViewModifiers.swift",
        "Support/AppKit/D2SInspectWindow.swift",
        "Support/AppKit/D2SMainWindow.swift",
        "Support/AttributeValue.swift",
        "Support/ComparisonOperation.swift",
        "Support/CoreData/AttributeExtras.swift",
        "Support/CoreData/D2SEditValidation.swift",
        "Support/CoreData/DataSource.swift",
        "Support/CoreData/DetailDataSource.swift",
        "Support/CoreData/DummyImplementations.swift",
        "Support/CoreData/EntityExtras.swift",
        "Support/CoreData/FetchRequestExtras.swift",
        "Support/CoreData/KVCBindings.swift",
        "Support/CoreData/ManagedObjectBindings.swift",
        "Support/CoreData/ModelExtras.swift",
        "Support/CoreData/PredicateExtras.swift",
        "Support/EquatableType.swift",
        "Support/FoundationExtras.swift",
        "Support/Hashes.swift",
        "Support/KeyValueCodingType.swift",
        "Support/Logger.swift",
        "Support/Platform.swift",
        "Support/ReExport.swift",
        "Support/SwiftUI/D2STransformingFormatter.swift",
        "Support/SwiftUI/FormatterBinding.swift",
        "ViewModel/D2SDisplayGroup.swift",
        "ViewModel/D2SFault.swift",
        "ViewModel/D2SObjectAction.swift",
        "ViewModel/D2SRuleEnvironment.swift",
        "ViewModel/D2SToOneFetch.swift",
        "ViewModel/SparseFaultArray.swift",
        "Views/BasicLook/BasicLook.swift",
        "Views/BasicLook/PageWrapper/EntityMasterDetailPage.swift",
        "Views/BasicLook/PageWrapper/EntitySidebar.swift",
        "Views/BasicLook/PageWrapper/MasterDetail.swift",
        "Views/BasicLook/PageWrapper/NavigationPage.swift",
        "Views/BasicLook/Pages/AppKit/WindowQueryList.swift",
        "Views/BasicLook/Pages/Edit.swift",
        "Views/BasicLook/Pages/EntityList.swift",
        "Views/BasicLook/Pages/Inspect.swift",
        "Views/BasicLook/Pages/Login.swift",
        "Views/BasicLook/Pages/QueryList.swift",
        "Views/BasicLook/Pages/Select.swift",
        "Views/BasicLook/Pages/SmallQueryList.swift",
        "Views/BasicLook/Pages/UIKit/MobileQueryList.swift",
        "Views/BasicLook/Pages/UIKit/MobileSelect.swift",
        "Views/BasicLook/Properties/Display/DisplayBool.swift",
        "Views/BasicLook/Properties/Display/DisplayDate.swift",
        "Views/BasicLook/Properties/Display/DisplayEmail.swift",
        "Views/BasicLook/Properties/Display/DisplayPassword.swift",
        "Views/BasicLook/Properties/Display/DisplayString.swift",
        "Views/BasicLook/Properties/Edit/EditBool.swift",
        "Views/BasicLook/Properties/Edit/EditDate.swift",
        "Views/BasicLook/Properties/Edit/EditLargeString.swift",
        "Views/BasicLook/Properties/Edit/EditNumber.swift",
        "Views/BasicLook/Properties/Edit/EditString.swift",
        "Views/BasicLook/Properties/Relationships/DisplayToOneSummary.swift",
        "Views/BasicLook/Properties/Relationships/DisplayToOneTitle.swift",
        "Views/BasicLook/Properties/Relationships/EditToOne.swift",
        "Views/BasicLook/Reusable/D2SComponentView.swift",
        "Views/BasicLook/Reusable/D2SDisplayProperties.swift",
        "Views/BasicLook/Reusable/D2SDisplayPropertiesList.swift",
        "Views/BasicLook/Reusable/D2SFaultContainer.swift",
        "Views/BasicLook/Reusable/D2SFaultObjectLink.swift",
        "Views/BasicLook/Reusable/D2SNavigationLink.swift",
        "Views/BasicLook/Reusable/D2SNilText.swift",
        "Views/BasicLook/Reusable/D2SPropertyName.swift",
        "Views/BasicLook/Reusable/D2SRowFault.swift",
        "Views/BasicLook/Reusable/D2SSummaryView.swift",
        "Views/BasicLook/Reusable/D2STitleText.swift",
        "Views/BasicLook/Reusable/D2STitledSummaryView.swift",
        "Views/BasicLook/Reusable/D2SToOneContainer.swift",
        "Views/BasicLook/Reusable/D2SToOneLink.swift",
        "Views/BasicLook/Rows/NamedToManyLink.swift",
        "Views/BasicLook/Rows/PropertyNameAsTitle.swift",
        "Views/BasicLook/Rows/PropertyNameValue.swift",
        "Views/BasicLook/Rows/PropertyValue.swift",
        "Views/Debug/D2SDebugBox.swift",
        "Views/Debug/D2SDebugEntityDetails.swift",
        "Views/Debug/D2SDebugEntityInfo.swift",
        "Views/Debug/D2SDebugFormatter.swift",
        "Views/Debug/D2SDebugLabel.swift",
        "Views/Debug/D2SDebugMOCInfo.swift",
        "Views/Debug/D2SDebugObjectEditInfo.swift",
        "Views/DefaultLook.swift",
        "Views/Generic/D2SEntityPageView.swift",
        "Views/Generic/D2SPageView.swift",
        "Views/Misc/ListEnabledDatePicker.swift",
        "Views/Misc/MultilineEditor.swift",
        "Views/Misc/SearchField.swift",
        "Views/Misc/Spinner.swift"
      ],
      "type" : "library"
    }
  ],
  "tools_version" : "5.1"
}
{
  "workspace" : {
    "name" : "CoreDataToSwiftUI",
    "schemes" : [
      "CoreDataToSwiftUI"
    ]
  }
}
2026-09-16 15:44:11.933 xcodebuild[836:5138] [MT] IDERunDestination: Supported platforms for the buildables in the current scheme is empty.
Running build ...
env DEVELOPER_DIR=/Applications/Xcode-27.0.0-Release.Candidate.app xcrun xcodebuild -IDEClonedSourcePackagesDirPathOverride=$PWD/.dependencies -skipMacroValidation -skipPackagePluginValidation -derivedDataPath $PWD/.derivedData build -scheme CoreDataToSwiftUI -destination generic/platform=xrOS
Command line invocation:
    /Applications/Xcode-27.0.0-Release.Candidate.app/Contents/Developer/usr/bin/xcodebuild -IDEClonedSourcePackagesDirPathOverride=/Users/admin/builder/spi-builder-workspace/.dependencies -skipMacroValidation -skipPackagePluginValidation -derivedDataPath /Users/admin/builder/spi-builder-workspace/.derivedData build -scheme CoreDataToSwiftUI -destination generic/platform=xrOS
Resolve Package Graph
Resolved source packages:
  CoreDataToSwiftUI: /Users/admin/builder/spi-builder-workspace
  SwiftUIRules: https://github.com/DirectToSwift/SwiftUIRules.git @ 0.2.0
ComputePackagePrebuildTargetDependencyGraph
Prepare packages
CreateBuildRequest
SendProjectDescription
CreateBuildOperation
ComputeTargetDependencyGraph
note: Building targets in dependency order
note: Target dependency graph (4 targets)
    Target 'DirectToSwiftUI-product' in project 'CoreDataToSwiftUI'
        ➜ Explicit dependency on target 'DirectToSwiftUI' in project 'CoreDataToSwiftUI'
        ➜ Explicit dependency on target 'SwiftUIRules-product' in project 'SwiftUIRules'
    Target 'DirectToSwiftUI' in project 'CoreDataToSwiftUI'
        ➜ Explicit dependency on target 'SwiftUIRules-product' in project 'SwiftUIRules'
    Target 'SwiftUIRules-product' in project 'SwiftUIRules'
        ➜ Explicit dependency on target 'SwiftUIRules' in project 'SwiftUIRules'
    Target 'SwiftUIRules' in project 'SwiftUIRules' (no dependencies)
GatherProvisioningInputs
CreateBuildDescription
ClangStatCache /Applications/Xcode-27.0.0-Release.Candidate.app/Contents/Developer/Toolchains/XcodeDefault.xctoolchain/usr/bin/clang-stat-cache /Applications/Xcode-27.0.0-Release.Candidate.app/Contents/Developer/Platforms/XROS.platform/Developer/SDKs/XROS27.0.sdk /Users/admin/builder/spi-builder-workspace/.derivedData/SDKStatCaches.noindex/xros27.0-24M361-e829b21a6f8c9b70876ba0858053c044735bd543db762f57723cac368afd1ce4.sdkstatcache
    cd /Users/admin/builder/spi-builder-workspace/.swiftpm/xcode
    /Applications/Xcode-27.0.0-Release.Candidate.app/Contents/Developer/Toolchains/XcodeDefault.xctoolchain/usr/bin/clang-stat-cache /Applications/Xcode-27.0.0-Release.Candidate.app/Contents/Developer/Platforms/XROS.platform/Developer/SDKs/XROS27.0.sdk -o /Users/admin/builder/spi-builder-workspace/.derivedData/SDKStatCaches.noindex/xros27.0-24M361-e829b21a6f8c9b70876ba0858053c044735bd543db762f57723cac368afd1ce4.sdkstatcache
SwiftDriver DirectToSwiftUI normal arm64 com.apple.xcode.tools.swift.compiler (in target 'DirectToSwiftUI' from project 'CoreDataToSwiftUI')
    cd /Users/admin/builder/spi-builder-workspace/.swiftpm/xcode
    builtin-SwiftDriver -- /Applications/Xcode-27.0.0-Release.Candidate.app/Contents/Developer/Toolchains/XcodeDefault.xctoolchain/usr/bin/swiftc -parse-as-library -module-name DirectToSwiftUI -Onone @/Users/admin/builder/spi-builder-workspace/.derivedData/Build/Intermediates.noindex/CoreDataToSwiftUI.build/Debug-xros/DirectToSwiftUI-t.build/Objects-normal/arm64/DirectToSwiftUI.SwiftFileList -DSWIFT_PACKAGE -DDEBUG -DSWIFT_MODULE_RESOURCE_BUNDLE_UNAVAILABLE -DXcode -plugin-path /Applications/Xcode-27.0.0-Release.Candidate.app/Contents/Developer/Toolchains/XcodeDefault.xctoolchain/usr/lib/swift/host/plugins/testing -enable-experimental-feature DebugDescriptionMacro -sdk /Applications/Xcode-27.0.0-Release.Candidate.app/Contents/Developer/Platforms/XROS.platform/Developer/SDKs/XROS27.0.sdk -target arm64-apple-xros1.0 -g -module-cache-path /Users/admin/builder/spi-builder-workspace/.derivedData/ModuleCache.noindex -Xfrontend -serialize-debugging-options -enable-testing -index-store-path /Users/admin/builder/spi-builder-workspace/.derivedData/Index.noindex/DataStore -Xcc -D_LIBCPP_HARDENING_MODE\=_LIBCPP_HARDENING_MODE_DEBUG -swift-version 5 -I /Users/admin/builder/spi-builder-workspace/.derivedData/Build/Products/Debug-xros -Isystem /Applications/Xcode-27.0.0-Release.Candidate.app/Contents/Developer/Platforms/XROS.platform/Developer/usr/lib -F /Users/admin/builder/spi-builder-workspace/.derivedData/Build/Products/Debug-xros/PackageFrameworks -F /Users/admin/builder/spi-builder-workspace/.derivedData/Build/Products/Debug-xros -F /Applications/Xcode-27.0.0-Release.Candidate.app/Contents/Developer/Platforms/XROS.platform/Developer/Library/Frameworks -F /Applications/Xcode-27.0.0-Release.Candidate.app/Contents/Developer/Platforms/XROS.platform/Developer/SDKs/XROS27.0.sdk/Developer/Library/Frameworks -c -j10 -enable-batch-mode -incremental -Xcc -ivfsstatcache -Xcc /Users/admin/builder/spi-builder-workspace/.derivedData/SDKStatCaches.noindex/xros27.0-24M361-e829b21a6f8c9b70876ba0858053c044735bd543db762f57723cac368afd1ce4.sdkstatcache -output-file-map /Users/admin/builder/spi-builder-workspace/.derivedData/Build/Intermediates.noindex/CoreDataToSwiftUI.build/Debug-xros/DirectToSwiftUI-t.build/Objects-normal/arm64/DirectToSwiftUI-OutputFileMap.json -save-temps -no-color-diagnostics -explicit-module-build -module-cache-path /Users/admin/builder/spi-builder-workspace/.derivedData/Build/Intermediates.noindex/SwiftExplicitPrecompiledModules -clang-scanner-module-cache-path /Users/admin/builder/spi-builder-workspace/.derivedData/ModuleCache.noindex -sdk-module-cache-path /Users/admin/builder/spi-builder-workspace/.derivedData/SDKExplicitPrecompiledModules -emit-dependencies -emit-module -emit-module-path /Users/admin/builder/spi-builder-workspace/.derivedData/Build/Intermediates.noindex/CoreDataToSwiftUI.build/Debug-xros/DirectToSwiftUI-t.build/Objects-normal/arm64/DirectToSwiftUI.swiftmodule -serialize-diagnostics -dependency-scan-serialize-diagnostics-path /Users/admin/builder/spi-builder-workspace/.derivedData/Build/Intermediates.noindex/CoreDataToSwiftUI.build/Debug-xros/DirectToSwiftUI-t.build/Objects-normal/arm64/DirectToSwiftUI-dependency-scan.dia -validate-clang-modules-once -clang-build-session-file /Users/admin/builder/spi-builder-workspace/.derivedData/ModuleCache.noindex/Session.modulevalidation -Xcc -fmodules-prune-interval\=86400 -Xcc -fmodules-prune-after\=345600 -emit-const-values -const-gather-protocols-list /Users/admin/builder/spi-builder-workspace/.derivedData/Build/Intermediates.noindex/CoreDataToSwiftUI.build/Debug-xros/DirectToSwiftUI-t.build/Objects-normal/arm64/DirectToSwiftUI_const_extract_protocols.json -Xcc -I/Users/admin/builder/spi-builder-workspace/.derivedData/Build/Products/Debug-xros/include -Xcc -I/Users/admin/builder/spi-builder-workspace/.derivedData/Build/Intermediates.noindex/CoreDataToSwiftUI.build/Debug-xros/DirectToSwiftUI-t.build/DerivedSources-normal/arm64 -Xcc -I/Users/admin/builder/spi-builder-workspace/.derivedData/Build/Intermediates.noindex/CoreDataToSwiftUI.build/Debug-xros/DirectToSwiftUI-t.build/DerivedSources/arm64 -Xcc -I/Users/admin/builder/spi-builder-workspace/.derivedData/Build/Intermediates.noindex/CoreDataToSwiftUI.build/Debug-xros/DirectToSwiftUI-t.build/DerivedSources -Xcc -DSWIFT_PACKAGE -Xcc -DDEBUG\=1 -emit-objc-header -emit-objc-header-path /Users/admin/builder/spi-builder-workspace/.derivedData/Build/Intermediates.noindex/CoreDataToSwiftUI.build/Debug-xros/DirectToSwiftUI-t.build/Objects-normal/arm64/DirectToSwiftUI-Swift.h -working-directory /Users/admin/builder/spi-builder-workspace/.swiftpm/xcode -experimental-emit-module-separately -disable-cmo
SwiftDriver SwiftUIRules normal arm64 com.apple.xcode.tools.swift.compiler (in target 'SwiftUIRules' from project 'SwiftUIRules')
    cd /Users/admin/builder/spi-builder-workspace/.swiftpm/xcode
    builtin-SwiftDriver -- /Applications/Xcode-27.0.0-Release.Candidate.app/Contents/Developer/Toolchains/XcodeDefault.xctoolchain/usr/bin/swiftc -parse-as-library -module-name SwiftUIRules -Onone @/Users/admin/builder/spi-builder-workspace/.derivedData/Build/Intermediates.noindex/SwiftUIRules.build/Debug-xros/SwiftUIRules-t.build/Objects-normal/arm64/SwiftUIRules.SwiftFileList -DSWIFT_PACKAGE -DDEBUG -DSWIFT_MODULE_RESOURCE_BUNDLE_UNAVAILABLE -DXcode -plugin-path /Applications/Xcode-27.0.0-Release.Candidate.app/Contents/Developer/Toolchains/XcodeDefault.xctoolchain/usr/lib/swift/host/plugins/testing -enable-experimental-feature DebugDescriptionMacro -sdk /Applications/Xcode-27.0.0-Release.Candidate.app/Contents/Developer/Platforms/XROS.platform/Developer/SDKs/XROS27.0.sdk -target arm64-apple-xros1.0 -g -module-cache-path /Users/admin/builder/spi-builder-workspace/.derivedData/ModuleCache.noindex -Xfrontend -serialize-debugging-options -enable-testing -suppress-warnings -index-store-path /Users/admin/builder/spi-builder-workspace/.derivedData/Index.noindex/DataStore -Xcc -D_LIBCPP_HARDENING_MODE\=_LIBCPP_HARDENING_MODE_DEBUG -swift-version 5 -I /Users/admin/builder/spi-builder-workspace/.derivedData/Build/Products/Debug-xros -Isystem /Applications/Xcode-27.0.0-Release.Candidate.app/Contents/Developer/Platforms/XROS.platform/Developer/usr/lib -F /Users/admin/builder/spi-builder-workspace/.derivedData/Build/Products/Debug-xros -F /Applications/Xcode-27.0.0-Release.Candidate.app/Contents/Developer/Platforms/XROS.platform/Developer/Library/Frameworks -F /Applications/Xcode-27.0.0-Release.Candidate.app/Contents/Developer/Platforms/XROS.platform/Developer/SDKs/XROS27.0.sdk/Developer/Library/Frameworks -c -j10 -enable-batch-mode -incremental -Xcc -ivfsstatcache -Xcc /Users/admin/builder/spi-builder-workspace/.derivedData/SDKStatCaches.noindex/xros27.0-24M361-e829b21a6f8c9b70876ba0858053c044735bd543db762f57723cac368afd1ce4.sdkstatcache -output-file-map /Users/admin/builder/spi-builder-workspace/.derivedData/Build/Intermediates.noindex/SwiftUIRules.build/Debug-xros/SwiftUIRules-t.build/Objects-normal/arm64/SwiftUIRules-OutputFileMap.json -save-temps -no-color-diagnostics -explicit-module-build -module-cache-path /Users/admin/builder/spi-builder-workspace/.derivedData/Build/Intermediates.noindex/SwiftExplicitPrecompiledModules -clang-scanner-module-cache-path /Users/admin/builder/spi-builder-workspace/.derivedData/ModuleCache.noindex -sdk-module-cache-path /Users/admin/builder/spi-builder-workspace/.derivedData/SDKExplicitPrecompiledModules -emit-dependencies -emit-module -emit-module-path /Users/admin/builder/spi-builder-workspace/.derivedData/Build/Intermediates.noindex/SwiftUIRules.build/Debug-xros/SwiftUIRules-t.build/Objects-normal/arm64/SwiftUIRules.swiftmodule -serialize-diagnostics -dependency-scan-serialize-diagnostics-path /Users/admin/builder/spi-builder-workspace/.derivedData/Build/Intermediates.noindex/SwiftUIRules.build/Debug-xros/SwiftUIRules-t.build/Objects-normal/arm64/SwiftUIRules-dependency-scan.dia -validate-clang-modules-once -clang-build-session-file /Users/admin/builder/spi-builder-workspace/.derivedData/ModuleCache.noindex/Session.modulevalidation -Xcc -fmodules-prune-interval\=86400 -Xcc -fmodules-prune-after\=345600 -emit-const-values -const-gather-protocols-list /Users/admin/builder/spi-builder-workspace/.derivedData/Build/Intermediates.noindex/SwiftUIRules.build/Debug-xros/SwiftUIRules-t.build/Objects-normal/arm64/SwiftUIRules_const_extract_protocols.json -Xcc -I/Users/admin/builder/spi-builder-workspace/.derivedData/Build/Products/Debug-xros/include -Xcc -I/Users/admin/builder/spi-builder-workspace/.derivedData/Build/Intermediates.noindex/SwiftUIRules.build/Debug-xros/SwiftUIRules-t.build/DerivedSources-normal/arm64 -Xcc -I/Users/admin/builder/spi-builder-workspace/.derivedData/Build/Intermediates.noindex/SwiftUIRules.build/Debug-xros/SwiftUIRules-t.build/DerivedSources/arm64 -Xcc -I/Users/admin/builder/spi-builder-workspace/.derivedData/Build/Intermediates.noindex/SwiftUIRules.build/Debug-xros/SwiftUIRules-t.build/DerivedSources -Xcc -DSWIFT_PACKAGE -Xcc -DDEBUG\=1 -emit-objc-header -emit-objc-header-path /Users/admin/builder/spi-builder-workspace/.derivedData/Build/Intermediates.noindex/SwiftUIRules.build/Debug-xros/SwiftUIRules-t.build/Objects-normal/arm64/SwiftUIRules-Swift.h -working-directory /Users/admin/builder/spi-builder-workspace/.swiftpm/xcode -experimental-emit-module-separately -disable-cmo
SwiftCompile normal arm64 Compiling\ DynamicEnvironmentPathes.swift /Users/admin/builder/spi-builder-workspace/.dependencies/checkouts/SwiftUIRules/Sources/SwiftUIRules/DynamicEnvironment/DynamicEnvironmentPathes.swift (in target 'SwiftUIRules' from project 'SwiftUIRules')
SwiftCompile normal arm64 /Users/admin/builder/spi-builder-workspace/.dependencies/checkouts/SwiftUIRules/Sources/SwiftUIRules/DynamicEnvironment/DynamicEnvironmentPathes.swift (in target 'SwiftUIRules' from project 'SwiftUIRules')
    cd /Users/admin/builder/spi-builder-workspace/.swiftpm/xcode
    builtin-SwiftPerFileCompile DynamicEnvironmentPathes.swift
SwiftCompile normal arm64 Compiling\ DynamicEnvironmentValues.swift /Users/admin/builder/spi-builder-workspace/.dependencies/checkouts/SwiftUIRules/Sources/SwiftUIRules/DynamicEnvironment/DynamicEnvironmentValues.swift (in target 'SwiftUIRules' from project 'SwiftUIRules')
SwiftCompile normal arm64 /Users/admin/builder/spi-builder-workspace/.dependencies/checkouts/SwiftUIRules/Sources/SwiftUIRules/DynamicEnvironment/DynamicEnvironmentValues.swift (in target 'SwiftUIRules' from project 'SwiftUIRules')
    cd /Users/admin/builder/spi-builder-workspace/.swiftpm/xcode
    builtin-SwiftPerFileCompile DynamicEnvironmentValues.swift
SwiftEmitModule normal arm64 Emitting\ module\ for\ SwiftUIRules (in target 'SwiftUIRules' from project 'SwiftUIRules')
SwiftCompile normal arm64 (in target 'SwiftUIRules' from project 'SwiftUIRules')
    cd /Users/admin/builder/spi-builder-workspace/.swiftpm/xcode

SwiftCompile normal arm64 Compiling\ DynamicEnvironmentKey.swift /Users/admin/builder/spi-builder-workspace/.dependencies/checkouts/SwiftUIRules/Sources/SwiftUIRules/DynamicEnvironment/DynamicEnvironmentKey.swift (in target 'SwiftUIRules' from project 'SwiftUIRules')
SwiftCompile normal arm64 /Users/admin/builder/spi-builder-workspace/.dependencies/checkouts/SwiftUIRules/Sources/SwiftUIRules/DynamicEnvironment/DynamicEnvironmentKey.swift (in target 'SwiftUIRules' from project 'SwiftUIRules')
    cd /Users/admin/builder/spi-builder-workspace/.swiftpm/xcode
    builtin-SwiftPerFileCompile DynamicEnvironmentKey.swift
SwiftCompile normal arm64 Compiling\ Rule.swift /Users/admin/builder/spi-builder-workspace/.dependencies/checkouts/SwiftUIRules/Sources/SwiftUIRules/Rule.swift (in target 'SwiftUIRules' from project 'SwiftUIRules')
SwiftCompile normal arm64 /Users/admin/builder/spi-builder-workspace/.dependencies/checkouts/SwiftUIRules/Sources/SwiftUIRules/Rule.swift (in target 'SwiftUIRules' from project 'SwiftUIRules')
    cd /Users/admin/builder/spi-builder-workspace/.swiftpm/xcode
    builtin-SwiftPerFileCompile Rule.swift
SwiftCompile normal arm64 Compiling\ AssignmentOperators.swift /Users/admin/builder/spi-builder-workspace/.dependencies/checkouts/SwiftUIRules/Sources/SwiftUIRules/Operators/AssignmentOperators.swift (in target 'SwiftUIRules' from project 'SwiftUIRules')
SwiftCompile normal arm64 /Users/admin/builder/spi-builder-workspace/.dependencies/checkouts/SwiftUIRules/Sources/SwiftUIRules/Operators/AssignmentOperators.swift (in target 'SwiftUIRules' from project 'SwiftUIRules')
    cd /Users/admin/builder/spi-builder-workspace/.swiftpm/xcode
    builtin-SwiftPerFileCompile AssignmentOperators.swift
SwiftCompile normal arm64 Compiling\ RuleContext.swift /Users/admin/builder/spi-builder-workspace/.dependencies/checkouts/SwiftUIRules/Sources/SwiftUIRules/RuleContext.swift (in target 'SwiftUIRules' from project 'SwiftUIRules')
SwiftCompile normal arm64 /Users/admin/builder/spi-builder-workspace/.dependencies/checkouts/SwiftUIRules/Sources/SwiftUIRules/RuleContext.swift (in target 'SwiftUIRules' from project 'SwiftUIRules')
    cd /Users/admin/builder/spi-builder-workspace/.swiftpm/xcode
    builtin-SwiftPerFileCompile RuleContext.swift
SwiftEmitModule normal arm64 Emitting\ module\ for\ DirectToSwiftUI (in target 'DirectToSwiftUI' from project 'CoreDataToSwiftUI')
/Users/admin/builder/spi-builder-workspace/Sources/DirectToSwiftUI/CoreDataRules/KVCRulePredicate.swift:12:1: warning: extension declares a conformance of imported type 'NSPredicate' to imported protocol 'RulePredicate'; this will not behave correctly if the owners of 'Foundation' introduce this conformance in the future
10 | import struct   SwiftUIRules.RuleContext
11 |
12 | extension NSPredicate : RulePredicate {
   | |- warning: extension declares a conformance of imported type 'NSPredicate' to imported protocol 'RulePredicate'; this will not behave correctly if the owners of 'Foundation' introduce this conformance in the future
   | `- note: add '@retroactive' to silence this warning
13 |
14 |   public func evaluate(in ruleContext: RuleContext) -> Bool {
/Users/admin/builder/spi-builder-workspace/Sources/DirectToSwiftUI/CoreDataRules/KVCRuleSelfAssignment.swift:39:33: warning: generic parameter 'K' shadows generic parameter from outer scope with the same name; this is an error in the Swift 6 language mode
23 | * operation.
24 | */
25 | open class KVCRuleSelfAssignment<K: DynamicEnvironmentKey>
   |                                  `- note: 'K' previously declared here
26 |            : NSObject, RuleCandidate, RuleAction
27 | {
   :
37 |     return ObjectIdentifier(key)
38 |   }
39 |   public func isCandidateForKey<K: DynamicEnvironmentKey>(_ key: K.Type)
   |                                 `- warning: generic parameter 'K' shadows generic parameter from outer scope with the same name; this is an error in the Swift 6 language mode
40 |               -> Bool
41 |   {
/Users/admin/builder/spi-builder-workspace/Sources/DirectToSwiftUI/CoreDataRules/RuleKeyPathAssignment.swift:50:33: warning: generic parameter 'K' shadows generic parameter from outer scope with the same name; this is an error in the Swift 6 language mode
30 |  * @see RuleAssignment
31 |  */
32 | public struct RuleKeyPathAssignment<K: DynamicEnvironmentKey>
   |                                     `- note: 'K' previously declared here
33 |               : RuleCandidate, RuleAction
34 | {
   :
48 |     return ObjectIdentifier(key)
49 |   }
50 |   public func isCandidateForKey<K: DynamicEnvironmentKey>(_ key: K.Type)
   |                                 `- warning: generic parameter 'K' shadows generic parameter from outer scope with the same name; this is an error in the Swift 6 language mode
51 |               -> Bool
52 |   {
/Users/admin/builder/spi-builder-workspace/Sources/DirectToSwiftUI/CoreDataRules/RuleKeyPathPredicateExtras.swift:11:8: warning: generic parameter 'Value' shadows generic parameter from outer scope with the same name; this is an error in the Swift 6 language mode
 9 |   // Any Predicates to support NSManagedObject dynamic properties.
10 |
11 |   init<Value>(keyPath: Swift.KeyPath<RuleContext, Any?>, value: Value) {
   |        `- warning: generic parameter 'Value' shadows generic parameter from outer scope with the same name; this is an error in the Swift 6 language mode
12 |     self.init { ruleContext in
13 |       eq(ruleContext[keyPath: keyPath], value)
/Users/admin/builder/spi-builder-workspace/Sources/DirectToSwiftUI/CoreDataRules/RuleKeyPathPredicateExtras.swift:16:8: warning: generic parameter 'Value' shadows generic parameter from outer scope with the same name; this is an error in the Swift 6 language mode
14 |     }
15 |   }
16 |   init<Value>(keyPath: Swift.KeyPath<RuleContext, Any?>, value: Value?) {
   |        `- warning: generic parameter 'Value' shadows generic parameter from outer scope with the same name; this is an error in the Swift 6 language mode
17 |     self.init { ruleContext in
18 |       eq(ruleContext[keyPath: keyPath], value)
/Users/admin/builder/spi-builder-workspace/Sources/DirectToSwiftUI/CoreDataRules/RuleKeyPathPredicateExtras.swift:22:8: warning: generic parameter 'Value' shadows generic parameter from outer scope with the same name; this is an error in the Swift 6 language mode
20 |   }
21 |
22 |   init<Value>(keyPath: Swift.KeyPath<RuleContext, Any?>,
   |        `- warning: generic parameter 'Value' shadows generic parameter from outer scope with the same name; this is an error in the Swift 6 language mode
23 |               operation: SwiftUIRules.RuleComparisonOperation,
24 |               value: Value)
/Users/admin/builder/spi-builder-workspace/Sources/DirectToSwiftUI/CoreDataRules/RuleKeyPathPredicateExtras.swift:31:8: warning: generic parameter 'Value' shadows generic parameter from outer scope with the same name; this is an error in the Swift 6 language mode
29 |     }
30 |   }
31 |   init<Value>(keyPath: Swift.KeyPath<RuleContext, Any?>,
   |        `- warning: generic parameter 'Value' shadows generic parameter from outer scope with the same name; this is an error in the Swift 6 language mode
32 |               operation: SwiftUIRules.RuleComparisonOperation,
33 |               value: Value?)
/Users/admin/builder/spi-builder-workspace/Sources/DirectToSwiftUI/DefaultRules.swift:35:51: error: type 'BasicLook.Page' has no member 'QueryList'
 33 |   \.task == "list" && \.platform == .desktop
 34 |                       => \.page <= BasicLook.Page.AppKit.WindowQueryList(),
 35 |   \.task == "list"    => \.page <= BasicLook.Page.QueryList(),
    |                                                   `- error: type 'BasicLook.Page' has no member 'QueryList'
 36 |   \.task == "inspect" => \.page <= BasicLook.Page.Inspect(),
 37 |   \.task == "edit"    => \.page <= BasicLook.Page.Edit(),
/Users/admin/builder/spi-builder-workspace/Sources/DirectToSwiftUI/DefaultRules.swift:38:51: error: type 'BasicLook.Page' has no member 'Select'
 36 |   \.task == "inspect" => \.page <= BasicLook.Page.Inspect(),
 37 |   \.task == "edit"    => \.page <= BasicLook.Page.Edit(),
 38 |   \.task == "select"  => \.page <= BasicLook.Page.Select(),
    |                                                   `- error: type 'BasicLook.Page' has no member 'Select'
 39 |   // editrelationship
 40 |   // queryall
/Users/admin/builder/spi-builder-workspace/Sources/DirectToSwiftUI/Support/ComparisonOperation.swift:11:1: warning: extension declares a conformance of imported type 'Operator' to imported protocol 'Equatable'; this will not behave correctly if the owners of 'Foundation' introduce this conformance in the future
 9 | import Foundation
10 |
11 | extension NSComparisonPredicate.Operator: Equatable {
   | |- warning: extension declares a conformance of imported type 'Operator' to imported protocol 'Equatable'; this will not behave correctly if the owners of 'Foundation' introduce this conformance in the future
   | `- note: add '@retroactive' to silence this warning
12 |
13 |   public static func ==(lhs: NSComparisonPredicate.Operator,
/Users/admin/builder/spi-builder-workspace/Sources/DirectToSwiftUI/Support/CoreData/DummyImplementations.swift:13:22: warning: class 'D2SDummyObjectContext' must restate inherited '@unchecked Sendable' conformance
11 | // optionals in Views. Which may or may not be a good decision.
12 |
13 | internal final class D2SDummyObjectContext: NSManagedObjectContext {
   |                      `- warning: class 'D2SDummyObjectContext' must restate inherited '@unchecked Sendable' conformance
14 |   static let shared : NSManagedObjectContext = D2SDummyObjectContext()
15 |   init() {
/Users/admin/builder/spi-builder-workspace/Sources/DirectToSwiftUI/Support/CoreData/ManagedObjectBindings.swift:16:1: warning: extension declares a conformance of imported type 'NSManagedObject' to imported protocol 'Identifiable'; this will not behave correctly if the owners of 'CoreData' introduce this conformance in the future
 14 | }
 15 |
 16 | extension NSManagedObject: Identifiable {
    | |- warning: extension declares a conformance of imported type 'NSManagedObject' to imported protocol 'Identifiable'; this will not behave correctly if the owners of 'CoreData' introduce this conformance in the future
    | `- note: add '@retroactive' to silence this warning
 17 |
 18 |   // TODO: use the pkey/GID instead. This uses the ObjectIdentifier.
/Users/admin/builder/spi-builder-workspace/Sources/DirectToSwiftUI/ViewModel/D2SFault.swift:23:25: warning: generic parameter 'Object' shadows generic parameter from outer scope with the same name; this is an error in the Swift 6 language mode
 13 | }
 14 |
 15 | public enum D2SFault<Object /*: AnyObject*/, Resolver>
    |                      `- note: 'Object' previously declared here
 16 |               where Resolver: D2SFaultResolver
 17 | {
    :
 21 |
 22 |   /// Keep an object reference as unowned, to break cycles
 23 |   public struct Unowned<Object: AnyObject> {
    |                         `- warning: generic parameter 'Object' shadows generic parameter from outer scope with the same name; this is an error in the Swift 6 language mode
 24 |     unowned let object: Object
 25 |   }
/Users/admin/builder/spi-builder-workspace/Sources/DirectToSwiftUI/ViewModel/SparseFaultArray.swift:132:22: warning: class 'IndexGlobalID' must restate inherited '@unchecked Sendable' conformance
130 | }
131 |
132 | internal final class IndexGlobalID : NSManagedObjectID {
    |                      `- warning: class 'IndexGlobalID' must restate inherited '@unchecked Sendable' conformance
133 |
134 |   private static let sharedIndexGIDs : [ IndexGlobalID ] = { // prealloc some
Failed frontend command:
/Applications/Xcode-27.0.0-Release.Candidate.app/Contents/Developer/Toolchains/XcodeDefault.xctoolchain/usr/bin/swift-frontend -frontend -emit-module -experimental-skip-non-inlinable-function-bodies-without-types /Users/admin/builder/spi-builder-workspace/Sources/DirectToSwiftUI/CoreDataRules/KVCRulePredicate.swift /Users/admin/builder/spi-builder-workspace/Sources/DirectToSwiftUI/CoreDataRules/KVCRuleSelfAssignment.swift /Users/admin/builder/spi-builder-workspace/Sources/DirectToSwiftUI/CoreDataRules/RuleKeyPathAssignment.swift /Users/admin/builder/spi-builder-workspace/Sources/DirectToSwiftUI/CoreDataRules/RuleKeyPathPredicateExtras.swift /Users/admin/builder/spi-builder-workspace/Sources/DirectToSwiftUI/CoreDataRules/RuleModelExtras.swift /Users/admin/builder/spi-builder-workspace/Sources/DirectToSwiftUI/CoreDataRules/RuleOperatorExtras.swift /Users/admin/builder/spi-builder-workspace/Sources/DirectToSwiftUI/CoreDataRules/ZeeQLRuleParser.swift /Users/admin/builder/spi-builder-workspace/Sources/DirectToSwiftUI/D2SMainView.swift /Users/admin/builder/spi-builder-workspace/Sources/DirectToSwiftUI/DefaultRules.swift /Users/admin/builder/spi-builder-workspace/Sources/DirectToSwiftUI/Environment/ContextKVC.swift /Users/admin/builder/spi-builder-workspace/Sources/DirectToSwiftUI/Environment/DefaultAssignment/DefaultAssignment.swift /Users/admin/builder/spi-builder-workspace/Sources/DirectToSwiftUI/Environment/DefaultAssignment/EntityDefaults.swift /Users/admin/builder/spi-builder-workspace/Sources/DirectToSwiftUI/Environment/DefaultAssignment/ManagedContextDefaults.swift /Users/admin/builder/spi-builder-workspace/Sources/DirectToSwiftUI/Environment/DefaultAssignment/ManagedObjectDefaults.swift /Users/admin/builder/spi-builder-workspace/Sources/DirectToSwiftUI/Environment/DefaultAssignment/ModelDefaults.swift /Users/admin/builder/spi-builder-workspace/Sources/DirectToSwiftUI/Environment/EnvironmentKeys.swift /Users/admin/builder/spi-builder-workspace/Sources/DirectToSwiftUI/Environment/EnvironmentPathes.swift /Users/admin/builder/spi-builder-workspace/Sources/DirectToSwiftUI/Environment/ViewModifiers.swift /Users/admin/builder/spi-builder-workspace/Sources/DirectToSwiftUI/Support/AppKit/D2SInspectWindow.swift /Users/admin/builder/spi-builder-workspace/Sources/DirectToSwiftUI/Support/AppKit/D2SMainWindow.swift /Users/admin/builder/spi-builder-workspace/Sources/DirectToSwiftUI/Support/AttributeValue.swift /Users/admin/builder/spi-builder-workspace/Sources/DirectToSwiftUI/Support/ComparisonOperation.swift /Users/admin/builder/spi-builder-workspace/Sources/DirectToSwiftUI/Support/CoreData/AttributeExtras.swift /Users/admin/builder/spi-builder-workspace/Sources/DirectToSwiftUI/Support/CoreData/D2SEditValidation.swift /Users/admin/builder/spi-builder-workspace/Sources/DirectToSwiftUI/Support/CoreData/DataSource.swift /Users/admin/builder/spi-builder-workspace/Sources/DirectToSwiftUI/Support/CoreData/DetailDataSource.swift /Users/admin/builder/spi-builder-workspace/Sources/DirectToSwiftUI/Support/CoreData/DummyImplementations.swift /Users/admin/builder/spi-builder-workspace/Sources/DirectToSwiftUI/Support/CoreData/EntityExtras.swift /Users/admin/builder/spi-builder-workspace/Sources/DirectToSwiftUI/Support/CoreData/FetchRequestExtras.swift /Users/admin/builder/spi-builder-workspace/Sources/DirectToSwiftUI/Support/CoreData/KVCBindings.swift /Users/admin/builder/spi-builder-workspace/Sources/DirectToSwiftUI/Support/CoreData/ManagedObjectBindings.swift /Users/admin/builder/spi-builder-workspace/Sources/DirectToSwiftUI/Support/CoreData/ModelExtras.swift /Users/admin/builder/spi-builder-workspace/Sources/DirectToSwiftUI/Support/CoreData/PredicateExtras.swift /Users/admin/builder/spi-builder-workspace/Sources/DirectToSwiftUI/Support/EquatableType.swift /Users/admin/builder/spi-builder-workspace/Sources/DirectToSwiftUI/Support/FoundationExtras.swift /Users/admin/builder/spi-builder-workspace/Sources/DirectToSwiftUI/Support/Hashes.swift /Users/admin/builder/spi-builder-workspace/Sources/DirectToSwiftUI/Support/KeyValueCodingType.swift /Users/admin/builder/spi-builder-workspace/Sources/DirectToSwiftUI/Support/Logger.swift /Users/admin/builder/spi-builder-workspace/Sources/DirectToSwiftUI/Support/Platform.swift /Users/admin/builder/spi-builder-workspace/Sources/DirectToSwiftUI/Support/ReExport.swift /Users/admin/builder/spi-builder-workspace/Sources/DirectToSwiftUI/Support/SwiftUI/D2STransformingFormatter.swift /Users/admin/builder/spi-builder-workspace/Sources/DirectToSwiftUI/Support/SwiftUI/FormatterBinding.swift /Users/admin/builder/spi-builder-workspace/Sources/DirectToSwiftUI/ViewModel/D2SDisplayGroup.swift /Users/admin/builder/spi-builder-workspace/Sources/DirectToSwiftUI/ViewModel/D2SFault.swift /Users/admin/builder/spi-builder-workspace/Sources/DirectToSwiftUI/ViewModel/D2SObjectAction.swift /Users/admin/builder/spi-builder-workspace/Sources/DirectToSwiftUI/ViewModel/D2SRuleEnvironment.swift /Users/admin/builder/spi-builder-workspace/Sources/DirectToSwiftUI/ViewModel/D2SToOneFetch.swift /Users/admin/builder/spi-builder-workspace/Sources/DirectToSwiftUI/ViewModel/SparseFaultArray.swift /Users/admin/builder/spi-builder-workspace/Sources/DirectToSwiftUI/Views/BasicLook/BasicLook.swift /Users/admin/builder/spi-builder-workspace/Sources/DirectToSwiftUI/Views/BasicLook/PageWrapper/EntityMasterDetailPage.swift /Users/admin/builder/spi-builder-workspace/Sources/DirectToSwiftUI/Views/BasicLook/PageWrapper/EntitySidebar.swift /Users/admin/builder/spi-builder-workspace/Sources/DirectToSwiftUI/Views/BasicLook/PageWrapper/MasterDetail.swift /Users/admin/builder/spi-builder-workspace/Sources/DirectToSwiftUI/Views/BasicLook/PageWrapper/NavigationPage.swift /Users/admin/builder/spi-builder-workspace/Sources/DirectToSwiftUI/Views/BasicLook/Pages/AppKit/WindowQueryList.swift /Users/admin/builder/spi-builder-workspace/Sources/DirectToSwiftUI/Views/BasicLook/Pages/Edit.swift /Users/admin/builder/spi-builder-workspace/Sources/DirectToSwiftUI/Views/BasicLook/Pages/EntityList.swift /Users/admin/builder/spi-builder-workspace/Sources/DirectToSwiftUI/Views/BasicLook/Pages/Inspect.swift /Users/admin/builder/spi-builder-workspace/Sources/DirectToSwiftUI/Views/BasicLook/Pages/Login.swift /Users/admin/builder/spi-builder-workspace/Sources/DirectToSwiftUI/Views/BasicLook/Pages/QueryList.swift /Users/admin/builder/spi-builder-workspace/Sources/DirectToSwiftUI/Views/BasicLook/Pages/Select.swift /Users/admin/builder/spi-builder-workspace/Sources/DirectToSwiftUI/Views/BasicLook/Pages/SmallQueryList.swift /Users/admin/builder/spi-builder-workspace/Sources/DirectToSwiftUI/Views/BasicLook/Pages/UIKit/MobileQueryList.swift /Users/admin/builder/spi-builder-workspace/Sources/DirectToSwiftUI/Views/BasicLook/Pages/UIKit/MobileSelect.swift /Users/admin/builder/spi-builder-workspace/Sources/DirectToSwiftUI/Views/BasicLook/Properties/Display/DisplayBool.swift /Users/admin/builder/spi-builder-workspace/Sources/DirectToSwiftUI/Views/BasicLook/Properties/Display/DisplayDate.swift /Users/admin/builder/spi-builder-workspace/Sources/DirectToSwiftUI/Views/BasicLook/Properties/Display/DisplayEmail.swift /Users/admin/builder/spi-builder-workspace/Sources/DirectToSwiftUI/Views/BasicLook/Properties/Display/DisplayPassword.swift /Users/admin/builder/spi-builder-workspace/Sources/DirectToSwiftUI/Views/BasicLook/Properties/Display/DisplayString.swift /Users/admin/builder/spi-builder-workspace/Sources/DirectToSwiftUI/Views/BasicLook/Properties/Edit/EditBool.swift /Users/admin/builder/spi-builder-workspace/Sources/DirectToSwiftUI/Views/BasicLook/Properties/Edit/EditDate.swift /Users/admin/builder/spi-builder-workspace/Sources/DirectToSwiftUI/Views/BasicLook/Properties/Edit/EditLargeString.swift /Users/admin/builder/spi-builder-workspace/Sources/DirectToSwiftUI/Views/BasicLook/Properties/Edit/EditNumber.swift /Users/admin/builder/spi-builder-workspace/Sources/DirectToSwiftUI/Views/BasicLook/Properties/Edit/EditString.swift /Users/admin/builder/spi-builder-workspace/Sources/DirectToSwiftUI/Views/BasicLook/Properties/Relationships/DisplayToOneSummary.swift /Users/admin/builder/spi-builder-workspace/Sources/DirectToSwiftUI/Views/BasicLook/Properties/Relationships/DisplayToOneTitle.swift /Users/admin/builder/spi-builder-workspace/Sources/DirectToSwiftUI/Views/BasicLook/Properties/Relationships/EditToOne.swift /Users/admin/builder/spi-builder-workspace/Sources/DirectToSwiftUI/Views/BasicLook/Reusable/D2SComponentView.swift /Users/admin/builder/spi-builder-workspace/Sources/DirectToSwiftUI/Views/BasicLook/Reusable/D2SDisplayProperties.swift /Users/admin/builder/spi-builder-workspace/Sources/DirectToSwiftUI/Views/BasicLook/Reusable/D2SDisplayPropertiesList.swift /Users/admin/builder/spi-builder-workspace/Sources/DirectToSwiftUI/Views/BasicLook/Reusable/D2SFaultContainer.swift /Users/admin/builder/spi-builder-workspace/Sources/DirectToSwiftUI/Views/BasicLook/Reusable/D2SFaultObjectLink.swift /Users/admin/builder/spi-builder-workspace/Sources/DirectToSwiftUI/Views/BasicLook/Reusable/D2SNavigationLink.swift /Users/admin/builder/spi-builder-workspace/Sources/DirectToSwiftUI/Views/BasicLook/Reusable/D2SNilText.swift /Users/admin/builder/spi-builder-workspace/Sources/DirectToSwiftUI/Views/BasicLook/Reusable/D2SPropertyName.swift /Users/admin/builder/spi-builder-workspace/Sources/DirectToSwiftUI/Views/BasicLook/Reusable/D2SRowFault.swift /Users/admin/builder/spi-builder-workspace/Sources/DirectToSwiftUI/Views/BasicLook/Reusable/D2SSummaryView.swift /Users/admin/builder/spi-builder-workspace/Sources/DirectToSwiftUI/Views/BasicLook/Reusable/D2STitleText.swift /Users/admin/builder/spi-builder-workspace/Sources/DirectToSwiftUI/Views/BasicLook/Reusable/D2STitledSummaryView.swift /Users/admin/builder/spi-builder-workspace/Sources/DirectToSwiftUI/Views/BasicLook/Reusable/D2SToOneContainer.swift /Users/admin/builder/spi-builder-workspace/Sources/DirectToSwiftUI/Views/BasicLook/Reusable/D2SToOneLink.swift /Users/admin/builder/spi-builder-workspace/Sources/DirectToSwiftUI/Views/BasicLook/Rows/NamedToManyLink.swift /Users/admin/builder/spi-builder-workspace/Sources/DirectToSwiftUI/Views/BasicLook/Rows/PropertyNameAsTitle.swift /Users/admin/builder/spi-builder-workspace/Sources/DirectToSwiftUI/Views/BasicLook/Rows/PropertyNameValue.swift /Users/admin/builder/spi-builder-workspace/Sources/DirectToSwiftUI/Views/BasicLook/Rows/PropertyValue.swift /Users/admin/builder/spi-builder-workspace/Sources/DirectToSwiftUI/Views/Debug/D2SDebugBox.swift /Users/admin/builder/spi-builder-workspace/Sources/DirectToSwiftUI/Views/Debug/D2SDebugEntityDetails.swift /Users/admin/builder/spi-builder-workspace/Sources/DirectToSwiftUI/Views/Debug/D2SDebugEntityInfo.swift /Users/admin/builder/spi-builder-workspace/Sources/DirectToSwiftUI/Views/Debug/D2SDebugFormatter.swift /Users/admin/builder/spi-builder-workspace/Sources/DirectToSwiftUI/Views/Debug/D2SDebugLabel.swift /Users/admin/builder/spi-builder-workspace/Sources/DirectToSwiftUI/Views/Debug/D2SDebugMOCInfo.swift /Users/admin/builder/spi-builder-workspace/Sources/DirectToSwiftUI/Views/Debug/D2SDebugObjectEditInfo.swift /Users/admin/builder/spi-builder-workspace/Sources/DirectToSwiftUI/Views/DefaultLook.swift /Users/admin/builder/spi-builder-workspace/Sources/DirectToSwiftUI/Views/Generic/D2SEntityPageView.swift /Users/admin/builder/spi-builder-workspace/Sources/DirectToSwiftUI/Views/Generic/D2SPageView.swift /Users/admin/builder/spi-builder-workspace/Sources/DirectToSwiftUI/Views/Misc/ListEnabledDatePicker.swift /Users/admin/builder/spi-builder-workspace/Sources/DirectToSwiftUI/Views/Misc/MultilineEditor.swift /Users/admin/builder/spi-builder-workspace/Sources/DirectToSwiftUI/Views/Misc/SearchField.swift /Users/admin/builder/spi-builder-workspace/Sources/DirectToSwiftUI/Views/Misc/Spinner.swift -target arm64-apple-xros1.0 -module-can-import-version UIKit 9127.0.84.1 9127.0.84 -disable-cross-import-overlay-search -swift-module-cross-import CoreData /Applications/Xcode-27.0.0-Release.Candidate.app/Contents/Developer/Platforms/XROS.platform/Developer/SDKs/XROS.sdk/System/Library/Frameworks/CoreData.framework/Modules/CoreData.swiftcrossimport/CloudKit.swiftoverlay -swift-module-cross-import CoreData /Applications/Xcode-27.0.0-Release.Candidate.app/Contents/Developer/Platforms/XROS.platform/Developer/SDKs/XROS27.0.sdk/System/Library/Frameworks/CoreData.framework/Modules/CoreData.swiftcrossimport/CloudKit.swiftoverlay -swift-module-cross-import Darwin /Applications/Xcode-27.0.0-Release.Candidate.app/Contents/Developer/Platforms/XROS.platform/Developer/SDKs/XROS.sdk/usr/include/Darwin.swiftcrossimport/xlocale.swiftoverlay -load-resolved-plugin /Applications/Xcode-27.0.0-Release.Candidate.app/Contents/Developer/Platforms/XROS.platform/Developer/usr/lib/swift/host/plugins/libFoundationMacros.dylib\#/Applications/Xcode-27.0.0-Release.Candidate.app/Contents/Developer/Platforms/XROS.platform/Developer/usr/bin/swift-plugin-server\#FoundationMacros -load-resolved-plugin /Applications/Xcode-27.0.0-Release.Candidate.app/Contents/Developer/Platforms/XROS.platform/Developer/usr/lib/swift/host/plugins/libObservationMacros.dylib\#/Applications/Xcode-27.0.0-Release.Candidate.app/Contents/Developer/Platforms/XROS.platform/Developer/usr/bin/swift-plugin-server\#ObservationMacros -load-resolved-plugin /Applications/Xcode-27.0.0-Release.Candidate.app/Contents/Developer/Platforms/XROS.platform/Developer/usr/lib/swift/host/plugins/libPreviewsMacros.dylib\#/Applications/Xcode-27.0.0-Release.Candidate.app/Contents/Developer/Platforms/XROS.platform/Developer/usr/bin/swift-plugin-server\#PreviewsMacros -load-resolved-plugin /Applications/Xcode-27.0.0-Release.Candidate.app/Contents/Developer/Platforms/XROS.platform/Developer/usr/lib/swift/host/plugins/libSwiftMacros.dylib\#/Applications/Xcode-27.0.0-Release.Candidate.app/Contents/Developer/Platforms/XROS.platform/Developer/usr/bin/swift-plugin-server\#SwiftMacros -load-resolved-plugin /Applications/Xcode-27.0.0-Release.Candidate.app/Contents/Developer/Platforms/XROS.platform/Developer/usr/lib/swift/host/plugins/libSwiftUIMacros.dylib\#/Applications/Xcode-27.0.0-Release.Candidate.app/Contents/Developer/Platforms/XROS.platform/Developer/usr/bin/swift-plugin-server\#SwiftUIMacros -disable-implicit-swift-modules -Xcc -fno-implicit-modules -Xcc -fno-implicit-module-maps -explicit-swift-module-map-file /Users/admin/builder/spi-builder-workspace/.derivedData/Build/Intermediates.noindex/CoreDataToSwiftUI.build/Debug-xros/DirectToSwiftUI-t.build/Objects-normal/arm64/DirectToSwiftUI-dependencies-1.json -Xllvm -aarch64-use-tbi -enable-objc-interop -stack-check -sdk /Applications/Xcode-27.0.0-Release.Candidate.app/Contents/Developer/Platforms/XROS.platform/Developer/SDKs/XROS27.0.sdk -I /Users/admin/builder/spi-builder-workspace/.derivedData/Build/Products/Debug-xros -Isystem /Applications/Xcode-27.0.0-Release.Candidate.app/Contents/Developer/Platforms/XROS.platform/Developer/usr/lib -F /Users/admin/builder/spi-builder-workspace/.derivedData/Build/Products/Debug-xros/PackageFrameworks -F /Users/admin/builder/spi-builder-workspace/.derivedData/Build/Products/Debug-xros -F /Applications/Xcode-27.0.0-Release.Candidate.app/Contents/Developer/Platforms/XROS.platform/Developer/Library/Frameworks -F /Applications/Xcode-27.0.0-Release.Candidate.app/Contents/Developer/Platforms/XROS.platform/Developer/SDKs/XROS27.0.sdk/Developer/Library/Frameworks -module-cache-path /Users/admin/builder/spi-builder-workspace/.derivedData/Build/Intermediates.noindex/SwiftExplicitPrecompiledModules -no-color-diagnostics -Xcc -fno-color-diagnostics -enable-testing -g -debug-info-format\=dwarf -dwarf-version\=4 -swift-version 5 -Onone -D SWIFT_PACKAGE -D DEBUG -D SWIFT_MODULE_RESOURCE_BUNDLE_UNAVAILABLE -D Xcode -serialize-debugging-options -enable-experimental-feature DebugDescriptionMacro -empty-abi-descriptor -validate-clang-modules-once -clang-build-session-file /Users/admin/builder/spi-builder-workspace/.derivedData/ModuleCache.noindex/Session.modulevalidation -Xcc -working-directory -Xcc /Users/admin/builder/spi-builder-workspace/.swiftpm/xcode -enable-anonymous-context-mangled-names -file-compilation-dir /Users/admin/builder/spi-builder-workspace/.swiftpm/xcode -Xcc -D_LIBCPP_HARDENING_MODE\=_LIBCPP_HARDENING_MODE_DEBUG -Xcc -ivfsstatcache -Xcc /Users/admin/builder/spi-builder-workspace/.derivedData/SDKStatCaches.noindex/xros27.0-24M361-e829b21a6f8c9b70876ba0858053c044735bd543db762f57723cac368afd1ce4.sdkstatcache -Xcc -fmodules-prune-interval\=86400 -Xcc -fmodules-prune-after\=345600 -Xcc -I/Users/admin/builder/spi-builder-workspace/.derivedData/Build/Products/Debug-xros/include -Xcc -I/Users/admin/builder/spi-builder-workspace/.derivedData/Build/Intermediates.noindex/CoreDataToSwiftUI.build/Debug-xros/DirectToSwiftUI-t.build/DerivedSources-normal/arm64 -Xcc -I/Users/admin/builder/spi-builder-workspace/.derivedData/Build/Intermediates.noindex/CoreDataToSwiftUI.build/Debug-xros/DirectToSwiftUI-t.build/DerivedSources/arm64 -Xcc -I/Users/admin/builder/spi-builder-workspace/.derivedData/Build/Intermediates.noindex/CoreDataToSwiftUI.build/Debug-xros/DirectToSwiftUI-t.build/DerivedSources -Xcc -DSWIFT_PACKAGE -Xcc -DDEBUG\=1 -no-auto-bridging-header-chaining -module-name DirectToSwiftUI -const-gather-protocols-file /Users/admin/builder/spi-builder-workspace/.derivedData/Build/Intermediates.noindex/CoreDataToSwiftUI.build/Debug-xros/DirectToSwiftUI-t.build/Objects-normal/arm64/DirectToSwiftUI_const_extract_protocols.json -disable-clang-spi -clang-target arm64-apple-xros27.0 -target-sdk-version 27.0 -target-sdk-name xros27.0 -in-process-plugin-server-path /Applications/Xcode-27.0.0-Release.Candidate.app/Contents/Developer/Toolchains/XcodeDefault.xctoolchain/usr/lib/swift/host/libSwiftInProcPluginServer.dylib -emit-module-doc-path /Users/admin/builder/spi-builder-workspace/.derivedData/Build/Intermediates.noindex/CoreDataToSwiftUI.build/Debug-xros/DirectToSwiftUI-t.build/Objects-normal/arm64/DirectToSwiftUI.swiftdoc -emit-module-source-info-path /Users/admin/builder/spi-builder-workspace/.derivedData/Build/Intermediates.noindex/CoreDataToSwiftUI.build/Debug-xros/DirectToSwiftUI-t.build/Objects-normal/arm64/DirectToSwiftUI.swiftsourceinfo -emit-objc-header-path /Users/admin/builder/spi-builder-workspace/.derivedData/Build/Intermediates.noindex/CoreDataToSwiftUI.build/Debug-xros/DirectToSwiftUI-t.build/Objects-normal/arm64/DirectToSwiftUI-Swift.h -serialize-diagnostics-path /Users/admin/builder/spi-builder-workspace/.derivedData/Build/Intermediates.noindex/CoreDataToSwiftUI.build/Debug-xros/DirectToSwiftUI-t.build/Objects-normal/arm64/DirectToSwiftUI-primary-emit-module.dia -emit-dependencies-path /Users/admin/builder/spi-builder-workspace/.derivedData/Build/Intermediates.noindex/CoreDataToSwiftUI.build/Debug-xros/DirectToSwiftUI-t.build/Objects-normal/arm64/DirectToSwiftUI-primary-emit-module.d -parse-as-library -o /Users/admin/builder/spi-builder-workspace/.derivedData/Build/Intermediates.noindex/CoreDataToSwiftUI.build/Debug-xros/DirectToSwiftUI-t.build/Objects-normal/arm64/DirectToSwiftUI.swiftmodule -emit-abi-descriptor-path /Users/admin/builder/spi-builder-workspace/.derivedData/Build/Intermediates.noindex/CoreDataToSwiftUI.build/Debug-xros/DirectToSwiftUI-t.build/Objects-normal/arm64/DirectToSwiftUI.abi.json
SwiftCompile normal arm64 (in target 'DirectToSwiftUI' from project 'CoreDataToSwiftUI')
    cd /Users/admin/builder/spi-builder-workspace/.swiftpm/xcode

SwiftCompile normal arm64 Compiling\ EntityDefaults.swift,\ ManagedContextDefaults.swift,\ ManagedObjectDefaults.swift,\ ModelDefaults.swift,\ EnvironmentKeys.swift,\ EnvironmentPathes.swift,\ ViewModifiers.swift,\ D2SInspectWindow.swift,\ D2SMainWindow.swift,\ AttributeValue.swift,\ ComparisonOperation.swift /Users/admin/builder/spi-builder-workspace/Sources/DirectToSwiftUI/Environment/DefaultAssignment/EntityDefaults.swift /Users/admin/builder/spi-builder-workspace/Sources/DirectToSwiftUI/Environment/DefaultAssignment/ManagedContextDefaults.swift /Users/admin/builder/spi-builder-workspace/Sources/DirectToSwiftUI/Environment/DefaultAssignment/ManagedObjectDefaults.swift /Users/admin/builder/spi-builder-workspace/Sources/DirectToSwiftUI/Environment/DefaultAssignment/ModelDefaults.swift /Users/admin/builder/spi-builder-workspace/Sources/DirectToSwiftUI/Environment/EnvironmentKeys.swift /Users/admin/builder/spi-builder-workspace/Sources/DirectToSwiftUI/Environment/EnvironmentPathes.swift /Users/admin/builder/spi-builder-workspace/Sources/DirectToSwiftUI/Environment/ViewModifiers.swift /Users/admin/builder/spi-builder-workspace/Sources/DirectToSwiftUI/Support/AppKit/D2SInspectWindow.swift /Users/admin/builder/spi-builder-workspace/Sources/DirectToSwiftUI/Support/AppKit/D2SMainWindow.swift /Users/admin/builder/spi-builder-workspace/Sources/DirectToSwiftUI/Support/AttributeValue.swift /Users/admin/builder/spi-builder-workspace/Sources/DirectToSwiftUI/Support/ComparisonOperation.swift (in target 'DirectToSwiftUI' from project 'CoreDataToSwiftUI')
SwiftCompile normal arm64 /Users/admin/builder/spi-builder-workspace/Sources/DirectToSwiftUI/Environment/DefaultAssignment/EntityDefaults.swift (in target 'DirectToSwiftUI' from project 'CoreDataToSwiftUI')
    cd /Users/admin/builder/spi-builder-workspace/.swiftpm/xcode
    builtin-SwiftPerFileCompile EntityDefaults.swift
SwiftCompile normal arm64 /Users/admin/builder/spi-builder-workspace/Sources/DirectToSwiftUI/Environment/DefaultAssignment/ManagedContextDefaults.swift (in target 'DirectToSwiftUI' from project 'CoreDataToSwiftUI')
    cd /Users/admin/builder/spi-builder-workspace/.swiftpm/xcode
    builtin-SwiftPerFileCompile ManagedContextDefaults.swift
SwiftCompile normal arm64 /Users/admin/builder/spi-builder-workspace/Sources/DirectToSwiftUI/Environment/DefaultAssignment/ManagedObjectDefaults.swift (in target 'DirectToSwiftUI' from project 'CoreDataToSwiftUI')
    cd /Users/admin/builder/spi-builder-workspace/.swiftpm/xcode
    builtin-SwiftPerFileCompile ManagedObjectDefaults.swift
SwiftCompile normal arm64 /Users/admin/builder/spi-builder-workspace/Sources/DirectToSwiftUI/Environment/DefaultAssignment/ModelDefaults.swift (in target 'DirectToSwiftUI' from project 'CoreDataToSwiftUI')
    cd /Users/admin/builder/spi-builder-workspace/.swiftpm/xcode
    builtin-SwiftPerFileCompile ModelDefaults.swift
SwiftCompile normal arm64 /Users/admin/builder/spi-builder-workspace/Sources/DirectToSwiftUI/Environment/EnvironmentKeys.swift (in target 'DirectToSwiftUI' from project 'CoreDataToSwiftUI')
    cd /Users/admin/builder/spi-builder-workspace/.swiftpm/xcode
    builtin-SwiftPerFileCompile EnvironmentKeys.swift
SwiftCompile normal arm64 /Users/admin/builder/spi-builder-workspace/Sources/DirectToSwiftUI/Environment/EnvironmentPathes.swift (in target 'DirectToSwiftUI' from project 'CoreDataToSwiftUI')
    cd /Users/admin/builder/spi-builder-workspace/.swiftpm/xcode
    builtin-SwiftPerFileCompile EnvironmentPathes.swift
SwiftCompile normal arm64 /Users/admin/builder/spi-builder-workspace/Sources/DirectToSwiftUI/Environment/ViewModifiers.swift (in target 'DirectToSwiftUI' from project 'CoreDataToSwiftUI')
    cd /Users/admin/builder/spi-builder-workspace/.swiftpm/xcode
    builtin-SwiftPerFileCompile ViewModifiers.swift
SwiftCompile normal arm64 /Users/admin/builder/spi-builder-workspace/Sources/DirectToSwiftUI/Support/AppKit/D2SInspectWindow.swift (in target 'DirectToSwiftUI' from project 'CoreDataToSwiftUI')
    cd /Users/admin/builder/spi-builder-workspace/.swiftpm/xcode
    builtin-SwiftPerFileCompile D2SInspectWindow.swift
SwiftCompile normal arm64 /Users/admin/builder/spi-builder-workspace/Sources/DirectToSwiftUI/Support/AppKit/D2SMainWindow.swift (in target 'DirectToSwiftUI' from project 'CoreDataToSwiftUI')
    cd /Users/admin/builder/spi-builder-workspace/.swiftpm/xcode
    builtin-SwiftPerFileCompile D2SMainWindow.swift
SwiftCompile normal arm64 /Users/admin/builder/spi-builder-workspace/Sources/DirectToSwiftUI/Support/AttributeValue.swift (in target 'DirectToSwiftUI' from project 'CoreDataToSwiftUI')
    cd /Users/admin/builder/spi-builder-workspace/.swiftpm/xcode
    builtin-SwiftPerFileCompile AttributeValue.swift
SwiftCompile normal arm64 /Users/admin/builder/spi-builder-workspace/Sources/DirectToSwiftUI/Support/ComparisonOperation.swift (in target 'DirectToSwiftUI' from project 'CoreDataToSwiftUI')
    cd /Users/admin/builder/spi-builder-workspace/.swiftpm/xcode
    builtin-SwiftPerFileCompile ComparisonOperation.swift
SwiftCompile normal arm64 Compiling\ D2SToOneContainer.swift,\ D2SToOneLink.swift,\ NamedToManyLink.swift,\ PropertyNameAsTitle.swift,\ PropertyNameValue.swift,\ PropertyValue.swift,\ D2SDebugBox.swift,\ D2SDebugEntityDetails.swift,\ D2SDebugEntityInfo.swift,\ D2SDebugFormatter.swift /Users/admin/builder/spi-builder-workspace/Sources/DirectToSwiftUI/Views/BasicLook/Reusable/D2SToOneContainer.swift /Users/admin/builder/spi-builder-workspace/Sources/DirectToSwiftUI/Views/BasicLook/Reusable/D2SToOneLink.swift /Users/admin/builder/spi-builder-workspace/Sources/DirectToSwiftUI/Views/BasicLook/Rows/NamedToManyLink.swift /Users/admin/builder/spi-builder-workspace/Sources/DirectToSwiftUI/Views/BasicLook/Rows/PropertyNameAsTitle.swift /Users/admin/builder/spi-builder-workspace/Sources/DirectToSwiftUI/Views/BasicLook/Rows/PropertyNameValue.swift /Users/admin/builder/spi-builder-workspace/Sources/DirectToSwiftUI/Views/BasicLook/Rows/PropertyValue.swift /Users/admin/builder/spi-builder-workspace/Sources/DirectToSwiftUI/Views/Debug/D2SDebugBox.swift /Users/admin/builder/spi-builder-workspace/Sources/DirectToSwiftUI/Views/Debug/D2SDebugEntityDetails.swift /Users/admin/builder/spi-builder-workspace/Sources/DirectToSwiftUI/Views/Debug/D2SDebugEntityInfo.swift /Users/admin/builder/spi-builder-workspace/Sources/DirectToSwiftUI/Views/Debug/D2SDebugFormatter.swift (in target 'DirectToSwiftUI' from project 'CoreDataToSwiftUI')
SwiftCompile normal arm64 /Users/admin/builder/spi-builder-workspace/Sources/DirectToSwiftUI/Views/BasicLook/Reusable/D2SToOneContainer.swift (in target 'DirectToSwiftUI' from project 'CoreDataToSwiftUI')
    cd /Users/admin/builder/spi-builder-workspace/.swiftpm/xcode
    builtin-SwiftPerFileCompile D2SToOneContainer.swift
SwiftCompile normal arm64 /Users/admin/builder/spi-builder-workspace/Sources/DirectToSwiftUI/Views/BasicLook/Reusable/D2SToOneLink.swift (in target 'DirectToSwiftUI' from project 'CoreDataToSwiftUI')
    cd /Users/admin/builder/spi-builder-workspace/.swiftpm/xcode
    builtin-SwiftPerFileCompile D2SToOneLink.swift
SwiftCompile normal arm64 /Users/admin/builder/spi-builder-workspace/Sources/DirectToSwiftUI/Views/BasicLook/Rows/NamedToManyLink.swift (in target 'DirectToSwiftUI' from project 'CoreDataToSwiftUI')
    cd /Users/admin/builder/spi-builder-workspace/.swiftpm/xcode
    builtin-SwiftPerFileCompile NamedToManyLink.swift
SwiftCompile normal arm64 /Users/admin/builder/spi-builder-workspace/Sources/DirectToSwiftUI/Views/BasicLook/Rows/PropertyNameAsTitle.swift (in target 'DirectToSwiftUI' from project 'CoreDataToSwiftUI')
    cd /Users/admin/builder/spi-builder-workspace/.swiftpm/xcode
    builtin-SwiftPerFileCompile PropertyNameAsTitle.swift
SwiftCompile normal arm64 /Users/admin/builder/spi-builder-workspace/Sources/DirectToSwiftUI/Views/BasicLook/Rows/PropertyNameValue.swift (in target 'DirectToSwiftUI' from project 'CoreDataToSwiftUI')
    cd /Users/admin/builder/spi-builder-workspace/.swiftpm/xcode
    builtin-SwiftPerFileCompile PropertyNameValue.swift
SwiftCompile normal arm64 /Users/admin/builder/spi-builder-workspace/Sources/DirectToSwiftUI/Views/BasicLook/Rows/PropertyValue.swift (in target 'DirectToSwiftUI' from project 'CoreDataToSwiftUI')
    cd /Users/admin/builder/spi-builder-workspace/.swiftpm/xcode
    builtin-SwiftPerFileCompile PropertyValue.swift
SwiftCompile normal arm64 /Users/admin/builder/spi-builder-workspace/Sources/DirectToSwiftUI/Views/Debug/D2SDebugBox.swift (in target 'DirectToSwiftUI' from project 'CoreDataToSwiftUI')
    cd /Users/admin/builder/spi-builder-workspace/.swiftpm/xcode
    builtin-SwiftPerFileCompile D2SDebugBox.swift
SwiftCompile normal arm64 /Users/admin/builder/spi-builder-workspace/Sources/DirectToSwiftUI/Views/Debug/D2SDebugEntityDetails.swift (in target 'DirectToSwiftUI' from project 'CoreDataToSwiftUI')
    cd /Users/admin/builder/spi-builder-workspace/.swiftpm/xcode
    builtin-SwiftPerFileCompile D2SDebugEntityDetails.swift
SwiftCompile normal arm64 /Users/admin/builder/spi-builder-workspace/Sources/DirectToSwiftUI/Views/Debug/D2SDebugEntityInfo.swift (in target 'DirectToSwiftUI' from project 'CoreDataToSwiftUI')
    cd /Users/admin/builder/spi-builder-workspace/.swiftpm/xcode
    builtin-SwiftPerFileCompile D2SDebugEntityInfo.swift
SwiftCompile normal arm64 /Users/admin/builder/spi-builder-workspace/Sources/DirectToSwiftUI/Views/Debug/D2SDebugFormatter.swift (in target 'DirectToSwiftUI' from project 'CoreDataToSwiftUI')
    cd /Users/admin/builder/spi-builder-workspace/.swiftpm/xcode
    builtin-SwiftPerFileCompile D2SDebugFormatter.swift
SwiftCompile normal arm64 Compiling\ EntityList.swift,\ Inspect.swift,\ Login.swift,\ QueryList.swift,\ Select.swift,\ SmallQueryList.swift,\ MobileQueryList.swift,\ MobileSelect.swift,\ DisplayBool.swift,\ DisplayDate.swift,\ DisplayEmail.swift /Users/admin/builder/spi-builder-workspace/Sources/DirectToSwiftUI/Views/BasicLook/Pages/EntityList.swift /Users/admin/builder/spi-builder-workspace/Sources/DirectToSwiftUI/Views/BasicLook/Pages/Inspect.swift /Users/admin/builder/spi-builder-workspace/Sources/DirectToSwiftUI/Views/BasicLook/Pages/Login.swift /Users/admin/builder/spi-builder-workspace/Sources/DirectToSwiftUI/Views/BasicLook/Pages/QueryList.swift /Users/admin/builder/spi-builder-workspace/Sources/DirectToSwiftUI/Views/BasicLook/Pages/Select.swift /Users/admin/builder/spi-builder-workspace/Sources/DirectToSwiftUI/Views/BasicLook/Pages/SmallQueryList.swift /Users/admin/builder/spi-builder-workspace/Sources/DirectToSwiftUI/Views/BasicLook/Pages/UIKit/MobileQueryList.swift /Users/admin/builder/spi-builder-workspace/Sources/DirectToSwiftUI/Views/BasicLook/Pages/UIKit/MobileSelect.swift /Users/admin/builder/spi-builder-workspace/Sources/DirectToSwiftUI/Views/BasicLook/Properties/Display/DisplayBool.swift /Users/admin/builder/spi-builder-workspace/Sources/DirectToSwiftUI/Views/BasicLook/Properties/Display/DisplayDate.swift /Users/admin/builder/spi-builder-workspace/Sources/DirectToSwiftUI/Views/BasicLook/Properties/Display/DisplayEmail.swift (in target 'DirectToSwiftUI' from project 'CoreDataToSwiftUI')
SwiftCompile normal arm64 /Users/admin/builder/spi-builder-workspace/Sources/DirectToSwiftUI/Views/BasicLook/Pages/EntityList.swift (in target 'DirectToSwiftUI' from project 'CoreDataToSwiftUI')
    cd /Users/admin/builder/spi-builder-workspace/.swiftpm/xcode
    builtin-SwiftPerFileCompile EntityList.swift
SwiftCompile normal arm64 /Users/admin/builder/spi-builder-workspace/Sources/DirectToSwiftUI/Views/BasicLook/Pages/Inspect.swift (in target 'DirectToSwiftUI' from project 'CoreDataToSwiftUI')
    cd /Users/admin/builder/spi-builder-workspace/.swiftpm/xcode
    builtin-SwiftPerFileCompile Inspect.swift
SwiftCompile normal arm64 /Users/admin/builder/spi-builder-workspace/Sources/DirectToSwiftUI/Views/BasicLook/Pages/Login.swift (in target 'DirectToSwiftUI' from project 'CoreDataToSwiftUI')
    cd /Users/admin/builder/spi-builder-workspace/.swiftpm/xcode
    builtin-SwiftPerFileCompile Login.swift
SwiftCompile normal arm64 /Users/admin/builder/spi-builder-workspace/Sources/DirectToSwiftUI/Views/BasicLook/Pages/QueryList.swift (in target 'DirectToSwiftUI' from project 'CoreDataToSwiftUI')
    cd /Users/admin/builder/spi-builder-workspace/.swiftpm/xcode
    builtin-SwiftPerFileCompile QueryList.swift
SwiftCompile normal arm64 /Users/admin/builder/spi-builder-workspace/Sources/DirectToSwiftUI/Views/BasicLook/Pages/Select.swift (in target 'DirectToSwiftUI' from project 'CoreDataToSwiftUI')
    cd /Users/admin/builder/spi-builder-workspace/.swiftpm/xcode
    builtin-SwiftPerFileCompile Select.swift
SwiftCompile normal arm64 /Users/admin/builder/spi-builder-workspace/Sources/DirectToSwiftUI/Views/BasicLook/Pages/SmallQueryList.swift (in target 'DirectToSwiftUI' from project 'CoreDataToSwiftUI')
    cd /Users/admin/builder/spi-builder-workspace/.swiftpm/xcode
    builtin-SwiftPerFileCompile SmallQueryList.swift
SwiftCompile normal arm64 /Users/admin/builder/spi-builder-workspace/Sources/DirectToSwiftUI/Views/BasicLook/Pages/UIKit/MobileQueryList.swift (in target 'DirectToSwiftUI' from project 'CoreDataToSwiftUI')
    cd /Users/admin/builder/spi-builder-workspace/.swiftpm/xcode
    builtin-SwiftPerFileCompile MobileQueryList.swift
SwiftCompile normal arm64 /Users/admin/builder/spi-builder-workspace/Sources/DirectToSwiftUI/Views/BasicLook/Pages/UIKit/MobileSelect.swift (in target 'DirectToSwiftUI' from project 'CoreDataToSwiftUI')
    cd /Users/admin/builder/spi-builder-workspace/.swiftpm/xcode
    builtin-SwiftPerFileCompile MobileSelect.swift
SwiftCompile normal arm64 /Users/admin/builder/spi-builder-workspace/Sources/DirectToSwiftUI/Views/BasicLook/Properties/Display/DisplayBool.swift (in target 'DirectToSwiftUI' from project 'CoreDataToSwiftUI')
    cd /Users/admin/builder/spi-builder-workspace/.swiftpm/xcode
    builtin-SwiftPerFileCompile DisplayBool.swift
SwiftCompile normal arm64 /Users/admin/builder/spi-builder-workspace/Sources/DirectToSwiftUI/Views/BasicLook/Properties/Display/DisplayDate.swift (in target 'DirectToSwiftUI' from project 'CoreDataToSwiftUI')
    cd /Users/admin/builder/spi-builder-workspace/.swiftpm/xcode
    builtin-SwiftPerFileCompile DisplayDate.swift
SwiftCompile normal arm64 /Users/admin/builder/spi-builder-workspace/Sources/DirectToSwiftUI/Views/BasicLook/Properties/Display/DisplayEmail.swift (in target 'DirectToSwiftUI' from project 'CoreDataToSwiftUI')
    cd /Users/admin/builder/spi-builder-workspace/.swiftpm/xcode
    builtin-SwiftPerFileCompile DisplayEmail.swift
SwiftDriverJobDiscovery normal arm64 Compiling DynamicEnvironmentValues.swift (in target 'SwiftUIRules' from project 'SwiftUIRules')
SwiftCompile normal arm64 Compiling\ KeyPathPredicateOperators.swift /Users/admin/builder/spi-builder-workspace/.dependencies/checkouts/SwiftUIRules/Sources/SwiftUIRules/Operators/KeyPathPredicateOperators.swift (in target 'SwiftUIRules' from project 'SwiftUIRules')
SwiftCompile normal arm64 /Users/admin/builder/spi-builder-workspace/.dependencies/checkouts/SwiftUIRules/Sources/SwiftUIRules/Operators/KeyPathPredicateOperators.swift (in target 'SwiftUIRules' from project 'SwiftUIRules')
    cd /Users/admin/builder/spi-builder-workspace/.swiftpm/xcode
    builtin-SwiftPerFileCompile KeyPathPredicateOperators.swift
SwiftCompile normal arm64 Compiling\ RuleCompoundPredicate.swift /Users/admin/builder/spi-builder-workspace/.dependencies/checkouts/SwiftUIRules/Sources/SwiftUIRules/Predicates/RuleCompoundPredicate.swift (in target 'SwiftUIRules' from project 'SwiftUIRules')
SwiftCompile normal arm64 /Users/admin/builder/spi-builder-workspace/.dependencies/checkouts/SwiftUIRules/Sources/SwiftUIRules/Predicates/RuleCompoundPredicate.swift (in target 'SwiftUIRules' from project 'SwiftUIRules')
    cd /Users/admin/builder/spi-builder-workspace/.swiftpm/xcode
    builtin-SwiftPerFileCompile RuleCompoundPredicate.swift
SwiftDriverJobDiscovery normal arm64 Compiling Rule.swift (in target 'SwiftUIRules' from project 'SwiftUIRules')
SwiftCompile normal arm64 Compiling\ RuleClosurePredicate.swift /Users/admin/builder/spi-builder-workspace/.dependencies/checkouts/SwiftUIRules/Sources/SwiftUIRules/Predicates/RuleClosurePredicate.swift (in target 'SwiftUIRules' from project 'SwiftUIRules')
SwiftCompile normal arm64 /Users/admin/builder/spi-builder-workspace/.dependencies/checkouts/SwiftUIRules/Sources/SwiftUIRules/Predicates/RuleClosurePredicate.swift (in target 'SwiftUIRules' from project 'SwiftUIRules')
    cd /Users/admin/builder/spi-builder-workspace/.swiftpm/xcode
    builtin-SwiftPerFileCompile RuleClosurePredicate.swift
SwiftDriverJobDiscovery normal arm64 Compiling KeyPathPredicateOperators.swift (in target 'SwiftUIRules' from project 'SwiftUIRules')
SwiftCompile normal arm64 Compiling\ RuleOperators.swift /Users/admin/builder/spi-builder-workspace/.dependencies/checkouts/SwiftUIRules/Sources/SwiftUIRules/Operators/RuleOperators.swift (in target 'SwiftUIRules' from project 'SwiftUIRules')
SwiftCompile normal arm64 /Users/admin/builder/spi-builder-workspace/.dependencies/checkouts/SwiftUIRules/Sources/SwiftUIRules/Operators/RuleOperators.swift (in target 'SwiftUIRules' from project 'SwiftUIRules')
    cd /Users/admin/builder/spi-builder-workspace/.swiftpm/xcode
    builtin-SwiftPerFileCompile RuleOperators.swift
SwiftDriverJobDiscovery normal arm64 Compiling RuleCompoundPredicate.swift (in target 'SwiftUIRules' from project 'SwiftUIRules')
SwiftCompile normal arm64 Compiling\ RuleModel.swift /Users/admin/builder/spi-builder-workspace/.dependencies/checkouts/SwiftUIRules/Sources/SwiftUIRules/RuleModel.swift (in target 'SwiftUIRules' from project 'SwiftUIRules')
SwiftCompile normal arm64 /Users/admin/builder/spi-builder-workspace/.dependencies/checkouts/SwiftUIRules/Sources/SwiftUIRules/RuleModel.swift (in target 'SwiftUIRules' from project 'SwiftUIRules')
    cd /Users/admin/builder/spi-builder-workspace/.swiftpm/xcode
    builtin-SwiftPerFileCompile RuleModel.swift
SwiftDriverJobDiscovery normal arm64 Compiling RuleClosurePredicate.swift (in target 'SwiftUIRules' from project 'SwiftUIRules')
SwiftCompile normal arm64 Compiling\ RuleBoolPredicate.swift /Users/admin/builder/spi-builder-workspace/.dependencies/checkouts/SwiftUIRules/Sources/SwiftUIRules/Predicates/RuleBoolPredicate.swift (in target 'SwiftUIRules' from project 'SwiftUIRules')
SwiftCompile normal arm64 /Users/admin/builder/spi-builder-workspace/.dependencies/checkouts/SwiftUIRules/Sources/SwiftUIRules/Predicates/RuleBoolPredicate.swift (in target 'SwiftUIRules' from project 'SwiftUIRules')
    cd /Users/admin/builder/spi-builder-workspace/.swiftpm/xcode
    builtin-SwiftPerFileCompile RuleBoolPredicate.swift
SwiftDriverJobDiscovery normal arm64 Compiling RuleOperators.swift (in target 'SwiftUIRules' from project 'SwiftUIRules')
SwiftCompile normal arm64 Compiling\ RuleKeyPathPredicate.swift /Users/admin/builder/spi-builder-workspace/.dependencies/checkouts/SwiftUIRules/Sources/SwiftUIRules/Predicates/RuleKeyPathPredicate.swift (in target 'SwiftUIRules' from project 'SwiftUIRules')
SwiftCompile normal arm64 /Users/admin/builder/spi-builder-workspace/.dependencies/checkouts/SwiftUIRules/Sources/SwiftUIRules/Predicates/RuleKeyPathPredicate.swift (in target 'SwiftUIRules' from project 'SwiftUIRules')
    cd /Users/admin/builder/spi-builder-workspace/.swiftpm/xcode
    builtin-SwiftPerFileCompile RuleKeyPathPredicate.swift
SwiftDriverJobDiscovery normal arm64 Compiling RuleBoolPredicate.swift (in target 'SwiftUIRules' from project 'SwiftUIRules')
SwiftCompile normal arm64 Compiling\ RuleAction.swift,\ RuleKeyAssignment.swift /Users/admin/builder/spi-builder-workspace/.dependencies/checkouts/SwiftUIRules/Sources/SwiftUIRules/Assignments/RuleAction.swift /Users/admin/builder/spi-builder-workspace/.dependencies/checkouts/SwiftUIRules/Sources/SwiftUIRules/Assignments/RuleKeyAssignment.swift (in target 'SwiftUIRules' from project 'SwiftUIRules')
SwiftCompile normal arm64 /Users/admin/builder/spi-builder-workspace/.dependencies/checkouts/SwiftUIRules/Sources/SwiftUIRules/Assignments/RuleAction.swift (in target 'SwiftUIRules' from project 'SwiftUIRules')
    cd /Users/admin/builder/spi-builder-workspace/.swiftpm/xcode
    builtin-SwiftPerFileCompile RuleAction.swift
SwiftCompile normal arm64 /Users/admin/builder/spi-builder-workspace/.dependencies/checkouts/SwiftUIRules/Sources/SwiftUIRules/Assignments/RuleKeyAssignment.swift (in target 'SwiftUIRules' from project 'SwiftUIRules')
    cd /Users/admin/builder/spi-builder-workspace/.swiftpm/xcode
    builtin-SwiftPerFileCompile RuleKeyAssignment.swift
SwiftDriverJobDiscovery normal arm64 Compiling RuleModel.swift (in target 'SwiftUIRules' from project 'SwiftUIRules')
SwiftCompile normal arm64 Compiling\ RuleValueAssignment.swift /Users/admin/builder/spi-builder-workspace/.dependencies/checkouts/SwiftUIRules/Sources/SwiftUIRules/Assignments/RuleValueAssignment.swift (in target 'SwiftUIRules' from project 'SwiftUIRules')
SwiftCompile normal arm64 /Users/admin/builder/spi-builder-workspace/.dependencies/checkouts/SwiftUIRules/Sources/SwiftUIRules/Assignments/RuleValueAssignment.swift (in target 'SwiftUIRules' from project 'SwiftUIRules')
    cd /Users/admin/builder/spi-builder-workspace/.swiftpm/xcode
    builtin-SwiftPerFileCompile RuleValueAssignment.swift
SwiftDriverJobDiscovery normal arm64 Compiling RuleKeyPathPredicate.swift (in target 'SwiftUIRules' from project 'SwiftUIRules')
SwiftCompile normal arm64 Compiling\ RuleTypeIDAssignment.swift,\ RuleTypeIDPathAssignment.swift /Users/admin/builder/spi-builder-workspace/.dependencies/checkouts/SwiftUIRules/Sources/SwiftUIRules/Assignments/RuleTypeIDAssignment.swift /Users/admin/builder/spi-builder-workspace/.dependencies/checkouts/SwiftUIRules/Sources/SwiftUIRules/Assignments/RuleTypeIDPathAssignment.swift (in target 'SwiftUIRules' from project 'SwiftUIRules')
SwiftCompile normal arm64 /Users/admin/builder/spi-builder-workspace/.dependencies/checkouts/SwiftUIRules/Sources/SwiftUIRules/Assignments/RuleTypeIDAssignment.swift (in target 'SwiftUIRules' from project 'SwiftUIRules')
    cd /Users/admin/builder/spi-builder-workspace/.swiftpm/xcode
    builtin-SwiftPerFileCompile RuleTypeIDAssignment.swift
SwiftCompile normal arm64 /Users/admin/builder/spi-builder-workspace/.dependencies/checkouts/SwiftUIRules/Sources/SwiftUIRules/Assignments/RuleTypeIDPathAssignment.swift (in target 'SwiftUIRules' from project 'SwiftUIRules')
    cd /Users/admin/builder/spi-builder-workspace/.swiftpm/xcode
    builtin-SwiftPerFileCompile RuleTypeIDPathAssignment.swift
SwiftDriverJobDiscovery normal arm64 Compiling RuleAction.swift, RuleKeyAssignment.swift (in target 'SwiftUIRules' from project 'SwiftUIRules')
SwiftCompile normal arm64 Compiling\ AttributeExtras.swift,\ D2SEditValidation.swift,\ DataSource.swift,\ DetailDataSource.swift,\ DummyImplementations.swift,\ EntityExtras.swift,\ FetchRequestExtras.swift,\ KVCBindings.swift,\ ManagedObjectBindings.swift,\ ModelExtras.swift,\ PredicateExtras.swift /Users/admin/builder/spi-builder-workspace/Sources/DirectToSwiftUI/Support/CoreData/AttributeExtras.swift /Users/admin/builder/spi-builder-workspace/Sources/DirectToSwiftUI/Support/CoreData/D2SEditValidation.swift /Users/admin/builder/spi-builder-workspace/Sources/DirectToSwiftUI/Support/CoreData/DataSource.swift /Users/admin/builder/spi-builder-workspace/Sources/DirectToSwiftUI/Support/CoreData/DetailDataSource.swift /Users/admin/builder/spi-builder-workspace/Sources/DirectToSwiftUI/Support/CoreData/DummyImplementations.swift /Users/admin/builder/spi-builder-workspace/Sources/DirectToSwiftUI/Support/CoreData/EntityExtras.swift /Users/admin/builder/spi-builder-workspace/Sources/DirectToSwiftUI/Support/CoreData/FetchRequestExtras.swift /Users/admin/builder/spi-builder-workspace/Sources/DirectToSwiftUI/Support/CoreData/KVCBindings.swift /Users/admin/builder/spi-builder-workspace/Sources/DirectToSwiftUI/Support/CoreData/ManagedObjectBindings.swift /Users/admin/builder/spi-builder-workspace/Sources/DirectToSwiftUI/Support/CoreData/ModelExtras.swift /Users/admin/builder/spi-builder-workspace/Sources/DirectToSwiftUI/Support/CoreData/PredicateExtras.swift (in target 'DirectToSwiftUI' from project 'CoreDataToSwiftUI')
SwiftCompile normal arm64 /Users/admin/builder/spi-builder-workspace/Sources/DirectToSwiftUI/Support/CoreData/AttributeExtras.swift (in target 'DirectToSwiftUI' from project 'CoreDataToSwiftUI')
    cd /Users/admin/builder/spi-builder-workspace/.swiftpm/xcode
    builtin-SwiftPerFileCompile AttributeExtras.swift
SwiftCompile normal arm64 /Users/admin/builder/spi-builder-workspace/Sources/DirectToSwiftUI/Support/CoreData/D2SEditValidation.swift (in target 'DirectToSwiftUI' from project 'CoreDataToSwiftUI')
    cd /Users/admin/builder/spi-builder-workspace/.swiftpm/xcode
    builtin-SwiftPerFileCompile D2SEditValidation.swift
SwiftCompile normal arm64 /Users/admin/builder/spi-builder-workspace/Sources/DirectToSwiftUI/Support/CoreData/DataSource.swift (in target 'DirectToSwiftUI' from project 'CoreDataToSwiftUI')
    cd /Users/admin/builder/spi-builder-workspace/.swiftpm/xcode
    builtin-SwiftPerFileCompile DataSource.swift
SwiftCompile normal arm64 /Users/admin/builder/spi-builder-workspace/Sources/DirectToSwiftUI/Support/CoreData/DetailDataSource.swift (in target 'DirectToSwiftUI' from project 'CoreDataToSwiftUI')
    cd /Users/admin/builder/spi-builder-workspace/.swiftpm/xcode
    builtin-SwiftPerFileCompile DetailDataSource.swift
SwiftCompile normal arm64 /Users/admin/builder/spi-builder-workspace/Sources/DirectToSwiftUI/Support/CoreData/DummyImplementations.swift (in target 'DirectToSwiftUI' from project 'CoreDataToSwiftUI')
    cd /Users/admin/builder/spi-builder-workspace/.swiftpm/xcode
    builtin-SwiftPerFileCompile DummyImplementations.swift
SwiftCompile normal arm64 /Users/admin/builder/spi-builder-workspace/Sources/DirectToSwiftUI/Support/CoreData/EntityExtras.swift (in target 'DirectToSwiftUI' from project 'CoreDataToSwiftUI')
    cd /Users/admin/builder/spi-builder-workspace/.swiftpm/xcode
    builtin-SwiftPerFileCompile EntityExtras.swift
SwiftCompile normal arm64 /Users/admin/builder/spi-builder-workspace/Sources/DirectToSwiftUI/Support/CoreData/FetchRequestExtras.swift (in target 'DirectToSwiftUI' from project 'CoreDataToSwiftUI')
    cd /Users/admin/builder/spi-builder-workspace/.swiftpm/xcode
    builtin-SwiftPerFileCompile FetchRequestExtras.swift
SwiftCompile normal arm64 /Users/admin/builder/spi-builder-workspace/Sources/DirectToSwiftUI/Support/CoreData/KVCBindings.swift (in target 'DirectToSwiftUI' from project 'CoreDataToSwiftUI')
    cd /Users/admin/builder/spi-builder-workspace/.swiftpm/xcode
    builtin-SwiftPerFileCompile KVCBindings.swift
SwiftCompile normal arm64 /Users/admin/builder/spi-builder-workspace/Sources/DirectToSwiftUI/Support/CoreData/ManagedObjectBindings.swift (in target 'DirectToSwiftUI' from project 'CoreDataToSwiftUI')
    cd /Users/admin/builder/spi-builder-workspace/.swiftpm/xcode
    builtin-SwiftPerFileCompile ManagedObjectBindings.swift
SwiftCompile normal arm64 /Users/admin/builder/spi-builder-workspace/Sources/DirectToSwiftUI/Support/CoreData/ModelExtras.swift (in target 'DirectToSwiftUI' from project 'CoreDataToSwiftUI')
    cd /Users/admin/builder/spi-builder-workspace/.swiftpm/xcode
    builtin-SwiftPerFileCompile ModelExtras.swift
SwiftCompile normal arm64 /Users/admin/builder/spi-builder-workspace/Sources/DirectToSwiftUI/Support/CoreData/PredicateExtras.swift (in target 'DirectToSwiftUI' from project 'CoreDataToSwiftUI')
    cd /Users/admin/builder/spi-builder-workspace/.swiftpm/xcode
    builtin-SwiftPerFileCompile PredicateExtras.swift
SwiftDriverJobDiscovery normal arm64 Compiling RuleValueAssignment.swift (in target 'SwiftUIRules' from project 'SwiftUIRules')
SwiftCompile normal arm64 Compiling\ D2SObjectAction.swift,\ D2SRuleEnvironment.swift,\ D2SToOneFetch.swift,\ SparseFaultArray.swift,\ BasicLook.swift,\ EntityMasterDetailPage.swift,\ EntitySidebar.swift,\ MasterDetail.swift,\ NavigationPage.swift,\ WindowQueryList.swift,\ Edit.swift /Users/admin/builder/spi-builder-workspace/Sources/DirectToSwiftUI/ViewModel/D2SObjectAction.swift /Users/admin/builder/spi-builder-workspace/Sources/DirectToSwiftUI/ViewModel/D2SRuleEnvironment.swift /Users/admin/builder/spi-builder-workspace/Sources/DirectToSwiftUI/ViewModel/D2SToOneFetch.swift /Users/admin/builder/spi-builder-workspace/Sources/DirectToSwiftUI/ViewModel/SparseFaultArray.swift /Users/admin/builder/spi-builder-workspace/Sources/DirectToSwiftUI/Views/BasicLook/BasicLook.swift /Users/admin/builder/spi-builder-workspace/Sources/DirectToSwiftUI/Views/BasicLook/PageWrapper/EntityMasterDetailPage.swift /Users/admin/builder/spi-builder-workspace/Sources/DirectToSwiftUI/Views/BasicLook/PageWrapper/EntitySidebar.swift /Users/admin/builder/spi-builder-workspace/Sources/DirectToSwiftUI/Views/BasicLook/PageWrapper/MasterDetail.swift /Users/admin/builder/spi-builder-workspace/Sources/DirectToSwiftUI/Views/BasicLook/PageWrapper/NavigationPage.swift /Users/admin/builder/spi-builder-workspace/Sources/DirectToSwiftUI/Views/BasicLook/Pages/AppKit/WindowQueryList.swift /Users/admin/builder/spi-builder-workspace/Sources/DirectToSwiftUI/Views/BasicLook/Pages/Edit.swift (in target 'DirectToSwiftUI' from project 'CoreDataToSwiftUI')
/Users/admin/builder/spi-builder-workspace/Sources/DirectToSwiftUI/ViewModel/D2SRuleEnvironment.swift:38:17: warning: expected member name or initializer call after type name; this is an error in the Swift 6 language mode
36 |
37 |     ruleContext = RuleContext(ruleModel: ruleModel)
38 |     ruleContext[D2SKeys.ruleObjectContext] = managedObjectContext
   |                 |       |- note: add arguments after the type to construct a value of the type
   |                 |       `- note: use '.self' to reference the type object
   |                 `- warning: expected member name or initializer call after type name; this is an error in the Swift 6 language mode
39 |
40 |     if let model = self.databaseModel {
SwiftCompile normal arm64 /Users/admin/builder/spi-builder-workspace/Sources/DirectToSwiftUI/ViewModel/D2SObjectAction.swift (in target 'DirectToSwiftUI' from project 'CoreDataToSwiftUI')
    cd /Users/admin/builder/spi-builder-workspace/.swiftpm/xcode
    builtin-SwiftPerFileCompile D2SObjectAction.swift
SwiftCompile normal arm64 /Users/admin/builder/spi-builder-workspace/Sources/DirectToSwiftUI/ViewModel/D2SRuleEnvironment.swift (in target 'DirectToSwiftUI' from project 'CoreDataToSwiftUI')
    cd /Users/admin/builder/spi-builder-workspace/.swiftpm/xcode
    builtin-SwiftPerFileCompile D2SRuleEnvironment.swift
SwiftCompile normal arm64 /Users/admin/builder/spi-builder-workspace/Sources/DirectToSwiftUI/ViewModel/D2SToOneFetch.swift (in target 'DirectToSwiftUI' from project 'CoreDataToSwiftUI')
    cd /Users/admin/builder/spi-builder-workspace/.swiftpm/xcode
    builtin-SwiftPerFileCompile D2SToOneFetch.swift
SwiftCompile normal arm64 /Users/admin/builder/spi-builder-workspace/Sources/DirectToSwiftUI/ViewModel/SparseFaultArray.swift (in target 'DirectToSwiftUI' from project 'CoreDataToSwiftUI')
    cd /Users/admin/builder/spi-builder-workspace/.swiftpm/xcode
    builtin-SwiftPerFileCompile SparseFaultArray.swift
SwiftCompile normal arm64 /Users/admin/builder/spi-builder-workspace/Sources/DirectToSwiftUI/Views/BasicLook/BasicLook.swift (in target 'DirectToSwiftUI' from project 'CoreDataToSwiftUI')
    cd /Users/admin/builder/spi-builder-workspace/.swiftpm/xcode
    builtin-SwiftPerFileCompile BasicLook.swift
SwiftCompile normal arm64 /Users/admin/builder/spi-builder-workspace/Sources/DirectToSwiftUI/Views/BasicLook/PageWrapper/EntityMasterDetailPage.swift (in target 'DirectToSwiftUI' from project 'CoreDataToSwiftUI')
    cd /Users/admin/builder/spi-builder-workspace/.swiftpm/xcode
    builtin-SwiftPerFileCompile EntityMasterDetailPage.swift
SwiftCompile normal arm64 /Users/admin/builder/spi-builder-workspace/Sources/DirectToSwiftUI/Views/BasicLook/PageWrapper/EntitySidebar.swift (in target 'DirectToSwiftUI' from project 'CoreDataToSwiftUI')
    cd /Users/admin/builder/spi-builder-workspace/.swiftpm/xcode
    builtin-SwiftPerFileCompile EntitySidebar.swift
SwiftCompile normal arm64 /Users/admin/builder/spi-builder-workspace/Sources/DirectToSwiftUI/Views/BasicLook/PageWrapper/MasterDetail.swift (in target 'DirectToSwiftUI' from project 'CoreDataToSwiftUI')
    cd /Users/admin/builder/spi-builder-workspace/.swiftpm/xcode
    builtin-SwiftPerFileCompile MasterDetail.swift
SwiftCompile normal arm64 /Users/admin/builder/spi-builder-workspace/Sources/DirectToSwiftUI/Views/BasicLook/PageWrapper/NavigationPage.swift (in target 'DirectToSwiftUI' from project 'CoreDataToSwiftUI')
    cd /Users/admin/builder/spi-builder-workspace/.swiftpm/xcode
    builtin-SwiftPerFileCompile NavigationPage.swift
SwiftCompile normal arm64 /Users/admin/builder/spi-builder-workspace/Sources/DirectToSwiftUI/Views/BasicLook/Pages/AppKit/WindowQueryList.swift (in target 'DirectToSwiftUI' from project 'CoreDataToSwiftUI')
    cd /Users/admin/builder/spi-builder-workspace/.swiftpm/xcode
    builtin-SwiftPerFileCompile WindowQueryList.swift
SwiftCompile normal arm64 /Users/admin/builder/spi-builder-workspace/Sources/DirectToSwiftUI/Views/BasicLook/Pages/Edit.swift (in target 'DirectToSwiftUI' from project 'CoreDataToSwiftUI')
    cd /Users/admin/builder/spi-builder-workspace/.swiftpm/xcode
    builtin-SwiftPerFileCompile Edit.swift
SwiftDriverJobDiscovery normal arm64 Compiling RuleTypeIDAssignment.swift, RuleTypeIDPathAssignment.swift (in target 'SwiftUIRules' from project 'SwiftUIRules')
SwiftCompile normal arm64 Compiling\ D2SDisplayProperties.swift,\ D2SDisplayPropertiesList.swift,\ D2SFaultContainer.swift,\ D2SFaultObjectLink.swift,\ D2SNavigationLink.swift,\ D2SNilText.swift,\ D2SPropertyName.swift,\ D2SRowFault.swift,\ D2SSummaryView.swift,\ D2STitleText.swift,\ D2STitledSummaryView.swift /Users/admin/builder/spi-builder-workspace/Sources/DirectToSwiftUI/Views/BasicLook/Reusable/D2SDisplayProperties.swift /Users/admin/builder/spi-builder-workspace/Sources/DirectToSwiftUI/Views/BasicLook/Reusable/D2SDisplayPropertiesList.swift /Users/admin/builder/spi-builder-workspace/Sources/DirectToSwiftUI/Views/BasicLook/Reusable/D2SFaultContainer.swift /Users/admin/builder/spi-builder-workspace/Sources/DirectToSwiftUI/Views/BasicLook/Reusable/D2SFaultObjectLink.swift /Users/admin/builder/spi-builder-workspace/Sources/DirectToSwiftUI/Views/BasicLook/Reusable/D2SNavigationLink.swift /Users/admin/builder/spi-builder-workspace/Sources/DirectToSwiftUI/Views/BasicLook/Reusable/D2SNilText.swift /Users/admin/builder/spi-builder-workspace/Sources/DirectToSwiftUI/Views/BasicLook/Reusable/D2SPropertyName.swift /Users/admin/builder/spi-builder-workspace/Sources/DirectToSwiftUI/Views/BasicLook/Reusable/D2SRowFault.swift /Users/admin/builder/spi-builder-workspace/Sources/DirectToSwiftUI/Views/BasicLook/Reusable/D2SSummaryView.swift /Users/admin/builder/spi-builder-workspace/Sources/DirectToSwiftUI/Views/BasicLook/Reusable/D2STitleText.swift /Users/admin/builder/spi-builder-workspace/Sources/DirectToSwiftUI/Views/BasicLook/Reusable/D2STitledSummaryView.swift (in target 'DirectToSwiftUI' from project 'CoreDataToSwiftUI')
SwiftCompile normal arm64 /Users/admin/builder/spi-builder-workspace/Sources/DirectToSwiftUI/Views/BasicLook/Reusable/D2SDisplayProperties.swift (in target 'DirectToSwiftUI' from project 'CoreDataToSwiftUI')
    cd /Users/admin/builder/spi-builder-workspace/.swiftpm/xcode
    builtin-SwiftPerFileCompile D2SDisplayProperties.swift
SwiftCompile normal arm64 /Users/admin/builder/spi-builder-workspace/Sources/DirectToSwiftUI/Views/BasicLook/Reusable/D2SDisplayPropertiesList.swift (in target 'DirectToSwiftUI' from project 'CoreDataToSwiftUI')
    cd /Users/admin/builder/spi-builder-workspace/.swiftpm/xcode
    builtin-SwiftPerFileCompile D2SDisplayPropertiesList.swift
SwiftCompile normal arm64 /Users/admin/builder/spi-builder-workspace/Sources/DirectToSwiftUI/Views/BasicLook/Reusable/D2SFaultContainer.swift (in target 'DirectToSwiftUI' from project 'CoreDataToSwiftUI')
    cd /Users/admin/builder/spi-builder-workspace/.swiftpm/xcode
    builtin-SwiftPerFileCompile D2SFaultContainer.swift
SwiftCompile normal arm64 /Users/admin/builder/spi-builder-workspace/Sources/DirectToSwiftUI/Views/BasicLook/Reusable/D2SFaultObjectLink.swift (in target 'DirectToSwiftUI' from project 'CoreDataToSwiftUI')
    cd /Users/admin/builder/spi-builder-workspace/.swiftpm/xcode
    builtin-SwiftPerFileCompile D2SFaultObjectLink.swift
SwiftCompile normal arm64 /Users/admin/builder/spi-builder-workspace/Sources/DirectToSwiftUI/Views/BasicLook/Reusable/D2SNavigationLink.swift (in target 'DirectToSwiftUI' from project 'CoreDataToSwiftUI')
    cd /Users/admin/builder/spi-builder-workspace/.swiftpm/xcode
    builtin-SwiftPerFileCompile D2SNavigationLink.swift
SwiftCompile normal arm64 /Users/admin/builder/spi-builder-workspace/Sources/DirectToSwiftUI/Views/BasicLook/Reusable/D2SNilText.swift (in target 'DirectToSwiftUI' from project 'CoreDataToSwiftUI')
    cd /Users/admin/builder/spi-builder-workspace/.swiftpm/xcode
    builtin-SwiftPerFileCompile D2SNilText.swift
SwiftCompile normal arm64 /Users/admin/builder/spi-builder-workspace/Sources/DirectToSwiftUI/Views/BasicLook/Reusable/D2SPropertyName.swift (in target 'DirectToSwiftUI' from project 'CoreDataToSwiftUI')
    cd /Users/admin/builder/spi-builder-workspace/.swiftpm/xcode
    builtin-SwiftPerFileCompile D2SPropertyName.swift
SwiftCompile normal arm64 /Users/admin/builder/spi-builder-workspace/Sources/DirectToSwiftUI/Views/BasicLook/Reusable/D2SRowFault.swift (in target 'DirectToSwiftUI' from project 'CoreDataToSwiftUI')
    cd /Users/admin/builder/spi-builder-workspace/.swiftpm/xcode
    builtin-SwiftPerFileCompile D2SRowFault.swift
SwiftCompile normal arm64 /Users/admin/builder/spi-builder-workspace/Sources/DirectToSwiftUI/Views/BasicLook/Reusable/D2SSummaryView.swift (in target 'DirectToSwiftUI' from project 'CoreDataToSwiftUI')
    cd /Users/admin/builder/spi-builder-workspace/.swiftpm/xcode
    builtin-SwiftPerFileCompile D2SSummaryView.swift
SwiftCompile normal arm64 /Users/admin/builder/spi-builder-workspace/Sources/DirectToSwiftUI/Views/BasicLook/Reusable/D2STitleText.swift (in target 'DirectToSwiftUI' from project 'CoreDataToSwiftUI')
    cd /Users/admin/builder/spi-builder-workspace/.swiftpm/xcode
    builtin-SwiftPerFileCompile D2STitleText.swift
SwiftCompile normal arm64 /Users/admin/builder/spi-builder-workspace/Sources/DirectToSwiftUI/Views/BasicLook/Reusable/D2STitledSummaryView.swift (in target 'DirectToSwiftUI' from project 'CoreDataToSwiftUI')
    cd /Users/admin/builder/spi-builder-workspace/.swiftpm/xcode
    builtin-SwiftPerFileCompile D2STitledSummaryView.swift
PruneExplicitPrecompiledModules /Users/admin/builder/spi-builder-workspace/.derivedData/Build/Intermediates.noindex/ExplicitPrecompiledModules
PruneExplicitPrecompiledModules /Users/admin/builder/spi-builder-workspace/.derivedData/SDKExplicitPrecompiledModules
PruneExplicitPrecompiledModules /Users/admin/builder/spi-builder-workspace/.derivedData/Build/Intermediates.noindex/SwiftExplicitPrecompiledModules
2026-09-16 15:44:12.917 xcodebuild[837:5162] [MT] IDERunDestination: Supported platforms for the buildables in the current scheme is empty.
** BUILD FAILED **
The following build commands failed:
	SwiftEmitModule normal arm64 Emitting\ module\ for\ DirectToSwiftUI (in target 'DirectToSwiftUI' from project 'CoreDataToSwiftUI')
	SwiftCompile normal arm64 (in target 'DirectToSwiftUI' from project 'CoreDataToSwiftUI')
	Building workspace CoreDataToSwiftUI with scheme CoreDataToSwiftUI
(3 failures)
BUILD FAILURE 6.4 visionOS