The Swift Package Index logo.Swift Package Index

Build Information

Failed to build Disk, reference master (d48d67), with Swift 6.4 for macOS (Xcode) using Xcode 27.0 on 19 Sep 2026 13:45:48 UTC.

Build Command

env DEVELOPER_DIR=/Applications/Xcode-27.0.0-Release.Candidate.app xcrun xcodebuild -IDEClonedSourcePackagesDirPathOverride=$PWD/.dependencies -skipMacroValidation -skipPackagePluginValidation -derivedDataPath $PWD/.derivedData build -scheme Disk -destination platform=macOS,arch=arm64

Build Log

========================================
RunAll
========================================
Builder version: 5.1.0
Interrupt handler set up.
========================================
Checkout
========================================
Clone URL: https://github.com/saoudrizwan/Disk.git
Reference: master
Initialized empty Git repository in /Users/admin/builder/spi-builder-workspace/.git/
From https://github.com/saoudrizwan/Disk
 * branch            master     -> FETCH_HEAD
 * [new branch]      master     -> origin/master
HEAD is now at d48d67a Merge pull request #97 from AndrewSB/patch-1
Cloned https://github.com/saoudrizwan/Disk.git
Revision (git rev-parse @):
d48d67ade230ffcbf669d024df93e194b448f7b9
SUCCESS checkout https://github.com/saoudrizwan/Disk.git at master
========================================
Build
========================================
Selected platform:         macosXcodebuild
Swift version:             6.4
Building package at path:  $PWD
https://github.com/saoudrizwan/Disk.git
Command line invocation:
    /Applications/Xcode-27.0.0-Release.Candidate.app/Contents/Developer/usr/bin/xcodebuild -IDEClonedSourcePackagesDirPathOverride=/Users/admin/builder/spi-builder-workspace/.dependencies -resolvePackageDependencies
resolved source packages:
{
  "dependencies" : [
  ],
  "manifest_display_name" : "Disk",
  "name" : "Disk",
  "path" : "/Users/admin/builder/spi-builder-workspace",
  "platforms" : [
    {
      "name" : "ios",
      "version" : "9.0"
    }
  ],
  "products" : [
    {
      "name" : "Disk",
      "targets" : [
        "Disk"
      ],
      "type" : {
        "library" : [
          "automatic"
        ]
      }
    }
  ],
  "targets" : [
    {
      "c99name" : "DiskTests",
      "module_type" : "SwiftTarget",
      "name" : "DiskTests",
      "path" : "Tests",
      "sources" : [
        "DiskTests.swift",
        "Message.swift",
        "UIImage+Extension.swift"
      ],
      "target_dependencies" : [
        "Disk"
      ],
      "type" : "test"
    },
    {
      "c99name" : "Disk",
      "module_type" : "SwiftTarget",
      "name" : "Disk",
      "path" : "Sources",
      "product_memberships" : [
        "Disk"
      ],
      "sources" : [
        "Disk+Codable.swift",
        "Disk+Data.swift",
        "Disk+Errors.swift",
        "Disk+Helpers.swift",
        "Disk+InternalHelpers.swift",
        "Disk+UIImage.swift",
        "Disk+VolumeInformation.swift",
        "Disk+[Data].swift",
        "Disk+[UIImage].swift",
        "Disk.swift"
      ],
      "type" : "library"
    }
  ],
  "tools_version" : "5.1"
}
warning: 'spi-builder-workspace': Invalid Exclude '/Users/admin/builder/spi-builder-workspace/Sources/DiskExample': File not found.
warning: 'spi-builder-workspace': Invalid Exclude '/Users/admin/builder/spi-builder-workspace/Tests/DiskExample': File not found.
{
  "project" : {
    "configurations" : [
      "Debug",
      "Release"
    ],
    "name" : "Disk",
    "schemes" : [
      "Disk"
    ],
    "targets" : [
      "Disk",
      "DiskTests"
    ]
  }
}
Running build ...
env DEVELOPER_DIR=/Applications/Xcode-27.0.0-Release.Candidate.app xcrun xcodebuild -IDEClonedSourcePackagesDirPathOverride=$PWD/.dependencies -skipMacroValidation -skipPackagePluginValidation -derivedDataPath $PWD/.derivedData build -scheme Disk -destination platform=macOS,arch=arm64
Command line invocation:
    /Applications/Xcode-27.0.0-Release.Candidate.app/Contents/Developer/usr/bin/xcodebuild -IDEClonedSourcePackagesDirPathOverride=/Users/admin/builder/spi-builder-workspace/.dependencies -skipMacroValidation -skipPackagePluginValidation -derivedDataPath /Users/admin/builder/spi-builder-workspace/.derivedData build -scheme Disk -destination platform=macOS,arch=arm64
ComputePackagePrebuildTargetDependencyGraph
Prepare packages
CreateBuildRequest
SendProjectDescription
CreateBuildOperation
ComputeTargetDependencyGraph
note: Building targets in dependency order
note: Target dependency graph (1 target)
    Target 'Disk' in project 'Disk' (no dependencies)
GatherProvisioningInputs
CreateBuildDescription
ExecuteExternalTool /Applications/Xcode-27.0.0-Release.Candidate.app/Contents/Developer/Toolchains/XcodeDefault.xctoolchain/usr/bin/clang -v -E -dM -isysroot /Applications/Xcode-27.0.0-Release.Candidate.app/Contents/Developer/Platforms/MacOSX.platform/Developer/SDKs/MacOSX27.0.sdk -x c -c /dev/null
ExecuteExternalTool /Applications/Xcode-27.0.0-Release.Candidate.app/Contents/Developer/Toolchains/XcodeDefault.xctoolchain/usr/bin/clang -v -E -dM -arch arm64 -isysroot /Applications/Xcode-27.0.0-Release.Candidate.app/Contents/Developer/Platforms/MacOSX.platform/Developer/SDKs/MacOSX27.0.sdk -x c -c /dev/null
ExecuteExternalTool /Applications/Xcode-27.0.0-Release.Candidate.app/Contents/Developer/Toolchains/XcodeDefault.xctoolchain/usr/bin/swiftc --version
ExecuteExternalTool /Applications/Xcode-27.0.0-Release.Candidate.app/Contents/Developer/Toolchains/XcodeDefault.xctoolchain/usr/bin/ld -version_details
Build description signature: ce5899f4e572a9072a1f7541fb251d18
Build description path: /Users/admin/builder/spi-builder-workspace/.derivedData/Build/Intermediates.noindex/XCBuildData/ce5899f4e572a9072a1f7541fb251d18.xcbuilddata
/Users/admin/builder/spi-builder-workspace/Disk.xcodeproj: error: The macOS deployment target 'MACOSX_DEPLOYMENT_TARGET' is set to 10.15, but the range of supported deployment target versions is 12.0 to 27.0.x. (in target 'Disk' from project 'Disk')
--- xcodebuild: WARNING: Using the first of multiple matching destinations:
{ platform:macOS, arch:arm64, variant:Mac Catalyst, id:bdeec315254d69b724d98676e06526c3e032244d, name:My Mac }
{ platform:macOS, arch:arm64, variant:Designed for [iPad,iPhone], id:bdeec315254d69b724d98676e06526c3e032244d, name:My Mac }
** BUILD FAILED **
The following build commands failed:
	Building project Disk with scheme Disk
(1 failure)
Command line invocation:
    /Applications/Xcode-27.0.0-Release.Candidate.app/Contents/Developer/usr/bin/xcodebuild -IDEClonedSourcePackagesDirPathOverride=/Users/admin/builder/spi-builder-workspace/.dependencies -resolvePackageDependencies
resolved source packages:
{
  "dependencies" : [
  ],
  "manifest_display_name" : "Disk",
  "name" : "Disk",
  "path" : "/Users/admin/builder/spi-builder-workspace",
  "platforms" : [
    {
      "name" : "ios",
      "version" : "9.0"
    }
  ],
  "products" : [
    {
      "name" : "Disk",
      "targets" : [
        "Disk"
      ],
      "type" : {
        "library" : [
          "automatic"
        ]
      }
    }
  ],
  "targets" : [
    {
      "c99name" : "DiskTests",
      "module_type" : "SwiftTarget",
      "name" : "DiskTests",
      "path" : "Tests",
      "sources" : [
        "DiskTests.swift",
        "Message.swift",
        "UIImage+Extension.swift"
      ],
      "target_dependencies" : [
        "Disk"
      ],
      "type" : "test"
    },
    {
      "c99name" : "Disk",
      "module_type" : "SwiftTarget",
      "name" : "Disk",
      "path" : "Sources",
      "product_memberships" : [
        "Disk"
      ],
      "sources" : [
        "Disk+Codable.swift",
        "Disk+Data.swift",
        "Disk+Errors.swift",
        "Disk+Helpers.swift",
        "Disk+InternalHelpers.swift",
        "Disk+UIImage.swift",
        "Disk+VolumeInformation.swift",
        "Disk+[Data].swift",
        "Disk+[UIImage].swift",
        "Disk.swift"
      ],
      "type" : "library"
    }
  ],
  "tools_version" : "5.1"
}
warning: 'spi-builder-workspace': Invalid Exclude '/Users/admin/builder/spi-builder-workspace/Sources/DiskExample': File not found.
warning: 'spi-builder-workspace': Invalid Exclude '/Users/admin/builder/spi-builder-workspace/Tests/DiskExample': File not found.
{
  "project" : {
    "configurations" : [
      "Debug",
      "Release"
    ],
    "name" : "Disk",
    "schemes" : [
      "Disk"
    ],
    "targets" : [
      "Disk",
      "DiskTests"
    ]
  }
}
Running build ...
env DEVELOPER_DIR=/Applications/Xcode-27.0.0-Release.Candidate.app xcrun xcodebuild -IDEClonedSourcePackagesDirPathOverride=$PWD/.dependencies -skipMacroValidation -skipPackagePluginValidation -derivedDataPath $PWD/.derivedData build -scheme Disk -destination platform=macOS,arch=arm64
Command line invocation:
    /Applications/Xcode-27.0.0-Release.Candidate.app/Contents/Developer/usr/bin/xcodebuild -IDEClonedSourcePackagesDirPathOverride=/Users/admin/builder/spi-builder-workspace/.dependencies -skipMacroValidation -skipPackagePluginValidation -derivedDataPath /Users/admin/builder/spi-builder-workspace/.derivedData build -scheme Disk -destination platform=macOS,arch=arm64
ComputePackagePrebuildTargetDependencyGraph
Prepare packages
CreateBuildRequest
SendProjectDescription
CreateBuildOperation
ComputeTargetDependencyGraph
note: Building targets in dependency order
note: Target dependency graph (1 target)
    Target 'Disk' in project 'Disk' (no dependencies)
GatherProvisioningInputs
CreateBuildDescription
/Users/admin/builder/spi-builder-workspace/Disk.xcodeproj: error: The macOS deployment target 'MACOSX_DEPLOYMENT_TARGET' is set to 10.15, but the range of supported deployment target versions is 12.0 to 27.0.x. (in target 'Disk' from project 'Disk')
--- xcodebuild: WARNING: Using the first of multiple matching destinations:
{ platform:macOS, arch:arm64, variant:Mac Catalyst, id:bdeec315254d69b724d98676e06526c3e032244d, name:My Mac }
{ platform:macOS, arch:arm64, variant:Designed for [iPad,iPhone], id:bdeec315254d69b724d98676e06526c3e032244d, name:My Mac }
** BUILD FAILED **
The following build commands failed:
	Building project Disk with scheme Disk
(1 failure)
BUILD FAILURE 6.4 macosXcodebuild