Build Information
Failed to build SystemKit, reference main (3879b2), with Swift 6.4 for watchOS using Xcode 27.0 on 21 Sep 2026 03:08:30 UTC.
Build Command
env DEVELOPER_DIR=/Applications/Xcode-27.0.0-Release.Candidate.app xcrun xcodebuild -IDEClonedSourcePackagesDirPathOverride=$PWD/.dependencies -skipMacroValidation -skipPackagePluginValidation -derivedDataPath $PWD/.derivedData build -scheme SystemKit-Package -destination generic/platform=watchOSBuild Log
========================================
RunAll
========================================
Builder version: 5.1.0
Interrupt handler set up.
========================================
Checkout
========================================
Clone URL: https://github.com/ChangYeop-Yang/Universal-SystemKit.git
Reference: main
Initialized empty Git repository in /Users/admin/builder/spi-builder-workspace/.git/
From https://github.com/ChangYeop-Yang/Universal-SystemKit
* branch main -> FETCH_HEAD
* [new branch] main -> origin/main
HEAD is now at 3879b25 Update 2024.10.01. DispatchTimer
Cloned https://github.com/ChangYeop-Yang/Universal-SystemKit.git
Revision (git rev-parse @):
3879b2546c36df110a5e81ab5bf3694ea11b6c4d
SPI manifest file found: $PWD/.spi.yml
SUCCESS checkout https://github.com/ChangYeop-Yang/Universal-SystemKit.git at main
========================================
Build
========================================
Selected platform: watchOS
Swift version: 6.4
Building package at path: $PWD
https://github.com/ChangYeop-Yang/Universal-SystemKit.git
Command line invocation:
/Applications/Xcode-27.0.0-Release.Candidate.app/Contents/Developer/usr/bin/xcodebuild -IDEClonedSourcePackagesDirPathOverride=/Users/admin/builder/spi-builder-workspace/.dependencies -resolvePackageDependencies
Resolve Package Graph
Fetching from https://github.com/apple/swift-docc-plugin.git
Fetching from https://github.com/microsoft/plcrashreporter.git
Fetching from https://github.com/apple/swift-http-types.git
Fetching from https://github.com/apple/swift-log.git
Fetching from https://github.com/swiftlang/swift-docc-symbolkit
Creating working copy of package ‘swift-docc-plugin’
Checking out 1.5.0 of package ‘swift-docc-plugin’
Creating working copy of package ‘plcrashreporter’
Checking out 1.12.2 of package ‘plcrashreporter’
Creating working copy of package ‘swift-docc-symbolkit’
Checking out 1.0.0 of package ‘swift-docc-symbolkit’
Creating working copy of package ‘swift-http-types’
Checking out 1.8.0 of package ‘swift-http-types’
Creating working copy of package ‘swift-log’
Checking out 1.15.1 of package ‘swift-log’
Resolve Package Graph
Resolved source packages:
swift-log: https://github.com/apple/swift-log.git @ 1.15.1
SwiftDocCPlugin: https://github.com/apple/swift-docc-plugin.git @ 1.5.0
swift-http-types: https://github.com/apple/swift-http-types.git @ 1.8.0
SystemKit: /Users/admin/builder/spi-builder-workspace
PLCrashReporter: https://github.com/microsoft/plcrashreporter.git @ 1.12.2
SymbolKit: https://github.com/swiftlang/swift-docc-symbolkit @ 1.0.0
resolved source packages: swift-log, SwiftDocCPlugin, swift-http-types, SystemKit, PLCrashReporter, SymbolKit
2026-09-20 23:06:56.314 xcodebuild[529:3042] [MT] IDERunDestination: Supported platforms for the buildables in the current scheme is empty.
{
"dependencies" : [
{
"identity" : "swift-log",
"requirement" : {
"range" : [
{
"lower_bound" : "1.6.1",
"upper_bound" : "2.0.0"
}
]
},
"type" : "sourceControl",
"url" : "https://github.com/apple/swift-log.git"
},
{
"identity" : "swift-http-types",
"requirement" : {
"range" : [
{
"lower_bound" : "1.3.0",
"upper_bound" : "2.0.0"
}
]
},
"type" : "sourceControl",
"url" : "https://github.com/apple/swift-http-types.git"
},
{
"identity" : "plcrashreporter",
"requirement" : {
"range" : [
{
"lower_bound" : "1.11.2",
"upper_bound" : "2.0.0"
}
]
},
"type" : "sourceControl",
"url" : "https://github.com/microsoft/plcrashreporter.git"
},
{
"identity" : "swift-docc-plugin",
"requirement" : {
"range" : [
{
"lower_bound" : "1.3.0",
"upper_bound" : "2.0.0"
}
]
},
"type" : "sourceControl",
"url" : "https://github.com/apple/swift-docc-plugin.git"
}
],
"manifest_display_name" : "SystemKit",
"name" : "SystemKit",
"path" : "/Users/admin/builder/spi-builder-workspace",
"platforms" : [
{
"name" : "macos",
"version" : "10.15"
},
{
"name" : "ios",
"version" : "13.0"
}
],
"products" : [
{
"name" : "SystemKit",
"targets" : [
"SystemKit"
],
"type" : {
"library" : [
"automatic"
]
}
},
{
"name" : "SystemKit_Objc",
"targets" : [
"SystemKit_Objc"
],
"type" : {
"library" : [
"automatic"
]
}
}
],
"swift_languages_versions" : [
"5"
],
"targets" : [
{
"c99name" : "SystemKit_Objc",
"module_type" : "ClangTarget",
"name" : "SystemKit_Objc",
"path" : "ObjcSources",
"product_memberships" : [
"SystemKit_Objc"
],
"sources" : [
"Cryptor/SKSecurity.mm"
],
"type" : "library"
},
{
"c99name" : "SystemKit",
"module_type" : "SwiftTarget",
"name" : "SystemKit",
"path" : "Sources",
"product_dependencies" : [
"Logging",
"HTTPTypes",
"CrashReporter"
],
"product_memberships" : [
"SystemKit"
],
"resources" : [
{
"path" : "/Users/admin/builder/spi-builder-workspace/Sources/PrivacyInfo.xcprivacy",
"rule" : {
"process" : {
}
}
}
],
"sources" : [
"Common/SKData+Extension.swift",
"Common/SKDouble+Extension.swift",
"Common/SKString+Extension.swift",
"Communication/SKMessagePort+Define.swift",
"Communication/SKMessagePort.swift",
"Dispatch/SKDispatchFile.swift",
"Dispatch/SKDispatchFileMonitor+Define.swift",
"Dispatch/SKDispatchFileMonitor.swift",
"Dispatch/SKDispatchTimer+Define.swift",
"Dispatch/SKDispatchTimer.swift",
"IO/SKIOBattery.swift",
"IO/SKIOProcess.swift",
"IO/SKIOResult.swift",
"IO/SKIOReturn.swift",
"IO/SKIOSystem.swift",
"Network/SKNetworkInterface.swift",
"Network/SKNetworkInterfaceDefine.swift",
"Network/SKNetworkMonitor.swift",
"Network/SKNetworkMonitorDefine.swift",
"Permission/SKPermissionDefine.swift",
"Permission/SKPreferencePaneDefine.swift",
"Process/SKProcess.swift",
"Process/SKProcessMonitor.swift",
"Process/SKProcessMonitorDefine.swift",
"Protocol/SKClass+Protocol.swift",
"Protocol/SKOperation+Protocol.swift",
"SKAsyncOperation.swift",
"SKAtomicValue.swift",
"SKCrashReporter.swift",
"SKFileLock.swift",
"SKFinderExtension.swift",
"SKSignal.swift",
"SKUserDefault.swift",
"System/SKSystem+iOS.swift",
"System/SKSystem+macOS.swift",
"System/SKSystem.swift",
"System/SKSystemDefine.swift",
"System/SKSystemProcessResource+Additions.swift",
"System/SKSystemProcessResource+Define.swift",
"System/SKSystemProcessResource.swift",
"System/SKSystemResource+Additions.swift",
"System/SKSystemResource+Define.swift",
"System/SKSystemResource.swift",
"SystemKit.swift"
],
"type" : "library"
}
],
"tools_version" : "5.4"
}
{
"workspace" : {
"name" : "SystemKit",
"schemes" : [
"SystemKit",
"SystemKit_Objc",
"SystemKit-Package"
]
}
}
2026-09-20 23:07:49.801 xcodebuild[934:5640] [MT] IDERunDestination: Supported platforms for the buildables in the current scheme is empty.
Running build ...
env DEVELOPER_DIR=/Applications/Xcode-27.0.0-Release.Candidate.app xcrun xcodebuild -IDEClonedSourcePackagesDirPathOverride=$PWD/.dependencies -skipMacroValidation -skipPackagePluginValidation -derivedDataPath $PWD/.derivedData build -scheme SystemKit-Package -destination generic/platform=watchOS
Command line invocation:
/Applications/Xcode-27.0.0-Release.Candidate.app/Contents/Developer/usr/bin/xcodebuild -IDEClonedSourcePackagesDirPathOverride=/Users/admin/builder/spi-builder-workspace/.dependencies -skipMacroValidation -skipPackagePluginValidation -derivedDataPath /Users/admin/builder/spi-builder-workspace/.derivedData build -scheme SystemKit-Package -destination generic/platform=watchOS
Resolve Package Graph
Resolve Package Graph
Resolved source packages:
swift-http-types: https://github.com/apple/swift-http-types.git @ 1.8.0
PLCrashReporter: https://github.com/microsoft/plcrashreporter.git @ 1.12.2
SwiftDocCPlugin: https://github.com/apple/swift-docc-plugin.git @ 1.5.0
SystemKit: /Users/admin/builder/spi-builder-workspace
SymbolKit: https://github.com/swiftlang/swift-docc-symbolkit @ 1.0.0
swift-log: https://github.com/apple/swift-log.git @ 1.15.1
ComputePackagePrebuildTargetDependencyGraph
Prepare packages
CreateBuildRequest
SendProjectDescription
CreateBuildOperation
ComputeTargetDependencyGraph
note: Building targets in dependency order
note: Target dependency graph (5 targets)
Target 'SystemKit_Objc-product' in project 'SystemKit'
➜ Explicit dependency on target 'SystemKit_Objc' in project 'SystemKit'
Target 'SystemKit_Objc' in project 'SystemKit' (no dependencies)
Target 'SystemKit-product' in project 'SystemKit'
➜ Explicit dependency on target 'SystemKit' in project 'SystemKit'
➜ Explicit dependency on target 'SystemKit_SystemKit' in project 'SystemKit'
Target 'SystemKit' in project 'SystemKit'
➜ Explicit dependency on target 'SystemKit_SystemKit' in project 'SystemKit'
Target 'SystemKit_SystemKit' in project 'SystemKit' (no dependencies)
GatherProvisioningInputs
CreateBuildDescription
ExecuteExternalTool /Applications/Xcode-27.0.0-Release.Candidate.app/Contents/Developer/Toolchains/XcodeDefault.xctoolchain/usr/bin/clang -v -E -dM -isysroot /Applications/Xcode-27.0.0-Release.Candidate.app/Contents/Developer/Platforms/WatchOS.platform/Developer/SDKs/WatchOS27.0.sdk -x c -c /dev/null
ExecuteExternalTool /Applications/Xcode-27.0.0-Release.Candidate.app/Contents/Developer/Toolchains/XcodeDefault.xctoolchain/usr/bin/clang -v -E -dM -arch arm64 -isysroot /Applications/Xcode-27.0.0-Release.Candidate.app/Contents/Developer/Platforms/WatchOS.platform/Developer/SDKs/WatchOS27.0.sdk -x objective-c++ -c /dev/null
ExecuteExternalTool /Applications/Xcode-27.0.0-Release.Candidate.app/Contents/Developer/Toolchains/XcodeDefault.xctoolchain/usr/bin/swiftc --version
ExecuteExternalTool /Applications/Xcode-27.0.0-Release.Candidate.app/Contents/Developer/Toolchains/XcodeDefault.xctoolchain/usr/bin/clang -v -E -dM -arch arm64 -isysroot /Applications/Xcode-27.0.0-Release.Candidate.app/Contents/Developer/Platforms/WatchOS.platform/Developer/SDKs/WatchOS27.0.sdk -x c -c /dev/null
ExecuteExternalTool /Applications/Xcode-27.0.0-Release.Candidate.app/Contents/Developer/Toolchains/XcodeDefault.xctoolchain/usr/bin/ld -version_details
ExecuteExternalTool /Applications/Xcode-27.0.0-Release.Candidate.app/Contents/Developer/Toolchains/XcodeDefault.xctoolchain/usr/bin/clang -v -E -dM -arch arm64_32 -isysroot /Applications/Xcode-27.0.0-Release.Candidate.app/Contents/Developer/Platforms/WatchOS.platform/Developer/SDKs/WatchOS27.0.sdk -x objective-c++ -c /dev/null
ExecuteExternalTool /Applications/Xcode-27.0.0-Release.Candidate.app/Contents/Developer/Toolchains/XcodeDefault.xctoolchain/usr/bin/clang -v -E -dM -arch arm64_32 -isysroot /Applications/Xcode-27.0.0-Release.Candidate.app/Contents/Developer/Platforms/WatchOS.platform/Developer/SDKs/WatchOS27.0.sdk -x c -c /dev/null
Build description signature: d88a27749b3e16b89a512f7d89b43c3e
Build description path: /Users/admin/builder/spi-builder-workspace/.derivedData/Build/Intermediates.noindex/XCBuildData/d88a27749b3e16b89a512f7d89b43c3e.xcbuilddata
CreateBuildDirectory /Users/admin/builder/spi-builder-workspace/.derivedData/ModuleCache.noindex
cd /Users/admin/builder/spi-builder-workspace/.swiftpm/xcode
builtin-create-build-directory /Users/admin/builder/spi-builder-workspace/.derivedData/ModuleCache.noindex
CreateBuildDirectory /Users/admin/builder/spi-builder-workspace/.derivedData/CompilationCache.noindex
cd /Users/admin/builder/spi-builder-workspace/.swiftpm/xcode
builtin-create-build-directory /Users/admin/builder/spi-builder-workspace/.derivedData/CompilationCache.noindex
CreateBuildDirectory /Users/admin/builder/spi-builder-workspace/.derivedData/SDKExplicitPrecompiledModules
cd /Users/admin/builder/spi-builder-workspace/.swiftpm/xcode
builtin-create-build-directory /Users/admin/builder/spi-builder-workspace/.derivedData/SDKExplicitPrecompiledModules
ClangStatCache /Applications/Xcode-27.0.0-Release.Candidate.app/Contents/Developer/Toolchains/XcodeDefault.xctoolchain/usr/bin/clang-stat-cache /Applications/Xcode-27.0.0-Release.Candidate.app/Contents/Developer/Platforms/WatchOS.platform/Developer/SDKs/WatchOS27.0.sdk /Users/admin/builder/spi-builder-workspace/.derivedData/SDKStatCaches.noindex/watchos27.0-24R360-e829b21a6f8c9b70876ba0858053c04477534ef55a1706bf4c1112bbb242f0a2.sdkstatcache
cd /Users/admin/builder/spi-builder-workspace/.swiftpm/xcode
/Applications/Xcode-27.0.0-Release.Candidate.app/Contents/Developer/Toolchains/XcodeDefault.xctoolchain/usr/bin/clang-stat-cache /Applications/Xcode-27.0.0-Release.Candidate.app/Contents/Developer/Platforms/WatchOS.platform/Developer/SDKs/WatchOS27.0.sdk -o /Users/admin/builder/spi-builder-workspace/.derivedData/SDKStatCaches.noindex/watchos27.0-24R360-e829b21a6f8c9b70876ba0858053c04477534ef55a1706bf4c1112bbb242f0a2.sdkstatcache
CreateBuildDirectory /Users/admin/builder/spi-builder-workspace/.derivedData/Build/Products
cd /Users/admin/builder/spi-builder-workspace/.swiftpm/xcode
builtin-create-build-directory /Users/admin/builder/spi-builder-workspace/.derivedData/Build/Products
CreateBuildDirectory /Users/admin/builder/spi-builder-workspace/.derivedData/Build/Intermediates.noindex
cd /Users/admin/builder/spi-builder-workspace/.swiftpm/xcode
builtin-create-build-directory /Users/admin/builder/spi-builder-workspace/.derivedData/Build/Intermediates.noindex
CreateBuildDirectory /Users/admin/builder/spi-builder-workspace/.derivedData/Build/Intermediates.noindex/SwiftExplicitPrecompiledModules
cd /Users/admin/builder/spi-builder-workspace/.swiftpm/xcode
builtin-create-build-directory /Users/admin/builder/spi-builder-workspace/.derivedData/Build/Intermediates.noindex/SwiftExplicitPrecompiledModules
CreateBuildDirectory /Users/admin/builder/spi-builder-workspace/.derivedData/Build/Intermediates.noindex/PrecompiledHeaders
cd /Users/admin/builder/spi-builder-workspace/.swiftpm/xcode
builtin-create-build-directory /Users/admin/builder/spi-builder-workspace/.derivedData/Build/Intermediates.noindex/PrecompiledHeaders
CreateBuildDirectory /Users/admin/builder/spi-builder-workspace/.derivedData/Build/Intermediates.noindex/ExplicitPrecompiledModules
cd /Users/admin/builder/spi-builder-workspace/.swiftpm/xcode
builtin-create-build-directory /Users/admin/builder/spi-builder-workspace/.derivedData/Build/Intermediates.noindex/ExplicitPrecompiledModules
CreateBuildDirectory /Users/admin/builder/spi-builder-workspace/.derivedData/Build/Intermediates.noindex/EagerLinkingTBDs/Debug-watchos
cd /Users/admin/builder/spi-builder-workspace/.swiftpm/xcode
builtin-create-build-directory /Users/admin/builder/spi-builder-workspace/.derivedData/Build/Intermediates.noindex/EagerLinkingTBDs/Debug-watchos
CreateBuildDirectory /Users/admin/builder/spi-builder-workspace/.derivedData/Build/Products/Debug-watchos
cd /Users/admin/builder/spi-builder-workspace/.swiftpm/xcode
builtin-create-build-directory /Users/admin/builder/spi-builder-workspace/.derivedData/Build/Products/Debug-watchos
CreateBuildDirectory /Users/admin/builder/spi-builder-workspace/.derivedData/Build/Products/Debug-watchos/PackageFrameworks
cd /Users/admin/builder/spi-builder-workspace/.swiftpm/xcode
builtin-create-build-directory /Users/admin/builder/spi-builder-workspace/.derivedData/Build/Products/Debug-watchos/PackageFrameworks
WriteAuxiliaryFile /Users/admin/builder/spi-builder-workspace/.derivedData/Build/Intermediates.noindex/SystemKit.build/Debug-watchos/SystemKit_Objc-t.build/SystemKit_Objc.modulemap (in target 'SystemKit_Objc' from project 'SystemKit')
cd /Users/admin/builder/spi-builder-workspace
write-file /Users/admin/builder/spi-builder-workspace/.derivedData/Build/Intermediates.noindex/SystemKit.build/Debug-watchos/SystemKit_Objc-t.build/SystemKit_Objc.modulemap
WriteAuxiliaryFile /Users/admin/builder/spi-builder-workspace/.derivedData/Build/Intermediates.noindex/SystemKit.build/Debug-watchos/SystemKit_Objc-t.build/SystemKit_Objc.DependencyMetadataFileList (in target 'SystemKit_Objc' from project 'SystemKit')
cd /Users/admin/builder/spi-builder-workspace
write-file /Users/admin/builder/spi-builder-workspace/.derivedData/Build/Intermediates.noindex/SystemKit.build/Debug-watchos/SystemKit_Objc-t.build/SystemKit_Objc.DependencyMetadataFileList
WriteAuxiliaryFile /Users/admin/builder/spi-builder-workspace/.derivedData/Build/Intermediates.noindex/SystemKit.build/Debug-watchos/SystemKit_Objc-t.build/SystemKit_Objc.DependencyStaticMetadataFileList (in target 'SystemKit_Objc' from project 'SystemKit')
cd /Users/admin/builder/spi-builder-workspace
write-file /Users/admin/builder/spi-builder-workspace/.derivedData/Build/Intermediates.noindex/SystemKit.build/Debug-watchos/SystemKit_Objc-t.build/SystemKit_Objc.DependencyStaticMetadataFileList
WriteAuxiliaryFile /Users/admin/builder/spi-builder-workspace/.derivedData/Build/Intermediates.noindex/SystemKit.build/Debug-watchos/SystemKit_SystemKit-b.build/SystemKit_SystemKit.DependencyMetadataFileList (in target 'SystemKit_SystemKit' from project 'SystemKit')
cd /Users/admin/builder/spi-builder-workspace
write-file /Users/admin/builder/spi-builder-workspace/.derivedData/Build/Intermediates.noindex/SystemKit.build/Debug-watchos/SystemKit_SystemKit-b.build/SystemKit_SystemKit.DependencyMetadataFileList
WriteAuxiliaryFile /Users/admin/builder/spi-builder-workspace/.derivedData/Build/Intermediates.noindex/SystemKit.build/Debug-watchos/SystemKit_SystemKit-b.build/empty-SystemKit_SystemKit.plist (in target 'SystemKit_SystemKit' from project 'SystemKit')
cd /Users/admin/builder/spi-builder-workspace
write-file /Users/admin/builder/spi-builder-workspace/.derivedData/Build/Intermediates.noindex/SystemKit.build/Debug-watchos/SystemKit_SystemKit-b.build/empty-SystemKit_SystemKit.plist
WriteAuxiliaryFile /Users/admin/builder/spi-builder-workspace/.derivedData/Build/Intermediates.noindex/SystemKit.build/Debug-watchos/SystemKit_SystemKit-b.build/SystemKit_SystemKit.DependencyStaticMetadataFileList (in target 'SystemKit_SystemKit' from project 'SystemKit')
cd /Users/admin/builder/spi-builder-workspace
write-file /Users/admin/builder/spi-builder-workspace/.derivedData/Build/Intermediates.noindex/SystemKit.build/Debug-watchos/SystemKit_SystemKit-b.build/SystemKit_SystemKit.DependencyStaticMetadataFileList
WriteAuxiliaryFile /Users/admin/builder/spi-builder-workspace/.derivedData/Build/Intermediates.noindex/SystemKit.build/Debug-watchos/SystemKit_Objc-t.build/Objects-normal/arm64_32/af3fcb34312c57c0f52879cdce924b91-common-args.resp (in target 'SystemKit_Objc' from project 'SystemKit')
cd /Users/admin/builder/spi-builder-workspace
write-file /Users/admin/builder/spi-builder-workspace/.derivedData/Build/Intermediates.noindex/SystemKit.build/Debug-watchos/SystemKit_Objc-t.build/Objects-normal/arm64_32/af3fcb34312c57c0f52879cdce924b91-common-args.resp
-fobjc-arc -fmodules -fno-cxx-modules -gmodules '-fmodules-cache-path=/Users/admin/builder/spi-builder-workspace/.derivedData/ModuleCache.noindex' '-fmodule-name=SystemKit_Objc' '-D_LIBCPP_HARDENING_MODE=_LIBCPP_HARDENING_MODE_DEBUG' -fpascal-strings -O0 -DSWIFT_PACKAGE '-DDEBUG=1' '-DOBJC_OLD_DISPATCH_PROTOTYPES=1' -g -fvisibility-inlines-hidden -I/Users/admin/builder/spi-builder-workspace/.derivedData/Build/Products/Debug-watchos/include -I/Users/admin/builder/spi-builder-workspace/ObjcSources -I/Users/admin/builder/spi-builder-workspace/ObjcSources -I/Users/admin/builder/spi-builder-workspace/.derivedData/Build/Intermediates.noindex/SystemKit.build/Debug-watchos/SystemKit_Objc-t.build/DerivedSources-normal/arm64_32 -I/Users/admin/builder/spi-builder-workspace/.derivedData/Build/Intermediates.noindex/SystemKit.build/Debug-watchos/SystemKit_Objc-t.build/DerivedSources/arm64_32 -I/Users/admin/builder/spi-builder-workspace/.derivedData/Build/Intermediates.noindex/SystemKit.build/Debug-watchos/SystemKit_Objc-t.build/DerivedSources -F/Users/admin/builder/spi-builder-workspace/.derivedData/Build/Products/Debug-watchos -iframework /Applications/Xcode-27.0.0-Release.Candidate.app/Contents/Developer/Platforms/WatchOS.platform/Developer/Library/Frameworks -iframework /Applications/Xcode-27.0.0-Release.Candidate.app/Contents/Developer/Platforms/WatchOS.platform/Developer/SDKs/WatchOS27.0.sdk/Developer/Library/Frameworks -DXcode
WriteAuxiliaryFile /Users/admin/builder/spi-builder-workspace/.derivedData/Build/Intermediates.noindex/SystemKit.build/Debug-watchos/SystemKit_Objc-t.build/Objects-normal/arm64_32/SystemKit_Objc.LinkFileList (in target 'SystemKit_Objc' from project 'SystemKit')
cd /Users/admin/builder/spi-builder-workspace
write-file /Users/admin/builder/spi-builder-workspace/.derivedData/Build/Intermediates.noindex/SystemKit.build/Debug-watchos/SystemKit_Objc-t.build/Objects-normal/arm64_32/SystemKit_Objc.LinkFileList
WriteAuxiliaryFile /Users/admin/builder/spi-builder-workspace/.derivedData/Build/Intermediates.noindex/SystemKit.build/Debug-watchos/SystemKit_Objc-t.build/Objects-normal/arm64/af3fcb34312c57c0f52879cdce924b91-common-args.resp (in target 'SystemKit_Objc' from project 'SystemKit')
cd /Users/admin/builder/spi-builder-workspace
write-file /Users/admin/builder/spi-builder-workspace/.derivedData/Build/Intermediates.noindex/SystemKit.build/Debug-watchos/SystemKit_Objc-t.build/Objects-normal/arm64/af3fcb34312c57c0f52879cdce924b91-common-args.resp
-fobjc-arc -fmodules -fno-cxx-modules -gmodules '-fmodules-cache-path=/Users/admin/builder/spi-builder-workspace/.derivedData/ModuleCache.noindex' '-fmodule-name=SystemKit_Objc' '-D_LIBCPP_HARDENING_MODE=_LIBCPP_HARDENING_MODE_DEBUG' -fpascal-strings -O0 -DSWIFT_PACKAGE '-DDEBUG=1' '-DOBJC_OLD_DISPATCH_PROTOTYPES=1' -g -fvisibility-inlines-hidden -I/Users/admin/builder/spi-builder-workspace/.derivedData/Build/Products/Debug-watchos/include -I/Users/admin/builder/spi-builder-workspace/ObjcSources -I/Users/admin/builder/spi-builder-workspace/ObjcSources -I/Users/admin/builder/spi-builder-workspace/.derivedData/Build/Intermediates.noindex/SystemKit.build/Debug-watchos/SystemKit_Objc-t.build/DerivedSources-normal/arm64 -I/Users/admin/builder/spi-builder-workspace/.derivedData/Build/Intermediates.noindex/SystemKit.build/Debug-watchos/SystemKit_Objc-t.build/DerivedSources/arm64 -I/Users/admin/builder/spi-builder-workspace/.derivedData/Build/Intermediates.noindex/SystemKit.build/Debug-watchos/SystemKit_Objc-t.build/DerivedSources -F/Users/admin/builder/spi-builder-workspace/.derivedData/Build/Products/Debug-watchos -iframework /Applications/Xcode-27.0.0-Release.Candidate.app/Contents/Developer/Platforms/WatchOS.platform/Developer/Library/Frameworks -iframework /Applications/Xcode-27.0.0-Release.Candidate.app/Contents/Developer/Platforms/WatchOS.platform/Developer/SDKs/WatchOS27.0.sdk/Developer/Library/Frameworks -DXcode
WriteAuxiliaryFile /Users/admin/builder/spi-builder-workspace/.derivedData/Build/Intermediates.noindex/SystemKit.build/Debug-watchos/SystemKit_Objc-t.build/Objects-normal/arm64/SystemKit_Objc.LinkFileList (in target 'SystemKit_Objc' from project 'SystemKit')
cd /Users/admin/builder/spi-builder-workspace
write-file /Users/admin/builder/spi-builder-workspace/.derivedData/Build/Intermediates.noindex/SystemKit.build/Debug-watchos/SystemKit_Objc-t.build/Objects-normal/arm64/SystemKit_Objc.LinkFileList
WriteAuxiliaryFile /Users/admin/builder/spi-builder-workspace/.derivedData/Build/Intermediates.noindex/SystemKit.build/Debug-watchos/SystemKit-t.build/SystemKit.DependencyStaticMetadataFileList (in target 'SystemKit' from project 'SystemKit')
cd /Users/admin/builder/spi-builder-workspace
write-file /Users/admin/builder/spi-builder-workspace/.derivedData/Build/Intermediates.noindex/SystemKit.build/Debug-watchos/SystemKit-t.build/SystemKit.DependencyStaticMetadataFileList
WriteAuxiliaryFile /Users/admin/builder/spi-builder-workspace/.derivedData/Build/Intermediates.noindex/SystemKit.build/Debug-watchos/SystemKit-t.build/SystemKit.modulemap (in target 'SystemKit' from project 'SystemKit')
cd /Users/admin/builder/spi-builder-workspace
write-file /Users/admin/builder/spi-builder-workspace/.derivedData/Build/Intermediates.noindex/SystemKit.build/Debug-watchos/SystemKit-t.build/SystemKit.modulemap
WriteAuxiliaryFile /Users/admin/builder/spi-builder-workspace/.derivedData/Build/Intermediates.noindex/SystemKit.build/Debug-watchos/SystemKit-t.build/SystemKit.DependencyMetadataFileList (in target 'SystemKit' from project 'SystemKit')
cd /Users/admin/builder/spi-builder-workspace
write-file /Users/admin/builder/spi-builder-workspace/.derivedData/Build/Intermediates.noindex/SystemKit.build/Debug-watchos/SystemKit-t.build/SystemKit.DependencyMetadataFileList
WriteAuxiliaryFile /Users/admin/builder/spi-builder-workspace/.derivedData/Build/Intermediates.noindex/SystemKit.build/Debug-watchos/SystemKit-t.build/Objects-normal/arm64_32/SystemKit_const_extract_protocols.json (in target 'SystemKit' from project 'SystemKit')
cd /Users/admin/builder/spi-builder-workspace
write-file /Users/admin/builder/spi-builder-workspace/.derivedData/Build/Intermediates.noindex/SystemKit.build/Debug-watchos/SystemKit-t.build/Objects-normal/arm64_32/SystemKit_const_extract_protocols.json
Copy /Users/admin/builder/spi-builder-workspace/.derivedData/Build/Intermediates.noindex/GeneratedModuleMaps-watchos/SystemKit_Objc.modulemap /Users/admin/builder/spi-builder-workspace/.derivedData/Build/Intermediates.noindex/SystemKit.build/Debug-watchos/SystemKit_Objc-t.build/SystemKit_Objc.modulemap (in target 'SystemKit_Objc' from project 'SystemKit')
cd /Users/admin/builder/spi-builder-workspace
builtin-copy -exclude .DS_Store -exclude CVS -exclude .svn -exclude .git -exclude .hg -resolve-src-symlinks /Users/admin/builder/spi-builder-workspace/.derivedData/Build/Intermediates.noindex/SystemKit.build/Debug-watchos/SystemKit_Objc-t.build/SystemKit_Objc.modulemap /Users/admin/builder/spi-builder-workspace/.derivedData/Build/Intermediates.noindex/GeneratedModuleMaps-watchos
WriteAuxiliaryFile /Users/admin/builder/spi-builder-workspace/.derivedData/Build/Intermediates.noindex/SystemKit.build/Debug-watchos/SystemKit-t.build/Objects-normal/arm64_32/SystemKit.SwiftFileList (in target 'SystemKit' from project 'SystemKit')
cd /Users/admin/builder/spi-builder-workspace
write-file /Users/admin/builder/spi-builder-workspace/.derivedData/Build/Intermediates.noindex/SystemKit.build/Debug-watchos/SystemKit-t.build/Objects-normal/arm64_32/SystemKit.SwiftFileList
WriteAuxiliaryFile /Users/admin/builder/spi-builder-workspace/.derivedData/Build/Intermediates.noindex/SystemKit.build/Debug-watchos/SystemKit-t.build/Objects-normal/arm64_32/SystemKit.SwiftConstValuesFileList (in target 'SystemKit' from project 'SystemKit')
cd /Users/admin/builder/spi-builder-workspace
write-file /Users/admin/builder/spi-builder-workspace/.derivedData/Build/Intermediates.noindex/SystemKit.build/Debug-watchos/SystemKit-t.build/Objects-normal/arm64_32/SystemKit.SwiftConstValuesFileList
WriteAuxiliaryFile /Users/admin/builder/spi-builder-workspace/.derivedData/Build/Intermediates.noindex/SystemKit.build/Debug-watchos/SystemKit-t.build/Objects-normal/arm64_32/SystemKit-OutputFileMap.json (in target 'SystemKit' from project 'SystemKit')
cd /Users/admin/builder/spi-builder-workspace
write-file /Users/admin/builder/spi-builder-workspace/.derivedData/Build/Intermediates.noindex/SystemKit.build/Debug-watchos/SystemKit-t.build/Objects-normal/arm64_32/SystemKit-OutputFileMap.json
WriteAuxiliaryFile /Users/admin/builder/spi-builder-workspace/.derivedData/Build/Intermediates.noindex/SystemKit.build/Debug-watchos/SystemKit-t.build/Objects-normal/arm64_32/SystemKit.LinkFileList (in target 'SystemKit' from project 'SystemKit')
cd /Users/admin/builder/spi-builder-workspace
write-file /Users/admin/builder/spi-builder-workspace/.derivedData/Build/Intermediates.noindex/SystemKit.build/Debug-watchos/SystemKit-t.build/Objects-normal/arm64_32/SystemKit.LinkFileList
WriteAuxiliaryFile /Users/admin/builder/spi-builder-workspace/.derivedData/Build/Intermediates.noindex/SystemKit.build/Debug-watchos/SystemKit-t.build/Objects-normal/arm64/SystemKit.SwiftFileList (in target 'SystemKit' from project 'SystemKit')
cd /Users/admin/builder/spi-builder-workspace
write-file /Users/admin/builder/spi-builder-workspace/.derivedData/Build/Intermediates.noindex/SystemKit.build/Debug-watchos/SystemKit-t.build/Objects-normal/arm64/SystemKit.SwiftFileList
WriteAuxiliaryFile /Users/admin/builder/spi-builder-workspace/.derivedData/Build/Intermediates.noindex/SystemKit.build/Debug-watchos/SystemKit-t.build/Objects-normal/arm64/SystemKit_const_extract_protocols.json (in target 'SystemKit' from project 'SystemKit')
cd /Users/admin/builder/spi-builder-workspace
write-file /Users/admin/builder/spi-builder-workspace/.derivedData/Build/Intermediates.noindex/SystemKit.build/Debug-watchos/SystemKit-t.build/Objects-normal/arm64/SystemKit_const_extract_protocols.json
WriteAuxiliaryFile /Users/admin/builder/spi-builder-workspace/.derivedData/Build/Intermediates.noindex/SystemKit.build/Debug-watchos/SystemKit-t.build/Objects-normal/arm64/SystemKit.SwiftConstValuesFileList (in target 'SystemKit' from project 'SystemKit')
cd /Users/admin/builder/spi-builder-workspace
write-file /Users/admin/builder/spi-builder-workspace/.derivedData/Build/Intermediates.noindex/SystemKit.build/Debug-watchos/SystemKit-t.build/Objects-normal/arm64/SystemKit.SwiftConstValuesFileList
WriteAuxiliaryFile /Users/admin/builder/spi-builder-workspace/.derivedData/Build/Intermediates.noindex/SystemKit.build/Debug-watchos/SystemKit-t.build/Objects-normal/arm64/SystemKit.LinkFileList (in target 'SystemKit' from project 'SystemKit')
cd /Users/admin/builder/spi-builder-workspace
write-file /Users/admin/builder/spi-builder-workspace/.derivedData/Build/Intermediates.noindex/SystemKit.build/Debug-watchos/SystemKit-t.build/Objects-normal/arm64/SystemKit.LinkFileList
WriteAuxiliaryFile /Users/admin/builder/spi-builder-workspace/.derivedData/Build/Intermediates.noindex/SystemKit.build/Debug-watchos/SystemKit-t.build/Objects-normal/arm64/SystemKit-OutputFileMap.json (in target 'SystemKit' from project 'SystemKit')
cd /Users/admin/builder/spi-builder-workspace
write-file /Users/admin/builder/spi-builder-workspace/.derivedData/Build/Intermediates.noindex/SystemKit.build/Debug-watchos/SystemKit-t.build/Objects-normal/arm64/SystemKit-OutputFileMap.json
MkDir /Users/admin/builder/spi-builder-workspace/.derivedData/Build/Products/Debug-watchos/SystemKit_SystemKit.bundle (in target 'SystemKit_SystemKit' from project 'SystemKit')
cd /Users/admin/builder/spi-builder-workspace
/bin/mkdir -p /Users/admin/builder/spi-builder-workspace/.derivedData/Build/Products/Debug-watchos/SystemKit_SystemKit.bundle
Copy /Users/admin/builder/spi-builder-workspace/.derivedData/Build/Intermediates.noindex/GeneratedModuleMaps-watchos/SystemKit.modulemap /Users/admin/builder/spi-builder-workspace/.derivedData/Build/Intermediates.noindex/SystemKit.build/Debug-watchos/SystemKit-t.build/SystemKit.modulemap (in target 'SystemKit' from project 'SystemKit')
cd /Users/admin/builder/spi-builder-workspace
builtin-copy -exclude .DS_Store -exclude CVS -exclude .svn -exclude .git -exclude .hg -resolve-src-symlinks /Users/admin/builder/spi-builder-workspace/.derivedData/Build/Intermediates.noindex/SystemKit.build/Debug-watchos/SystemKit-t.build/SystemKit.modulemap /Users/admin/builder/spi-builder-workspace/.derivedData/Build/Intermediates.noindex/GeneratedModuleMaps-watchos
WriteAuxiliaryFile /Users/admin/builder/spi-builder-workspace/.derivedData/Build/Intermediates.noindex/SystemKit.build/Debug-watchos/SystemKit-t.build/DerivedSources/resource_bundle_accessor.swift (in target 'SystemKit' from project 'SystemKit')
cd /Users/admin/builder/spi-builder-workspace
write-file /Users/admin/builder/spi-builder-workspace/.derivedData/Build/Intermediates.noindex/SystemKit.build/Debug-watchos/SystemKit-t.build/DerivedSources/resource_bundle_accessor.swift
CpResource /Users/admin/builder/spi-builder-workspace/.derivedData/Build/Products/Debug-watchos/SystemKit_SystemKit.bundle/PrivacyInfo.xcprivacy /Users/admin/builder/spi-builder-workspace/Sources/PrivacyInfo.xcprivacy (in target 'SystemKit_SystemKit' from project 'SystemKit')
cd /Users/admin/builder/spi-builder-workspace
builtin-copy -exclude .DS_Store -exclude CVS -exclude .svn -exclude .git -exclude .hg -resolve-src-symlinks /Users/admin/builder/spi-builder-workspace/Sources/PrivacyInfo.xcprivacy /Users/admin/builder/spi-builder-workspace/.derivedData/Build/Products/Debug-watchos/SystemKit_SystemKit.bundle
ProcessInfoPlistFile /Users/admin/builder/spi-builder-workspace/.derivedData/Build/Products/Debug-watchos/SystemKit_SystemKit.bundle/Info.plist /Users/admin/builder/spi-builder-workspace/.derivedData/Build/Intermediates.noindex/SystemKit.build/Debug-watchos/SystemKit_SystemKit-b.build/empty-SystemKit_SystemKit.plist (in target 'SystemKit_SystemKit' from project 'SystemKit')
cd /Users/admin/builder/spi-builder-workspace
builtin-infoPlistUtility /Users/admin/builder/spi-builder-workspace/.derivedData/Build/Intermediates.noindex/SystemKit.build/Debug-watchos/SystemKit_SystemKit-b.build/empty-SystemKit_SystemKit.plist -producttype com.apple.product-type.bundle -expandbuildsettings -format binary -platform watchos -o /Users/admin/builder/spi-builder-workspace/.derivedData/Build/Products/Debug-watchos/SystemKit_SystemKit.bundle/Info.plist
RegisterExecutionPolicyException /Users/admin/builder/spi-builder-workspace/.derivedData/Build/Products/Debug-watchos/SystemKit_SystemKit.bundle (in target 'SystemKit_SystemKit' from project 'SystemKit')
cd /Users/admin/builder/spi-builder-workspace
builtin-RegisterExecutionPolicyException /Users/admin/builder/spi-builder-workspace/.derivedData/Build/Products/Debug-watchos/SystemKit_SystemKit.bundle
Touch /Users/admin/builder/spi-builder-workspace/.derivedData/Build/Products/Debug-watchos/SystemKit_SystemKit.bundle (in target 'SystemKit_SystemKit' from project 'SystemKit')
cd /Users/admin/builder/spi-builder-workspace
/usr/bin/touch -c /Users/admin/builder/spi-builder-workspace/.derivedData/Build/Products/Debug-watchos/SystemKit_SystemKit.bundle
CompileC /Users/admin/builder/spi-builder-workspace/.derivedData/Build/Intermediates.noindex/SystemKit.build/Debug-watchos/SystemKit_Objc-t.build/Objects-normal/arm64_32/SKSecurity.o /Users/admin/builder/spi-builder-workspace/ObjcSources/Cryptor/SKSecurity.mm normal arm64_32 objective-c++ com.apple.compilers.llvm.clang.1_0.compiler (in target 'SystemKit_Objc' from project 'SystemKit')
cd /Users/admin/builder/spi-builder-workspace/.swiftpm/xcode
Using response file: /Users/admin/builder/spi-builder-workspace/.derivedData/Build/Intermediates.noindex/SystemKit.build/Debug-watchos/SystemKit_Objc-t.build/Objects-normal/arm64_32/af3fcb34312c57c0f52879cdce924b91-common-args.resp
/Applications/Xcode-27.0.0-Release.Candidate.app/Contents/Developer/Toolchains/XcodeDefault.xctoolchain/usr/bin/clang -x objective-c++ -ivfsstatcache /Users/admin/builder/spi-builder-workspace/.derivedData/SDKStatCaches.noindex/watchos27.0-24R360-e829b21a6f8c9b70876ba0858053c04477534ef55a1706bf4c1112bbb242f0a2.sdkstatcache -target arm64_32-apple-watchos9.0 -fmessage-length\=0 -fdiagnostics-show-note-include-stack -fmacro-backtrace-limit\=0 -fno-color-diagnostics -fmodules-prune-interval\=86400 -fmodules-prune-after\=345600 -fbuild-session-file\=/Users/admin/builder/spi-builder-workspace/.derivedData/ModuleCache.noindex/Session.modulevalidation -fmodules-validate-once-per-build-session -Wnon-modular-include-in-framework-module -Werror\=non-modular-include-in-framework-module -Wno-trigraphs -Wno-missing-field-initializers -Wno-missing-prototypes -Wno-return-type -Wno-implicit-atomic-properties -Wno-objc-interface-ivars -Wno-arc-repeated-use-of-weak -Wno-non-virtual-dtor -Wno-overloaded-virtual -Wno-exit-time-destructors -Wno-missing-braces -Wparentheses -Wswitch -Wno-unused-function -Wno-unused-label -Wno-unused-parameter -Wno-unused-variable -Wunused-value -Wno-empty-body -Wno-uninitialized -Wno-unknown-pragmas -Wno-shadow -Wno-four-char-constants -Wno-conversion -Wno-constant-conversion -Wno-int-conversion -Wno-bool-conversion -Wno-enum-conversion -Wno-float-conversion -Wno-non-literal-null-conversion -Wno-objc-literal-conversion -Wno-shorten-64-to-32 -Wno-newline-eof -Wno-selector -Wno-strict-selector-match -Wno-undeclared-selector -Wno-deprecated-implementations -Wno-c++11-extensions -Wno-implicit-fallthrough -isysroot /Applications/Xcode-27.0.0-Release.Candidate.app/Contents/Developer/Platforms/WatchOS.platform/Developer/SDKs/WatchOS27.0.sdk -fstrict-aliasing -Wprotocol -Wdeprecated-declarations -Winvalid-offsetof -Wno-sign-conversion -Wno-infinite-recursion -Wno-move -Wno-comma -Wno-block-capture-autoreleasing -Wno-strict-prototypes -Wno-range-loop-analysis -Wno-semicolon-before-method-body -index-store-path /Users/admin/builder/spi-builder-workspace/.derivedData/Index.noindex/DataStore @/Users/admin/builder/spi-builder-workspace/.derivedData/Build/Intermediates.noindex/SystemKit.build/Debug-watchos/SystemKit_Objc-t.build/Objects-normal/arm64_32/af3fcb34312c57c0f52879cdce924b91-common-args.resp -MMD -MT dependencies -MF /Users/admin/builder/spi-builder-workspace/.derivedData/Build/Intermediates.noindex/SystemKit.build/Debug-watchos/SystemKit_Objc-t.build/Objects-normal/arm64_32/SKSecurity.d --serialize-diagnostics /Users/admin/builder/spi-builder-workspace/.derivedData/Build/Intermediates.noindex/SystemKit.build/Debug-watchos/SystemKit_Objc-t.build/Objects-normal/arm64_32/SKSecurity.dia -c /Users/admin/builder/spi-builder-workspace/ObjcSources/Cryptor/SKSecurity.mm -o /Users/admin/builder/spi-builder-workspace/.derivedData/Build/Intermediates.noindex/SystemKit.build/Debug-watchos/SystemKit_Objc-t.build/Objects-normal/arm64_32/SKSecurity.o -index-unit-output-path /SystemKit.build/Debug-watchos/SystemKit_Objc-t.build/Objects-normal/arm64_32/SKSecurity.o
SwiftDriver SystemKit normal arm64_32 com.apple.xcode.tools.swift.compiler (in target 'SystemKit' from project 'SystemKit')
cd /Users/admin/builder/spi-builder-workspace/.swiftpm/xcode
builtin-SwiftDriver -- /Applications/Xcode-27.0.0-Release.Candidate.app/Contents/Developer/Toolchains/XcodeDefault.xctoolchain/usr/bin/swiftc -parse-as-library -module-name SystemKit -Onone @/Users/admin/builder/spi-builder-workspace/.derivedData/Build/Intermediates.noindex/SystemKit.build/Debug-watchos/SystemKit-t.build/Objects-normal/arm64_32/SystemKit.SwiftFileList -DSWIFT_PACKAGE -DDEBUG -DSWIFT_MODULE_RESOURCE_BUNDLE_AVAILABLE -DXcode -plugin-path /Applications/Xcode-27.0.0-Release.Candidate.app/Contents/Developer/Toolchains/XcodeDefault.xctoolchain/usr/lib/swift/host/plugins/testing -enable-experimental-feature DebugDescriptionMacro -sdk /Applications/Xcode-27.0.0-Release.Candidate.app/Contents/Developer/Platforms/WatchOS.platform/Developer/SDKs/WatchOS27.0.sdk -target arm64_32-apple-watchos9.0 -g -module-cache-path /Users/admin/builder/spi-builder-workspace/.derivedData/ModuleCache.noindex -Xfrontend -serialize-debugging-options -enable-testing -index-store-path /Users/admin/builder/spi-builder-workspace/.derivedData/Index.noindex/DataStore -Xcc -D_LIBCPP_HARDENING_MODE\=_LIBCPP_HARDENING_MODE_DEBUG -swift-version 5 -I /Users/admin/builder/spi-builder-workspace/.derivedData/Build/Products/Debug-watchos -Isystem /Applications/Xcode-27.0.0-Release.Candidate.app/Contents/Developer/Platforms/WatchOS.platform/Developer/usr/lib -F /Users/admin/builder/spi-builder-workspace/.derivedData/Build/Products/Debug-watchos -F /Applications/Xcode-27.0.0-Release.Candidate.app/Contents/Developer/Platforms/WatchOS.platform/Developer/Library/Frameworks -F /Applications/Xcode-27.0.0-Release.Candidate.app/Contents/Developer/Platforms/WatchOS.platform/Developer/SDKs/WatchOS27.0.sdk/Developer/Library/Frameworks -c -j10 -enable-batch-mode -incremental -Xcc -ivfsstatcache -Xcc /Users/admin/builder/spi-builder-workspace/.derivedData/SDKStatCaches.noindex/watchos27.0-24R360-e829b21a6f8c9b70876ba0858053c04477534ef55a1706bf4c1112bbb242f0a2.sdkstatcache -output-file-map /Users/admin/builder/spi-builder-workspace/.derivedData/Build/Intermediates.noindex/SystemKit.build/Debug-watchos/SystemKit-t.build/Objects-normal/arm64_32/SystemKit-OutputFileMap.json -save-temps -no-color-diagnostics -explicit-module-build -module-cache-path /Users/admin/builder/spi-builder-workspace/.derivedData/Build/Intermediates.noindex/SwiftExplicitPrecompiledModules -clang-scanner-module-cache-path /Users/admin/builder/spi-builder-workspace/.derivedData/ModuleCache.noindex -sdk-module-cache-path /Users/admin/builder/spi-builder-workspace/.derivedData/SDKExplicitPrecompiledModules -emit-dependencies -emit-module -emit-module-path /Users/admin/builder/spi-builder-workspace/.derivedData/Build/Intermediates.noindex/SystemKit.build/Debug-watchos/SystemKit-t.build/Objects-normal/arm64_32/SystemKit.swiftmodule -serialize-diagnostics -dependency-scan-serialize-diagnostics-path /Users/admin/builder/spi-builder-workspace/.derivedData/Build/Intermediates.noindex/SystemKit.build/Debug-watchos/SystemKit-t.build/Objects-normal/arm64_32/SystemKit-dependency-scan.dia -validate-clang-modules-once -clang-build-session-file /Users/admin/builder/spi-builder-workspace/.derivedData/ModuleCache.noindex/Session.modulevalidation -Xcc -fmodules-prune-interval\=86400 -Xcc -fmodules-prune-after\=345600 -emit-const-values -const-gather-protocols-list /Users/admin/builder/spi-builder-workspace/.derivedData/Build/Intermediates.noindex/SystemKit.build/Debug-watchos/SystemKit-t.build/Objects-normal/arm64_32/SystemKit_const_extract_protocols.json -Xcc -I/Users/admin/builder/spi-builder-workspace/.derivedData/Build/Products/Debug-watchos/include -Xcc -I/Users/admin/builder/spi-builder-workspace/.derivedData/Build/Intermediates.noindex/SystemKit.build/Debug-watchos/SystemKit-t.build/DerivedSources-normal/arm64_32 -Xcc -I/Users/admin/builder/spi-builder-workspace/.derivedData/Build/Intermediates.noindex/SystemKit.build/Debug-watchos/SystemKit-t.build/DerivedSources/arm64_32 -Xcc -I/Users/admin/builder/spi-builder-workspace/.derivedData/Build/Intermediates.noindex/SystemKit.build/Debug-watchos/SystemKit-t.build/DerivedSources -Xcc -DSWIFT_PACKAGE -Xcc -DDEBUG\=1 -emit-objc-header -emit-objc-header-path /Users/admin/builder/spi-builder-workspace/.derivedData/Build/Intermediates.noindex/SystemKit.build/Debug-watchos/SystemKit-t.build/Objects-normal/arm64_32/SystemKit-Swift.h -working-directory /Users/admin/builder/spi-builder-workspace/.swiftpm/xcode -experimental-emit-module-separately -disable-cmo
/Users/admin/builder/spi-builder-workspace/Sources/SystemKit.swift:26:8: error: Unable to resolve module dependency: 'Logging' (in target 'SystemKit' from project 'SystemKit')
note: A dependency of main module 'SystemKit'
/Users/admin/builder/spi-builder-workspace/Sources/SystemKit.swift:26:8: note: A dependency of main module 'SystemKit'
import Logging
^ (in target 'SystemKit' from project 'SystemKit')
SwiftDriver SystemKit normal arm64 com.apple.xcode.tools.swift.compiler (in target 'SystemKit' from project 'SystemKit')
cd /Users/admin/builder/spi-builder-workspace/.swiftpm/xcode
builtin-SwiftDriver -- /Applications/Xcode-27.0.0-Release.Candidate.app/Contents/Developer/Toolchains/XcodeDefault.xctoolchain/usr/bin/swiftc -parse-as-library -module-name SystemKit -Onone @/Users/admin/builder/spi-builder-workspace/.derivedData/Build/Intermediates.noindex/SystemKit.build/Debug-watchos/SystemKit-t.build/Objects-normal/arm64/SystemKit.SwiftFileList -DSWIFT_PACKAGE -DDEBUG -DSWIFT_MODULE_RESOURCE_BUNDLE_AVAILABLE -DXcode -plugin-path /Applications/Xcode-27.0.0-Release.Candidate.app/Contents/Developer/Toolchains/XcodeDefault.xctoolchain/usr/lib/swift/host/plugins/testing -enable-experimental-feature DebugDescriptionMacro -sdk /Applications/Xcode-27.0.0-Release.Candidate.app/Contents/Developer/Platforms/WatchOS.platform/Developer/SDKs/WatchOS27.0.sdk -target arm64-apple-watchos9.0 -g -module-cache-path /Users/admin/builder/spi-builder-workspace/.derivedData/ModuleCache.noindex -Xfrontend -serialize-debugging-options -enable-testing -index-store-path /Users/admin/builder/spi-builder-workspace/.derivedData/Index.noindex/DataStore -Xcc -D_LIBCPP_HARDENING_MODE\=_LIBCPP_HARDENING_MODE_DEBUG -swift-version 5 -I /Users/admin/builder/spi-builder-workspace/.derivedData/Build/Products/Debug-watchos -Isystem /Applications/Xcode-27.0.0-Release.Candidate.app/Contents/Developer/Platforms/WatchOS.platform/Developer/usr/lib -F /Users/admin/builder/spi-builder-workspace/.derivedData/Build/Products/Debug-watchos -F /Applications/Xcode-27.0.0-Release.Candidate.app/Contents/Developer/Platforms/WatchOS.platform/Developer/Library/Frameworks -F /Applications/Xcode-27.0.0-Release.Candidate.app/Contents/Developer/Platforms/WatchOS.platform/Developer/SDKs/WatchOS27.0.sdk/Developer/Library/Frameworks -c -j10 -enable-batch-mode -incremental -Xcc -ivfsstatcache -Xcc /Users/admin/builder/spi-builder-workspace/.derivedData/SDKStatCaches.noindex/watchos27.0-24R360-e829b21a6f8c9b70876ba0858053c04477534ef55a1706bf4c1112bbb242f0a2.sdkstatcache -output-file-map /Users/admin/builder/spi-builder-workspace/.derivedData/Build/Intermediates.noindex/SystemKit.build/Debug-watchos/SystemKit-t.build/Objects-normal/arm64/SystemKit-OutputFileMap.json -save-temps -no-color-diagnostics -explicit-module-build -module-cache-path /Users/admin/builder/spi-builder-workspace/.derivedData/Build/Intermediates.noindex/SwiftExplicitPrecompiledModules -clang-scanner-module-cache-path /Users/admin/builder/spi-builder-workspace/.derivedData/ModuleCache.noindex -sdk-module-cache-path /Users/admin/builder/spi-builder-workspace/.derivedData/SDKExplicitPrecompiledModules -emit-dependencies -emit-module -emit-module-path /Users/admin/builder/spi-builder-workspace/.derivedData/Build/Intermediates.noindex/SystemKit.build/Debug-watchos/SystemKit-t.build/Objects-normal/arm64/SystemKit.swiftmodule -serialize-diagnostics -dependency-scan-serialize-diagnostics-path /Users/admin/builder/spi-builder-workspace/.derivedData/Build/Intermediates.noindex/SystemKit.build/Debug-watchos/SystemKit-t.build/Objects-normal/arm64/SystemKit-dependency-scan.dia -validate-clang-modules-once -clang-build-session-file /Users/admin/builder/spi-builder-workspace/.derivedData/ModuleCache.noindex/Session.modulevalidation -Xcc -fmodules-prune-interval\=86400 -Xcc -fmodules-prune-after\=345600 -emit-const-values -const-gather-protocols-list /Users/admin/builder/spi-builder-workspace/.derivedData/Build/Intermediates.noindex/SystemKit.build/Debug-watchos/SystemKit-t.build/Objects-normal/arm64/SystemKit_const_extract_protocols.json -Xcc -I/Users/admin/builder/spi-builder-workspace/.derivedData/Build/Products/Debug-watchos/include -Xcc -I/Users/admin/builder/spi-builder-workspace/.derivedData/Build/Intermediates.noindex/SystemKit.build/Debug-watchos/SystemKit-t.build/DerivedSources-normal/arm64 -Xcc -I/Users/admin/builder/spi-builder-workspace/.derivedData/Build/Intermediates.noindex/SystemKit.build/Debug-watchos/SystemKit-t.build/DerivedSources/arm64 -Xcc -I/Users/admin/builder/spi-builder-workspace/.derivedData/Build/Intermediates.noindex/SystemKit.build/Debug-watchos/SystemKit-t.build/DerivedSources -Xcc -DSWIFT_PACKAGE -Xcc -DDEBUG\=1 -emit-objc-header -emit-objc-header-path /Users/admin/builder/spi-builder-workspace/.derivedData/Build/Intermediates.noindex/SystemKit.build/Debug-watchos/SystemKit-t.build/Objects-normal/arm64/SystemKit-Swift.h -working-directory /Users/admin/builder/spi-builder-workspace/.swiftpm/xcode -experimental-emit-module-separately -disable-cmo
/Users/admin/builder/spi-builder-workspace/Sources/SystemKit.swift:26:8: error: Unable to resolve module dependency: 'Logging' (in target 'SystemKit' from project 'SystemKit')
note: A dependency of main module 'SystemKit'
/Users/admin/builder/spi-builder-workspace/Sources/SystemKit.swift:26:8: note: A dependency of main module 'SystemKit'
import Logging
^ (in target 'SystemKit' from project 'SystemKit')
CompileC /Users/admin/builder/spi-builder-workspace/.derivedData/Build/Intermediates.noindex/SystemKit.build/Debug-watchos/SystemKit_Objc-t.build/Objects-normal/arm64/SKSecurity.o /Users/admin/builder/spi-builder-workspace/ObjcSources/Cryptor/SKSecurity.mm normal arm64 objective-c++ com.apple.compilers.llvm.clang.1_0.compiler (in target 'SystemKit_Objc' from project 'SystemKit')
cd /Users/admin/builder/spi-builder-workspace/.swiftpm/xcode
Using response file: /Users/admin/builder/spi-builder-workspace/.derivedData/Build/Intermediates.noindex/SystemKit.build/Debug-watchos/SystemKit_Objc-t.build/Objects-normal/arm64/af3fcb34312c57c0f52879cdce924b91-common-args.resp
/Applications/Xcode-27.0.0-Release.Candidate.app/Contents/Developer/Toolchains/XcodeDefault.xctoolchain/usr/bin/clang -x objective-c++ -ivfsstatcache /Users/admin/builder/spi-builder-workspace/.derivedData/SDKStatCaches.noindex/watchos27.0-24R360-e829b21a6f8c9b70876ba0858053c04477534ef55a1706bf4c1112bbb242f0a2.sdkstatcache -target arm64-apple-watchos9.0 -fmessage-length\=0 -fdiagnostics-show-note-include-stack -fmacro-backtrace-limit\=0 -fno-color-diagnostics -fmodules-prune-interval\=86400 -fmodules-prune-after\=345600 -fbuild-session-file\=/Users/admin/builder/spi-builder-workspace/.derivedData/ModuleCache.noindex/Session.modulevalidation -fmodules-validate-once-per-build-session -Wnon-modular-include-in-framework-module -Werror\=non-modular-include-in-framework-module -Wno-trigraphs -Wno-missing-field-initializers -Wno-missing-prototypes -Wno-return-type -Wno-implicit-atomic-properties -Wno-objc-interface-ivars -Wno-arc-repeated-use-of-weak -Wno-non-virtual-dtor -Wno-overloaded-virtual -Wno-exit-time-destructors -Wno-missing-braces -Wparentheses -Wswitch -Wno-unused-function -Wno-unused-label -Wno-unused-parameter -Wno-unused-variable -Wunused-value -Wno-empty-body -Wno-uninitialized -Wno-unknown-pragmas -Wno-shadow -Wno-four-char-constants -Wno-conversion -Wno-constant-conversion -Wno-int-conversion -Wno-bool-conversion -Wno-enum-conversion -Wno-float-conversion -Wno-non-literal-null-conversion -Wno-objc-literal-conversion -Wshorten-64-to-32 -Wno-newline-eof -Wno-selector -Wno-strict-selector-match -Wno-undeclared-selector -Wno-deprecated-implementations -Wno-c++11-extensions -Wno-implicit-fallthrough -isysroot /Applications/Xcode-27.0.0-Release.Candidate.app/Contents/Developer/Platforms/WatchOS.platform/Developer/SDKs/WatchOS27.0.sdk -fstrict-aliasing -Wprotocol -Wdeprecated-declarations -Winvalid-offsetof -Wno-sign-conversion -Wno-infinite-recursion -Wno-move -Wno-comma -Wno-block-capture-autoreleasing -Wno-strict-prototypes -Wno-range-loop-analysis -Wno-semicolon-before-method-body -index-store-path /Users/admin/builder/spi-builder-workspace/.derivedData/Index.noindex/DataStore @/Users/admin/builder/spi-builder-workspace/.derivedData/Build/Intermediates.noindex/SystemKit.build/Debug-watchos/SystemKit_Objc-t.build/Objects-normal/arm64/af3fcb34312c57c0f52879cdce924b91-common-args.resp -MMD -MT dependencies -MF /Users/admin/builder/spi-builder-workspace/.derivedData/Build/Intermediates.noindex/SystemKit.build/Debug-watchos/SystemKit_Objc-t.build/Objects-normal/arm64/SKSecurity.d --serialize-diagnostics /Users/admin/builder/spi-builder-workspace/.derivedData/Build/Intermediates.noindex/SystemKit.build/Debug-watchos/SystemKit_Objc-t.build/Objects-normal/arm64/SKSecurity.dia -c /Users/admin/builder/spi-builder-workspace/ObjcSources/Cryptor/SKSecurity.mm -o /Users/admin/builder/spi-builder-workspace/.derivedData/Build/Intermediates.noindex/SystemKit.build/Debug-watchos/SystemKit_Objc-t.build/Objects-normal/arm64/SKSecurity.o -index-unit-output-path /SystemKit.build/Debug-watchos/SystemKit_Objc-t.build/Objects-normal/arm64/SKSecurity.o
Ld /Users/admin/builder/spi-builder-workspace/.derivedData/Build/Intermediates.noindex/SystemKit.build/Debug-watchos/SystemKit_Objc-t.build/Objects-normal/arm64/Binary/SystemKit_Objc.o normal arm64 (in target 'SystemKit_Objc' from project 'SystemKit')
cd /Users/admin/builder/spi-builder-workspace
/Applications/Xcode-27.0.0-Release.Candidate.app/Contents/Developer/Toolchains/XcodeDefault.xctoolchain/usr/bin/clang++ -Xlinker -reproducible -target arm64-apple-watchos9.0 -r -isysroot /Applications/Xcode-27.0.0-Release.Candidate.app/Contents/Developer/Platforms/WatchOS.platform/Developer/SDKs/WatchOS27.0.sdk -O0 -Xlinker -no_warn_duplicate_libraries -F/Users/admin/builder/spi-builder-workspace/.derivedData/Build/Intermediates.noindex/EagerLinkingTBDs/Debug-watchos -F/Users/admin/builder/spi-builder-workspace/.derivedData/Build/Products/Debug-watchos -iframework /Applications/Xcode-27.0.0-Release.Candidate.app/Contents/Developer/Platforms/WatchOS.platform/Developer/Library/Frameworks -iframework /Applications/Xcode-27.0.0-Release.Candidate.app/Contents/Developer/Platforms/WatchOS.platform/Developer/SDKs/WatchOS27.0.sdk/Developer/Library/Frameworks -filelist /Users/admin/builder/spi-builder-workspace/.derivedData/Build/Intermediates.noindex/SystemKit.build/Debug-watchos/SystemKit_Objc-t.build/Objects-normal/arm64/SystemKit_Objc.LinkFileList -nostdlib -Xlinker -object_path_lto -Xlinker /Users/admin/builder/spi-builder-workspace/.derivedData/Build/Intermediates.noindex/SystemKit.build/Debug-watchos/SystemKit_Objc-t.build/Objects-normal/arm64/SystemKit_Objc_lto.o -Xlinker -no_deduplicate -Xlinker -dependency_info -Xlinker /Users/admin/builder/spi-builder-workspace/.derivedData/Build/Intermediates.noindex/SystemKit.build/Debug-watchos/SystemKit_Objc-t.build/Objects-normal/arm64/SystemKit_Objc_dependency_info.dat -fobjc-arc -fobjc-link-runtime -o /Users/admin/builder/spi-builder-workspace/.derivedData/Build/Intermediates.noindex/SystemKit.build/Debug-watchos/SystemKit_Objc-t.build/Objects-normal/arm64/Binary/SystemKit_Objc.o
Ld /Users/admin/builder/spi-builder-workspace/.derivedData/Build/Intermediates.noindex/SystemKit.build/Debug-watchos/SystemKit_Objc-t.build/Objects-normal/arm64_32/Binary/SystemKit_Objc.o normal arm64_32 (in target 'SystemKit_Objc' from project 'SystemKit')
cd /Users/admin/builder/spi-builder-workspace
/Applications/Xcode-27.0.0-Release.Candidate.app/Contents/Developer/Toolchains/XcodeDefault.xctoolchain/usr/bin/clang++ -Xlinker -reproducible -target arm64_32-apple-watchos9.0 -r -isysroot /Applications/Xcode-27.0.0-Release.Candidate.app/Contents/Developer/Platforms/WatchOS.platform/Developer/SDKs/WatchOS27.0.sdk -O0 -Xlinker -no_warn_duplicate_libraries -F/Users/admin/builder/spi-builder-workspace/.derivedData/Build/Intermediates.noindex/EagerLinkingTBDs/Debug-watchos -F/Users/admin/builder/spi-builder-workspace/.derivedData/Build/Products/Debug-watchos -iframework /Applications/Xcode-27.0.0-Release.Candidate.app/Contents/Developer/Platforms/WatchOS.platform/Developer/Library/Frameworks -iframework /Applications/Xcode-27.0.0-Release.Candidate.app/Contents/Developer/Platforms/WatchOS.platform/Developer/SDKs/WatchOS27.0.sdk/Developer/Library/Frameworks -filelist /Users/admin/builder/spi-builder-workspace/.derivedData/Build/Intermediates.noindex/SystemKit.build/Debug-watchos/SystemKit_Objc-t.build/Objects-normal/arm64_32/SystemKit_Objc.LinkFileList -nostdlib -Xlinker -object_path_lto -Xlinker /Users/admin/builder/spi-builder-workspace/.derivedData/Build/Intermediates.noindex/SystemKit.build/Debug-watchos/SystemKit_Objc-t.build/Objects-normal/arm64_32/SystemKit_Objc_lto.o -Xlinker -no_deduplicate -Xlinker -dependency_info -Xlinker /Users/admin/builder/spi-builder-workspace/.derivedData/Build/Intermediates.noindex/SystemKit.build/Debug-watchos/SystemKit_Objc-t.build/Objects-normal/arm64_32/SystemKit_Objc_dependency_info.dat -fobjc-arc -fobjc-link-runtime -o /Users/admin/builder/spi-builder-workspace/.derivedData/Build/Intermediates.noindex/SystemKit.build/Debug-watchos/SystemKit_Objc-t.build/Objects-normal/arm64_32/Binary/SystemKit_Objc.o
CreateUniversalBinary /Users/admin/builder/spi-builder-workspace/.derivedData/Build/Products/Debug-watchos/SystemKit_Objc.o normal arm64\ arm64_32 (in target 'SystemKit_Objc' from project 'SystemKit')
cd /Users/admin/builder/spi-builder-workspace
/Applications/Xcode-27.0.0-Release.Candidate.app/Contents/Developer/Toolchains/XcodeDefault.xctoolchain/usr/bin/lipo -create /Users/admin/builder/spi-builder-workspace/.derivedData/Build/Intermediates.noindex/SystemKit.build/Debug-watchos/SystemKit_Objc-t.build/Objects-normal/arm64/Binary/SystemKit_Objc.o /Users/admin/builder/spi-builder-workspace/.derivedData/Build/Intermediates.noindex/SystemKit.build/Debug-watchos/SystemKit_Objc-t.build/Objects-normal/arm64_32/Binary/SystemKit_Objc.o -output /Users/admin/builder/spi-builder-workspace/.derivedData/Build/Products/Debug-watchos/SystemKit_Objc.o
PruneExplicitPrecompiledModules /Users/admin/builder/spi-builder-workspace/.derivedData/Build/Intermediates.noindex/SwiftExplicitPrecompiledModules
PruneExplicitPrecompiledModules /Users/admin/builder/spi-builder-workspace/.derivedData/SDKExplicitPrecompiledModules
PruneExplicitPrecompiledModules /Users/admin/builder/spi-builder-workspace/.derivedData/Build/Intermediates.noindex/ExplicitPrecompiledModules
2026-09-20 23:07:59.553 xcodebuild[985:6010] [MT] IDERunDestination: Supported platforms for the buildables in the current scheme is empty.
** BUILD FAILED **
The following build commands failed:
SwiftDriver SystemKit normal arm64_32 com.apple.xcode.tools.swift.compiler (in target 'SystemKit' from project 'SystemKit')
SwiftDriver SystemKit normal arm64 com.apple.xcode.tools.swift.compiler (in target 'SystemKit' from project 'SystemKit')
Building workspace SystemKit with scheme SystemKit-Package
(3 failures)
Command line invocation:
/Applications/Xcode-27.0.0-Release.Candidate.app/Contents/Developer/usr/bin/xcodebuild -IDEClonedSourcePackagesDirPathOverride=/Users/admin/builder/spi-builder-workspace/.dependencies -resolvePackageDependencies
Resolve Package Graph
Resolved source packages:
SymbolKit: https://github.com/swiftlang/swift-docc-symbolkit @ 1.0.0
swift-http-types: https://github.com/apple/swift-http-types.git @ 1.8.0
SystemKit: /Users/admin/builder/spi-builder-workspace
swift-log: https://github.com/apple/swift-log.git @ 1.15.1
PLCrashReporter: https://github.com/microsoft/plcrashreporter.git @ 1.12.2
SwiftDocCPlugin: https://github.com/apple/swift-docc-plugin.git @ 1.5.0
resolved source packages: SymbolKit, swift-http-types, SystemKit, swift-log, PLCrashReporter, SwiftDocCPlugin
2026-09-20 23:08:15.431 xcodebuild[1158:7100] [MT] IDERunDestination: Supported platforms for the buildables in the current scheme is empty.
{
"dependencies" : [
{
"identity" : "swift-log",
"requirement" : {
"range" : [
{
"lower_bound" : "1.6.1",
"upper_bound" : "2.0.0"
}
]
},
"type" : "sourceControl",
"url" : "https://github.com/apple/swift-log.git"
},
{
"identity" : "swift-http-types",
"requirement" : {
"range" : [
{
"lower_bound" : "1.3.0",
"upper_bound" : "2.0.0"
}
]
},
"type" : "sourceControl",
"url" : "https://github.com/apple/swift-http-types.git"
},
{
"identity" : "plcrashreporter",
"requirement" : {
"range" : [
{
"lower_bound" : "1.11.2",
"upper_bound" : "2.0.0"
}
]
},
"type" : "sourceControl",
"url" : "https://github.com/microsoft/plcrashreporter.git"
},
{
"identity" : "swift-docc-plugin",
"requirement" : {
"range" : [
{
"lower_bound" : "1.3.0",
"upper_bound" : "2.0.0"
}
]
},
"type" : "sourceControl",
"url" : "https://github.com/apple/swift-docc-plugin.git"
}
],
"manifest_display_name" : "SystemKit",
"name" : "SystemKit",
"path" : "/Users/admin/builder/spi-builder-workspace",
"platforms" : [
{
"name" : "macos",
"version" : "10.15"
},
{
"name" : "ios",
"version" : "13.0"
}
],
"products" : [
{
"name" : "SystemKit",
"targets" : [
"SystemKit"
],
"type" : {
"library" : [
"automatic"
]
}
},
{
"name" : "SystemKit_Objc",
"targets" : [
"SystemKit_Objc"
],
"type" : {
"library" : [
"automatic"
]
}
}
],
"swift_languages_versions" : [
"5"
],
"targets" : [
{
"c99name" : "SystemKit_Objc",
"module_type" : "ClangTarget",
"name" : "SystemKit_Objc",
"path" : "ObjcSources",
"product_memberships" : [
"SystemKit_Objc"
],
"sources" : [
"Cryptor/SKSecurity.mm"
],
"type" : "library"
},
{
"c99name" : "SystemKit",
"module_type" : "SwiftTarget",
"name" : "SystemKit",
"path" : "Sources",
"product_dependencies" : [
"Logging",
"HTTPTypes",
"CrashReporter"
],
"product_memberships" : [
"SystemKit"
],
"resources" : [
{
"path" : "/Users/admin/builder/spi-builder-workspace/Sources/PrivacyInfo.xcprivacy",
"rule" : {
"process" : {
}
}
}
],
"sources" : [
"Common/SKData+Extension.swift",
"Common/SKDouble+Extension.swift",
"Common/SKString+Extension.swift",
"Communication/SKMessagePort+Define.swift",
"Communication/SKMessagePort.swift",
"Dispatch/SKDispatchFile.swift",
"Dispatch/SKDispatchFileMonitor+Define.swift",
"Dispatch/SKDispatchFileMonitor.swift",
"Dispatch/SKDispatchTimer+Define.swift",
"Dispatch/SKDispatchTimer.swift",
"IO/SKIOBattery.swift",
"IO/SKIOProcess.swift",
"IO/SKIOResult.swift",
"IO/SKIOReturn.swift",
"IO/SKIOSystem.swift",
"Network/SKNetworkInterface.swift",
"Network/SKNetworkInterfaceDefine.swift",
"Network/SKNetworkMonitor.swift",
"Network/SKNetworkMonitorDefine.swift",
"Permission/SKPermissionDefine.swift",
"Permission/SKPreferencePaneDefine.swift",
"Process/SKProcess.swift",
"Process/SKProcessMonitor.swift",
"Process/SKProcessMonitorDefine.swift",
"Protocol/SKClass+Protocol.swift",
"Protocol/SKOperation+Protocol.swift",
"SKAsyncOperation.swift",
"SKAtomicValue.swift",
"SKCrashReporter.swift",
"SKFileLock.swift",
"SKFinderExtension.swift",
"SKSignal.swift",
"SKUserDefault.swift",
"System/SKSystem+iOS.swift",
"System/SKSystem+macOS.swift",
"System/SKSystem.swift",
"System/SKSystemDefine.swift",
"System/SKSystemProcessResource+Additions.swift",
"System/SKSystemProcessResource+Define.swift",
"System/SKSystemProcessResource.swift",
"System/SKSystemResource+Additions.swift",
"System/SKSystemResource+Define.swift",
"System/SKSystemResource.swift",
"SystemKit.swift"
],
"type" : "library"
}
],
"tools_version" : "5.4"
}
{
"workspace" : {
"name" : "SystemKit",
"schemes" : [
"SystemKit",
"SystemKit_Objc",
"SystemKit-Package"
]
}
}
2026-09-20 23:08:22.648 xcodebuild[1216:7488] [MT] IDERunDestination: Supported platforms for the buildables in the current scheme is empty.
Running build ...
env DEVELOPER_DIR=/Applications/Xcode-27.0.0-Release.Candidate.app xcrun xcodebuild -IDEClonedSourcePackagesDirPathOverride=$PWD/.dependencies -skipMacroValidation -skipPackagePluginValidation -derivedDataPath $PWD/.derivedData build -scheme SystemKit-Package -destination generic/platform=watchOS
Command line invocation:
/Applications/Xcode-27.0.0-Release.Candidate.app/Contents/Developer/usr/bin/xcodebuild -IDEClonedSourcePackagesDirPathOverride=/Users/admin/builder/spi-builder-workspace/.dependencies -skipMacroValidation -skipPackagePluginValidation -derivedDataPath /Users/admin/builder/spi-builder-workspace/.derivedData build -scheme SystemKit-Package -destination generic/platform=watchOS
Resolve Package Graph
Resolved source packages:
SymbolKit: https://github.com/swiftlang/swift-docc-symbolkit @ 1.0.0
swift-log: https://github.com/apple/swift-log.git @ 1.15.1
SystemKit: /Users/admin/builder/spi-builder-workspace
swift-http-types: https://github.com/apple/swift-http-types.git @ 1.8.0
PLCrashReporter: https://github.com/microsoft/plcrashreporter.git @ 1.12.2
SwiftDocCPlugin: https://github.com/apple/swift-docc-plugin.git @ 1.5.0
ComputePackagePrebuildTargetDependencyGraph
Prepare packages
CreateBuildRequest
SendProjectDescription
CreateBuildOperation
ComputeTargetDependencyGraph
note: Building targets in dependency order
note: Target dependency graph (5 targets)
Target 'SystemKit_Objc-product' in project 'SystemKit'
➜ Explicit dependency on target 'SystemKit_Objc' in project 'SystemKit'
Target 'SystemKit_Objc' in project 'SystemKit' (no dependencies)
Target 'SystemKit-product' in project 'SystemKit'
➜ Explicit dependency on target 'SystemKit' in project 'SystemKit'
➜ Explicit dependency on target 'SystemKit_SystemKit' in project 'SystemKit'
Target 'SystemKit' in project 'SystemKit'
➜ Explicit dependency on target 'SystemKit_SystemKit' in project 'SystemKit'
Target 'SystemKit_SystemKit' in project 'SystemKit' (no dependencies)
GatherProvisioningInputs
CreateBuildDescription
ClangStatCache /Applications/Xcode-27.0.0-Release.Candidate.app/Contents/Developer/Toolchains/XcodeDefault.xctoolchain/usr/bin/clang-stat-cache /Applications/Xcode-27.0.0-Release.Candidate.app/Contents/Developer/Platforms/WatchOS.platform/Developer/SDKs/WatchOS27.0.sdk /Users/admin/builder/spi-builder-workspace/.derivedData/SDKStatCaches.noindex/watchos27.0-24R360-e829b21a6f8c9b70876ba0858053c04477534ef55a1706bf4c1112bbb242f0a2.sdkstatcache
cd /Users/admin/builder/spi-builder-workspace/.swiftpm/xcode
/Applications/Xcode-27.0.0-Release.Candidate.app/Contents/Developer/Toolchains/XcodeDefault.xctoolchain/usr/bin/clang-stat-cache /Applications/Xcode-27.0.0-Release.Candidate.app/Contents/Developer/Platforms/WatchOS.platform/Developer/SDKs/WatchOS27.0.sdk -o /Users/admin/builder/spi-builder-workspace/.derivedData/SDKStatCaches.noindex/watchos27.0-24R360-e829b21a6f8c9b70876ba0858053c04477534ef55a1706bf4c1112bbb242f0a2.sdkstatcache
SwiftDriver SystemKit normal arm64_32 com.apple.xcode.tools.swift.compiler (in target 'SystemKit' from project 'SystemKit')
cd /Users/admin/builder/spi-builder-workspace/.swiftpm/xcode
builtin-SwiftDriver -- /Applications/Xcode-27.0.0-Release.Candidate.app/Contents/Developer/Toolchains/XcodeDefault.xctoolchain/usr/bin/swiftc -parse-as-library -module-name SystemKit -Onone @/Users/admin/builder/spi-builder-workspace/.derivedData/Build/Intermediates.noindex/SystemKit.build/Debug-watchos/SystemKit-t.build/Objects-normal/arm64_32/SystemKit.SwiftFileList -DSWIFT_PACKAGE -DDEBUG -DSWIFT_MODULE_RESOURCE_BUNDLE_AVAILABLE -DXcode -plugin-path /Applications/Xcode-27.0.0-Release.Candidate.app/Contents/Developer/Toolchains/XcodeDefault.xctoolchain/usr/lib/swift/host/plugins/testing -enable-experimental-feature DebugDescriptionMacro -sdk /Applications/Xcode-27.0.0-Release.Candidate.app/Contents/Developer/Platforms/WatchOS.platform/Developer/SDKs/WatchOS27.0.sdk -target arm64_32-apple-watchos9.0 -g -module-cache-path /Users/admin/builder/spi-builder-workspace/.derivedData/ModuleCache.noindex -Xfrontend -serialize-debugging-options -enable-testing -index-store-path /Users/admin/builder/spi-builder-workspace/.derivedData/Index.noindex/DataStore -Xcc -D_LIBCPP_HARDENING_MODE\=_LIBCPP_HARDENING_MODE_DEBUG -swift-version 5 -I /Users/admin/builder/spi-builder-workspace/.derivedData/Build/Products/Debug-watchos -Isystem /Applications/Xcode-27.0.0-Release.Candidate.app/Contents/Developer/Platforms/WatchOS.platform/Developer/usr/lib -F /Users/admin/builder/spi-builder-workspace/.derivedData/Build/Products/Debug-watchos -F /Applications/Xcode-27.0.0-Release.Candidate.app/Contents/Developer/Platforms/WatchOS.platform/Developer/Library/Frameworks -F /Applications/Xcode-27.0.0-Release.Candidate.app/Contents/Developer/Platforms/WatchOS.platform/Developer/SDKs/WatchOS27.0.sdk/Developer/Library/Frameworks -c -j10 -enable-batch-mode -incremental -Xcc -ivfsstatcache -Xcc /Users/admin/builder/spi-builder-workspace/.derivedData/SDKStatCaches.noindex/watchos27.0-24R360-e829b21a6f8c9b70876ba0858053c04477534ef55a1706bf4c1112bbb242f0a2.sdkstatcache -output-file-map /Users/admin/builder/spi-builder-workspace/.derivedData/Build/Intermediates.noindex/SystemKit.build/Debug-watchos/SystemKit-t.build/Objects-normal/arm64_32/SystemKit-OutputFileMap.json -save-temps -no-color-diagnostics -explicit-module-build -module-cache-path /Users/admin/builder/spi-builder-workspace/.derivedData/Build/Intermediates.noindex/SwiftExplicitPrecompiledModules -clang-scanner-module-cache-path /Users/admin/builder/spi-builder-workspace/.derivedData/ModuleCache.noindex -sdk-module-cache-path /Users/admin/builder/spi-builder-workspace/.derivedData/SDKExplicitPrecompiledModules -emit-dependencies -emit-module -emit-module-path /Users/admin/builder/spi-builder-workspace/.derivedData/Build/Intermediates.noindex/SystemKit.build/Debug-watchos/SystemKit-t.build/Objects-normal/arm64_32/SystemKit.swiftmodule -serialize-diagnostics -dependency-scan-serialize-diagnostics-path /Users/admin/builder/spi-builder-workspace/.derivedData/Build/Intermediates.noindex/SystemKit.build/Debug-watchos/SystemKit-t.build/Objects-normal/arm64_32/SystemKit-dependency-scan.dia -validate-clang-modules-once -clang-build-session-file /Users/admin/builder/spi-builder-workspace/.derivedData/ModuleCache.noindex/Session.modulevalidation -Xcc -fmodules-prune-interval\=86400 -Xcc -fmodules-prune-after\=345600 -emit-const-values -const-gather-protocols-list /Users/admin/builder/spi-builder-workspace/.derivedData/Build/Intermediates.noindex/SystemKit.build/Debug-watchos/SystemKit-t.build/Objects-normal/arm64_32/SystemKit_const_extract_protocols.json -Xcc -I/Users/admin/builder/spi-builder-workspace/.derivedData/Build/Products/Debug-watchos/include -Xcc -I/Users/admin/builder/spi-builder-workspace/.derivedData/Build/Intermediates.noindex/SystemKit.build/Debug-watchos/SystemKit-t.build/DerivedSources-normal/arm64_32 -Xcc -I/Users/admin/builder/spi-builder-workspace/.derivedData/Build/Intermediates.noindex/SystemKit.build/Debug-watchos/SystemKit-t.build/DerivedSources/arm64_32 -Xcc -I/Users/admin/builder/spi-builder-workspace/.derivedData/Build/Intermediates.noindex/SystemKit.build/Debug-watchos/SystemKit-t.build/DerivedSources -Xcc -DSWIFT_PACKAGE -Xcc -DDEBUG\=1 -emit-objc-header -emit-objc-header-path /Users/admin/builder/spi-builder-workspace/.derivedData/Build/Intermediates.noindex/SystemKit.build/Debug-watchos/SystemKit-t.build/Objects-normal/arm64_32/SystemKit-Swift.h -working-directory /Users/admin/builder/spi-builder-workspace/.swiftpm/xcode -experimental-emit-module-separately -disable-cmo
/Users/admin/builder/spi-builder-workspace/Sources/SystemKit.swift:26:8: error: Unable to resolve module dependency: 'Logging' (in target 'SystemKit' from project 'SystemKit')
note: A dependency of main module 'SystemKit'
/Users/admin/builder/spi-builder-workspace/Sources/SystemKit.swift:26:8: note: A dependency of main module 'SystemKit'
import Logging
^ (in target 'SystemKit' from project 'SystemKit')
SwiftDriver SystemKit normal arm64 com.apple.xcode.tools.swift.compiler (in target 'SystemKit' from project 'SystemKit')
cd /Users/admin/builder/spi-builder-workspace/.swiftpm/xcode
builtin-SwiftDriver -- /Applications/Xcode-27.0.0-Release.Candidate.app/Contents/Developer/Toolchains/XcodeDefault.xctoolchain/usr/bin/swiftc -parse-as-library -module-name SystemKit -Onone @/Users/admin/builder/spi-builder-workspace/.derivedData/Build/Intermediates.noindex/SystemKit.build/Debug-watchos/SystemKit-t.build/Objects-normal/arm64/SystemKit.SwiftFileList -DSWIFT_PACKAGE -DDEBUG -DSWIFT_MODULE_RESOURCE_BUNDLE_AVAILABLE -DXcode -plugin-path /Applications/Xcode-27.0.0-Release.Candidate.app/Contents/Developer/Toolchains/XcodeDefault.xctoolchain/usr/lib/swift/host/plugins/testing -enable-experimental-feature DebugDescriptionMacro -sdk /Applications/Xcode-27.0.0-Release.Candidate.app/Contents/Developer/Platforms/WatchOS.platform/Developer/SDKs/WatchOS27.0.sdk -target arm64-apple-watchos9.0 -g -module-cache-path /Users/admin/builder/spi-builder-workspace/.derivedData/ModuleCache.noindex -Xfrontend -serialize-debugging-options -enable-testing -index-store-path /Users/admin/builder/spi-builder-workspace/.derivedData/Index.noindex/DataStore -Xcc -D_LIBCPP_HARDENING_MODE\=_LIBCPP_HARDENING_MODE_DEBUG -swift-version 5 -I /Users/admin/builder/spi-builder-workspace/.derivedData/Build/Products/Debug-watchos -Isystem /Applications/Xcode-27.0.0-Release.Candidate.app/Contents/Developer/Platforms/WatchOS.platform/Developer/usr/lib -F /Users/admin/builder/spi-builder-workspace/.derivedData/Build/Products/Debug-watchos -F /Applications/Xcode-27.0.0-Release.Candidate.app/Contents/Developer/Platforms/WatchOS.platform/Developer/Library/Frameworks -F /Applications/Xcode-27.0.0-Release.Candidate.app/Contents/Developer/Platforms/WatchOS.platform/Developer/SDKs/WatchOS27.0.sdk/Developer/Library/Frameworks -c -j10 -enable-batch-mode -incremental -Xcc -ivfsstatcache -Xcc /Users/admin/builder/spi-builder-workspace/.derivedData/SDKStatCaches.noindex/watchos27.0-24R360-e829b21a6f8c9b70876ba0858053c04477534ef55a1706bf4c1112bbb242f0a2.sdkstatcache -output-file-map /Users/admin/builder/spi-builder-workspace/.derivedData/Build/Intermediates.noindex/SystemKit.build/Debug-watchos/SystemKit-t.build/Objects-normal/arm64/SystemKit-OutputFileMap.json -save-temps -no-color-diagnostics -explicit-module-build -module-cache-path /Users/admin/builder/spi-builder-workspace/.derivedData/Build/Intermediates.noindex/SwiftExplicitPrecompiledModules -clang-scanner-module-cache-path /Users/admin/builder/spi-builder-workspace/.derivedData/ModuleCache.noindex -sdk-module-cache-path /Users/admin/builder/spi-builder-workspace/.derivedData/SDKExplicitPrecompiledModules -emit-dependencies -emit-module -emit-module-path /Users/admin/builder/spi-builder-workspace/.derivedData/Build/Intermediates.noindex/SystemKit.build/Debug-watchos/SystemKit-t.build/Objects-normal/arm64/SystemKit.swiftmodule -serialize-diagnostics -dependency-scan-serialize-diagnostics-path /Users/admin/builder/spi-builder-workspace/.derivedData/Build/Intermediates.noindex/SystemKit.build/Debug-watchos/SystemKit-t.build/Objects-normal/arm64/SystemKit-dependency-scan.dia -validate-clang-modules-once -clang-build-session-file /Users/admin/builder/spi-builder-workspace/.derivedData/ModuleCache.noindex/Session.modulevalidation -Xcc -fmodules-prune-interval\=86400 -Xcc -fmodules-prune-after\=345600 -emit-const-values -const-gather-protocols-list /Users/admin/builder/spi-builder-workspace/.derivedData/Build/Intermediates.noindex/SystemKit.build/Debug-watchos/SystemKit-t.build/Objects-normal/arm64/SystemKit_const_extract_protocols.json -Xcc -I/Users/admin/builder/spi-builder-workspace/.derivedData/Build/Products/Debug-watchos/include -Xcc -I/Users/admin/builder/spi-builder-workspace/.derivedData/Build/Intermediates.noindex/SystemKit.build/Debug-watchos/SystemKit-t.build/DerivedSources-normal/arm64 -Xcc -I/Users/admin/builder/spi-builder-workspace/.derivedData/Build/Intermediates.noindex/SystemKit.build/Debug-watchos/SystemKit-t.build/DerivedSources/arm64 -Xcc -I/Users/admin/builder/spi-builder-workspace/.derivedData/Build/Intermediates.noindex/SystemKit.build/Debug-watchos/SystemKit-t.build/DerivedSources -Xcc -DSWIFT_PACKAGE -Xcc -DDEBUG\=1 -emit-objc-header -emit-objc-header-path /Users/admin/builder/spi-builder-workspace/.derivedData/Build/Intermediates.noindex/SystemKit.build/Debug-watchos/SystemKit-t.build/Objects-normal/arm64/SystemKit-Swift.h -working-directory /Users/admin/builder/spi-builder-workspace/.swiftpm/xcode -experimental-emit-module-separately -disable-cmo
/Users/admin/builder/spi-builder-workspace/Sources/SystemKit.swift:26:8: error: Unable to resolve module dependency: 'Logging' (in target 'SystemKit' from project 'SystemKit')
note: A dependency of main module 'SystemKit'
/Users/admin/builder/spi-builder-workspace/Sources/SystemKit.swift:26:8: note: A dependency of main module 'SystemKit'
import Logging
^ (in target 'SystemKit' from project 'SystemKit')
CreateUniversalBinary /Users/admin/builder/spi-builder-workspace/.derivedData/Build/Products/Debug-watchos/SystemKit_Objc.o normal arm64\ arm64_32 (in target 'SystemKit_Objc' from project 'SystemKit')
cd /Users/admin/builder/spi-builder-workspace
/Applications/Xcode-27.0.0-Release.Candidate.app/Contents/Developer/Toolchains/XcodeDefault.xctoolchain/usr/bin/lipo -create /Users/admin/builder/spi-builder-workspace/.derivedData/Build/Intermediates.noindex/SystemKit.build/Debug-watchos/SystemKit_Objc-t.build/Objects-normal/arm64/Binary/SystemKit_Objc.o /Users/admin/builder/spi-builder-workspace/.derivedData/Build/Intermediates.noindex/SystemKit.build/Debug-watchos/SystemKit_Objc-t.build/Objects-normal/arm64_32/Binary/SystemKit_Objc.o -output /Users/admin/builder/spi-builder-workspace/.derivedData/Build/Products/Debug-watchos/SystemKit_Objc.o
PruneExplicitPrecompiledModules /Users/admin/builder/spi-builder-workspace/.derivedData/Build/Intermediates.noindex/ExplicitPrecompiledModules
PruneExplicitPrecompiledModules /Users/admin/builder/spi-builder-workspace/.derivedData/Build/Intermediates.noindex/SwiftExplicitPrecompiledModules
PruneExplicitPrecompiledModules /Users/admin/builder/spi-builder-workspace/.derivedData/SDKExplicitPrecompiledModules
2026-09-20 23:08:29.800 xcodebuild[1267:7840] [MT] IDERunDestination: Supported platforms for the buildables in the current scheme is empty.
** BUILD FAILED **
The following build commands failed:
SwiftDriver SystemKit normal arm64_32 com.apple.xcode.tools.swift.compiler (in target 'SystemKit' from project 'SystemKit')
SwiftDriver SystemKit normal arm64 com.apple.xcode.tools.swift.compiler (in target 'SystemKit' from project 'SystemKit')
Building workspace SystemKit with scheme SystemKit-Package
(3 failures)
BUILD FAILURE 6.4 watchOS