Build Information
Failed to build vapor-generate, reference main (279cdd), with Swift 6.1 for macOS (SPM) on 23 Jul 2026 17:06:53 UTC.
Build Command
env DEVELOPER_DIR=/Applications/Xcode-16.3.0.app xcrun swift build --arch arm64Build Log
[788/1274] Compiling sign.cc
[789/1274] Compiling pbkdf.cc
[790/1274] Compiling p_x25519_asn1.cc
[791/1274] Compiling p_x25519.cc
[792/1274] Compiling p_rsa_asn1.cc
[793/1274] Compiling p_hkdf.cc
[794/1274] Compiling p_rsa.cc
[795/1274] Compiling p_ed25519.cc
[796/1274] Compiling p_ed25519_asn1.cc
[797/1274] Compiling p_ec_asn1.cc
[798/1274] Compiling p_ec.cc
[799/1274] Compiling p_dsa_asn1.cc
[800/1274] Compiling p_dh_asn1.cc
[801/1274] Compiling p_dh.cc
[802/1274] Compiling err.cc
[803/1274] Compiling engine.cc
[804/1274] Compiling evp_ctx.cc
[805/1274] Compiling ecdsa_p1363.cc
[806/1274] Compiling evp.cc
[807/1274] Compiling evp_asn1.cc
[808/1274] Compiling ecdh.cc
[809/1274] Compiling ecdsa_asn1.cc
[810/1274] Compiling ec_derive.cc
[811/1274] Compiling hash_to_curve.cc
[812/1274] Compiling dsa.cc
[813/1274] Compiling dsa_asn1.cc
[814/1274] Compiling ec_asn1.cc
[815/1274] Compiling x25519-asm-arm.S
[816/1274] Compiling digest_extra.cc
[817/1274] Compiling params.cc
[818/1274] Compiling curve25519_64_adx.cc
[819/1274] Compiling des.cc
[820/1274] Compiling dh_asn1.cc
[821/1274] Compiling spake25519.cc
[822/1274] Compiling cpu_intel.cc
[823/1274] Compiling crypto.cc
[824/1274] Compiling cpu_arm_linux.cc
[825/1274] Compiling cpu_arm_freebsd.cc
[826/1274] Compiling curve25519.cc
[827/1274] Compiling cpu_aarch64_win.cc
[828/1274] Compiling cpu_aarch64_sysreg.cc
[829/1274] Compiling cpu_aarch64_openbsd.cc
[830/1274] Compiling cpu_aarch64_linux.cc
[831/1274] Compiling cpu_aarch64_fuchsia.cc
[832/1274] Compiling cpu_aarch64_apple.cc
[833/1274] Compiling conf.cc
[834/1274] Compiling tls_cbc.cc
[835/1274] Compiling get_cipher.cc
[836/1274] Compiling e_rc4.cc
[837/1274] Compiling e_tls.cc
[838/1274] Compiling cms.cc
[839/1274] Compiling e_rc2.cc
[840/1274] Compiling e_null.cc
[841/1274] Compiling e_des.cc
[842/1274] Compiling e_chacha20poly1305.cc
[843/1274] Compiling e_aesgcmsiv.cc
[844/1274] Compiling e_aeseax.cc
[845/1274] Compiling derive_key.cc
[846/1274] Compiling e_aesctrhmac.cc
[847/1274] Compiling chacha.cc
[848/1274] Compiling unicode.cc
[849/1274] Compiling cbb.cc
[850/1274] Compiling cbs.cc
[851/1274] Compiling ber.cc
[852/1274] Compiling asn1_compat.cc
[853/1274] Compiling sqrt.cc
[854/1274] Compiling buf.cc
[855/1274] Compiling exponentiation.cc
[856/1274] Compiling div.cc
[857/1274] Compiling convert.cc
[858/1274] Compiling blake2.cc
[859/1274] Compiling printf.cc
[860/1274] Compiling hexdump.cc
[861/1274] Compiling bn_asn1.cc
[862/1274] Compiling file.cc
[863/1274] Compiling pair.cc
[864/1274] Compiling fd.cc
[865/1274] Compiling errno.cc
[866/1274] Compiling bcm.cc
[867/1274] Compiling bio_mem.cc
[868/1274] Compiling base64.cc
[869/1274] Compiling bio.cc
[870/1274] Compiling tasn_fre.cc
[871/1274] Compiling tasn_typ.cc
[872/1274] Compiling tasn_enc.cc
[873/1274] Compiling tasn_utl.cc
[874/1274] Compiling tasn_new.cc
[875/1274] Compiling tasn_dec.cc
[876/1274] Compiling posix_time.cc
[877/1274] Compiling f_string.cc
[878/1274] Compiling f_int.cc
[879/1274] Compiling asn_pack.cc
[880/1274] Compiling asn1_par.cc
[881/1274] Compiling asn1_lib.cc
[882/1274] Compiling a_utctm.cc
[883/1274] Compiling a_time.cc
[884/1274] Compiling a_type.cc
[885/1274] Compiling a_octet.cc
[886/1274] Compiling a_strnid.cc
[887/1274] Compiling a_strex.cc
[888/1274] Compiling a_object.cc
[889/1274] Compiling a_mbstr.cc
[890/1274] Compiling fiat_p256_adx_sqr.S
[891/1274] Compiling fiat_p256_adx_mul.S
[892/1274] Compiling a_i2d_fp.cc
[893/1274] Compiling a_int.cc
[894/1274] Compiling fiat_curve25519_adx_square.S
[895/1274] Compiling fiat_curve25519_adx_mul.S
[896/1274] Compiling md5-x86_64-linux.S
[897/1274] Compiling md5-x86_64-apple.S
[898/1274] Compiling a_dup.cc
[899/1274] Compiling a_d2i_fp.cc
[900/1274] Compiling md5-586-linux.S
[901/1274] Compiling md5-586-apple.S
[902/1274] Compiling chacha20_poly1305_x86_64-linux.S
[903/1274] Compiling a_gentm.cc
[904/1274] Compiling chacha20_poly1305_armv8-win.S
[904/1274] Compiling chacha20_poly1305_x86_64-apple.S
[906/1274] Compiling chacha20_poly1305_armv8-linux.S
[907/1274] Compiling chacha-x86_64-linux.S
[908/1274] Compiling chacha-x86_64-apple.S
[909/1274] Compiling chacha20_poly1305_armv8-apple.S
[910/1274] Compiling chacha-x86-apple.S
[911/1274] Compiling chacha-x86-linux.S
[912/1274] Compiling chacha-armv8-win.S
[913/1274] Compiling chacha-armv8-linux.S
[914/1274] Compiling chacha-armv4-linux.S
[915/1274] Compiling aes.cc
[916/1274] Compiling a_bool.cc
[917/1274] Compiling chacha-armv8-apple.S
[918/1274] Compiling aes128gcmsiv-x86_64-linux.S
[919/1274] Compiling aes128gcmsiv-x86_64-apple.S
[920/1274] Compiling x86_64-mont5-linux.S
[921/1274] Compiling a_bitstr.cc
[922/1274] Compiling x86_64-mont5-apple.S
[923/1274] Compiling x86_64-mont-linux.S
[924/1274] Compiling x86_64-mont-apple.S
[925/1274] Compiling x86-mont-linux.S
[925/1274] Compiling x86-mont-apple.S
[927/1274] Compiling vpaes-x86_64-linux.S
[928/1274] Compiling vpaes-x86_64-apple.S
[929/1274] Compiling vpaes-x86-linux.S
[930/1274] Compiling vpaes-x86-apple.S
[931/1274] Compiling vpaes-armv8-win.S
[932/1274] Compiling vpaes-armv8-linux.S
[933/1274] Compiling vpaes-armv7-linux.S
[934/1274] Compiling vpaes-armv8-apple.S
[935/1274] Compiling sha512-x86_64-linux.S
[936/1274] Compiling sha512-x86_64-apple.S
[937/1274] Compiling err_data.cc
[938/1274] Compiling sha512-armv8-win.S
[939/1274] Compiling sha512-armv8-linux.S
[940/1274] Compiling sha512-armv4-linux.S
[941/1274] Compiling sha512-armv8-apple.S
[942/1274] Compiling sha512-586-linux.S
[943/1274] Compiling sha512-586-apple.S
[944/1274] Compiling sha256-x86_64-linux.S
[945/1274] Compiling sha256-armv8-win.S
[946/1274] Compiling sha256-x86_64-apple.S
[947/1283] Compiling sha256-armv8-linux.S
[948/1283] Compiling sha256-armv8-apple.S
[949/1283] Compiling sha256-armv4-linux.S
[950/1283] Compiling sha256-586-linux.S
[951/1283] Compiling sha256-586-apple.S
[952/1283] Compiling sha1-x86_64-apple.S
[953/1283] Compiling sha1-x86_64-linux.S
[954/1283] Compiling sha1-armv8-win.S
[955/1283] Compiling sha1-armv8-linux.S
[956/1283] Compiling sha1-586-linux.S
[957/1283] Compiling sha1-armv4-large-linux.S
[958/1283] Compiling sha1-586-apple.S
[959/1283] Compiling rsaz-avx2-linux.S
[960/1283] Compiling rsaz-avx2-apple.S
[961/1283] Compiling rdrand-x86_64-linux.S
[962/1283] Compiling rdrand-x86_64-apple.S
[963/1283] Compiling sha1-armv8-apple.S
[964/1283] Compiling p256_beeu-x86_64-asm-apple.S
[965/1283] Compiling p256_beeu-x86_64-asm-linux.S
[966/1283] Compiling p256_beeu-armv8-asm-win.S
[967/1283] Compiling p256_beeu-armv8-asm-linux.S
[968/1283] Compiling p256_beeu-armv8-asm-apple.S
[969/1283] Compiling p256-x86_64-asm-apple.S
[970/1283] Compiling p256-x86_64-asm-linux.S
[971/1283] Compiling p256-armv8-asm-linux.S
[972/1283] Compiling p256-armv8-asm-win.S
[973/1283] Compiling ghashv8-armv8-win.S
[974/1283] Compiling ghashv8-armv8-linux.S
[975/1283] Compiling p256-armv8-asm-apple.S
[976/1283] Compiling ghashv8-armv8-apple.S
[977/1283] Compiling ghashv8-armv7-linux.S
[978/1283] Compiling ghash-x86_64-apple.S
[979/1283] Compiling ghash-x86_64-linux.S
[980/1283] Compiling ghash-x86-linux.S
[981/1283] Compiling ghash-x86-apple.S
[982/1283] Compiling ghash-ssse3-x86_64-linux.S
[983/1283] Compiling ghash-ssse3-x86_64-apple.S
[984/1283] Compiling ghash-ssse3-x86-linux.S
[985/1283] Compiling ghash-ssse3-x86-apple.S
[986/1283] Compiling ghash-neon-armv8-win.S
[986/1283] Compiling ghash-neon-armv8-linux.S
[988/1283] Compiling ghash-neon-armv8-apple.S
[989/1283] Compiling ghash-armv4-linux.S
[990/1283] Compiling co-586-linux.S
[991/1283] Compiling co-586-apple.S
[992/1283] Compiling bn-586-linux.S
[993/1283] Compiling bn-armv8-apple.S
[993/1283] Compiling bn-armv8-linux.S
[993/1283] Compiling bsaes-armv7-linux.S
[993/1283] Compiling bn-armv8-win.S
[997/1283] Compiling bn-586-apple.S
[998/1283] Compiling armv8-mont-win.S
[999/1283] Compiling armv8-mont-linux.S
[1000/1283] Compiling armv8-mont-apple.S
[1001/1283] Compiling aesv8-gcm-armv8-win.S
[1002/1283] Compiling armv4-mont-linux.S
[1003/1283] Compiling aesv8-armv8-win.S
[1004/1283] Compiling aesv8-gcm-armv8-linux.S
[1005/1283] Compiling aesv8-gcm-armv8-apple.S
[1006/1283] Compiling aesv8-armv8-linux.S
[1007/1283] Compiling aesv8-armv8-apple.S
[1008/1283] Compiling aesv8-armv7-linux.S
[1009/1283] Compiling aesni-x86_64-linux.S
[1010/1283] Compiling aesni-x86_64-apple.S
[1011/1283] Compiling aesni-x86-linux.S
[1011/1283] Compiling aesni-gcm-x86_64-linux.S
[1013/1283] Compiling aesni-x86-apple.S
[1013/1283] Compiling aesni-gcm-x86_64-apple.S
[1015/1283] Compiling aes-gcm-avx512-x86_64-linux.S
[1016/1283] Compiling aes-gcm-avx2-x86_64-linux.S
[1017/1283] Compiling aes-gcm-avx512-x86_64-apple.S
[1018/1283] Compiling aes-gcm-avx2-x86_64-apple.S
[1020/1283] Compiling CryptoBoringWrapper resource_bundle_accessor.swift
[1021/1283] Compiling CryptoBoringWrapper RandomBytes.swift
[1021/1283] Compiling xwing.cc
[1022/1283] Compiling x_sig.cc
[1023/1283] Compiling x_spki.cc
[1024/1283] Compiling x_x509a.cc
[1025/1283] Compiling x_req.cc
[1026/1283] Compiling x_exten.cc
[1027/1283] Compiling x_x509.cc
[1028/1283] Compiling x_name.cc
[1029/1283] Compiling x_pubkey.cc
[1031/1283] Compiling CryptoBoringWrapper FiniteFieldArithmeticContext.swift
[1032/1283] Compiling CryptoBoringWrapper EllipticCurvePoint.swift
[1033/1283] Compiling CryptoBoringWrapper BoringSSLAEAD.swift
[1034/1283] Compiling CryptoBoringWrapper EllipticCurve.swift
[1035/1283] Compiling CryptoBoringWrapper CryptoKitErrors_boring.swift
[1036/1283] Emitting module CryptoBoringWrapper
[1037/1283] Compiling CryptoBoringWrapper ArbitraryPrecisionInteger.swift
[1037/1283] Compiling x_crl.cc
[1038/1283] Compiling x_attrib.cc
[1039/1283] Compiling x509spki.cc
[1040/1283] Compiling x_all.cc
[1041/1283] Compiling x_algor.cc
[1042/1283] Compiling x509rset.cc
[1043/1283] Compiling x509name.cc
[1044/1291] Compiling x509cset.cc
[1045/1308] Compiling x509_vpm.cc
[1046/1347] Compiling x509_vfy.cc
[1047/1347] Compiling x509_txt.cc
[1048/1347] Compiling x509_v3.cc
[1049/1347] Compiling x509_trs.cc
[1050/1347] Compiling x509_set.cc
[1051/1347] Compiling x509_req.cc
[1052/1347] Compiling x509_obj.cc
[1053/1347] Compiling x509_ext.cc
[1054/1347] Compiling x509_lu.cc
[1055/1347] Compiling x509_def.cc
[1056/1347] Compiling x509_d2.cc
[1058/1347] Compiling CryptoExtras I2OSP.swift
[1059/1347] Compiling CryptoExtras IntegerEncoding.swift
[1060/1347] Compiling CryptoExtras PEMDocument.swift
[1061/1347] Compiling CryptoExtras PrettyBytes.swift
[1062/1347] Compiling CryptoExtras SubjectPublicKeyInfo.swift
[1063/1347] Compiling CryptoExtras ThreadOps.swift
[1064/1347] Compiling CryptoExtras ThreadPosix.swift
[1065/1347] Compiling CryptoExtras Reexport.swift
[1066/1347] Compiling CryptoExtras Zeroization_boring.swift
[1067/1347] Compiling CryptoExtras BoringSSLHelpers.swift
[1068/1347] Compiling CryptoExtras CryptoKitErrors_boring.swift
[1069/1347] Compiling CryptoExtras Data+Extensions.swift
[1070/1347] Compiling CryptoExtras DigestType.swift
[1071/1347] Compiling CryptoExtras Error.swift
[1071/1347] Compiling x509_cmp.cc
[1072/1354] Compiling x509_att.cc
[1073/1354] Compiling x509.cc
[1075/1354] Emitting module CryptoExtras
[1076/1354] Compiling CryptoExtras PKCS8PrivateKey.swift
[1077/1354] Compiling CryptoExtras RFC8410AlgorithmIdentifier.swift
[1078/1354] Compiling CryptoExtras ECToolbox_boring.swift
[1079/1354] Compiling CryptoExtras ECToolbox.swift
[1080/1354] Compiling CryptoExtras HashToField.swift
[1081/1354] Compiling CryptoExtras KDF.swift
[1082/1354] Compiling CryptoExtras PBKDF2_boring.swift
[1082/1354] Compiling v3_skey.cc
[1083/1354] Compiling v3_utl.cc
[1084/1354] Compiling v3_prn.cc
[1085/1354] Compiling v3_purp.cc
[1086/1354] Compiling v3_pmaps.cc
[1088/1354] Compiling CryptoExtras AES_CTR_boring.swift
[1089/1354] Compiling CryptoExtras AES_GCM_SIV_boring.swift
[1090/1354] Compiling CryptoExtras CMAC.swift
[1091/1354] Compiling CryptoExtras ARC+API.swift
[1092/1354] Compiling CryptoExtras ARC.swift
[1093/1354] Compiling CryptoExtras ARCCredential.swift
[1094/1354] Compiling CryptoExtras ARCEncoding.swift
[1095/1354] Compiling CryptoExtras AES_CBC.swift
[1096/1354] Compiling CryptoExtras AES_CFB.swift
[1097/1354] Compiling CryptoExtras AES_CTR.swift
[1098/1354] Compiling CryptoExtras AES_GCM_SIV.swift
[1099/1354] Compiling CryptoExtras Block Function.swift
[1100/1354] Compiling CryptoExtras AES_CBC_boring.swift
[1101/1354] Compiling CryptoExtras AES_CFB_boring.swift
[1101/1354] Compiling v3_pcons.cc
[1102/1354] Compiling v3_ocsp.cc
[1103/1354] Compiling v3_ncons.cc
[1104/1354] Compiling v3_lib.cc
[1105/1354] Compiling v3_int.cc
[1106/1354] Compiling v3_info.cc
[1108/1354] Compiling CryptoExtras ThreadSpecific.swift
[1109/1354] Compiling CryptoExtras ThreadWindows.swift
[1110/1354] Compiling CryptoExtras DLEQ.swift
[1111/1354] Compiling CryptoExtras Prover.swift
[1112/1354] Compiling CryptoExtras Verifier.swift
[1113/1354] Compiling CryptoExtras ZKPToolbox.swift
[1114/1354] Compiling CryptoExtras resource_bundle_accessor.swift
[1114/1354] Compiling v3_ia5.cc
[1115/1354] Compiling v3_genn.cc
[1116/1354] Compiling v3_extku.cc
[1118/1354] Compiling CryptoExtras BoringSSLSHA512256Context.swift
[1119/1354] Compiling CryptoExtras BoringSSLSHA512256HashFunction.swift
[1120/1354] Compiling CryptoExtras SHA512256.swift
[1121/1354] Compiling CryptoExtras SHA512256Digest.swift
[1122/1354] Compiling CryptoExtras Curve25519+PEM.swift
[1123/1354] Compiling CryptoExtras ObjectIdentifier.swift
[1124/1354] Compiling CryptoExtras PKCS8DERRepresentation.swift
[1125/1354] Compiling CryptoExtras PBKDF2_commoncrypto.swift
[1126/1354] Compiling CryptoExtras PBKDF2.swift
[1127/1354] Compiling CryptoExtras Scrypt_boring.swift
[1128/1354] Compiling CryptoExtras Scrypt.swift
[1129/1354] Compiling CryptoExtras OPRF.swift
[1130/1354] Compiling CryptoExtras OPRFClient.swift
[1131/1354] Compiling CryptoExtras OPRFServer.swift
[1132/1354] Compiling CryptoExtras VOPRF+API.swift
[1133/1354] Compiling CryptoExtras VOPRFClient.swift
[1134/1354] Compiling CryptoExtras VOPRFServer.swift
[1135/1354] Compiling CryptoExtras BoringSSLPassphraseCallbackManager.swift
[1136/1354] Compiling CryptoExtras RSA+BlindSigning.swift
[1137/1354] Compiling CryptoExtras RSA.swift
[1138/1354] Compiling CryptoExtras RSA_boring.swift
[1139/1354] Compiling CryptoExtras ARCPrecredential.swift
[1140/1354] Compiling CryptoExtras ARCPresentation.swift
[1141/1354] Compiling CryptoExtras ARCRequest.swift
[1142/1354] Compiling CryptoExtras ARCResponse.swift
[1143/1354] Compiling CryptoExtras ARCServer.swift
[1144/1354] Compiling CryptoExtras ChaCha20CTR_boring.swift
[1145/1354] Compiling CryptoExtras ChaCha20CTR.swift
[1145/1354] Compiling v3_enum.cc
[1146/1354] Compiling v3_crld.cc
[1147/1354] Compiling v3_cpols.cc
[1148/1354] Compiling v3_conf.cc
[1149/1354] Compiling v3_bitst.cc
[1150/1356] Compiling v3_bcons.cc
[1151/1356] Compiling v3_akeya.cc
[1152/1356] Compiling v3_alt.cc
[1154/1356] Compiling _CryptoExtras Exports.swift
[1155/1356] Emitting module _CryptoExtras
[1155/1356] Compiling v3_akey.cc
[1156/1356] Compiling t_x509a.cc
[1157/1356] Compiling t_x509.cc
[1158/1364] Compiling t_req.cc
[1159/1367] Compiling t_crl.cc
[1160/1370] Compiling rsa_pss.cc
[1161/1455] Compiling i2d_pr.cc
[1162/1455] Compiling policy.cc
[1163/1455] Compiling name_print.cc
[1164/1455] Compiling by_file.cc
[1165/1455] Compiling asn1_gen.cc
[1166/1455] Compiling by_dir.cc
[1167/1455] Compiling algorithm.cc
[1168/1455] Compiling a_sign.cc
[1169/1455] Compiling a_digest.cc
[1170/1455] Compiling a_verify.cc
[1171/1455] Compiling trust_token.cc
[1172/1455] Compiling voprf.cc
[1173/1455] Compiling thread_win.cc
[1174/1455] Compiling thread_pthread.cc
[1175/1455] Compiling pmbtoken.cc
[1176/1455] Compiling thread_none.cc
[1177/1455] Compiling thread.cc
[1178/1455] Compiling stack.cc
[1179/1455] Compiling siphash.cc
[1180/1455] Compiling sha512.cc
[1181/1455] Compiling sha256.cc
[1182/1455] Compiling slhdsa.cc
[1183/1455] Compiling sha1.cc
[1184/1455] Compiling rsa_extra.cc
[1185/1455] Compiling rsa_print.cc
[1186/1455] Compiling spake2plus.cc
[1187/1455] Compiling refcount.cc
[1188/1455] Compiling rc4.cc
[1189/1455] Compiling rsa_crypt.cc
[1190/1455] Compiling urandom.cc
[1191/1455] Compiling windows.cc
[1192/1455] Compiling trusty.cc
[1193/1455] Compiling rand.cc
[1194/1455] Compiling passive.cc
[1195/1455] Compiling poly1305_arm_asm.S
[1196/1455] Compiling ios.cc
[1197/1455] Compiling getentropy.cc
[1198/1455] Compiling rsa_asn1.cc
[1199/1455] Compiling forkunsafe.cc
[1200/1455] Compiling deterministic.cc
[1201/1455] Compiling fork_detect.cc
[1202/1455] Compiling poly1305_vec.cc
[1203/1455] Compiling poly1305_arm.cc
[1204/1455] Compiling poly1305.cc
[1205/1455] Compiling pool.cc
[1207/1455] Compiling X509 CustomPrivateKey.swift
[1208/1455] Compiling X509 Digests.swift
[1209/1455] Compiling X509 DistinguishedName.swift
[1210/1455] Compiling X509 CommonName.swift
[1211/1455] Compiling X509 CountryName.swift
[1212/1455] Compiling X509 DNBuilder.swift
[1213/1455] Compiling X509 DomainComponent.swift
[1214/1455] Compiling X509 EmailAddress.swift
[1215/1455] Compiling X509 LocalityName.swift
[1216/1455] Compiling X509 OrganizationName.swift
[1217/1455] Compiling X509 OrganizationalUnitName.swift
[1218/1455] Compiling X509 OCSPTBSRequest.swift
[1219/1455] Compiling X509 OCSPVersion.swift
[1220/1455] Compiling X509 PKCS8PrivateKey.swift
[1221/1455] Compiling X509 PromiseAndFuture.swift
[1222/1455] Compiling X509 RDNAttribute.swift
[1223/1455] Compiling X509 RandomNumberGenerator+bytes.swift
[1224/1455] Compiling X509 RelativeDistinguishedName.swift
[1225/1455] Compiling X509 SEC1PrivateKey.swift
[1226/1455] Compiling X509 SecKeyWrapper.swift
[1227/1455] Compiling X509 Signature.swift
[1228/1455] Compiling X509 SignatureAlgorithm.swift
[1228/1465] Compiling pkcs7.cc
[1229/1465] Compiling pkcs8_x509.cc
[1230/1465] Compiling p5_pbev2.cc
[1231/1465] Compiling pkcs8.cc
[1233/1465] Compiling X509 CMSAttribute.swift
[1234/1465] Compiling X509 CMSContentInfo.swift
[1235/1465] Compiling X509 CMSEncapsulatedContentInfo.swift
[1236/1465] Compiling X509 CMSIssuerAndSerialNumber.swift
[1237/1465] Compiling X509 CMSOperations.swift
[1238/1465] Compiling X509 CMSSignature.swift
[1239/1465] Compiling X509 CMSSignedData.swift
[1240/1465] Compiling X509 CMSSignerIdentifier.swift
[1241/1465] Compiling X509 CMSSignerInfo.swift
[1242/1465] Compiling X509 CMSVersion.swift
[1243/1465] Compiling X509 Curve25519+DER.swift
[1244/1465] Compiling X509 OCSPExtensionID.swift
[1245/1465] Compiling X509 OCSPNonce.swift
[1246/1465] Compiling X509 OCSPPolicy.swift
[1247/1465] Compiling X509 OCSPRequest.swift
[1248/1465] Compiling X509 OCSPResponse.swift
[1249/1465] Compiling X509 OCSPResponseBytes.swift
[1250/1465] Compiling X509 OCSPResponseData.swift
[1251/1465] Compiling X509 OCSPResponseStatus.swift
[1252/1465] Compiling X509 OCSPSignature.swift
[1253/1465] Compiling X509 OCSPSingleRequest.swift
[1254/1465] Compiling X509 OCSPSingleResponse.swift
[1254/1465] Compiling pkcs7_x509.cc
[1255/1465] Compiling pem_xaux.cc
[1256/1465] Compiling pem_x509.cc
[1257/1465] Compiling pem_pkey.cc
[1258/1465] Compiling pem_pk8.cc
[1260/1465] Compiling X509 CSRAttribute.swift
[1261/1465] Compiling X509 CSRAttributes.swift
[1262/1465] Compiling X509 CSRVersion.swift
[1263/1465] Compiling X509 CertificateSigningRequest.swift
[1264/1465] Compiling X509 CertificationRequestInfo.swift
[1265/1465] Compiling X509 ExtensionRequest.swift
[1266/1465] Compiling X509 Certificate.swift
[1267/1465] Compiling X509 CertificatePrivateKey.swift
[1268/1465] Compiling X509 CertificatePublicKey.swift
[1269/1465] Compiling X509 CertificateSerialNumber.swift
[1270/1465] Compiling X509 CertificateVersion.swift
[1271/1465] Compiling X509 StateOrProvinceName.swift
[1272/1465] Compiling X509 StreetAddress.swift
[1273/1465] Compiling X509 Error.swift
[1274/1465] Compiling X509 AuthorityInformationAccess.swift
[1275/1465] Compiling X509 AuthorityKeyIdentifier.swift
[1276/1465] Compiling X509 BasicConstraints.swift
[1277/1465] Compiling X509 ExtendedKeyUsage.swift
[1278/1465] Compiling X509 ExtensionIdentifiers.swift
[1279/1465] Compiling X509 KeyUsage.swift
[1280/1465] Compiling X509 NameConstraints.swift
[1281/1465] Compiling X509 SubjectAlternativeName.swift
[1281/1465] Compiling mlkem.cc
[1282/1465] Compiling mldsa.cc
[1283/1465] Compiling obj_xref.cc
[1284/1465] Compiling pem_oth.cc
[1285/1465] Compiling mem.cc
[1286/1465] Compiling pem_info.cc
[1287/1465] Compiling obj.cc
[1288/1465] Compiling pem_lib.cc
[1289/1465] Compiling poly_rq_mul.S
[1290/1465] Compiling pem_all.cc
[1291/1465] Compiling fips_shared_support.cc
[1292/1465] Compiling lhash.cc
[1293/1465] Compiling fuzzer_mode.cc
[1294/1465] Compiling md5.cc
[1295/1465] Compiling md4.cc
[1296/1465] Compiling ex_data.cc
[1297/1465] Compiling kyber.cc
[1299/1465] Compiling X509 AllOfPolicies.swift
[1300/1465] Compiling X509 AnyPolicy.swift
[1301/1465] Compiling X509 CertificateStore.swift
[1302/1465] Compiling X509 CustomCertificateStore.swift
[1303/1465] Compiling X509 OneOfPolicies.swift
[1304/1465] Compiling X509 PolicyBuilder.swift
[1305/1465] Compiling X509 BasicConstraintsPolicy.swift
[1306/1465] Compiling X509 DNSNames.swift
[1307/1465] Compiling X509 DirectoryNames.swift
[1308/1465] Compiling X509 ExpiryPolicy.swift
[1309/1465] Compiling X509 IPConstraints.swift
[1310/1465] Compiling X509 NameConstraintsPolicy.swift
[1311/1465] Compiling X509 RFC5280Policy.swift
[1312/1465] Compiling X509 URIConstraints.swift
[1313/1465] Compiling X509 VersionPolicy.swift
[1314/1465] Compiling X509 ServerIdentityPolicy.swift
[1315/1465] Compiling X509 TrustRootLoading.swift
[1316/1465] Compiling X509 UnverifiedChain.swift
[1317/1465] Compiling X509 ValidatedCertificateChain.swift
[1318/1465] Compiling X509 VerificationDiagnostic.swift
[1319/1465] Compiling X509 Verifier.swift
[1320/1465] Compiling X509 SubjectKeyIdentifier.swift
[1321/1465] Compiling X509 Extension.swift
[1322/1465] Compiling X509 Extensions.swift
[1323/1465] Compiling X509 ExtensionsBuilder.swift
[1324/1465] Compiling X509 GeneralName.swift
[1325/1465] Compiling X509 Lock.swift
[1326/1465] Compiling X509 LockedValueBox.swift
[1327/1465] Compiling X509 BasicOCSPResponse.swift
[1328/1465] Compiling X509 DirectoryString.swift
[1329/1465] Compiling X509 OCSPCertID.swift
[1330/1465] Compiling X509 OCSPCertStatus.swift
[1330/1465] Compiling hpke.cc
[1331/1465] Compiling hrss.cc
[1332/1465] Compiling sign.cc
[1333/1465] Compiling scrypt.cc
[1334/1465] Compiling pbkdf.cc
[1335/1465] Compiling print.cc
[1336/1465] Compiling p_x25519_asn1.cc
[1338/1465] Compiling X509 VerifierPolicy.swift
[1339/1465] Compiling X509 AlgorithmIdentifier.swift
[1340/1465] Compiling X509 ECDSASignature.swift
[1341/1465] Compiling X509 RSAPKCS1PublicKey.swift
[1342/1465] Compiling X509 SubjectPublicKeyInfo.swift
[1343/1465] Compiling X509 TBSCertificate.swift
[1344/1465] Compiling X509 Time.swift
[1345/1465] Compiling X509 TimeCalculations.swift
[1346/1465] Compiling X509 Validity.swift
[1347/1465] Compiling X509 X509SendableMetatype.swift
[1347/1465] Compiling p_x25519.cc
[1348/1465] Compiling p_rsa_asn1.cc
[1349/1465] Compiling p_rsa.cc
[1350/1465] Compiling p_hkdf.cc
[1352/1465] Emitting module X509
[1352/1465] Compiling p_ed25519_asn1.cc
[1353/1465] Compiling p_ed25519.cc
[1354/1465] Compiling p_ec_asn1.cc
[1355/1465] Compiling p_ec.cc
[1356/1465] Compiling p_dsa_asn1.cc
[1357/1484] Compiling p_dh_asn1.cc
[1358/1533] Compiling p_dh.cc
[1359/1533] Compiling err.cc
[1360/1533] Compiling evp_ctx.cc
[1361/1533] Compiling evp.cc
[1362/1533] Compiling engine.cc
[1363/1533] Compiling evp_asn1.cc
[1364/1533] Compiling ecdsa_p1363.cc
[1365/1533] Compiling ecdh.cc
[1366/1533] Compiling ec_derive.cc
[1367/1533] Compiling ecdsa_asn1.cc
[1368/1533] Compiling hash_to_curve.cc
[1369/1533] Compiling dsa.cc
[1370/1533] Compiling dsa_asn1.cc
[1371/1533] Compiling ec_asn1.cc
[1372/1533] Compiling x25519-asm-arm.S
[1373/1533] Compiling digest_extra.cc
[1374/1533] Compiling params.cc
[1375/1533] Compiling des.cc
[1376/1533] Compiling dh_asn1.cc
[1377/1533] Compiling spake25519.cc
[1378/1533] Compiling curve25519_64_adx.cc
[1379/1533] Compiling cpu_intel.cc
[1380/1533] Compiling crypto.cc
[1381/1533] Compiling curve25519.cc
[1382/1533] Compiling cpu_arm_linux.cc
[1383/1533] Compiling cpu_arm_freebsd.cc
[1384/1533] Compiling cpu_aarch64_win.cc
[1385/1533] Compiling cpu_aarch64_openbsd.cc
[1386/1533] Compiling cpu_aarch64_sysreg.cc
[1387/1533] Compiling cpu_aarch64_linux.cc
[1388/1533] Compiling cpu_aarch64_fuchsia.cc
[1389/1533] Compiling cpu_aarch64_apple.cc
[1390/1533] Compiling conf.cc
[1391/1533] Compiling get_cipher.cc
[1392/1533] Compiling tls_cbc.cc
[1393/1533] Compiling e_tls.cc
[1394/1533] Compiling e_rc4.cc
[1395/1533] Compiling e_rc2.cc
[1396/1533] Compiling cms.cc
[1397/1533] Compiling e_null.cc
[1398/1533] Compiling e_des.cc
[1399/1533] Compiling e_aeseax.cc
[1400/1533] Compiling e_chacha20poly1305.cc
[1401/1533] Compiling e_aesgcmsiv.cc
[1402/1533] Compiling e_aesctrhmac.cc
[1403/1533] Compiling derive_key.cc
[1404/1533] Compiling chacha.cc
[1405/1533] Compiling unicode.cc
[1406/1533] Compiling cbs.cc
[1407/1533] Compiling buf.cc
[1408/1533] Compiling sqrt.cc
[1409/1533] Compiling exponentiation.cc
[1410/1533] Compiling ber.cc
[1411/1533] Compiling cbb.cc
[1412/1533] Compiling asn1_compat.cc
[1413/1533] Compiling div.cc
[1414/1533] Compiling blake2.cc
[1415/1533] Compiling printf.cc
[1416/1533] Compiling hexdump.cc
[1417/1533] Compiling bn_asn1.cc
[1418/1533] Compiling pair.cc
[1419/1533] Compiling file.cc
[1420/1533] Compiling convert.cc
[1421/1533] Compiling fd.cc
[1422/1533] Compiling errno.cc
[1423/1533] Compiling bio_mem.cc
[1424/1533] Compiling bio.cc
[1425/1533] Compiling base64.cc
[1426/1533] Compiling bcm.cc
[1427/1533] Compiling tasn_typ.cc
[1428/1533] Compiling tasn_fre.cc
[1429/1533] Compiling tasn_utl.cc
[1430/1533] Compiling tasn_new.cc
[1431/1533] Compiling tasn_enc.cc
[1432/1533] Compiling f_string.cc
[1433/1533] Compiling posix_time.cc
[1434/1533] Compiling f_int.cc
[1434/1533] Compiling asn_pack.cc
[1436/1533] Compiling asn1_par.cc
[1437/1533] Compiling tasn_dec.cc
[1438/1533] Compiling asn1_lib.cc
[1439/1533] Compiling a_utctm.cc
[1440/1533] Compiling a_octet.cc
[1441/1533] Compiling a_type.cc
[1442/1533] Compiling a_time.cc
[1443/1533] Compiling a_strnid.cc
[1444/1533] Compiling a_strex.cc
[1445/1533] Compiling a_mbstr.cc
[1446/1533] Compiling a_object.cc
[1447/1533] Write sources
[1449/1533] Compiling a_i2d_fp.cc
error: emit-module command failed with exit code 1 (use -v to see invocation)
[1451/1533] Emitting module JWTKit
/Users/admin/builder/spi-builder-workspace/.build/checkouts/jwt-kit/Sources/JWTKit/MLDSA/MLDSA65+MLDSAKey.swift:5:11: error: cannot find type 'MLDSA65' in scope
3 | @_spi(PostQuantum)
4 | @available(iOS 26.0, macOS 26.0, watchOS 26.0, tvOS 26.0, *)
5 | extension MLDSA65.PublicKey: MLDSAPublicKey {
| `- error: cannot find type 'MLDSA65' in scope
6 | public typealias MLDSAType = MLDSA65
7 | }
/Users/admin/builder/spi-builder-workspace/.build/checkouts/jwt-kit/Sources/JWTKit/MLDSA/MLDSA65+MLDSAKey.swift:11:11: error: cannot find type 'MLDSA65' in scope
9 | @_spi(PostQuantum)
10 | @available(iOS 26.0, macOS 26.0, watchOS 26.0, tvOS 26.0, *)
11 | extension MLDSA65.PrivateKey: MLDSAPrivateKey {
| `- error: cannot find type 'MLDSA65' in scope
12 | public typealias MLDSAType = MLDSA65
13 | }
/Users/admin/builder/spi-builder-workspace/.build/checkouts/jwt-kit/Sources/JWTKit/MLDSA/MLDSA65+MLDSAKey.swift:17:53: error: cannot find type 'MLDSA65' in scope
15 | @_spi(PostQuantum)
16 | @available(iOS 26.0, macOS 26.0, watchOS 26.0, tvOS 26.0, *)
17 | public typealias MLDSA65PublicKey = MLDSA.PublicKey<MLDSA65>
| `- error: cannot find type 'MLDSA65' in scope
18 |
19 | @_spi(PostQuantum)
/Users/admin/builder/spi-builder-workspace/.build/checkouts/jwt-kit/Sources/JWTKit/MLDSA/MLDSA65+MLDSAKey.swift:21:55: error: cannot find type 'MLDSA65' in scope
19 | @_spi(PostQuantum)
20 | @available(iOS 26.0, macOS 26.0, watchOS 26.0, tvOS 26.0, *)
21 | public typealias MLDSA65PrivateKey = MLDSA.PrivateKey<MLDSA65>
| `- error: cannot find type 'MLDSA65' in scope
22 |
/Users/admin/builder/spi-builder-workspace/.build/checkouts/jwt-kit/Sources/JWTKit/MLDSA/MLDSA87+MLDSAKey.swift:5:11: error: cannot find type 'MLDSA87' in scope
3 | @_spi(PostQuantum)
4 | @available(iOS 26.0, macOS 26.0, watchOS 26.0, tvOS 26.0, *)
5 | extension MLDSA87.PublicKey: MLDSAPublicKey {
| `- error: cannot find type 'MLDSA87' in scope
6 | public typealias MLDSAType = MLDSA87
7 | }
/Users/admin/builder/spi-builder-workspace/.build/checkouts/jwt-kit/Sources/JWTKit/MLDSA/MLDSA87+MLDSAKey.swift:11:11: error: cannot find type 'MLDSA87' in scope
9 | @_spi(PostQuantum)
10 | @available(iOS 26.0, macOS 26.0, watchOS 26.0, tvOS 26.0, *)
11 | extension MLDSA87.PrivateKey: MLDSAPrivateKey {
| `- error: cannot find type 'MLDSA87' in scope
12 | public typealias MLDSAType = MLDSA87
13 | }
/Users/admin/builder/spi-builder-workspace/.build/checkouts/jwt-kit/Sources/JWTKit/MLDSA/MLDSA87+MLDSAKey.swift:17:53: error: cannot find type 'MLDSA87' in scope
15 | @_spi(PostQuantum)
16 | @available(iOS 26.0, macOS 26.0, watchOS 26.0, tvOS 26.0, *)
17 | public typealias MLDSA87PublicKey = MLDSA.PublicKey<MLDSA87>
| `- error: cannot find type 'MLDSA87' in scope
18 |
19 | @_spi(PostQuantum)
/Users/admin/builder/spi-builder-workspace/.build/checkouts/jwt-kit/Sources/JWTKit/MLDSA/MLDSA87+MLDSAKey.swift:21:55: error: cannot find type 'MLDSA87' in scope
19 | @_spi(PostQuantum)
20 | @available(iOS 26.0, macOS 26.0, watchOS 26.0, tvOS 26.0, *)
21 | public typealias MLDSA87PrivateKey = MLDSA.PrivateKey<MLDSA87>
| `- error: cannot find type 'MLDSA87' in scope
22 |
/Users/admin/builder/spi-builder-workspace/.build/checkouts/jwt-kit/Sources/JWTKit/MLDSA/MLDSAType.swift:13:11: error: cannot find type 'MLDSA65' in scope
11 | @_spi(PostQuantum)
12 | @available(iOS 26.0, macOS 26.0, watchOS 26.0, tvOS 26.0, *)
13 | extension MLDSA65: MLDSAType {
| `- error: cannot find type 'MLDSA65' in scope
14 | public static var name: String { "ML-DSA-65" }
15 | }
/Users/admin/builder/spi-builder-workspace/.build/checkouts/jwt-kit/Sources/JWTKit/MLDSA/MLDSAType.swift:19:11: error: cannot find type 'MLDSA87' in scope
17 | @_spi(PostQuantum)
18 | @available(iOS 26.0, macOS 26.0, watchOS 26.0, tvOS 26.0, *)
19 | extension MLDSA87: MLDSAType {
| `- error: cannot find type 'MLDSA87' in scope
20 | public static var name: String { "ML-DSA-87" }
21 | }
[1451/1540] Compiling a_dup.cc
[1452/1540] Write sources
[1454/1540] Compiling a_d2i_fp.cc
[1455/1544] Compiling a_int.cc
[1457/1544] Compiling JWTKit AudienceClaim.swift
[1458/1544] Compiling JWTKit BoolClaim.swift
[1459/1544] Compiling JWTKit ExpirationClaim.swift
[1460/1544] Compiling JWTKit GoogleHostedDomainClaim.swift
[1461/1544] Compiling JWTKit IDClaim.swift
[1462/1544] Compiling JWTKit IssuedAtClaim.swift
[1463/1544] Compiling JWTKit IssuerClaim.swift
[1464/1544] Compiling JWTKit JWTClaim.swift
[1465/1544] Compiling JWTKit P521+CurveType.swift
[1466/1544] Compiling JWTKit EdDSA.swift
[1467/1544] Compiling JWTKit EdDSACurve.swift
[1468/1544] Compiling JWTKit EdDSAError.swift
[1469/1544] Compiling JWTKit EdDSASigner.swift
[1470/1544] Compiling JWTKit JWTKeyCollection+EdDSA.swift
[1471/1544] Compiling JWTKit HMAC.swift
[1472/1544] Compiling JWTKit HMACError.swift
[1473/1544] Compiling JWTKit ECDSACurveType.swift
[1474/1544] Compiling JWTKit ECDSAError.swift
[1475/1544] Compiling JWTKit ECDSAKeyTypes.swift
[1476/1544] Compiling JWTKit ECDSASigner.swift
[1477/1544] Compiling JWTKit ECDSASigningAlgorithm.swift
[1478/1544] Compiling JWTKit JWTKeyCollection+ECDSA.swift
[1479/1544] Compiling JWTKit P256+CurveType.swift
[1480/1544] Compiling JWTKit P384+CurveType.swift
[1481/1544] Compiling JWTKit RSA.swift
[1482/1544] Compiling JWTKit RSAError.swift
[1483/1544] Compiling JWTKit RSASigner.swift
[1484/1544] Compiling JWTKit Base64URL.swift
[1485/1544] Compiling JWTKit CryptoSigner.swift
[1486/1544] Compiling JWTKit CustomizedJSONCoders.swift
[1487/1544] Compiling JWTKit Utilities.swift
[1488/1544] Compiling JWTKit MLDSAError.swift
/Users/admin/builder/spi-builder-workspace/.build/checkouts/jwt-kit/Sources/JWTKit/MLDSA/MLDSAType.swift:13:11: error: cannot find type 'MLDSA65' in scope
11 | @_spi(PostQuantum)
12 | @available(iOS 26.0, macOS 26.0, watchOS 26.0, tvOS 26.0, *)
13 | extension MLDSA65: MLDSAType {
| `- error: cannot find type 'MLDSA65' in scope
14 | public static var name: String { "ML-DSA-65" }
15 | }
/Users/admin/builder/spi-builder-workspace/.build/checkouts/jwt-kit/Sources/JWTKit/MLDSA/MLDSAType.swift:19:11: error: cannot find type 'MLDSA87' in scope
17 | @_spi(PostQuantum)
18 | @available(iOS 26.0, macOS 26.0, watchOS 26.0, tvOS 26.0, *)
19 | extension MLDSA87: MLDSAType {
| `- error: cannot find type 'MLDSA87' in scope
20 | public static var name: String { "ML-DSA-87" }
21 | }
[1489/1544] Compiling JWTKit MLDSAKey.swift
/Users/admin/builder/spi-builder-workspace/.build/checkouts/jwt-kit/Sources/JWTKit/MLDSA/MLDSAType.swift:13:11: error: cannot find type 'MLDSA65' in scope
11 | @_spi(PostQuantum)
12 | @available(iOS 26.0, macOS 26.0, watchOS 26.0, tvOS 26.0, *)
13 | extension MLDSA65: MLDSAType {
| `- error: cannot find type 'MLDSA65' in scope
14 | public static var name: String { "ML-DSA-65" }
15 | }
/Users/admin/builder/spi-builder-workspace/.build/checkouts/jwt-kit/Sources/JWTKit/MLDSA/MLDSAType.swift:19:11: error: cannot find type 'MLDSA87' in scope
17 | @_spi(PostQuantum)
18 | @available(iOS 26.0, macOS 26.0, watchOS 26.0, tvOS 26.0, *)
19 | extension MLDSA87: MLDSAType {
| `- error: cannot find type 'MLDSA87' in scope
20 | public static var name: String { "ML-DSA-87" }
21 | }
[1490/1544] Compiling JWTKit MLDSASigner.swift
/Users/admin/builder/spi-builder-workspace/.build/checkouts/jwt-kit/Sources/JWTKit/MLDSA/MLDSAType.swift:13:11: error: cannot find type 'MLDSA65' in scope
11 | @_spi(PostQuantum)
12 | @available(iOS 26.0, macOS 26.0, watchOS 26.0, tvOS 26.0, *)
13 | extension MLDSA65: MLDSAType {
| `- error: cannot find type 'MLDSA65' in scope
14 | public static var name: String { "ML-DSA-65" }
15 | }
/Users/admin/builder/spi-builder-workspace/.build/checkouts/jwt-kit/Sources/JWTKit/MLDSA/MLDSAType.swift:19:11: error: cannot find type 'MLDSA87' in scope
17 | @_spi(PostQuantum)
18 | @available(iOS 26.0, macOS 26.0, watchOS 26.0, tvOS 26.0, *)
19 | extension MLDSA87: MLDSAType {
| `- error: cannot find type 'MLDSA87' in scope
20 | public static var name: String { "ML-DSA-87" }
21 | }
[1491/1544] Compiling JWTKit MLDSAType.swift
/Users/admin/builder/spi-builder-workspace/.build/checkouts/jwt-kit/Sources/JWTKit/MLDSA/MLDSAType.swift:13:11: error: cannot find type 'MLDSA65' in scope
11 | @_spi(PostQuantum)
12 | @available(iOS 26.0, macOS 26.0, watchOS 26.0, tvOS 26.0, *)
13 | extension MLDSA65: MLDSAType {
| `- error: cannot find type 'MLDSA65' in scope
14 | public static var name: String { "ML-DSA-65" }
15 | }
/Users/admin/builder/spi-builder-workspace/.build/checkouts/jwt-kit/Sources/JWTKit/MLDSA/MLDSAType.swift:19:11: error: cannot find type 'MLDSA87' in scope
17 | @_spi(PostQuantum)
18 | @available(iOS 26.0, macOS 26.0, watchOS 26.0, tvOS 26.0, *)
19 | extension MLDSA87: MLDSAType {
| `- error: cannot find type 'MLDSA87' in scope
20 | public static var name: String { "ML-DSA-87" }
21 | }
[1492/1544] Compiling JWTKit JWTKeyCollection+UnsecuredNone.swift
/Users/admin/builder/spi-builder-workspace/.build/checkouts/jwt-kit/Sources/JWTKit/MLDSA/MLDSAType.swift:13:11: error: cannot find type 'MLDSA65' in scope
11 | @_spi(PostQuantum)
12 | @available(iOS 26.0, macOS 26.0, watchOS 26.0, tvOS 26.0, *)
13 | extension MLDSA65: MLDSAType {
| `- error: cannot find type 'MLDSA65' in scope
14 | public static var name: String { "ML-DSA-65" }
15 | }
/Users/admin/builder/spi-builder-workspace/.build/checkouts/jwt-kit/Sources/JWTKit/MLDSA/MLDSAType.swift:19:11: error: cannot find type 'MLDSA87' in scope
17 | @_spi(PostQuantum)
18 | @available(iOS 26.0, macOS 26.0, watchOS 26.0, tvOS 26.0, *)
19 | extension MLDSA87: MLDSAType {
| `- error: cannot find type 'MLDSA87' in scope
20 | public static var name: String { "ML-DSA-87" }
21 | }
[1493/1544] Compiling JWTKit UnsecuredNoneSigner.swift
/Users/admin/builder/spi-builder-workspace/.build/checkouts/jwt-kit/Sources/JWTKit/MLDSA/MLDSAType.swift:13:11: error: cannot find type 'MLDSA65' in scope
11 | @_spi(PostQuantum)
12 | @available(iOS 26.0, macOS 26.0, watchOS 26.0, tvOS 26.0, *)
13 | extension MLDSA65: MLDSAType {
| `- error: cannot find type 'MLDSA65' in scope
14 | public static var name: String { "ML-DSA-65" }
15 | }
/Users/admin/builder/spi-builder-workspace/.build/checkouts/jwt-kit/Sources/JWTKit/MLDSA/MLDSAType.swift:19:11: error: cannot find type 'MLDSA87' in scope
17 | @_spi(PostQuantum)
18 | @available(iOS 26.0, macOS 26.0, watchOS 26.0, tvOS 26.0, *)
19 | extension MLDSA87: MLDSAType {
| `- error: cannot find type 'MLDSA87' in scope
20 | public static var name: String { "ML-DSA-87" }
21 | }
[1494/1544] Compiling JWTKit JWTKeyCollection+RSA.swift
/Users/admin/builder/spi-builder-workspace/.build/checkouts/jwt-kit/Sources/JWTKit/MLDSA/MLDSAType.swift:13:11: error: cannot find type 'MLDSA65' in scope
11 | @_spi(PostQuantum)
12 | @available(iOS 26.0, macOS 26.0, watchOS 26.0, tvOS 26.0, *)
13 | extension MLDSA65: MLDSAType {
| `- error: cannot find type 'MLDSA65' in scope
14 | public static var name: String { "ML-DSA-65" }
15 | }
/Users/admin/builder/spi-builder-workspace/.build/checkouts/jwt-kit/Sources/JWTKit/MLDSA/MLDSAType.swift:19:11: error: cannot find type 'MLDSA87' in scope
17 | @_spi(PostQuantum)
18 | @available(iOS 26.0, macOS 26.0, watchOS 26.0, tvOS 26.0, *)
19 | extension MLDSA87: MLDSAType {
| `- error: cannot find type 'MLDSA87' in scope
20 | public static var name: String { "ML-DSA-87" }
21 | }
[1494/1544] Compiling a_gentm.cc
[1495/1544] Compiling aes.cc
[1496/1544] Compiling a_bool.cc
[1497/1544] Compiling a_bitstr.cc
[1499/1553] Compiling JWTKit JWTMultiValueClaim.swift
[1500/1553] Compiling JWTKit JWTUnixEpochClaim.swift
[1501/1553] Compiling JWTKit LocaleClaim.swift
[1502/1553] Compiling CryptoBoringWrapper RandomBytes.swift
[1503/1553] Compiling JWTKit NotBeforeClaim.swift
[1504/1553] Compiling JWTKit SubjectClaim.swift
[1505/1553] Compiling CryptoBoringWrapper resource_bundle_accessor.swift
[1506/1553] Compiling JWTKit TenantIDClaim.swift
[1507/1553] Compiling JWTKit ECDSA.swift
[1508/1553] Compiling JWTKit ECDSACurve.swift
[1509/1553] Compiling JWTKit JWTAlgorithm.swift
[1510/1553] Compiling CryptoBoringWrapper FiniteFieldArithmeticContext.swift
[1511/1553] Compiling JWTKit JWTError.swift
[1512/1553] Compiling JWTKit JWTHeader+CommonFields.swift
[1513/1553] Compiling JWTKit JWTHeader.swift
[1514/1553] Compiling JWTKit JWTHeaderField.swift
[1515/1553] Compiling JWTKit JWTKeyCollection.swift
[1516/1553] Compiling JWTKit JWTParser.swift
[1517/1553] Compiling JWTKit HMACSigner.swift
[1518/1553] Compiling JWTKit JWTKeyCollection+HMAC.swift
[1519/1553] Compiling JWTKit Insecure.swift
[1520/1553] Compiling JWTKit JWK.swift
[1521/1553] Compiling JWTKit JWKIdentifier.swift
[1522/1553] Compiling JWTKit JWKS.swift
[1523/1553] Compiling JWTKit JWKSigner.swift
[1524/1553] Compiling JWTKit JWTPayload.swift
/Users/admin/builder/spi-builder-workspace/.build/checkouts/jwt-kit/Sources/JWTKit/MLDSA/MLDSA65+MLDSAKey.swift:5:11: error: cannot find type 'MLDSA65' in scope
3 | @_spi(PostQuantum)
4 | @available(iOS 26.0, macOS 26.0, watchOS 26.0, tvOS 26.0, *)
5 | extension MLDSA65.PublicKey: MLDSAPublicKey {
| `- error: cannot find type 'MLDSA65' in scope
6 | public typealias MLDSAType = MLDSA65
7 | }
/Users/admin/builder/spi-builder-workspace/.build/checkouts/jwt-kit/Sources/JWTKit/MLDSA/MLDSA65+MLDSAKey.swift:11:11: error: cannot find type 'MLDSA65' in scope
9 | @_spi(PostQuantum)
10 | @available(iOS 26.0, macOS 26.0, watchOS 26.0, tvOS 26.0, *)
11 | extension MLDSA65.PrivateKey: MLDSAPrivateKey {
| `- error: cannot find type 'MLDSA65' in scope
12 | public typealias MLDSAType = MLDSA65
13 | }
/Users/admin/builder/spi-builder-workspace/.build/checkouts/jwt-kit/Sources/JWTKit/MLDSA/MLDSA65+MLDSAKey.swift:17:53: error: cannot find type 'MLDSA65' in scope
15 | @_spi(PostQuantum)
16 | @available(iOS 26.0, macOS 26.0, watchOS 26.0, tvOS 26.0, *)
17 | public typealias MLDSA65PublicKey = MLDSA.PublicKey<MLDSA65>
| `- error: cannot find type 'MLDSA65' in scope
18 |
19 | @_spi(PostQuantum)
/Users/admin/builder/spi-builder-workspace/.build/checkouts/jwt-kit/Sources/JWTKit/MLDSA/MLDSA65+MLDSAKey.swift:21:55: error: cannot find type 'MLDSA65' in scope
19 | @_spi(PostQuantum)
20 | @available(iOS 26.0, macOS 26.0, watchOS 26.0, tvOS 26.0, *)
21 | public typealias MLDSA65PrivateKey = MLDSA.PrivateKey<MLDSA65>
| `- error: cannot find type 'MLDSA65' in scope
22 |
/Users/admin/builder/spi-builder-workspace/.build/checkouts/jwt-kit/Sources/JWTKit/MLDSA/MLDSA87+MLDSAKey.swift:5:11: error: cannot find type 'MLDSA87' in scope
3 | @_spi(PostQuantum)
4 | @available(iOS 26.0, macOS 26.0, watchOS 26.0, tvOS 26.0, *)
5 | extension MLDSA87.PublicKey: MLDSAPublicKey {
| `- error: cannot find type 'MLDSA87' in scope
6 | public typealias MLDSAType = MLDSA87
7 | }
/Users/admin/builder/spi-builder-workspace/.build/checkouts/jwt-kit/Sources/JWTKit/MLDSA/MLDSA87+MLDSAKey.swift:11:11: error: cannot find type 'MLDSA87' in scope
9 | @_spi(PostQuantum)
10 | @available(iOS 26.0, macOS 26.0, watchOS 26.0, tvOS 26.0, *)
11 | extension MLDSA87.PrivateKey: MLDSAPrivateKey {
| `- error: cannot find type 'MLDSA87' in scope
12 | public typealias MLDSAType = MLDSA87
13 | }
/Users/admin/builder/spi-builder-workspace/.build/checkouts/jwt-kit/Sources/JWTKit/MLDSA/MLDSA87+MLDSAKey.swift:17:53: error: cannot find type 'MLDSA87' in scope
15 | @_spi(PostQuantum)
16 | @available(iOS 26.0, macOS 26.0, watchOS 26.0, tvOS 26.0, *)
17 | public typealias MLDSA87PublicKey = MLDSA.PublicKey<MLDSA87>
| `- error: cannot find type 'MLDSA87' in scope
18 |
19 | @_spi(PostQuantum)
/Users/admin/builder/spi-builder-workspace/.build/checkouts/jwt-kit/Sources/JWTKit/MLDSA/MLDSA87+MLDSAKey.swift:21:55: error: cannot find type 'MLDSA87' in scope
19 | @_spi(PostQuantum)
20 | @available(iOS 26.0, macOS 26.0, watchOS 26.0, tvOS 26.0, *)
21 | public typealias MLDSA87PrivateKey = MLDSA.PrivateKey<MLDSA87>
| `- error: cannot find type 'MLDSA87' in scope
22 |
/Users/admin/builder/spi-builder-workspace/.build/checkouts/jwt-kit/Sources/JWTKit/MLDSA/MLDSA65+MLDSAKey.swift:6:34: error: cannot find type 'MLDSA65' in scope
4 | @available(iOS 26.0, macOS 26.0, watchOS 26.0, tvOS 26.0, *)
5 | extension MLDSA65.PublicKey: MLDSAPublicKey {
6 | public typealias MLDSAType = MLDSA65
| `- error: cannot find type 'MLDSA65' in scope
7 | }
8 |
/Users/admin/builder/spi-builder-workspace/.build/checkouts/jwt-kit/Sources/JWTKit/MLDSA/MLDSA65+MLDSAKey.swift:12:34: error: cannot find type 'MLDSA65' in scope
10 | @available(iOS 26.0, macOS 26.0, watchOS 26.0, tvOS 26.0, *)
11 | extension MLDSA65.PrivateKey: MLDSAPrivateKey {
12 | public typealias MLDSAType = MLDSA65
| `- error: cannot find type 'MLDSA65' in scope
13 | }
14 |
/Users/admin/builder/spi-builder-workspace/.build/checkouts/jwt-kit/Sources/JWTKit/MLDSA/MLDSA87+MLDSAKey.swift:6:34: error: cannot find type 'MLDSA87' in scope
4 | @available(iOS 26.0, macOS 26.0, watchOS 26.0, tvOS 26.0, *)
5 | extension MLDSA87.PublicKey: MLDSAPublicKey {
6 | public typealias MLDSAType = MLDSA87
| `- error: cannot find type 'MLDSA87' in scope
7 | }
8 |
/Users/admin/builder/spi-builder-workspace/.build/checkouts/jwt-kit/Sources/JWTKit/MLDSA/MLDSA87+MLDSAKey.swift:12:34: error: cannot find type 'MLDSA87' in scope
10 | @available(iOS 26.0, macOS 26.0, watchOS 26.0, tvOS 26.0, *)
11 | extension MLDSA87.PrivateKey: MLDSAPrivateKey {
12 | public typealias MLDSAType = MLDSA87
| `- error: cannot find type 'MLDSA87' in scope
13 | }
14 |
[1525/1553] Compiling JWTKit JWTSerializer.swift
/Users/admin/builder/spi-builder-workspace/.build/checkouts/jwt-kit/Sources/JWTKit/MLDSA/MLDSA65+MLDSAKey.swift:5:11: error: cannot find type 'MLDSA65' in scope
3 | @_spi(PostQuantum)
4 | @available(iOS 26.0, macOS 26.0, watchOS 26.0, tvOS 26.0, *)
5 | extension MLDSA65.PublicKey: MLDSAPublicKey {
| `- error: cannot find type 'MLDSA65' in scope
6 | public typealias MLDSAType = MLDSA65
7 | }
/Users/admin/builder/spi-builder-workspace/.build/checkouts/jwt-kit/Sources/JWTKit/MLDSA/MLDSA65+MLDSAKey.swift:11:11: error: cannot find type 'MLDSA65' in scope
9 | @_spi(PostQuantum)
10 | @available(iOS 26.0, macOS 26.0, watchOS 26.0, tvOS 26.0, *)
11 | extension MLDSA65.PrivateKey: MLDSAPrivateKey {
| `- error: cannot find type 'MLDSA65' in scope
12 | public typealias MLDSAType = MLDSA65
13 | }
/Users/admin/builder/spi-builder-workspace/.build/checkouts/jwt-kit/Sources/JWTKit/MLDSA/MLDSA65+MLDSAKey.swift:17:53: error: cannot find type 'MLDSA65' in scope
15 | @_spi(PostQuantum)
16 | @available(iOS 26.0, macOS 26.0, watchOS 26.0, tvOS 26.0, *)
17 | public typealias MLDSA65PublicKey = MLDSA.PublicKey<MLDSA65>
| `- error: cannot find type 'MLDSA65' in scope
18 |
19 | @_spi(PostQuantum)
/Users/admin/builder/spi-builder-workspace/.build/checkouts/jwt-kit/Sources/JWTKit/MLDSA/MLDSA65+MLDSAKey.swift:21:55: error: cannot find type 'MLDSA65' in scope
19 | @_spi(PostQuantum)
20 | @available(iOS 26.0, macOS 26.0, watchOS 26.0, tvOS 26.0, *)
21 | public typealias MLDSA65PrivateKey = MLDSA.PrivateKey<MLDSA65>
| `- error: cannot find type 'MLDSA65' in scope
22 |
/Users/admin/builder/spi-builder-workspace/.build/checkouts/jwt-kit/Sources/JWTKit/MLDSA/MLDSA87+MLDSAKey.swift:5:11: error: cannot find type 'MLDSA87' in scope
3 | @_spi(PostQuantum)
4 | @available(iOS 26.0, macOS 26.0, watchOS 26.0, tvOS 26.0, *)
5 | extension MLDSA87.PublicKey: MLDSAPublicKey {
| `- error: cannot find type 'MLDSA87' in scope
6 | public typealias MLDSAType = MLDSA87
7 | }
/Users/admin/builder/spi-builder-workspace/.build/checkouts/jwt-kit/Sources/JWTKit/MLDSA/MLDSA87+MLDSAKey.swift:11:11: error: cannot find type 'MLDSA87' in scope
9 | @_spi(PostQuantum)
10 | @available(iOS 26.0, macOS 26.0, watchOS 26.0, tvOS 26.0, *)
11 | extension MLDSA87.PrivateKey: MLDSAPrivateKey {
| `- error: cannot find type 'MLDSA87' in scope
12 | public typealias MLDSAType = MLDSA87
13 | }
/Users/admin/builder/spi-builder-workspace/.build/checkouts/jwt-kit/Sources/JWTKit/MLDSA/MLDSA87+MLDSAKey.swift:17:53: error: cannot find type 'MLDSA87' in scope
15 | @_spi(PostQuantum)
16 | @available(iOS 26.0, macOS 26.0, watchOS 26.0, tvOS 26.0, *)
17 | public typealias MLDSA87PublicKey = MLDSA.PublicKey<MLDSA87>
| `- error: cannot find type 'MLDSA87' in scope
18 |
19 | @_spi(PostQuantum)
/Users/admin/builder/spi-builder-workspace/.build/checkouts/jwt-kit/Sources/JWTKit/MLDSA/MLDSA87+MLDSAKey.swift:21:55: error: cannot find type 'MLDSA87' in scope
19 | @_spi(PostQuantum)
20 | @available(iOS 26.0, macOS 26.0, watchOS 26.0, tvOS 26.0, *)
21 | public typealias MLDSA87PrivateKey = MLDSA.PrivateKey<MLDSA87>
| `- error: cannot find type 'MLDSA87' in scope
22 |
/Users/admin/builder/spi-builder-workspace/.build/checkouts/jwt-kit/Sources/JWTKit/MLDSA/MLDSA65+MLDSAKey.swift:6:34: error: cannot find type 'MLDSA65' in scope
4 | @available(iOS 26.0, macOS 26.0, watchOS 26.0, tvOS 26.0, *)
5 | extension MLDSA65.PublicKey: MLDSAPublicKey {
6 | public typealias MLDSAType = MLDSA65
| `- error: cannot find type 'MLDSA65' in scope
7 | }
8 |
/Users/admin/builder/spi-builder-workspace/.build/checkouts/jwt-kit/Sources/JWTKit/MLDSA/MLDSA65+MLDSAKey.swift:12:34: error: cannot find type 'MLDSA65' in scope
10 | @available(iOS 26.0, macOS 26.0, watchOS 26.0, tvOS 26.0, *)
11 | extension MLDSA65.PrivateKey: MLDSAPrivateKey {
12 | public typealias MLDSAType = MLDSA65
| `- error: cannot find type 'MLDSA65' in scope
13 | }
14 |
/Users/admin/builder/spi-builder-workspace/.build/checkouts/jwt-kit/Sources/JWTKit/MLDSA/MLDSA87+MLDSAKey.swift:6:34: error: cannot find type 'MLDSA87' in scope
4 | @available(iOS 26.0, macOS 26.0, watchOS 26.0, tvOS 26.0, *)
5 | extension MLDSA87.PublicKey: MLDSAPublicKey {
6 | public typealias MLDSAType = MLDSA87
| `- error: cannot find type 'MLDSA87' in scope
7 | }
8 |
/Users/admin/builder/spi-builder-workspace/.build/checkouts/jwt-kit/Sources/JWTKit/MLDSA/MLDSA87+MLDSAKey.swift:12:34: error: cannot find type 'MLDSA87' in scope
10 | @available(iOS 26.0, macOS 26.0, watchOS 26.0, tvOS 26.0, *)
11 | extension MLDSA87.PrivateKey: MLDSAPrivateKey {
12 | public typealias MLDSAType = MLDSA87
| `- error: cannot find type 'MLDSA87' in scope
13 | }
14 |
[1526/1553] Compiling JWTKit JWTSigner.swift
/Users/admin/builder/spi-builder-workspace/.build/checkouts/jwt-kit/Sources/JWTKit/MLDSA/MLDSA65+MLDSAKey.swift:5:11: error: cannot find type 'MLDSA65' in scope
3 | @_spi(PostQuantum)
4 | @available(iOS 26.0, macOS 26.0, watchOS 26.0, tvOS 26.0, *)
5 | extension MLDSA65.PublicKey: MLDSAPublicKey {
| `- error: cannot find type 'MLDSA65' in scope
6 | public typealias MLDSAType = MLDSA65
7 | }
/Users/admin/builder/spi-builder-workspace/.build/checkouts/jwt-kit/Sources/JWTKit/MLDSA/MLDSA65+MLDSAKey.swift:11:11: error: cannot find type 'MLDSA65' in scope
9 | @_spi(PostQuantum)
10 | @available(iOS 26.0, macOS 26.0, watchOS 26.0, tvOS 26.0, *)
11 | extension MLDSA65.PrivateKey: MLDSAPrivateKey {
| `- error: cannot find type 'MLDSA65' in scope
12 | public typealias MLDSAType = MLDSA65
13 | }
/Users/admin/builder/spi-builder-workspace/.build/checkouts/jwt-kit/Sources/JWTKit/MLDSA/MLDSA65+MLDSAKey.swift:17:53: error: cannot find type 'MLDSA65' in scope
15 | @_spi(PostQuantum)
16 | @available(iOS 26.0, macOS 26.0, watchOS 26.0, tvOS 26.0, *)
17 | public typealias MLDSA65PublicKey = MLDSA.PublicKey<MLDSA65>
| `- error: cannot find type 'MLDSA65' in scope
18 |
19 | @_spi(PostQuantum)
/Users/admin/builder/spi-builder-workspace/.build/checkouts/jwt-kit/Sources/JWTKit/MLDSA/MLDSA65+MLDSAKey.swift:21:55: error: cannot find type 'MLDSA65' in scope
19 | @_spi(PostQuantum)
20 | @available(iOS 26.0, macOS 26.0, watchOS 26.0, tvOS 26.0, *)
21 | public typealias MLDSA65PrivateKey = MLDSA.PrivateKey<MLDSA65>
| `- error: cannot find type 'MLDSA65' in scope
22 |
/Users/admin/builder/spi-builder-workspace/.build/checkouts/jwt-kit/Sources/JWTKit/MLDSA/MLDSA87+MLDSAKey.swift:5:11: error: cannot find type 'MLDSA87' in scope
3 | @_spi(PostQuantum)
4 | @available(iOS 26.0, macOS 26.0, watchOS 26.0, tvOS 26.0, *)
5 | extension MLDSA87.PublicKey: MLDSAPublicKey {
| `- error: cannot find type 'MLDSA87' in scope
6 | public typealias MLDSAType = MLDSA87
7 | }
/Users/admin/builder/spi-builder-workspace/.build/checkouts/jwt-kit/Sources/JWTKit/MLDSA/MLDSA87+MLDSAKey.swift:11:11: error: cannot find type 'MLDSA87' in scope
9 | @_spi(PostQuantum)
10 | @available(iOS 26.0, macOS 26.0, watchOS 26.0, tvOS 26.0, *)
11 | extension MLDSA87.PrivateKey: MLDSAPrivateKey {
| `- error: cannot find type 'MLDSA87' in scope
12 | public typealias MLDSAType = MLDSA87
13 | }
/Users/admin/builder/spi-builder-workspace/.build/checkouts/jwt-kit/Sources/JWTKit/MLDSA/MLDSA87+MLDSAKey.swift:17:53: error: cannot find type 'MLDSA87' in scope
15 | @_spi(PostQuantum)
16 | @available(iOS 26.0, macOS 26.0, watchOS 26.0, tvOS 26.0, *)
17 | public typealias MLDSA87PublicKey = MLDSA.PublicKey<MLDSA87>
| `- error: cannot find type 'MLDSA87' in scope
18 |
19 | @_spi(PostQuantum)
/Users/admin/builder/spi-builder-workspace/.build/checkouts/jwt-kit/Sources/JWTKit/MLDSA/MLDSA87+MLDSAKey.swift:21:55: error: cannot find type 'MLDSA87' in scope
19 | @_spi(PostQuantum)
20 | @available(iOS 26.0, macOS 26.0, watchOS 26.0, tvOS 26.0, *)
21 | public typealias MLDSA87PrivateKey = MLDSA.PrivateKey<MLDSA87>
| `- error: cannot find type 'MLDSA87' in scope
22 |
/Users/admin/builder/spi-builder-workspace/.build/checkouts/jwt-kit/Sources/JWTKit/MLDSA/MLDSA65+MLDSAKey.swift:6:34: error: cannot find type 'MLDSA65' in scope
4 | @available(iOS 26.0, macOS 26.0, watchOS 26.0, tvOS 26.0, *)
5 | extension MLDSA65.PublicKey: MLDSAPublicKey {
6 | public typealias MLDSAType = MLDSA65
| `- error: cannot find type 'MLDSA65' in scope
7 | }
8 |
/Users/admin/builder/spi-builder-workspace/.build/checkouts/jwt-kit/Sources/JWTKit/MLDSA/MLDSA65+MLDSAKey.swift:12:34: error: cannot find type 'MLDSA65' in scope
10 | @available(iOS 26.0, macOS 26.0, watchOS 26.0, tvOS 26.0, *)
11 | extension MLDSA65.PrivateKey: MLDSAPrivateKey {
12 | public typealias MLDSAType = MLDSA65
| `- error: cannot find type 'MLDSA65' in scope
13 | }
14 |
/Users/admin/builder/spi-builder-workspace/.build/checkouts/jwt-kit/Sources/JWTKit/MLDSA/MLDSA87+MLDSAKey.swift:6:34: error: cannot find type 'MLDSA87' in scope
4 | @available(iOS 26.0, macOS 26.0, watchOS 26.0, tvOS 26.0, *)
5 | extension MLDSA87.PublicKey: MLDSAPublicKey {
6 | public typealias MLDSAType = MLDSA87
| `- error: cannot find type 'MLDSA87' in scope
7 | }
8 |
/Users/admin/builder/spi-builder-workspace/.build/checkouts/jwt-kit/Sources/JWTKit/MLDSA/MLDSA87+MLDSAKey.swift:12:34: error: cannot find type 'MLDSA87' in scope
10 | @available(iOS 26.0, macOS 26.0, watchOS 26.0, tvOS 26.0, *)
11 | extension MLDSA87.PrivateKey: MLDSAPrivateKey {
12 | public typealias MLDSAType = MLDSA87
| `- error: cannot find type 'MLDSA87' in scope
13 | }
14 |
[1527/1553] Compiling JWTKit JWTKeyCollection+MLDSA.swift
/Users/admin/builder/spi-builder-workspace/.build/checkouts/jwt-kit/Sources/JWTKit/MLDSA/MLDSA65+MLDSAKey.swift:5:11: error: cannot find type 'MLDSA65' in scope
3 | @_spi(PostQuantum)
4 | @available(iOS 26.0, macOS 26.0, watchOS 26.0, tvOS 26.0, *)
5 | extension MLDSA65.PublicKey: MLDSAPublicKey {
| `- error: cannot find type 'MLDSA65' in scope
6 | public typealias MLDSAType = MLDSA65
7 | }
/Users/admin/builder/spi-builder-workspace/.build/checkouts/jwt-kit/Sources/JWTKit/MLDSA/MLDSA65+MLDSAKey.swift:11:11: error: cannot find type 'MLDSA65' in scope
9 | @_spi(PostQuantum)
10 | @available(iOS 26.0, macOS 26.0, watchOS 26.0, tvOS 26.0, *)
11 | extension MLDSA65.PrivateKey: MLDSAPrivateKey {
| `- error: cannot find type 'MLDSA65' in scope
12 | public typealias MLDSAType = MLDSA65
13 | }
/Users/admin/builder/spi-builder-workspace/.build/checkouts/jwt-kit/Sources/JWTKit/MLDSA/MLDSA65+MLDSAKey.swift:17:53: error: cannot find type 'MLDSA65' in scope
15 | @_spi(PostQuantum)
16 | @available(iOS 26.0, macOS 26.0, watchOS 26.0, tvOS 26.0, *)
17 | public typealias MLDSA65PublicKey = MLDSA.PublicKey<MLDSA65>
| `- error: cannot find type 'MLDSA65' in scope
18 |
19 | @_spi(PostQuantum)
/Users/admin/builder/spi-builder-workspace/.build/checkouts/jwt-kit/Sources/JWTKit/MLDSA/MLDSA65+MLDSAKey.swift:21:55: error: cannot find type 'MLDSA65' in scope
19 | @_spi(PostQuantum)
20 | @available(iOS 26.0, macOS 26.0, watchOS 26.0, tvOS 26.0, *)
21 | public typealias MLDSA65PrivateKey = MLDSA.PrivateKey<MLDSA65>
| `- error: cannot find type 'MLDSA65' in scope
22 |
/Users/admin/builder/spi-builder-workspace/.build/checkouts/jwt-kit/Sources/JWTKit/MLDSA/MLDSA87+MLDSAKey.swift:5:11: error: cannot find type 'MLDSA87' in scope
3 | @_spi(PostQuantum)
4 | @available(iOS 26.0, macOS 26.0, watchOS 26.0, tvOS 26.0, *)
5 | extension MLDSA87.PublicKey: MLDSAPublicKey {
| `- error: cannot find type 'MLDSA87' in scope
6 | public typealias MLDSAType = MLDSA87
7 | }
/Users/admin/builder/spi-builder-workspace/.build/checkouts/jwt-kit/Sources/JWTKit/MLDSA/MLDSA87+MLDSAKey.swift:11:11: error: cannot find type 'MLDSA87' in scope
9 | @_spi(PostQuantum)
10 | @available(iOS 26.0, macOS 26.0, watchOS 26.0, tvOS 26.0, *)
11 | extension MLDSA87.PrivateKey: MLDSAPrivateKey {
| `- error: cannot find type 'MLDSA87' in scope
12 | public typealias MLDSAType = MLDSA87
13 | }
/Users/admin/builder/spi-builder-workspace/.build/checkouts/jwt-kit/Sources/JWTKit/MLDSA/MLDSA87+MLDSAKey.swift:17:53: error: cannot find type 'MLDSA87' in scope
15 | @_spi(PostQuantum)
16 | @available(iOS 26.0, macOS 26.0, watchOS 26.0, tvOS 26.0, *)
17 | public typealias MLDSA87PublicKey = MLDSA.PublicKey<MLDSA87>
| `- error: cannot find type 'MLDSA87' in scope
18 |
19 | @_spi(PostQuantum)
/Users/admin/builder/spi-builder-workspace/.build/checkouts/jwt-kit/Sources/JWTKit/MLDSA/MLDSA87+MLDSAKey.swift:21:55: error: cannot find type 'MLDSA87' in scope
19 | @_spi(PostQuantum)
20 | @available(iOS 26.0, macOS 26.0, watchOS 26.0, tvOS 26.0, *)
21 | public typealias MLDSA87PrivateKey = MLDSA.PrivateKey<MLDSA87>
| `- error: cannot find type 'MLDSA87' in scope
22 |
/Users/admin/builder/spi-builder-workspace/.build/checkouts/jwt-kit/Sources/JWTKit/MLDSA/MLDSA65+MLDSAKey.swift:6:34: error: cannot find type 'MLDSA65' in scope
4 | @available(iOS 26.0, macOS 26.0, watchOS 26.0, tvOS 26.0, *)
5 | extension MLDSA65.PublicKey: MLDSAPublicKey {
6 | public typealias MLDSAType = MLDSA65
| `- error: cannot find type 'MLDSA65' in scope
7 | }
8 |
/Users/admin/builder/spi-builder-workspace/.build/checkouts/jwt-kit/Sources/JWTKit/MLDSA/MLDSA65+MLDSAKey.swift:12:34: error: cannot find type 'MLDSA65' in scope
10 | @available(iOS 26.0, macOS 26.0, watchOS 26.0, tvOS 26.0, *)
11 | extension MLDSA65.PrivateKey: MLDSAPrivateKey {
12 | public typealias MLDSAType = MLDSA65
| `- error: cannot find type 'MLDSA65' in scope
13 | }
14 |
/Users/admin/builder/spi-builder-workspace/.build/checkouts/jwt-kit/Sources/JWTKit/MLDSA/MLDSA87+MLDSAKey.swift:6:34: error: cannot find type 'MLDSA87' in scope
4 | @available(iOS 26.0, macOS 26.0, watchOS 26.0, tvOS 26.0, *)
5 | extension MLDSA87.PublicKey: MLDSAPublicKey {
6 | public typealias MLDSAType = MLDSA87
| `- error: cannot find type 'MLDSA87' in scope
7 | }
8 |
/Users/admin/builder/spi-builder-workspace/.build/checkouts/jwt-kit/Sources/JWTKit/MLDSA/MLDSA87+MLDSAKey.swift:12:34: error: cannot find type 'MLDSA87' in scope
10 | @available(iOS 26.0, macOS 26.0, watchOS 26.0, tvOS 26.0, *)
11 | extension MLDSA87.PrivateKey: MLDSAPrivateKey {
12 | public typealias MLDSAType = MLDSA87
| `- error: cannot find type 'MLDSA87' in scope
13 | }
14 |
[1528/1553] Compiling JWTKit MLDSA.swift
/Users/admin/builder/spi-builder-workspace/.build/checkouts/jwt-kit/Sources/JWTKit/MLDSA/MLDSA65+MLDSAKey.swift:5:11: error: cannot find type 'MLDSA65' in scope
3 | @_spi(PostQuantum)
4 | @available(iOS 26.0, macOS 26.0, watchOS 26.0, tvOS 26.0, *)
5 | extension MLDSA65.PublicKey: MLDSAPublicKey {
| `- error: cannot find type 'MLDSA65' in scope
6 | public typealias MLDSAType = MLDSA65
7 | }
/Users/admin/builder/spi-builder-workspace/.build/checkouts/jwt-kit/Sources/JWTKit/MLDSA/MLDSA65+MLDSAKey.swift:11:11: error: cannot find type 'MLDSA65' in scope
9 | @_spi(PostQuantum)
10 | @available(iOS 26.0, macOS 26.0, watchOS 26.0, tvOS 26.0, *)
11 | extension MLDSA65.PrivateKey: MLDSAPrivateKey {
| `- error: cannot find type 'MLDSA65' in scope
12 | public typealias MLDSAType = MLDSA65
13 | }
/Users/admin/builder/spi-builder-workspace/.build/checkouts/jwt-kit/Sources/JWTKit/MLDSA/MLDSA65+MLDSAKey.swift:17:53: error: cannot find type 'MLDSA65' in scope
15 | @_spi(PostQuantum)
16 | @available(iOS 26.0, macOS 26.0, watchOS 26.0, tvOS 26.0, *)
17 | public typealias MLDSA65PublicKey = MLDSA.PublicKey<MLDSA65>
| `- error: cannot find type 'MLDSA65' in scope
18 |
19 | @_spi(PostQuantum)
/Users/admin/builder/spi-builder-workspace/.build/checkouts/jwt-kit/Sources/JWTKit/MLDSA/MLDSA65+MLDSAKey.swift:21:55: error: cannot find type 'MLDSA65' in scope
19 | @_spi(PostQuantum)
20 | @available(iOS 26.0, macOS 26.0, watchOS 26.0, tvOS 26.0, *)
21 | public typealias MLDSA65PrivateKey = MLDSA.PrivateKey<MLDSA65>
| `- error: cannot find type 'MLDSA65' in scope
22 |
/Users/admin/builder/spi-builder-workspace/.build/checkouts/jwt-kit/Sources/JWTKit/MLDSA/MLDSA87+MLDSAKey.swift:5:11: error: cannot find type 'MLDSA87' in scope
3 | @_spi(PostQuantum)
4 | @available(iOS 26.0, macOS 26.0, watchOS 26.0, tvOS 26.0, *)
5 | extension MLDSA87.PublicKey: MLDSAPublicKey {
| `- error: cannot find type 'MLDSA87' in scope
6 | public typealias MLDSAType = MLDSA87
7 | }
/Users/admin/builder/spi-builder-workspace/.build/checkouts/jwt-kit/Sources/JWTKit/MLDSA/MLDSA87+MLDSAKey.swift:11:11: error: cannot find type 'MLDSA87' in scope
9 | @_spi(PostQuantum)
10 | @available(iOS 26.0, macOS 26.0, watchOS 26.0, tvOS 26.0, *)
11 | extension MLDSA87.PrivateKey: MLDSAPrivateKey {
| `- error: cannot find type 'MLDSA87' in scope
12 | public typealias MLDSAType = MLDSA87
13 | }
/Users/admin/builder/spi-builder-workspace/.build/checkouts/jwt-kit/Sources/JWTKit/MLDSA/MLDSA87+MLDSAKey.swift:17:53: error: cannot find type 'MLDSA87' in scope
15 | @_spi(PostQuantum)
16 | @available(iOS 26.0, macOS 26.0, watchOS 26.0, tvOS 26.0, *)
17 | public typealias MLDSA87PublicKey = MLDSA.PublicKey<MLDSA87>
| `- error: cannot find type 'MLDSA87' in scope
18 |
19 | @_spi(PostQuantum)
/Users/admin/builder/spi-builder-workspace/.build/checkouts/jwt-kit/Sources/JWTKit/MLDSA/MLDSA87+MLDSAKey.swift:21:55: error: cannot find type 'MLDSA87' in scope
19 | @_spi(PostQuantum)
20 | @available(iOS 26.0, macOS 26.0, watchOS 26.0, tvOS 26.0, *)
21 | public typealias MLDSA87PrivateKey = MLDSA.PrivateKey<MLDSA87>
| `- error: cannot find type 'MLDSA87' in scope
22 |
/Users/admin/builder/spi-builder-workspace/.build/checkouts/jwt-kit/Sources/JWTKit/MLDSA/MLDSA65+MLDSAKey.swift:6:34: error: cannot find type 'MLDSA65' in scope
4 | @available(iOS 26.0, macOS 26.0, watchOS 26.0, tvOS 26.0, *)
5 | extension MLDSA65.PublicKey: MLDSAPublicKey {
6 | public typealias MLDSAType = MLDSA65
| `- error: cannot find type 'MLDSA65' in scope
7 | }
8 |
/Users/admin/builder/spi-builder-workspace/.build/checkouts/jwt-kit/Sources/JWTKit/MLDSA/MLDSA65+MLDSAKey.swift:12:34: error: cannot find type 'MLDSA65' in scope
10 | @available(iOS 26.0, macOS 26.0, watchOS 26.0, tvOS 26.0, *)
11 | extension MLDSA65.PrivateKey: MLDSAPrivateKey {
12 | public typealias MLDSAType = MLDSA65
| `- error: cannot find type 'MLDSA65' in scope
13 | }
14 |
/Users/admin/builder/spi-builder-workspace/.build/checkouts/jwt-kit/Sources/JWTKit/MLDSA/MLDSA87+MLDSAKey.swift:6:34: error: cannot find type 'MLDSA87' in scope
4 | @available(iOS 26.0, macOS 26.0, watchOS 26.0, tvOS 26.0, *)
5 | extension MLDSA87.PublicKey: MLDSAPublicKey {
6 | public typealias MLDSAType = MLDSA87
| `- error: cannot find type 'MLDSA87' in scope
7 | }
8 |
/Users/admin/builder/spi-builder-workspace/.build/checkouts/jwt-kit/Sources/JWTKit/MLDSA/MLDSA87+MLDSAKey.swift:12:34: error: cannot find type 'MLDSA87' in scope
10 | @available(iOS 26.0, macOS 26.0, watchOS 26.0, tvOS 26.0, *)
11 | extension MLDSA87.PrivateKey: MLDSAPrivateKey {
12 | public typealias MLDSAType = MLDSA87
| `- error: cannot find type 'MLDSA87' in scope
13 | }
14 |
[1529/1553] Compiling JWTKit MLDSA65+MLDSAKey.swift
/Users/admin/builder/spi-builder-workspace/.build/checkouts/jwt-kit/Sources/JWTKit/MLDSA/MLDSA65+MLDSAKey.swift:5:11: error: cannot find type 'MLDSA65' in scope
3 | @_spi(PostQuantum)
4 | @available(iOS 26.0, macOS 26.0, watchOS 26.0, tvOS 26.0, *)
5 | extension MLDSA65.PublicKey: MLDSAPublicKey {
| `- error: cannot find type 'MLDSA65' in scope
6 | public typealias MLDSAType = MLDSA65
7 | }
/Users/admin/builder/spi-builder-workspace/.build/checkouts/jwt-kit/Sources/JWTKit/MLDSA/MLDSA65+MLDSAKey.swift:11:11: error: cannot find type 'MLDSA65' in scope
9 | @_spi(PostQuantum)
10 | @available(iOS 26.0, macOS 26.0, watchOS 26.0, tvOS 26.0, *)
11 | extension MLDSA65.PrivateKey: MLDSAPrivateKey {
| `- error: cannot find type 'MLDSA65' in scope
12 | public typealias MLDSAType = MLDSA65
13 | }
/Users/admin/builder/spi-builder-workspace/.build/checkouts/jwt-kit/Sources/JWTKit/MLDSA/MLDSA65+MLDSAKey.swift:17:53: error: cannot find type 'MLDSA65' in scope
15 | @_spi(PostQuantum)
16 | @available(iOS 26.0, macOS 26.0, watchOS 26.0, tvOS 26.0, *)
17 | public typealias MLDSA65PublicKey = MLDSA.PublicKey<MLDSA65>
| `- error: cannot find type 'MLDSA65' in scope
18 |
19 | @_spi(PostQuantum)
/Users/admin/builder/spi-builder-workspace/.build/checkouts/jwt-kit/Sources/JWTKit/MLDSA/MLDSA65+MLDSAKey.swift:21:55: error: cannot find type 'MLDSA65' in scope
19 | @_spi(PostQuantum)
20 | @available(iOS 26.0, macOS 26.0, watchOS 26.0, tvOS 26.0, *)
21 | public typealias MLDSA65PrivateKey = MLDSA.PrivateKey<MLDSA65>
| `- error: cannot find type 'MLDSA65' in scope
22 |
/Users/admin/builder/spi-builder-workspace/.build/checkouts/jwt-kit/Sources/JWTKit/MLDSA/MLDSA87+MLDSAKey.swift:5:11: error: cannot find type 'MLDSA87' in scope
3 | @_spi(PostQuantum)
4 | @available(iOS 26.0, macOS 26.0, watchOS 26.0, tvOS 26.0, *)
5 | extension MLDSA87.PublicKey: MLDSAPublicKey {
| `- error: cannot find type 'MLDSA87' in scope
6 | public typealias MLDSAType = MLDSA87
7 | }
/Users/admin/builder/spi-builder-workspace/.build/checkouts/jwt-kit/Sources/JWTKit/MLDSA/MLDSA87+MLDSAKey.swift:11:11: error: cannot find type 'MLDSA87' in scope
9 | @_spi(PostQuantum)
10 | @available(iOS 26.0, macOS 26.0, watchOS 26.0, tvOS 26.0, *)
11 | extension MLDSA87.PrivateKey: MLDSAPrivateKey {
| `- error: cannot find type 'MLDSA87' in scope
12 | public typealias MLDSAType = MLDSA87
13 | }
/Users/admin/builder/spi-builder-workspace/.build/checkouts/jwt-kit/Sources/JWTKit/MLDSA/MLDSA87+MLDSAKey.swift:17:53: error: cannot find type 'MLDSA87' in scope
15 | @_spi(PostQuantum)
16 | @available(iOS 26.0, macOS 26.0, watchOS 26.0, tvOS 26.0, *)
17 | public typealias MLDSA87PublicKey = MLDSA.PublicKey<MLDSA87>
| `- error: cannot find type 'MLDSA87' in scope
18 |
19 | @_spi(PostQuantum)
/Users/admin/builder/spi-builder-workspace/.build/checkouts/jwt-kit/Sources/JWTKit/MLDSA/MLDSA87+MLDSAKey.swift:21:55: error: cannot find type 'MLDSA87' in scope
19 | @_spi(PostQuantum)
20 | @available(iOS 26.0, macOS 26.0, watchOS 26.0, tvOS 26.0, *)
21 | public typealias MLDSA87PrivateKey = MLDSA.PrivateKey<MLDSA87>
| `- error: cannot find type 'MLDSA87' in scope
22 |
/Users/admin/builder/spi-builder-workspace/.build/checkouts/jwt-kit/Sources/JWTKit/MLDSA/MLDSA65+MLDSAKey.swift:6:34: error: cannot find type 'MLDSA65' in scope
4 | @available(iOS 26.0, macOS 26.0, watchOS 26.0, tvOS 26.0, *)
5 | extension MLDSA65.PublicKey: MLDSAPublicKey {
6 | public typealias MLDSAType = MLDSA65
| `- error: cannot find type 'MLDSA65' in scope
7 | }
8 |
/Users/admin/builder/spi-builder-workspace/.build/checkouts/jwt-kit/Sources/JWTKit/MLDSA/MLDSA65+MLDSAKey.swift:12:34: error: cannot find type 'MLDSA65' in scope
10 | @available(iOS 26.0, macOS 26.0, watchOS 26.0, tvOS 26.0, *)
11 | extension MLDSA65.PrivateKey: MLDSAPrivateKey {
12 | public typealias MLDSAType = MLDSA65
| `- error: cannot find type 'MLDSA65' in scope
13 | }
14 |
/Users/admin/builder/spi-builder-workspace/.build/checkouts/jwt-kit/Sources/JWTKit/MLDSA/MLDSA87+MLDSAKey.swift:6:34: error: cannot find type 'MLDSA87' in scope
4 | @available(iOS 26.0, macOS 26.0, watchOS 26.0, tvOS 26.0, *)
5 | extension MLDSA87.PublicKey: MLDSAPublicKey {
6 | public typealias MLDSAType = MLDSA87
| `- error: cannot find type 'MLDSA87' in scope
7 | }
8 |
/Users/admin/builder/spi-builder-workspace/.build/checkouts/jwt-kit/Sources/JWTKit/MLDSA/MLDSA87+MLDSAKey.swift:12:34: error: cannot find type 'MLDSA87' in scope
10 | @available(iOS 26.0, macOS 26.0, watchOS 26.0, tvOS 26.0, *)
11 | extension MLDSA87.PrivateKey: MLDSAPrivateKey {
12 | public typealias MLDSAType = MLDSA87
| `- error: cannot find type 'MLDSA87' in scope
13 | }
14 |
[1530/1553] Compiling JWTKit MLDSA87+MLDSAKey.swift
/Users/admin/builder/spi-builder-workspace/.build/checkouts/jwt-kit/Sources/JWTKit/MLDSA/MLDSA65+MLDSAKey.swift:5:11: error: cannot find type 'MLDSA65' in scope
3 | @_spi(PostQuantum)
4 | @available(iOS 26.0, macOS 26.0, watchOS 26.0, tvOS 26.0, *)
5 | extension MLDSA65.PublicKey: MLDSAPublicKey {
| `- error: cannot find type 'MLDSA65' in scope
6 | public typealias MLDSAType = MLDSA65
7 | }
/Users/admin/builder/spi-builder-workspace/.build/checkouts/jwt-kit/Sources/JWTKit/MLDSA/MLDSA65+MLDSAKey.swift:11:11: error: cannot find type 'MLDSA65' in scope
9 | @_spi(PostQuantum)
10 | @available(iOS 26.0, macOS 26.0, watchOS 26.0, tvOS 26.0, *)
11 | extension MLDSA65.PrivateKey: MLDSAPrivateKey {
| `- error: cannot find type 'MLDSA65' in scope
12 | public typealias MLDSAType = MLDSA65
13 | }
/Users/admin/builder/spi-builder-workspace/.build/checkouts/jwt-kit/Sources/JWTKit/MLDSA/MLDSA65+MLDSAKey.swift:17:53: error: cannot find type 'MLDSA65' in scope
15 | @_spi(PostQuantum)
16 | @available(iOS 26.0, macOS 26.0, watchOS 26.0, tvOS 26.0, *)
17 | public typealias MLDSA65PublicKey = MLDSA.PublicKey<MLDSA65>
| `- error: cannot find type 'MLDSA65' in scope
18 |
19 | @_spi(PostQuantum)
/Users/admin/builder/spi-builder-workspace/.build/checkouts/jwt-kit/Sources/JWTKit/MLDSA/MLDSA65+MLDSAKey.swift:21:55: error: cannot find type 'MLDSA65' in scope
19 | @_spi(PostQuantum)
20 | @available(iOS 26.0, macOS 26.0, watchOS 26.0, tvOS 26.0, *)
21 | public typealias MLDSA65PrivateKey = MLDSA.PrivateKey<MLDSA65>
| `- error: cannot find type 'MLDSA65' in scope
22 |
/Users/admin/builder/spi-builder-workspace/.build/checkouts/jwt-kit/Sources/JWTKit/MLDSA/MLDSA87+MLDSAKey.swift:5:11: error: cannot find type 'MLDSA87' in scope
3 | @_spi(PostQuantum)
4 | @available(iOS 26.0, macOS 26.0, watchOS 26.0, tvOS 26.0, *)
5 | extension MLDSA87.PublicKey: MLDSAPublicKey {
| `- error: cannot find type 'MLDSA87' in scope
6 | public typealias MLDSAType = MLDSA87
7 | }
/Users/admin/builder/spi-builder-workspace/.build/checkouts/jwt-kit/Sources/JWTKit/MLDSA/MLDSA87+MLDSAKey.swift:11:11: error: cannot find type 'MLDSA87' in scope
9 | @_spi(PostQuantum)
10 | @available(iOS 26.0, macOS 26.0, watchOS 26.0, tvOS 26.0, *)
11 | extension MLDSA87.PrivateKey: MLDSAPrivateKey {
| `- error: cannot find type 'MLDSA87' in scope
12 | public typealias MLDSAType = MLDSA87
13 | }
/Users/admin/builder/spi-builder-workspace/.build/checkouts/jwt-kit/Sources/JWTKit/MLDSA/MLDSA87+MLDSAKey.swift:17:53: error: cannot find type 'MLDSA87' in scope
15 | @_spi(PostQuantum)
16 | @available(iOS 26.0, macOS 26.0, watchOS 26.0, tvOS 26.0, *)
17 | public typealias MLDSA87PublicKey = MLDSA.PublicKey<MLDSA87>
| `- error: cannot find type 'MLDSA87' in scope
18 |
19 | @_spi(PostQuantum)
/Users/admin/builder/spi-builder-workspace/.build/checkouts/jwt-kit/Sources/JWTKit/MLDSA/MLDSA87+MLDSAKey.swift:21:55: error: cannot find type 'MLDSA87' in scope
19 | @_spi(PostQuantum)
20 | @available(iOS 26.0, macOS 26.0, watchOS 26.0, tvOS 26.0, *)
21 | public typealias MLDSA87PrivateKey = MLDSA.PrivateKey<MLDSA87>
| `- error: cannot find type 'MLDSA87' in scope
22 |
/Users/admin/builder/spi-builder-workspace/.build/checkouts/jwt-kit/Sources/JWTKit/MLDSA/MLDSA65+MLDSAKey.swift:6:34: error: cannot find type 'MLDSA65' in scope
4 | @available(iOS 26.0, macOS 26.0, watchOS 26.0, tvOS 26.0, *)
5 | extension MLDSA65.PublicKey: MLDSAPublicKey {
6 | public typealias MLDSAType = MLDSA65
| `- error: cannot find type 'MLDSA65' in scope
7 | }
8 |
/Users/admin/builder/spi-builder-workspace/.build/checkouts/jwt-kit/Sources/JWTKit/MLDSA/MLDSA65+MLDSAKey.swift:12:34: error: cannot find type 'MLDSA65' in scope
10 | @available(iOS 26.0, macOS 26.0, watchOS 26.0, tvOS 26.0, *)
11 | extension MLDSA65.PrivateKey: MLDSAPrivateKey {
12 | public typealias MLDSAType = MLDSA65
| `- error: cannot find type 'MLDSA65' in scope
13 | }
14 |
/Users/admin/builder/spi-builder-workspace/.build/checkouts/jwt-kit/Sources/JWTKit/MLDSA/MLDSA87+MLDSAKey.swift:6:34: error: cannot find type 'MLDSA87' in scope
4 | @available(iOS 26.0, macOS 26.0, watchOS 26.0, tvOS 26.0, *)
5 | extension MLDSA87.PublicKey: MLDSAPublicKey {
6 | public typealias MLDSAType = MLDSA87
| `- error: cannot find type 'MLDSA87' in scope
7 | }
8 |
/Users/admin/builder/spi-builder-workspace/.build/checkouts/jwt-kit/Sources/JWTKit/MLDSA/MLDSA87+MLDSAKey.swift:12:34: error: cannot find type 'MLDSA87' in scope
10 | @available(iOS 26.0, macOS 26.0, watchOS 26.0, tvOS 26.0, *)
11 | extension MLDSA87.PrivateKey: MLDSAPrivateKey {
12 | public typealias MLDSAType = MLDSA87
| `- error: cannot find type 'MLDSA87' in scope
13 | }
14 |
[1531/1553] Emitting module ArgumentParserToolInfo
[1532/1553] Compiling ArgumentParserToolInfo ToolInfo.swift
[1533/1553] Emitting module ArgumentParserToolInfo
[1534/1553] Compiling ArgumentParserToolInfo ToolInfo.swift
[1535/1554] Compiling CryptoBoringWrapper EllipticCurvePoint.swift
[1536/1554] Compiling CryptoBoringWrapper EllipticCurve.swift
[1537/1554] Compiling CryptoBoringWrapper ArbitraryPrecisionInteger.swift
[1538/1554] Emitting module CryptoBoringWrapper
[1539/1554] Compiling CryptoBoringWrapper BoringSSLAEAD.swift
[1540/1554] Compiling CryptoBoringWrapper CryptoKitErrors_boring.swift
[1541/1649] Compiling JWTKit AppleIdentityToken.swift
[1542/1649] Compiling JWTKit FirebaseAuthIdentityToken.swift
[1543/1649] Compiling JWTKit GoogleIdentityToken.swift
[1544/1649] Compiling JWTKit MicrosoftIdentityToken.swift
[1545/1649] Compiling JWTKit EmptyPolicy.swift
[1546/1649] Compiling JWTKit ValidationTimePayload.swift
[1547/1649] Compiling JWTKit X5CVerifier.swift
Fetching https://github.com/vapor/console-kit.git
Fetching https://github.com/vapor/jwt-kit.git
Fetching https://github.com/apple/swift-docc-plugin.git
Fetching https://github.com/studio-falkland/swift-inflect
Fetching https://github.com/hummingbird-project/swift-mustache.git
Fetching https://github.com/apple/swift-crypto.git from cache
Fetching https://github.com/apple/swift-argument-parser.git from cache
[1/2039] Fetching swift-mustache
[83/4364] Fetching swift-mustache, swift-docc-plugin
[84/4468] Fetching swift-mustache, swift-docc-plugin, swift-inflect
[1084/11178] Fetching swift-mustache, swift-docc-plugin, swift-inflect, console-kit
[4367/20791] Fetching swift-mustache, swift-docc-plugin, swift-inflect, console-kit, jwt-kit
Fetched https://github.com/vapor/console-kit.git from cache (1.15s)
[2976/14081] Fetching swift-mustache, swift-docc-plugin, swift-inflect, jwt-kit
Fetched https://github.com/apple/swift-docc-plugin.git from cache (1.74s)
Fetched https://github.com/vapor/jwt-kit.git from cache (1.74s)
Fetched https://github.com/studio-falkland/swift-inflect from cache (1.74s)
Fetched https://github.com/hummingbird-project/swift-mustache.git from cache (1.74s)
Fetched https://github.com/apple/swift-crypto.git from cache (1.79s)
Fetched https://github.com/apple/swift-argument-parser.git from cache (1.81s)
Computing version for https://github.com/studio-falkland/swift-inflect
Computed https://github.com/studio-falkland/swift-inflect at 1.0.1 (2.32s)
Computing version for https://github.com/hummingbird-project/swift-mustache.git
Computed https://github.com/hummingbird-project/swift-mustache.git at 2.1.0 (0.48s)
Computing version for https://github.com/apple/swift-docc-plugin.git
Computed https://github.com/apple/swift-docc-plugin.git at 1.5.0 (3.02s)
Fetching https://github.com/swiftlang/swift-docc-symbolkit from cache
Fetched https://github.com/swiftlang/swift-docc-symbolkit from cache (0.86s)
Computing version for https://github.com/swiftlang/swift-docc-symbolkit
Computed https://github.com/swiftlang/swift-docc-symbolkit at 1.0.0 (1.54s)
Computing version for https://github.com/vapor/jwt-kit.git
Computed https://github.com/vapor/jwt-kit.git at 5.6.0 (0.47s)
Fetching https://github.com/apple/swift-certificates.git
Fetching https://github.com/apple/swift-log.git from cache
[1/7457] Fetching swift-certificates
Fetched https://github.com/apple/swift-log.git from cache (1.05s)
Fetched https://github.com/apple/swift-certificates.git from cache (1.16s)
Computing version for https://github.com/apple/swift-crypto.git
Computed https://github.com/apple/swift-crypto.git at 4.5.1 (4.18s)
Fetching https://github.com/apple/swift-asn1.git from cache
Fetched https://github.com/apple/swift-asn1.git from cache (0.70s)
Computing version for https://github.com/apple/swift-certificates.git
Computed https://github.com/apple/swift-certificates.git at 1.19.3 (1.35s)
Computing version for https://github.com/apple/swift-asn1.git
Computed https://github.com/apple/swift-asn1.git at 1.7.1 (0.59s)
Computing version for https://github.com/apple/swift-argument-parser.git
Computed https://github.com/apple/swift-argument-parser.git at 1.8.2 (0.49s)
Computing version for https://github.com/apple/swift-log.git
Computed https://github.com/apple/swift-log.git at 1.14.0 (0.49s)
Computing version for https://github.com/vapor/console-kit.git
Computed https://github.com/vapor/console-kit.git at 4.16.0 (0.48s)
Fetching https://github.com/apple/swift-nio.git from cache
Fetched https://github.com/apple/swift-nio.git from cache (2.76s)
Computing version for https://github.com/apple/swift-nio.git
Computed https://github.com/apple/swift-nio.git at 2.101.3 (3.48s)
Fetching https://github.com/apple/swift-system.git from cache
Fetching https://github.com/apple/swift-collections.git from cache
Fetching https://github.com/apple/swift-atomics.git from cache
Fetched https://github.com/apple/swift-system.git from cache (1.03s)
Fetched https://github.com/apple/swift-atomics.git from cache (1.59s)
Fetched https://github.com/apple/swift-collections.git from cache (1.65s)
Computing version for https://github.com/apple/swift-atomics.git
Computed https://github.com/apple/swift-atomics.git at 1.3.1 (2.18s)
Computing version for https://github.com/apple/swift-collections.git
Computed https://github.com/apple/swift-collections.git at 1.6.0 (0.61s)
Computing version for https://github.com/apple/swift-system.git
Computed https://github.com/apple/swift-system.git at 1.7.5 (0.51s)
Creating working copy for https://github.com/apple/swift-asn1.git
Working copy of https://github.com/apple/swift-asn1.git resolved at 1.7.1
Creating working copy for https://github.com/apple/swift-crypto.git
Working copy of https://github.com/apple/swift-crypto.git resolved at 4.5.1
Creating working copy for https://github.com/apple/swift-argument-parser.git
Working copy of https://github.com/apple/swift-argument-parser.git resolved at 1.8.2
Creating working copy for https://github.com/apple/swift-system.git
Working copy of https://github.com/apple/swift-system.git resolved at 1.7.5
Creating working copy for https://github.com/hummingbird-project/swift-mustache.git
Working copy of https://github.com/hummingbird-project/swift-mustache.git resolved at 2.1.0
Creating working copy for https://github.com/apple/swift-collections.git
Working copy of https://github.com/apple/swift-collections.git resolved at 1.6.0
Creating working copy for https://github.com/apple/swift-docc-plugin.git
Working copy of https://github.com/apple/swift-docc-plugin.git resolved at 1.5.0
Creating working copy for https://github.com/studio-falkland/swift-inflect
Working copy of https://github.com/studio-falkland/swift-inflect resolved at 1.0.1
Creating working copy for https://github.com/swiftlang/swift-docc-symbolkit
Working copy of https://github.com/swiftlang/swift-docc-symbolkit resolved at 1.0.0
Creating working copy for https://github.com/vapor/console-kit.git
Working copy of https://github.com/vapor/console-kit.git resolved at 4.16.0
Creating working copy for https://github.com/vapor/jwt-kit.git
Working copy of https://github.com/vapor/jwt-kit.git resolved at 5.6.0
Creating working copy for https://github.com/apple/swift-nio.git
Working copy of https://github.com/apple/swift-nio.git resolved at 2.101.3
Creating working copy for https://github.com/apple/swift-atomics.git
Working copy of https://github.com/apple/swift-atomics.git resolved at 1.3.1
Creating working copy for https://github.com/apple/swift-log.git
Working copy of https://github.com/apple/swift-log.git resolved at 1.14.0
Creating working copy for https://github.com/apple/swift-certificates.git
Working copy of https://github.com/apple/swift-certificates.git resolved at 1.19.3
Running build ...
env DEVELOPER_DIR=/Applications/Xcode-16.3.0.app xcrun swift build --arch arm64
[0/1] Planning build
[1/1] Compiling plugin VaporGeneratePlugin
[2/2] Compiling plugin Swift-DocC Preview
[3/3] Compiling plugin Swift-DocC
[4/4] Compiling plugin GenerateManual
[5/5] Compiling plugin GenerateDoccReference
Building for debugging...
[5/12] Write swift-version-2F0A5646E1D333AE.txt
[7/126] Compiling Logging LogEvent.swift
[8/127] Compiling Logging SwiftLogNoOpLogHandler.swift
[9/127] Compiling Logging Locks.swift
[10/127] Compiling Logging LogEvent.swift
[11/128] Compiling NIOConcurrencyHelpers NIOLock.swift
[12/128] Compiling Logging LoggingSystem.swift
[13/128] Compiling NIOConcurrencyHelpers NIOLockedValueBox.swift
[14/128] Compiling NIOConcurrencyHelpers NIOLock.swift
[15/128] Compiling SwiftASN1 ASN1Any.swift
[16/128] Compiling SwiftASN1 ASN1BitString.swift
[17/130] Compiling Logging Locks.swift
[18/130] Compiling Logging SwiftLogNoOpLogHandler.swift
[19/130] Compiling _CertificateInternals _TinyArray.swift
[20/130] Emitting module _CertificateInternals
[21/130] Compiling Logging LoggingSystem.swift
[22/130] Emitting module _CertificateInternals
[23/130] Compiling _CertificateInternals _TinyArray.swift
[24/130] Compiling SwiftASN1 ASN1.swift
[25/130] Compiling SwiftASN1 BER.swift
[28/132] Compiling SwiftASN1 ObjectIdentifier.swift
[29/132] Compiling SwiftASN1 PEMDocument.swift
[30/132] Emitting module Mustache
[33/132] Compiling NIOConcurrencyHelpers lock.swift
[36/132] Compiling SwiftASN1 ASN1Boolean.swift
[37/132] Compiling SwiftASN1 ASN1Identifier.swift
[38/132] Compiling SwiftASN1 ASN1Integer.swift
[39/132] Compiling SwiftASN1 ASN1Null.swift
[40/132] Emitting module Mustache
[45/132] Compiling NIOConcurrencyHelpers NIOAtomic.swift
[47/132] Compiling NIOConcurrencyHelpers lock.swift
[48/132] Compiling NIOConcurrencyHelpers NIOThreadPoolWorkAvailable.swift
[49/132] Compiling NIOConcurrencyHelpers NIOLockedValueBox.swift
[50/132] Compiling NIOConcurrencyHelpers atomics.swift
[51/132] Compiling Logging MetadataProvider.swift
[52/153] Compiling Logging LogHandler.swift
[53/153] Compiling Logging Logger+Attributes.swift
[54/153] Compiling Logging MetadataProvider.swift
[55/153] Compiling NIOConcurrencyHelpers NIOThreadPoolWorkAvailable.swift
[56/153] Compiling NIOConcurrencyHelpers atomics.swift
[57/153] Compiling Logging Logger+Attributes.swift
[58/153] Compiling Logging LogHandler.swift
[59/153] Compiling Logging Logger+With.swift
unable to find node: pound
unable to find node: pound
[60/153] Compiling Logging Logger.swift
[61/174] Compiling Inflect ScreamingSnakeCase.swift
[62/174] Compiling Inflect SentenceCase.swift
[63/174] Compiling Inflect Deconstantize.swift
[64/174] Compiling Inflect Demodulize.swift
[69/174] Compiling Inflect ClassCase.swift
[70/174] Compiling Inflect KebabCase.swift
[71/175] Compiling Logging Logger+With.swift
unable to find node: pound
unable to find node: pound
[72/175] Compiling Logging Logger.swift
[73/175] Compiling Inflect SnakeCase.swift
[75/175] Compiling Inflect TableCase.swift
[77/175] Emitting module Logging
unable to find node: pound
unable to find node: pound
[78/175] Emitting module NIOConcurrencyHelpers
[82/176] Compiling Inflect PascalCase.swift
[83/176] Compiling Inflect CamelCase.swift
[84/176] Emitting module Logging
unable to find node: pound
unable to find node: pound
[85/176] Compiling SwiftASN1 DER.swift
[87/176] Compiling Inflect Pluralize.swift
[88/176] Compiling Inflect Singularize.swift
[91/194] Emitting module Inflect
[93/198] Compiling Inflect CamelOptions.swift
[94/198] Compiling Inflect CaseCore.swift
[103/285] Compiling Crypto ASN1BitString.swift
[104/285] Compiling Crypto ASN1Boolean.swift
[107/285] Compiling SwiftASN1 Errors.swift
[108/372] Compiling Crypto MACFunctions.swift
[109/372] Compiling Crypto MessageAuthenticationCode.swift
[110/372] Compiling Crypto AES.swift
[111/372] Compiling Crypto ECDSASignature_boring.swift
[116/372] Compiling Crypto AES-GCM.swift
[117/372] Compiling Crypto AES-GCM_boring.swift
[118/372] Compiling Crypto SymmetricKeys.swift
[119/372] Compiling Crypto HMAC.swift
[120/372] Compiling Crypto NISTCurvesKeys.swift
[121/372] Compiling Crypto X25519Keys.swift
[122/372] Compiling SwiftASN1 Errors.swift
[135/372] Compiling Crypto ASN1BitString.swift
[136/372] Compiling Crypto ASN1Boolean.swift
[137/372] Compiling Crypto ASN1.swift
[138/372] Compiling Crypto ASN1Any.swift
[139/372] Compiling Crypto ChaChaPoly.swift
[140/372] Compiling Crypto Cipher.swift
[141/372] Compiling Crypto Nonces.swift
[144/372] Compiling Crypto ChaChaPoly_boring.swift
[145/372] Compiling Crypto ECDSA_boring.swift
[146/372] Compiling Crypto ASN1Identifier.swift
[169/372] Compiling CryptoBoringWrapper RandomBytes.swift
[170/372] Compiling CryptoBoringWrapper resource_bundle_accessor.swift
[171/372] Compiling Crypto ASN1Integer.swift
[172/372] Compiling Crypto ASN1Null.swift
[173/372] Compiling CryptoBoringWrapper resource_bundle_accessor.swift
[174/372] Compiling CryptoBoringWrapper RandomBytes.swift
[177/399] Compiling CryptoBoringWrapper EllipticCurvePoint.swift
[178/399] Compiling CryptoBoringWrapper FiniteFieldArithmeticContext.swift
[179/399] Compiling Crypto HashFunctions_SHA2.swift
[180/399] Compiling Crypto ANSIx963.swift
[181/399] Compiling Crypto HKDF.swift
[182/399] Compiling Crypto AESWrap.swift
[183/399] Compiling Crypto AESWrap_boring.swift
[184/399] Compiling Crypto Ed25519_boring.swift
[185/399] Compiling Crypto NISTCurvesKeys_boring.swift
[186/399] Compiling Crypto X25519Keys_boring.swift
[187/399] Compiling Crypto Curve25519.swift
[188/399] Compiling Crypto Ed25519Keys.swift
[189/399] Compiling Crypto EdDSA_boring.swift
[190/399] Compiling Crypto MLDSA_boring.swift
[191/399] Compiling Crypto MLDSA_wrapper.swift
[192/399] Compiling Crypto ECDSA.swift
[193/399] Compiling Crypto Ed25519.swift
[194/399] Compiling Crypto MLDSA.swift
[195/399] Compiling Crypto Signature.swift
[196/399] Compiling Crypto CryptoKitErrors_boring.swift
[197/399] Compiling Crypto Optional+withUnsafeBytes_boring.swift
[198/408] Compiling Crypto HPKE-KEM-Curve25519.swift
[199/408] Compiling Crypto MLKEM_wrapper.swift
[200/408] Compiling Crypto XWing_boring.swift
[201/408] Compiling Crypto KEM-Errors.swift
[202/408] Compiling Crypto KEM.swift
[203/408] Compiling Crypto MLKEM.swift
[204/408] Compiling Crypto XWing.swift
[205/408] Compiling Crypto ECDH_boring.swift
[206/408] Compiling Crypto DH.swift
[207/408] Compiling Crypto ECDH.swift
[208/408] Compiling Crypto PKCS8PrivateKey.swift
[209/408] Compiling Crypto SEC1PrivateKey.swift
[210/408] Compiling Crypto SubjectPublicKeyInfo.swift
[211/408] Compiling Crypto CryptoError_boring.swift
[212/408] Compiling Crypto CryptoKitErrors.swift
[213/408] Compiling Crypto Digest_boring.swift
[214/408] Compiling Crypto Digest.swift
[215/408] Compiling Crypto Digests.swift
[216/408] Compiling Crypto HashFunctions.swift
[217/435] Compiling ConsoleKitTerminal Console+Choose.swift
[218/435] Compiling ConsoleKitTerminal ProgressBar.swift
[219/435] Compiling ConsoleKitTerminal Console+Clear.swift
[220/435] Compiling ConsoleKitTerminal Console+Ephemeral.swift
[221/435] Compiling ConsoleKitTerminal readpassphrase_linux.swift
[222/435] Compiling ConsoleKitTerminal AnySendableHashable.swift
[223/435] Compiling Crypto ObjectIdentifier.swift
[224/435] Compiling Crypto ECDSASignature.swift
[225/435] Compiling Crypto PEMDocument.swift
[226/435] Compiling ConsoleKitTerminal CustomActivity.swift
[227/435] Compiling ConsoleKitTerminal LoadingBar.swift
[228/435] Compiling ConsoleKitTerminal ANSI.swift
[229/435] Compiling ConsoleKitTerminal Console.swift
[230/435] Compiling ConsoleKitTerminal Terminal.swift
[231/435] Compiling ConsoleKitTerminal Console+Output.swift
[232/435] Compiling ConsoleKitTerminal Console+Wait.swift
[233/435] Compiling ConsoleKitTerminal ConsoleColor.swift
[234/435] Compiling ConsoleKitTerminal ConsoleClear.swift
[235/435] Compiling ConsoleKitTerminal Console+Ask.swift
[236/435] Emitting module CryptoBoringWrapper
[237/435] Compiling CryptoBoringWrapper FiniteFieldArithmeticContext.swift
[238/435] Compiling ConsoleKitTerminal Console+Confirm.swift
[239/435] Compiling ConsoleKitTerminal Console+Input.swift
[240/435] Compiling ConsoleKitTerminal Console+Center.swift
[241/435] Compiling ConsoleKitTerminal ActivityBar.swift
[242/435] Compiling ConsoleKitTerminal ActivityIndicator.swift
[243/435] Compiling ConsoleKitTerminal ActivityIndicatorRenderer.swift
[244/435] Compiling ConsoleKitTerminal ConsoleStyle.swift
[245/435] Compiling ConsoleKitTerminal ConsoleText.swift
[246/435] Compiling ConsoleKitTerminal ConsoleTextFragment.swift
[247/435] Compiling ConsoleKitTerminal ActivityIndicatorState.swift
[258/446] Emitting module Crypto
[278/446] Compiling Crypto HashFunctions_SHA3.swift
[279/446] Compiling Crypto Digest_xkcp.swift
[280/446] Compiling Crypto HPKE-AEAD.swift
[281/446] Compiling Crypto HPKE-Ciphersuite.swift
[282/446] Compiling Crypto HPKE-KDF.swift
[283/446] Compiling Crypto HPKE-KexKeyDerivation.swift
[284/446] Compiling Crypto HPKE-LabeledExtract.swift
[285/446] Compiling Crypto HPKE-Utils.swift
[286/446] Compiling Crypto DHKEM.swift
[287/446] Compiling Crypto HPKE-NIST-EC-KEMs.swift
[288/446] Compiling Crypto HPKE-KEM.swift
[289/446] Compiling Crypto HPKE-Errors.swift
[290/446] Compiling Crypto HPKE.swift
[291/446] Compiling Crypto HPKE-Context.swift
[292/446] Compiling Crypto HPKE-KeySchedule.swift
[293/446] Compiling Crypto HPKE-Modes.swift
[294/446] Compiling Crypto Insecure.swift
[295/446] Compiling Crypto Insecure_HashFunctions.swift
[296/446] Compiling Crypto MLKEM_boring.swift
[354/448] Emitting module Crypto
[355/448] Compiling CryptoBoringWrapper EllipticCurvePoint.swift
[356/448] Compiling CryptoBoringWrapper CryptoKitErrors_boring.swift
[357/448] Compiling CryptoBoringWrapper BoringSSLAEAD.swift
[358/448] Compiling CryptoBoringWrapper EllipticCurve.swift
[359/448] Compiling CryptoBoringWrapper ArbitraryPrecisionInteger.swift
[360/448] Compiling CryptoBoringWrapper EllipticCurve.swift
[361/448] Compiling CryptoBoringWrapper BoringSSLAEAD.swift
[362/448] Emitting module CryptoBoringWrapper
[363/448] Compiling CryptoBoringWrapper CryptoKitErrors_boring.swift
[364/448] Compiling CryptoBoringWrapper ArbitraryPrecisionInteger.swift
[365/448] Emitting module ConsoleKitTerminal
[419/452] Emitting module ArgumentParserToolInfo
[420/452] Compiling ArgumentParserToolInfo ToolInfo.swift
[421/452] Emitting module SwiftASN1
[422/452] Compiling Crypto RNG_boring.swift
[423/452] Compiling Crypto SafeCompare_boring.swift
[424/452] Compiling Crypto Zeroization_boring.swift
[425/452] Compiling Crypto _CryptoModuleAnchor.swift
[426/452] Compiling Crypto PrettyBytes.swift
[427/452] Compiling Crypto SafeCompare.swift
[428/452] Compiling Crypto SecureBytes.swift
[429/452] Compiling Crypto Zeroization.swift
[430/452] Compiling Crypto resource_bundle_accessor.swift
[431/452] Compiling ArgumentParserToolInfo ToolInfo.swift
[432/452] Emitting module ArgumentParserToolInfo
[442/452] Emitting module SwiftASN1
[443/452] Compiling ConsoleKitTerminal ConsoleLogger.swift
[444/452] Compiling ConsoleKitTerminal LoggerFragment.swift
[447/720] Compiling ConsoleKitCommands Argument.swift
[448/720] Compiling ConsoleKitCommands CommandSignature.swift
[449/720] Compiling ConsoleKitCommands Flag.swift
[450/720] Compiling ConsoleKitCommands Option.swift
[455/724] Emitting module ConsoleKitCommands
[457/724] Compiling ConsoleKitCommands GenerateAutocompleteCommand.swift
[458/724] Compiling ConsoleKitCommands MergedAsyncCommandGroup.swift
[461/724] Compiling ConsoleKitCommands AnyAsyncCommand.swift
[462/724] Compiling ConsoleKitCommands AsyncCommand.swift
[463/724] Compiling ConsoleKitCommands AsyncCommandGroup.swift
[467/724] Compiling ConsoleKitCommands AsyncCommands.swift
[468/724] Compiling ConsoleKitCommands GenerateAsyncAutocompleteCommand.swift
[469/724] Compiling ConsoleKitCommands AnyCommand.swift
[470/724] Compiling ConsoleKitCommands Command.swift
[471/724] Compiling ConsoleKitCommands CommandContext.swift
[472/724] Compiling ConsoleKitCommands CommandError.swift
[473/724] Compiling ConsoleKitCommands String+LevenshteinDistance.swift
[474/724] Compiling ConsoleKitCommands Utilities.swift
[475/724] Emitting module ArgumentParser
[479/734] Compiling CryptoExtras VOPRFServer.swift
[480/734] Compiling CryptoExtras BoringSSLPassphraseCallbackManager.swift
[481/734] Compiling CryptoExtras RSA+BlindSigning.swift
[482/734] Compiling CryptoExtras RSA.swift
[483/734] Compiling CryptoExtras RSA_boring.swift
[484/734] Compiling CryptoExtras BoringSSLSHA512256Context.swift
[485/734] Compiling CryptoExtras BoringSSLSHA512256HashFunction.swift
[486/734] Compiling CryptoExtras SHA512256.swift
[487/734] Compiling CryptoExtras SHA512256Digest.swift
[488/734] Compiling CryptoExtras Curve25519+PEM.swift
[489/734] Compiling CryptoExtras PBKDF2_commoncrypto.swift
[490/734] Compiling CryptoExtras PBKDF2.swift
[491/734] Compiling CryptoExtras Scrypt_boring.swift
[492/734] Compiling CryptoExtras Scrypt.swift
[493/734] Compiling CryptoExtras OPRF.swift
[494/734] Compiling CryptoExtras OPRFClient.swift
[495/734] Compiling CryptoExtras OPRFServer.swift
[496/741] Emitting module CryptoExtras
[502/748] Compiling ConsoleKitCommands CommandInput.swift
[509/748] Emitting module CryptoExtras
[512/748] Compiling CryptoExtras PEMDocument.swift
[513/748] Compiling CryptoExtras PrettyBytes.swift
[514/748] Compiling CryptoExtras SubjectPublicKeyInfo.swift
[515/748] Compiling CryptoExtras ThreadOps.swift
[516/748] Compiling CryptoExtras ThreadPosix.swift
[517/748] Compiling CryptoExtras Data+Extensions.swift
[518/748] Compiling CryptoExtras DigestType.swift
[519/748] Compiling CryptoExtras Error.swift
[520/748] Compiling CryptoExtras VOPRF+API.swift
[521/748] Compiling CryptoExtras VOPRFClient.swift
[522/748] Compiling ConsoleKitCommands ConsoleError.swift
[523/748] Compiling ConsoleKitCommands Completion.swift
[524/748] Compiling ConsoleKitCommands Commands.swift
[525/748] Compiling ConsoleKitCommands Console+Run.swift
[532/748] Compiling ConsoleKitCommands CommandGroup.swift
[540/752] Compiling ArgumentParser ParsableArgumentsValidation.swift
[541/752] Compiling ArgumentParser PositionalArgumentsValidator.swift
[542/752] Compiling ArgumentParser UniqueNamesValidator.swift
[543/752] Compiling CryptoExtras ARC+API.swift
[544/752] Compiling CryptoExtras ARC.swift
[545/752] Compiling CryptoExtras ARCCredential.swift
[546/752] Compiling CryptoExtras ARCEncoding.swift
[547/752] Compiling ArgumentParser CodingKeyValidator.swift
[548/752] Compiling ArgumentParser NonsenseFlagsValidator.swift
[557/752] Compiling ConsoleKit Exports.swift
[558/752] Emitting module ConsoleKit
[559/752] Compiling ConsoleKit Exports.swift
[560/752] Emitting module ConsoleKit
[562/752] Compiling CryptoExtras Reexport.swift
[563/752] Compiling CryptoExtras Zeroization_boring.swift
[564/752] Compiling CryptoExtras BoringSSLHelpers.swift
[565/752] Compiling CryptoExtras CryptoKitErrors_boring.swift
[571/752] Compiling CryptoExtras ThreadSpecific.swift
[572/752] Compiling CryptoExtras ThreadWindows.swift
[573/752] Compiling CryptoExtras DLEQ.swift
[574/752] Compiling CryptoExtras Prover.swift
[575/752] Compiling CryptoExtras Verifier.swift
[576/752] Compiling CryptoExtras ZKPToolbox.swift
[577/752] Compiling CryptoExtras resource_bundle_accessor.swift
[747/756] Emitting module _CryptoExtras
[748/756] Compiling _CryptoExtras Exports.swift
[749/756] Emitting module _CryptoExtras
[750/756] Compiling _CryptoExtras Exports.swift
[751/954] Compiling X509 OCSPExtensionID.swift
[752/954] Compiling X509 OCSPNonce.swift
[753/954] Compiling X509 OCSPPolicy.swift
[754/954] Compiling X509 OCSPRequest.swift
[755/954] Compiling X509 OCSPResponse.swift
[756/954] Compiling X509 OCSPResponseBytes.swift
[757/954] Compiling X509 OCSPResponseData.swift
[758/954] Compiling X509 OCSPResponseStatus.swift
[759/954] Compiling X509 OCSPSignature.swift
[760/954] Compiling X509 OCSPSingleRequest.swift
[761/954] Compiling X509 OCSPSingleResponse.swift
[762/954] Compiling X509 CMSAttribute.swift
[763/954] Compiling X509 CMSContentInfo.swift
[764/954] Compiling X509 CMSEncapsulatedContentInfo.swift
[765/954] Compiling X509 CMSIssuerAndSerialNumber.swift
[766/954] Compiling X509 CMSOperations.swift
[767/954] Compiling X509 CMSSignature.swift
[768/954] Compiling X509 CMSSignedData.swift
[769/954] Compiling X509 CMSSignerIdentifier.swift
[770/954] Compiling X509 CMSSignerInfo.swift
[771/954] Compiling X509 CMSVersion.swift
[772/954] Compiling X509 Curve25519+DER.swift
[773/964] Compiling X509 CSRAttribute.swift
[774/964] Compiling X509 CSRAttributes.swift
[775/964] Compiling X509 CSRVersion.swift
[776/964] Compiling X509 CertificateSigningRequest.swift
[777/964] Compiling X509 CertificationRequestInfo.swift
[778/964] Compiling X509 ExtensionRequest.swift
[779/964] Compiling X509 Certificate.swift
[780/964] Compiling X509 CertificatePrivateKey.swift
[781/964] Compiling X509 CertificatePublicKey.swift
[782/964] Compiling X509 CertificateSerialNumber.swift
[783/964] Compiling X509 CertificateVersion.swift
[784/964] Compiling X509 OCSPTBSRequest.swift
[785/964] Compiling X509 OCSPVersion.swift
[786/964] Compiling X509 PKCS8PrivateKey.swift
[787/964] Compiling X509 PromiseAndFuture.swift
[788/964] Compiling X509 RDNAttribute.swift
[789/964] Compiling X509 RandomNumberGenerator+bytes.swift
[790/964] Compiling X509 RelativeDistinguishedName.swift
[791/964] Compiling X509 SEC1PrivateKey.swift
[792/964] Compiling X509 SecKeyWrapper.swift
[793/964] Compiling X509 Signature.swift
[794/964] Compiling X509 SignatureAlgorithm.swift
[817/974] Compiling X509 StateOrProvinceName.swift
[818/974] Compiling X509 StreetAddress.swift
[819/974] Compiling X509 Error.swift
[820/974] Compiling X509 AuthorityInformationAccess.swift
[821/974] Compiling X509 AuthorityKeyIdentifier.swift
[822/974] Compiling X509 BasicConstraints.swift
[823/974] Compiling X509 ExtendedKeyUsage.swift
[824/974] Compiling X509 ExtensionIdentifiers.swift
[825/974] Compiling X509 KeyUsage.swift
[826/974] Compiling X509 NameConstraints.swift
[827/974] Compiling X509 SubjectAlternativeName.swift
[828/974] Compiling X509 SubjectKeyIdentifier.swift
[829/974] Compiling X509 Extension.swift
[830/974] Compiling X509 Extensions.swift
[831/974] Compiling X509 ExtensionsBuilder.swift
[832/974] Compiling X509 GeneralName.swift
[833/974] Compiling X509 Lock.swift
[834/974] Compiling X509 LockedValueBox.swift
[835/974] Compiling X509 BasicOCSPResponse.swift
[836/974] Compiling X509 DirectoryString.swift
[837/974] Compiling X509 OCSPCertID.swift
[838/974] Compiling X509 OCSPCertStatus.swift
[839/974] Compiling X509 CustomPrivateKey.swift
[840/974] Compiling X509 Digests.swift
[841/974] Compiling X509 DistinguishedName.swift
[842/974] Compiling X509 CommonName.swift
[843/974] Compiling X509 CountryName.swift
[844/974] Compiling X509 DNBuilder.swift
[845/974] Compiling X509 DomainComponent.swift
[846/974] Compiling X509 EmailAddress.swift
[847/974] Compiling X509 LocalityName.swift
[848/974] Compiling X509 OrganizationName.swift
[849/974] Compiling X509 OrganizationalUnitName.swift
[850/974] Compiling X509 NameConstraintsPolicy.swift
[851/974] Compiling X509 RFC5280Policy.swift
[852/974] Compiling X509 URIConstraints.swift
[853/974] Compiling X509 VersionPolicy.swift
[854/974] Compiling X509 ServerIdentityPolicy.swift
[855/974] Compiling X509 TrustRootLoading.swift
[856/974] Compiling X509 UnverifiedChain.swift
[857/974] Compiling X509 ValidatedCertificateChain.swift
[858/974] Compiling X509 VerificationDiagnostic.swift
[859/974] Compiling X509 Verifier.swift
[882/974] Compiling X509 AllOfPolicies.swift
[883/974] Compiling X509 AnyPolicy.swift
[884/974] Compiling X509 CertificateStore.swift
[885/974] Compiling X509 CustomCertificateStore.swift
[886/974] Compiling X509 OneOfPolicies.swift
[887/974] Compiling X509 PolicyBuilder.swift
[888/974] Compiling X509 BasicConstraintsPolicy.swift
[889/974] Compiling X509 DNSNames.swift
[890/974] Compiling X509 DirectoryNames.swift
[891/974] Compiling X509 ExpiryPolicy.swift
[892/974] Compiling X509 IPConstraints.swift
[926/974] Compiling X509 VerifierPolicy.swift
[927/974] Compiling X509 AlgorithmIdentifier.swift
[928/974] Compiling X509 ECDSASignature.swift
[929/974] Compiling X509 RSAPKCS1PublicKey.swift
[930/974] Compiling X509 SubjectPublicKeyInfo.swift
[931/974] Compiling X509 TBSCertificate.swift
[932/974] Compiling X509 Time.swift
[933/974] Compiling X509 TimeCalculations.swift
[934/974] Compiling X509 Validity.swift
[935/974] Compiling X509 X509SendableMetatype.swift
[956/974] Emitting module X509
[969/1110] Compiling JWTKit HMACSigner.swift
/Users/admin/builder/spi-builder-workspace/.build/checkouts/jwt-kit/Sources/JWTKit/MLDSA/MLDSAType.swift:13:11: error: cannot find type 'MLDSA65' in scope
11 | @_spi(PostQuantum)
12 | @available(iOS 26.0, macOS 26.0, watchOS 26.0, tvOS 26.0, *)
13 | extension MLDSA65: MLDSAType {
| `- error: cannot find type 'MLDSA65' in scope
14 | public static var name: String { "ML-DSA-65" }
15 | }
/Users/admin/builder/spi-builder-workspace/.build/checkouts/jwt-kit/Sources/JWTKit/MLDSA/MLDSAType.swift:19:11: error: cannot find type 'MLDSA87' in scope
17 | @_spi(PostQuantum)
18 | @available(iOS 26.0, macOS 26.0, watchOS 26.0, tvOS 26.0, *)
19 | extension MLDSA87: MLDSAType {
| `- error: cannot find type 'MLDSA87' in scope
20 | public static var name: String { "ML-DSA-87" }
21 | }
[970/1110] Compiling JWTKit JWTKeyCollection+HMAC.swift
/Users/admin/builder/spi-builder-workspace/.build/checkouts/jwt-kit/Sources/JWTKit/MLDSA/MLDSAType.swift:13:11: error: cannot find type 'MLDSA65' in scope
11 | @_spi(PostQuantum)
12 | @available(iOS 26.0, macOS 26.0, watchOS 26.0, tvOS 26.0, *)
13 | extension MLDSA65: MLDSAType {
| `- error: cannot find type 'MLDSA65' in scope
14 | public static var name: String { "ML-DSA-65" }
15 | }
/Users/admin/builder/spi-builder-workspace/.build/checkouts/jwt-kit/Sources/JWTKit/MLDSA/MLDSAType.swift:19:11: error: cannot find type 'MLDSA87' in scope
17 | @_spi(PostQuantum)
18 | @available(iOS 26.0, macOS 26.0, watchOS 26.0, tvOS 26.0, *)
19 | extension MLDSA87: MLDSAType {
| `- error: cannot find type 'MLDSA87' in scope
20 | public static var name: String { "ML-DSA-87" }
21 | }
[971/1110] Compiling JWTKit Insecure.swift
/Users/admin/builder/spi-builder-workspace/.build/checkouts/jwt-kit/Sources/JWTKit/MLDSA/MLDSAType.swift:13:11: error: cannot find type 'MLDSA65' in scope
11 | @_spi(PostQuantum)
12 | @available(iOS 26.0, macOS 26.0, watchOS 26.0, tvOS 26.0, *)
13 | extension MLDSA65: MLDSAType {
| `- error: cannot find type 'MLDSA65' in scope
14 | public static var name: String { "ML-DSA-65" }
15 | }
/Users/admin/builder/spi-builder-workspace/.build/checkouts/jwt-kit/Sources/JWTKit/MLDSA/MLDSAType.swift:19:11: error: cannot find type 'MLDSA87' in scope
17 | @_spi(PostQuantum)
18 | @available(iOS 26.0, macOS 26.0, watchOS 26.0, tvOS 26.0, *)
19 | extension MLDSA87: MLDSAType {
| `- error: cannot find type 'MLDSA87' in scope
20 | public static var name: String { "ML-DSA-87" }
21 | }
[972/1110] Compiling JWTKit JWK.swift
/Users/admin/builder/spi-builder-workspace/.build/checkouts/jwt-kit/Sources/JWTKit/MLDSA/MLDSAType.swift:13:11: error: cannot find type 'MLDSA65' in scope
11 | @_spi(PostQuantum)
12 | @available(iOS 26.0, macOS 26.0, watchOS 26.0, tvOS 26.0, *)
13 | extension MLDSA65: MLDSAType {
| `- error: cannot find type 'MLDSA65' in scope
14 | public static var name: String { "ML-DSA-65" }
15 | }
/Users/admin/builder/spi-builder-workspace/.build/checkouts/jwt-kit/Sources/JWTKit/MLDSA/MLDSAType.swift:19:11: error: cannot find type 'MLDSA87' in scope
17 | @_spi(PostQuantum)
18 | @available(iOS 26.0, macOS 26.0, watchOS 26.0, tvOS 26.0, *)
19 | extension MLDSA87: MLDSAType {
| `- error: cannot find type 'MLDSA87' in scope
20 | public static var name: String { "ML-DSA-87" }
21 | }
[973/1110] Compiling JWTKit JWKIdentifier.swift
/Users/admin/builder/spi-builder-workspace/.build/checkouts/jwt-kit/Sources/JWTKit/MLDSA/MLDSAType.swift:13:11: error: cannot find type 'MLDSA65' in scope
11 | @_spi(PostQuantum)
12 | @available(iOS 26.0, macOS 26.0, watchOS 26.0, tvOS 26.0, *)
13 | extension MLDSA65: MLDSAType {
| `- error: cannot find type 'MLDSA65' in scope
14 | public static var name: String { "ML-DSA-65" }
15 | }
/Users/admin/builder/spi-builder-workspace/.build/checkouts/jwt-kit/Sources/JWTKit/MLDSA/MLDSAType.swift:19:11: error: cannot find type 'MLDSA87' in scope
17 | @_spi(PostQuantum)
18 | @available(iOS 26.0, macOS 26.0, watchOS 26.0, tvOS 26.0, *)
19 | extension MLDSA87: MLDSAType {
| `- error: cannot find type 'MLDSA87' in scope
20 | public static var name: String { "ML-DSA-87" }
21 | }
[974/1110] Compiling JWTKit JWKS.swift
/Users/admin/builder/spi-builder-workspace/.build/checkouts/jwt-kit/Sources/JWTKit/MLDSA/MLDSAType.swift:13:11: error: cannot find type 'MLDSA65' in scope
11 | @_spi(PostQuantum)
12 | @available(iOS 26.0, macOS 26.0, watchOS 26.0, tvOS 26.0, *)
13 | extension MLDSA65: MLDSAType {
| `- error: cannot find type 'MLDSA65' in scope
14 | public static var name: String { "ML-DSA-65" }
15 | }
/Users/admin/builder/spi-builder-workspace/.build/checkouts/jwt-kit/Sources/JWTKit/MLDSA/MLDSAType.swift:19:11: error: cannot find type 'MLDSA87' in scope
17 | @_spi(PostQuantum)
18 | @available(iOS 26.0, macOS 26.0, watchOS 26.0, tvOS 26.0, *)
19 | extension MLDSA87: MLDSAType {
| `- error: cannot find type 'MLDSA87' in scope
20 | public static var name: String { "ML-DSA-87" }
21 | }
[975/1110] Compiling JWTKit JWKSigner.swift
/Users/admin/builder/spi-builder-workspace/.build/checkouts/jwt-kit/Sources/JWTKit/MLDSA/MLDSAType.swift:13:11: error: cannot find type 'MLDSA65' in scope
11 | @_spi(PostQuantum)
12 | @available(iOS 26.0, macOS 26.0, watchOS 26.0, tvOS 26.0, *)
13 | extension MLDSA65: MLDSAType {
| `- error: cannot find type 'MLDSA65' in scope
14 | public static var name: String { "ML-DSA-65" }
15 | }
/Users/admin/builder/spi-builder-workspace/.build/checkouts/jwt-kit/Sources/JWTKit/MLDSA/MLDSAType.swift:19:11: error: cannot find type 'MLDSA87' in scope
17 | @_spi(PostQuantum)
18 | @available(iOS 26.0, macOS 26.0, watchOS 26.0, tvOS 26.0, *)
19 | extension MLDSA87: MLDSAType {
| `- error: cannot find type 'MLDSA87' in scope
20 | public static var name: String { "ML-DSA-87" }
21 | }
[976/1117] Compiling JWTKit P384+CurveType.swift
[977/1117] Compiling JWTKit JWTAlgorithm.swift
[978/1117] Compiling JWTKit JWTError.swift
[979/1117] Compiling JWTKit JWTHeader+CommonFields.swift
[980/1117] Compiling JWTKit JWTHeader.swift
[981/1117] Compiling JWTKit JWTHeaderField.swift
[982/1117] Compiling JWTKit JWTKeyCollection.swift
[983/1117] Compiling JWTKit JWTParser.swift
error: emit-module command failed with exit code 1 (use -v to see invocation)
[984/1117] Compiling JWTKit HMACError.swift
[985/1117] Compiling JWTKit ECDSACurveType.swift
[986/1117] Compiling JWTKit ECDSAError.swift
[987/1117] Compiling JWTKit ECDSAKeyTypes.swift
[988/1117] Compiling JWTKit ECDSASigner.swift
[989/1117] Compiling JWTKit ECDSASigningAlgorithm.swift
[990/1117] Compiling JWTKit JWTKeyCollection+ECDSA.swift
[991/1117] Compiling JWTKit P256+CurveType.swift
[992/1117] Emitting module JWTKit
/Users/admin/builder/spi-builder-workspace/.build/checkouts/jwt-kit/Sources/JWTKit/MLDSA/MLDSA65+MLDSAKey.swift:5:11: error: cannot find type 'MLDSA65' in scope
3 | @_spi(PostQuantum)
4 | @available(iOS 26.0, macOS 26.0, watchOS 26.0, tvOS 26.0, *)
5 | extension MLDSA65.PublicKey: MLDSAPublicKey {
| `- error: cannot find type 'MLDSA65' in scope
6 | public typealias MLDSAType = MLDSA65
7 | }
/Users/admin/builder/spi-builder-workspace/.build/checkouts/jwt-kit/Sources/JWTKit/MLDSA/MLDSA65+MLDSAKey.swift:11:11: error: cannot find type 'MLDSA65' in scope
9 | @_spi(PostQuantum)
10 | @available(iOS 26.0, macOS 26.0, watchOS 26.0, tvOS 26.0, *)
11 | extension MLDSA65.PrivateKey: MLDSAPrivateKey {
| `- error: cannot find type 'MLDSA65' in scope
12 | public typealias MLDSAType = MLDSA65
13 | }
/Users/admin/builder/spi-builder-workspace/.build/checkouts/jwt-kit/Sources/JWTKit/MLDSA/MLDSA65+MLDSAKey.swift:17:53: error: cannot find type 'MLDSA65' in scope
15 | @_spi(PostQuantum)
16 | @available(iOS 26.0, macOS 26.0, watchOS 26.0, tvOS 26.0, *)
17 | public typealias MLDSA65PublicKey = MLDSA.PublicKey<MLDSA65>
| `- error: cannot find type 'MLDSA65' in scope
18 |
19 | @_spi(PostQuantum)
/Users/admin/builder/spi-builder-workspace/.build/checkouts/jwt-kit/Sources/JWTKit/MLDSA/MLDSA65+MLDSAKey.swift:21:55: error: cannot find type 'MLDSA65' in scope
19 | @_spi(PostQuantum)
20 | @available(iOS 26.0, macOS 26.0, watchOS 26.0, tvOS 26.0, *)
21 | public typealias MLDSA65PrivateKey = MLDSA.PrivateKey<MLDSA65>
| `- error: cannot find type 'MLDSA65' in scope
22 |
/Users/admin/builder/spi-builder-workspace/.build/checkouts/jwt-kit/Sources/JWTKit/MLDSA/MLDSA87+MLDSAKey.swift:5:11: error: cannot find type 'MLDSA87' in scope
3 | @_spi(PostQuantum)
4 | @available(iOS 26.0, macOS 26.0, watchOS 26.0, tvOS 26.0, *)
5 | extension MLDSA87.PublicKey: MLDSAPublicKey {
| `- error: cannot find type 'MLDSA87' in scope
6 | public typealias MLDSAType = MLDSA87
7 | }
/Users/admin/builder/spi-builder-workspace/.build/checkouts/jwt-kit/Sources/JWTKit/MLDSA/MLDSA87+MLDSAKey.swift:11:11: error: cannot find type 'MLDSA87' in scope
9 | @_spi(PostQuantum)
10 | @available(iOS 26.0, macOS 26.0, watchOS 26.0, tvOS 26.0, *)
11 | extension MLDSA87.PrivateKey: MLDSAPrivateKey {
| `- error: cannot find type 'MLDSA87' in scope
12 | public typealias MLDSAType = MLDSA87
13 | }
/Users/admin/builder/spi-builder-workspace/.build/checkouts/jwt-kit/Sources/JWTKit/MLDSA/MLDSA87+MLDSAKey.swift:17:53: error: cannot find type 'MLDSA87' in scope
15 | @_spi(PostQuantum)
16 | @available(iOS 26.0, macOS 26.0, watchOS 26.0, tvOS 26.0, *)
17 | public typealias MLDSA87PublicKey = MLDSA.PublicKey<MLDSA87>
| `- error: cannot find type 'MLDSA87' in scope
18 |
19 | @_spi(PostQuantum)
/Users/admin/builder/spi-builder-workspace/.build/checkouts/jwt-kit/Sources/JWTKit/MLDSA/MLDSA87+MLDSAKey.swift:21:55: error: cannot find type 'MLDSA87' in scope
19 | @_spi(PostQuantum)
20 | @available(iOS 26.0, macOS 26.0, watchOS 26.0, tvOS 26.0, *)
21 | public typealias MLDSA87PrivateKey = MLDSA.PrivateKey<MLDSA87>
| `- error: cannot find type 'MLDSA87' in scope
22 |
/Users/admin/builder/spi-builder-workspace/.build/checkouts/jwt-kit/Sources/JWTKit/MLDSA/MLDSAType.swift:13:11: error: cannot find type 'MLDSA65' in scope
11 | @_spi(PostQuantum)
12 | @available(iOS 26.0, macOS 26.0, watchOS 26.0, tvOS 26.0, *)
13 | extension MLDSA65: MLDSAType {
| `- error: cannot find type 'MLDSA65' in scope
14 | public static var name: String { "ML-DSA-65" }
15 | }
/Users/admin/builder/spi-builder-workspace/.build/checkouts/jwt-kit/Sources/JWTKit/MLDSA/MLDSAType.swift:19:11: error: cannot find type 'MLDSA87' in scope
17 | @_spi(PostQuantum)
18 | @available(iOS 26.0, macOS 26.0, watchOS 26.0, tvOS 26.0, *)
19 | extension MLDSA87: MLDSAType {
| `- error: cannot find type 'MLDSA87' in scope
20 | public static var name: String { "ML-DSA-87" }
21 | }
[993/1117] Compiling JWTKit P521+CurveType.swift
[994/1117] Compiling JWTKit EdDSA.swift
[995/1117] Compiling JWTKit EdDSACurve.swift
[996/1117] Compiling JWTKit EdDSAError.swift
[997/1117] Compiling JWTKit EdDSASigner.swift
[998/1117] Compiling JWTKit JWTKeyCollection+EdDSA.swift
[999/1117] Compiling JWTKit HMAC.swift
[1000/1117] Compiling JWTKit RSA.swift
[1001/1117] Compiling JWTKit RSAError.swift
[1002/1117] Compiling JWTKit RSASigner.swift
[1003/1117] Compiling JWTKit Base64URL.swift
[1004/1117] Compiling JWTKit CryptoSigner.swift
[1005/1117] Compiling JWTKit CustomizedJSONCoders.swift
[1006/1117] Compiling JWTKit Utilities.swift
[1007/1117] Compiling JWTKit JWTPayload.swift
/Users/admin/builder/spi-builder-workspace/.build/checkouts/jwt-kit/Sources/JWTKit/MLDSA/MLDSA65+MLDSAKey.swift:5:11: error: cannot find type 'MLDSA65' in scope
3 | @_spi(PostQuantum)
4 | @available(iOS 26.0, macOS 26.0, watchOS 26.0, tvOS 26.0, *)
5 | extension MLDSA65.PublicKey: MLDSAPublicKey {
| `- error: cannot find type 'MLDSA65' in scope
6 | public typealias MLDSAType = MLDSA65
7 | }
/Users/admin/builder/spi-builder-workspace/.build/checkouts/jwt-kit/Sources/JWTKit/MLDSA/MLDSA65+MLDSAKey.swift:11:11: error: cannot find type 'MLDSA65' in scope
9 | @_spi(PostQuantum)
10 | @available(iOS 26.0, macOS 26.0, watchOS 26.0, tvOS 26.0, *)
11 | extension MLDSA65.PrivateKey: MLDSAPrivateKey {
| `- error: cannot find type 'MLDSA65' in scope
12 | public typealias MLDSAType = MLDSA65
13 | }
/Users/admin/builder/spi-builder-workspace/.build/checkouts/jwt-kit/Sources/JWTKit/MLDSA/MLDSA65+MLDSAKey.swift:17:53: error: cannot find type 'MLDSA65' in scope
15 | @_spi(PostQuantum)
16 | @available(iOS 26.0, macOS 26.0, watchOS 26.0, tvOS 26.0, *)
17 | public typealias MLDSA65PublicKey = MLDSA.PublicKey<MLDSA65>
| `- error: cannot find type 'MLDSA65' in scope
18 |
19 | @_spi(PostQuantum)
/Users/admin/builder/spi-builder-workspace/.build/checkouts/jwt-kit/Sources/JWTKit/MLDSA/MLDSA65+MLDSAKey.swift:21:55: error: cannot find type 'MLDSA65' in scope
19 | @_spi(PostQuantum)
20 | @available(iOS 26.0, macOS 26.0, watchOS 26.0, tvOS 26.0, *)
21 | public typealias MLDSA65PrivateKey = MLDSA.PrivateKey<MLDSA65>
| `- error: cannot find type 'MLDSA65' in scope
22 |
/Users/admin/builder/spi-builder-workspace/.build/checkouts/jwt-kit/Sources/JWTKit/MLDSA/MLDSA87+MLDSAKey.swift:5:11: error: cannot find type 'MLDSA87' in scope
3 | @_spi(PostQuantum)
4 | @available(iOS 26.0, macOS 26.0, watchOS 26.0, tvOS 26.0, *)
5 | extension MLDSA87.PublicKey: MLDSAPublicKey {
| `- error: cannot find type 'MLDSA87' in scope
6 | public typealias MLDSAType = MLDSA87
7 | }
/Users/admin/builder/spi-builder-workspace/.build/checkouts/jwt-kit/Sources/JWTKit/MLDSA/MLDSA87+MLDSAKey.swift:11:11: error: cannot find type 'MLDSA87' in scope
9 | @_spi(PostQuantum)
10 | @available(iOS 26.0, macOS 26.0, watchOS 26.0, tvOS 26.0, *)
11 | extension MLDSA87.PrivateKey: MLDSAPrivateKey {
| `- error: cannot find type 'MLDSA87' in scope
12 | public typealias MLDSAType = MLDSA87
13 | }
/Users/admin/builder/spi-builder-workspace/.build/checkouts/jwt-kit/Sources/JWTKit/MLDSA/MLDSA87+MLDSAKey.swift:17:53: error: cannot find type 'MLDSA87' in scope
15 | @_spi(PostQuantum)
16 | @available(iOS 26.0, macOS 26.0, watchOS 26.0, tvOS 26.0, *)
17 | public typealias MLDSA87PublicKey = MLDSA.PublicKey<MLDSA87>
| `- error: cannot find type 'MLDSA87' in scope
18 |
19 | @_spi(PostQuantum)
/Users/admin/builder/spi-builder-workspace/.build/checkouts/jwt-kit/Sources/JWTKit/MLDSA/MLDSA87+MLDSAKey.swift:21:55: error: cannot find type 'MLDSA87' in scope
19 | @_spi(PostQuantum)
20 | @available(iOS 26.0, macOS 26.0, watchOS 26.0, tvOS 26.0, *)
21 | public typealias MLDSA87PrivateKey = MLDSA.PrivateKey<MLDSA87>
| `- error: cannot find type 'MLDSA87' in scope
22 |
/Users/admin/builder/spi-builder-workspace/.build/checkouts/jwt-kit/Sources/JWTKit/MLDSA/MLDSA65+MLDSAKey.swift:6:34: error: cannot find type 'MLDSA65' in scope
4 | @available(iOS 26.0, macOS 26.0, watchOS 26.0, tvOS 26.0, *)
5 | extension MLDSA65.PublicKey: MLDSAPublicKey {
6 | public typealias MLDSAType = MLDSA65
| `- error: cannot find type 'MLDSA65' in scope
7 | }
8 |
/Users/admin/builder/spi-builder-workspace/.build/checkouts/jwt-kit/Sources/JWTKit/MLDSA/MLDSA65+MLDSAKey.swift:12:34: error: cannot find type 'MLDSA65' in scope
10 | @available(iOS 26.0, macOS 26.0, watchOS 26.0, tvOS 26.0, *)
11 | extension MLDSA65.PrivateKey: MLDSAPrivateKey {
12 | public typealias MLDSAType = MLDSA65
| `- error: cannot find type 'MLDSA65' in scope
13 | }
14 |
/Users/admin/builder/spi-builder-workspace/.build/checkouts/jwt-kit/Sources/JWTKit/MLDSA/MLDSA87+MLDSAKey.swift:6:34: error: cannot find type 'MLDSA87' in scope
4 | @available(iOS 26.0, macOS 26.0, watchOS 26.0, tvOS 26.0, *)
5 | extension MLDSA87.PublicKey: MLDSAPublicKey {
6 | public typealias MLDSAType = MLDSA87
| `- error: cannot find type 'MLDSA87' in scope
7 | }
8 |
/Users/admin/builder/spi-builder-workspace/.build/checkouts/jwt-kit/Sources/JWTKit/MLDSA/MLDSA87+MLDSAKey.swift:12:34: error: cannot find type 'MLDSA87' in scope
10 | @available(iOS 26.0, macOS 26.0, watchOS 26.0, tvOS 26.0, *)
11 | extension MLDSA87.PrivateKey: MLDSAPrivateKey {
12 | public typealias MLDSAType = MLDSA87
| `- error: cannot find type 'MLDSA87' in scope
13 | }
14 |
[1008/1117] Compiling JWTKit JWTSerializer.swift
/Users/admin/builder/spi-builder-workspace/.build/checkouts/jwt-kit/Sources/JWTKit/MLDSA/MLDSA65+MLDSAKey.swift:5:11: error: cannot find type 'MLDSA65' in scope
3 | @_spi(PostQuantum)
4 | @available(iOS 26.0, macOS 26.0, watchOS 26.0, tvOS 26.0, *)
5 | extension MLDSA65.PublicKey: MLDSAPublicKey {
| `- error: cannot find type 'MLDSA65' in scope
6 | public typealias MLDSAType = MLDSA65
7 | }
/Users/admin/builder/spi-builder-workspace/.build/checkouts/jwt-kit/Sources/JWTKit/MLDSA/MLDSA65+MLDSAKey.swift:11:11: error: cannot find type 'MLDSA65' in scope
9 | @_spi(PostQuantum)
10 | @available(iOS 26.0, macOS 26.0, watchOS 26.0, tvOS 26.0, *)
11 | extension MLDSA65.PrivateKey: MLDSAPrivateKey {
| `- error: cannot find type 'MLDSA65' in scope
12 | public typealias MLDSAType = MLDSA65
13 | }
/Users/admin/builder/spi-builder-workspace/.build/checkouts/jwt-kit/Sources/JWTKit/MLDSA/MLDSA65+MLDSAKey.swift:17:53: error: cannot find type 'MLDSA65' in scope
15 | @_spi(PostQuantum)
16 | @available(iOS 26.0, macOS 26.0, watchOS 26.0, tvOS 26.0, *)
17 | public typealias MLDSA65PublicKey = MLDSA.PublicKey<MLDSA65>
| `- error: cannot find type 'MLDSA65' in scope
18 |
19 | @_spi(PostQuantum)
/Users/admin/builder/spi-builder-workspace/.build/checkouts/jwt-kit/Sources/JWTKit/MLDSA/MLDSA65+MLDSAKey.swift:21:55: error: cannot find type 'MLDSA65' in scope
19 | @_spi(PostQuantum)
20 | @available(iOS 26.0, macOS 26.0, watchOS 26.0, tvOS 26.0, *)
21 | public typealias MLDSA65PrivateKey = MLDSA.PrivateKey<MLDSA65>
| `- error: cannot find type 'MLDSA65' in scope
22 |
/Users/admin/builder/spi-builder-workspace/.build/checkouts/jwt-kit/Sources/JWTKit/MLDSA/MLDSA87+MLDSAKey.swift:5:11: error: cannot find type 'MLDSA87' in scope
3 | @_spi(PostQuantum)
4 | @available(iOS 26.0, macOS 26.0, watchOS 26.0, tvOS 26.0, *)
5 | extension MLDSA87.PublicKey: MLDSAPublicKey {
| `- error: cannot find type 'MLDSA87' in scope
6 | public typealias MLDSAType = MLDSA87
7 | }
/Users/admin/builder/spi-builder-workspace/.build/checkouts/jwt-kit/Sources/JWTKit/MLDSA/MLDSA87+MLDSAKey.swift:11:11: error: cannot find type 'MLDSA87' in scope
9 | @_spi(PostQuantum)
10 | @available(iOS 26.0, macOS 26.0, watchOS 26.0, tvOS 26.0, *)
11 | extension MLDSA87.PrivateKey: MLDSAPrivateKey {
| `- error: cannot find type 'MLDSA87' in scope
12 | public typealias MLDSAType = MLDSA87
13 | }
/Users/admin/builder/spi-builder-workspace/.build/checkouts/jwt-kit/Sources/JWTKit/MLDSA/MLDSA87+MLDSAKey.swift:17:53: error: cannot find type 'MLDSA87' in scope
15 | @_spi(PostQuantum)
16 | @available(iOS 26.0, macOS 26.0, watchOS 26.0, tvOS 26.0, *)
17 | public typealias MLDSA87PublicKey = MLDSA.PublicKey<MLDSA87>
| `- error: cannot find type 'MLDSA87' in scope
18 |
19 | @_spi(PostQuantum)
/Users/admin/builder/spi-builder-workspace/.build/checkouts/jwt-kit/Sources/JWTKit/MLDSA/MLDSA87+MLDSAKey.swift:21:55: error: cannot find type 'MLDSA87' in scope
19 | @_spi(PostQuantum)
20 | @available(iOS 26.0, macOS 26.0, watchOS 26.0, tvOS 26.0, *)
21 | public typealias MLDSA87PrivateKey = MLDSA.PrivateKey<MLDSA87>
| `- error: cannot find type 'MLDSA87' in scope
22 |
/Users/admin/builder/spi-builder-workspace/.build/checkouts/jwt-kit/Sources/JWTKit/MLDSA/MLDSA65+MLDSAKey.swift:6:34: error: cannot find type 'MLDSA65' in scope
4 | @available(iOS 26.0, macOS 26.0, watchOS 26.0, tvOS 26.0, *)
5 | extension MLDSA65.PublicKey: MLDSAPublicKey {
6 | public typealias MLDSAType = MLDSA65
| `- error: cannot find type 'MLDSA65' in scope
7 | }
8 |
/Users/admin/builder/spi-builder-workspace/.build/checkouts/jwt-kit/Sources/JWTKit/MLDSA/MLDSA65+MLDSAKey.swift:12:34: error: cannot find type 'MLDSA65' in scope
10 | @available(iOS 26.0, macOS 26.0, watchOS 26.0, tvOS 26.0, *)
11 | extension MLDSA65.PrivateKey: MLDSAPrivateKey {
12 | public typealias MLDSAType = MLDSA65
| `- error: cannot find type 'MLDSA65' in scope
13 | }
14 |
/Users/admin/builder/spi-builder-workspace/.build/checkouts/jwt-kit/Sources/JWTKit/MLDSA/MLDSA87+MLDSAKey.swift:6:34: error: cannot find type 'MLDSA87' in scope
4 | @available(iOS 26.0, macOS 26.0, watchOS 26.0, tvOS 26.0, *)
5 | extension MLDSA87.PublicKey: MLDSAPublicKey {
6 | public typealias MLDSAType = MLDSA87
| `- error: cannot find type 'MLDSA87' in scope
7 | }
8 |
/Users/admin/builder/spi-builder-workspace/.build/checkouts/jwt-kit/Sources/JWTKit/MLDSA/MLDSA87+MLDSAKey.swift:12:34: error: cannot find type 'MLDSA87' in scope
10 | @available(iOS 26.0, macOS 26.0, watchOS 26.0, tvOS 26.0, *)
11 | extension MLDSA87.PrivateKey: MLDSAPrivateKey {
12 | public typealias MLDSAType = MLDSA87
| `- error: cannot find type 'MLDSA87' in scope
13 | }
14 |
[1009/1117] Compiling JWTKit JWTSigner.swift
/Users/admin/builder/spi-builder-workspace/.build/checkouts/jwt-kit/Sources/JWTKit/MLDSA/MLDSA65+MLDSAKey.swift:5:11: error: cannot find type 'MLDSA65' in scope
3 | @_spi(PostQuantum)
4 | @available(iOS 26.0, macOS 26.0, watchOS 26.0, tvOS 26.0, *)
5 | extension MLDSA65.PublicKey: MLDSAPublicKey {
| `- error: cannot find type 'MLDSA65' in scope
6 | public typealias MLDSAType = MLDSA65
7 | }
/Users/admin/builder/spi-builder-workspace/.build/checkouts/jwt-kit/Sources/JWTKit/MLDSA/MLDSA65+MLDSAKey.swift:11:11: error: cannot find type 'MLDSA65' in scope
9 | @_spi(PostQuantum)
10 | @available(iOS 26.0, macOS 26.0, watchOS 26.0, tvOS 26.0, *)
11 | extension MLDSA65.PrivateKey: MLDSAPrivateKey {
| `- error: cannot find type 'MLDSA65' in scope
12 | public typealias MLDSAType = MLDSA65
13 | }
/Users/admin/builder/spi-builder-workspace/.build/checkouts/jwt-kit/Sources/JWTKit/MLDSA/MLDSA65+MLDSAKey.swift:17:53: error: cannot find type 'MLDSA65' in scope
15 | @_spi(PostQuantum)
16 | @available(iOS 26.0, macOS 26.0, watchOS 26.0, tvOS 26.0, *)
17 | public typealias MLDSA65PublicKey = MLDSA.PublicKey<MLDSA65>
| `- error: cannot find type 'MLDSA65' in scope
18 |
19 | @_spi(PostQuantum)
/Users/admin/builder/spi-builder-workspace/.build/checkouts/jwt-kit/Sources/JWTKit/MLDSA/MLDSA65+MLDSAKey.swift:21:55: error: cannot find type 'MLDSA65' in scope
19 | @_spi(PostQuantum)
20 | @available(iOS 26.0, macOS 26.0, watchOS 26.0, tvOS 26.0, *)
21 | public typealias MLDSA65PrivateKey = MLDSA.PrivateKey<MLDSA65>
| `- error: cannot find type 'MLDSA65' in scope
22 |
/Users/admin/builder/spi-builder-workspace/.build/checkouts/jwt-kit/Sources/JWTKit/MLDSA/MLDSA87+MLDSAKey.swift:5:11: error: cannot find type 'MLDSA87' in scope
3 | @_spi(PostQuantum)
4 | @available(iOS 26.0, macOS 26.0, watchOS 26.0, tvOS 26.0, *)
5 | extension MLDSA87.PublicKey: MLDSAPublicKey {
| `- error: cannot find type 'MLDSA87' in scope
6 | public typealias MLDSAType = MLDSA87
7 | }
/Users/admin/builder/spi-builder-workspace/.build/checkouts/jwt-kit/Sources/JWTKit/MLDSA/MLDSA87+MLDSAKey.swift:11:11: error: cannot find type 'MLDSA87' in scope
9 | @_spi(PostQuantum)
10 | @available(iOS 26.0, macOS 26.0, watchOS 26.0, tvOS 26.0, *)
11 | extension MLDSA87.PrivateKey: MLDSAPrivateKey {
| `- error: cannot find type 'MLDSA87' in scope
12 | public typealias MLDSAType = MLDSA87
13 | }
/Users/admin/builder/spi-builder-workspace/.build/checkouts/jwt-kit/Sources/JWTKit/MLDSA/MLDSA87+MLDSAKey.swift:17:53: error: cannot find type 'MLDSA87' in scope
15 | @_spi(PostQuantum)
16 | @available(iOS 26.0, macOS 26.0, watchOS 26.0, tvOS 26.0, *)
17 | public typealias MLDSA87PublicKey = MLDSA.PublicKey<MLDSA87>
| `- error: cannot find type 'MLDSA87' in scope
18 |
19 | @_spi(PostQuantum)
/Users/admin/builder/spi-builder-workspace/.build/checkouts/jwt-kit/Sources/JWTKit/MLDSA/MLDSA87+MLDSAKey.swift:21:55: error: cannot find type 'MLDSA87' in scope
19 | @_spi(PostQuantum)
20 | @available(iOS 26.0, macOS 26.0, watchOS 26.0, tvOS 26.0, *)
21 | public typealias MLDSA87PrivateKey = MLDSA.PrivateKey<MLDSA87>
| `- error: cannot find type 'MLDSA87' in scope
22 |
/Users/admin/builder/spi-builder-workspace/.build/checkouts/jwt-kit/Sources/JWTKit/MLDSA/MLDSA65+MLDSAKey.swift:6:34: error: cannot find type 'MLDSA65' in scope
4 | @available(iOS 26.0, macOS 26.0, watchOS 26.0, tvOS 26.0, *)
5 | extension MLDSA65.PublicKey: MLDSAPublicKey {
6 | public typealias MLDSAType = MLDSA65
| `- error: cannot find type 'MLDSA65' in scope
7 | }
8 |
/Users/admin/builder/spi-builder-workspace/.build/checkouts/jwt-kit/Sources/JWTKit/MLDSA/MLDSA65+MLDSAKey.swift:12:34: error: cannot find type 'MLDSA65' in scope
10 | @available(iOS 26.0, macOS 26.0, watchOS 26.0, tvOS 26.0, *)
11 | extension MLDSA65.PrivateKey: MLDSAPrivateKey {
12 | public typealias MLDSAType = MLDSA65
| `- error: cannot find type 'MLDSA65' in scope
13 | }
14 |
/Users/admin/builder/spi-builder-workspace/.build/checkouts/jwt-kit/Sources/JWTKit/MLDSA/MLDSA87+MLDSAKey.swift:6:34: error: cannot find type 'MLDSA87' in scope
4 | @available(iOS 26.0, macOS 26.0, watchOS 26.0, tvOS 26.0, *)
5 | extension MLDSA87.PublicKey: MLDSAPublicKey {
6 | public typealias MLDSAType = MLDSA87
| `- error: cannot find type 'MLDSA87' in scope
7 | }
8 |
/Users/admin/builder/spi-builder-workspace/.build/checkouts/jwt-kit/Sources/JWTKit/MLDSA/MLDSA87+MLDSAKey.swift:12:34: error: cannot find type 'MLDSA87' in scope
10 | @available(iOS 26.0, macOS 26.0, watchOS 26.0, tvOS 26.0, *)
11 | extension MLDSA87.PrivateKey: MLDSAPrivateKey {
12 | public typealias MLDSAType = MLDSA87
| `- error: cannot find type 'MLDSA87' in scope
13 | }
14 |
[1010/1117] Compiling JWTKit JWTKeyCollection+MLDSA.swift
/Users/admin/builder/spi-builder-workspace/.build/checkouts/jwt-kit/Sources/JWTKit/MLDSA/MLDSA65+MLDSAKey.swift:5:11: error: cannot find type 'MLDSA65' in scope
3 | @_spi(PostQuantum)
4 | @available(iOS 26.0, macOS 26.0, watchOS 26.0, tvOS 26.0, *)
5 | extension MLDSA65.PublicKey: MLDSAPublicKey {
| `- error: cannot find type 'MLDSA65' in scope
6 | public typealias MLDSAType = MLDSA65
7 | }
/Users/admin/builder/spi-builder-workspace/.build/checkouts/jwt-kit/Sources/JWTKit/MLDSA/MLDSA65+MLDSAKey.swift:11:11: error: cannot find type 'MLDSA65' in scope
9 | @_spi(PostQuantum)
10 | @available(iOS 26.0, macOS 26.0, watchOS 26.0, tvOS 26.0, *)
11 | extension MLDSA65.PrivateKey: MLDSAPrivateKey {
| `- error: cannot find type 'MLDSA65' in scope
12 | public typealias MLDSAType = MLDSA65
13 | }
/Users/admin/builder/spi-builder-workspace/.build/checkouts/jwt-kit/Sources/JWTKit/MLDSA/MLDSA65+MLDSAKey.swift:17:53: error: cannot find type 'MLDSA65' in scope
15 | @_spi(PostQuantum)
16 | @available(iOS 26.0, macOS 26.0, watchOS 26.0, tvOS 26.0, *)
17 | public typealias MLDSA65PublicKey = MLDSA.PublicKey<MLDSA65>
| `- error: cannot find type 'MLDSA65' in scope
18 |
19 | @_spi(PostQuantum)
/Users/admin/builder/spi-builder-workspace/.build/checkouts/jwt-kit/Sources/JWTKit/MLDSA/MLDSA65+MLDSAKey.swift:21:55: error: cannot find type 'MLDSA65' in scope
19 | @_spi(PostQuantum)
20 | @available(iOS 26.0, macOS 26.0, watchOS 26.0, tvOS 26.0, *)
21 | public typealias MLDSA65PrivateKey = MLDSA.PrivateKey<MLDSA65>
| `- error: cannot find type 'MLDSA65' in scope
22 |
/Users/admin/builder/spi-builder-workspace/.build/checkouts/jwt-kit/Sources/JWTKit/MLDSA/MLDSA87+MLDSAKey.swift:5:11: error: cannot find type 'MLDSA87' in scope
3 | @_spi(PostQuantum)
4 | @available(iOS 26.0, macOS 26.0, watchOS 26.0, tvOS 26.0, *)
5 | extension MLDSA87.PublicKey: MLDSAPublicKey {
| `- error: cannot find type 'MLDSA87' in scope
6 | public typealias MLDSAType = MLDSA87
7 | }
/Users/admin/builder/spi-builder-workspace/.build/checkouts/jwt-kit/Sources/JWTKit/MLDSA/MLDSA87+MLDSAKey.swift:11:11: error: cannot find type 'MLDSA87' in scope
9 | @_spi(PostQuantum)
10 | @available(iOS 26.0, macOS 26.0, watchOS 26.0, tvOS 26.0, *)
11 | extension MLDSA87.PrivateKey: MLDSAPrivateKey {
| `- error: cannot find type 'MLDSA87' in scope
12 | public typealias MLDSAType = MLDSA87
13 | }
/Users/admin/builder/spi-builder-workspace/.build/checkouts/jwt-kit/Sources/JWTKit/MLDSA/MLDSA87+MLDSAKey.swift:17:53: error: cannot find type 'MLDSA87' in scope
15 | @_spi(PostQuantum)
16 | @available(iOS 26.0, macOS 26.0, watchOS 26.0, tvOS 26.0, *)
17 | public typealias MLDSA87PublicKey = MLDSA.PublicKey<MLDSA87>
| `- error: cannot find type 'MLDSA87' in scope
18 |
19 | @_spi(PostQuantum)
/Users/admin/builder/spi-builder-workspace/.build/checkouts/jwt-kit/Sources/JWTKit/MLDSA/MLDSA87+MLDSAKey.swift:21:55: error: cannot find type 'MLDSA87' in scope
19 | @_spi(PostQuantum)
20 | @available(iOS 26.0, macOS 26.0, watchOS 26.0, tvOS 26.0, *)
21 | public typealias MLDSA87PrivateKey = MLDSA.PrivateKey<MLDSA87>
| `- error: cannot find type 'MLDSA87' in scope
22 |
/Users/admin/builder/spi-builder-workspace/.build/checkouts/jwt-kit/Sources/JWTKit/MLDSA/MLDSA65+MLDSAKey.swift:6:34: error: cannot find type 'MLDSA65' in scope
4 | @available(iOS 26.0, macOS 26.0, watchOS 26.0, tvOS 26.0, *)
5 | extension MLDSA65.PublicKey: MLDSAPublicKey {
6 | public typealias MLDSAType = MLDSA65
| `- error: cannot find type 'MLDSA65' in scope
7 | }
8 |
/Users/admin/builder/spi-builder-workspace/.build/checkouts/jwt-kit/Sources/JWTKit/MLDSA/MLDSA65+MLDSAKey.swift:12:34: error: cannot find type 'MLDSA65' in scope
10 | @available(iOS 26.0, macOS 26.0, watchOS 26.0, tvOS 26.0, *)
11 | extension MLDSA65.PrivateKey: MLDSAPrivateKey {
12 | public typealias MLDSAType = MLDSA65
| `- error: cannot find type 'MLDSA65' in scope
13 | }
14 |
/Users/admin/builder/spi-builder-workspace/.build/checkouts/jwt-kit/Sources/JWTKit/MLDSA/MLDSA87+MLDSAKey.swift:6:34: error: cannot find type 'MLDSA87' in scope
4 | @available(iOS 26.0, macOS 26.0, watchOS 26.0, tvOS 26.0, *)
5 | extension MLDSA87.PublicKey: MLDSAPublicKey {
6 | public typealias MLDSAType = MLDSA87
| `- error: cannot find type 'MLDSA87' in scope
7 | }
8 |
/Users/admin/builder/spi-builder-workspace/.build/checkouts/jwt-kit/Sources/JWTKit/MLDSA/MLDSA87+MLDSAKey.swift:12:34: error: cannot find type 'MLDSA87' in scope
10 | @available(iOS 26.0, macOS 26.0, watchOS 26.0, tvOS 26.0, *)
11 | extension MLDSA87.PrivateKey: MLDSAPrivateKey {
12 | public typealias MLDSAType = MLDSA87
| `- error: cannot find type 'MLDSA87' in scope
13 | }
14 |
[1011/1117] Compiling JWTKit MLDSA.swift
/Users/admin/builder/spi-builder-workspace/.build/checkouts/jwt-kit/Sources/JWTKit/MLDSA/MLDSA65+MLDSAKey.swift:5:11: error: cannot find type 'MLDSA65' in scope
3 | @_spi(PostQuantum)
4 | @available(iOS 26.0, macOS 26.0, watchOS 26.0, tvOS 26.0, *)
5 | extension MLDSA65.PublicKey: MLDSAPublicKey {
| `- error: cannot find type 'MLDSA65' in scope
6 | public typealias MLDSAType = MLDSA65
7 | }
/Users/admin/builder/spi-builder-workspace/.build/checkouts/jwt-kit/Sources/JWTKit/MLDSA/MLDSA65+MLDSAKey.swift:11:11: error: cannot find type 'MLDSA65' in scope
9 | @_spi(PostQuantum)
10 | @available(iOS 26.0, macOS 26.0, watchOS 26.0, tvOS 26.0, *)
11 | extension MLDSA65.PrivateKey: MLDSAPrivateKey {
| `- error: cannot find type 'MLDSA65' in scope
12 | public typealias MLDSAType = MLDSA65
13 | }
/Users/admin/builder/spi-builder-workspace/.build/checkouts/jwt-kit/Sources/JWTKit/MLDSA/MLDSA65+MLDSAKey.swift:17:53: error: cannot find type 'MLDSA65' in scope
15 | @_spi(PostQuantum)
16 | @available(iOS 26.0, macOS 26.0, watchOS 26.0, tvOS 26.0, *)
17 | public typealias MLDSA65PublicKey = MLDSA.PublicKey<MLDSA65>
| `- error: cannot find type 'MLDSA65' in scope
18 |
19 | @_spi(PostQuantum)
/Users/admin/builder/spi-builder-workspace/.build/checkouts/jwt-kit/Sources/JWTKit/MLDSA/MLDSA65+MLDSAKey.swift:21:55: error: cannot find type 'MLDSA65' in scope
19 | @_spi(PostQuantum)
20 | @available(iOS 26.0, macOS 26.0, watchOS 26.0, tvOS 26.0, *)
21 | public typealias MLDSA65PrivateKey = MLDSA.PrivateKey<MLDSA65>
| `- error: cannot find type 'MLDSA65' in scope
22 |
/Users/admin/builder/spi-builder-workspace/.build/checkouts/jwt-kit/Sources/JWTKit/MLDSA/MLDSA87+MLDSAKey.swift:5:11: error: cannot find type 'MLDSA87' in scope
3 | @_spi(PostQuantum)
4 | @available(iOS 26.0, macOS 26.0, watchOS 26.0, tvOS 26.0, *)
5 | extension MLDSA87.PublicKey: MLDSAPublicKey {
| `- error: cannot find type 'MLDSA87' in scope
6 | public typealias MLDSAType = MLDSA87
7 | }
/Users/admin/builder/spi-builder-workspace/.build/checkouts/jwt-kit/Sources/JWTKit/MLDSA/MLDSA87+MLDSAKey.swift:11:11: error: cannot find type 'MLDSA87' in scope
9 | @_spi(PostQuantum)
10 | @available(iOS 26.0, macOS 26.0, watchOS 26.0, tvOS 26.0, *)
11 | extension MLDSA87.PrivateKey: MLDSAPrivateKey {
| `- error: cannot find type 'MLDSA87' in scope
12 | public typealias MLDSAType = MLDSA87
13 | }
/Users/admin/builder/spi-builder-workspace/.build/checkouts/jwt-kit/Sources/JWTKit/MLDSA/MLDSA87+MLDSAKey.swift:17:53: error: cannot find type 'MLDSA87' in scope
15 | @_spi(PostQuantum)
16 | @available(iOS 26.0, macOS 26.0, watchOS 26.0, tvOS 26.0, *)
17 | public typealias MLDSA87PublicKey = MLDSA.PublicKey<MLDSA87>
| `- error: cannot find type 'MLDSA87' in scope
18 |
19 | @_spi(PostQuantum)
/Users/admin/builder/spi-builder-workspace/.build/checkouts/jwt-kit/Sources/JWTKit/MLDSA/MLDSA87+MLDSAKey.swift:21:55: error: cannot find type 'MLDSA87' in scope
19 | @_spi(PostQuantum)
20 | @available(iOS 26.0, macOS 26.0, watchOS 26.0, tvOS 26.0, *)
21 | public typealias MLDSA87PrivateKey = MLDSA.PrivateKey<MLDSA87>
| `- error: cannot find type 'MLDSA87' in scope
22 |
/Users/admin/builder/spi-builder-workspace/.build/checkouts/jwt-kit/Sources/JWTKit/MLDSA/MLDSA65+MLDSAKey.swift:6:34: error: cannot find type 'MLDSA65' in scope
4 | @available(iOS 26.0, macOS 26.0, watchOS 26.0, tvOS 26.0, *)
5 | extension MLDSA65.PublicKey: MLDSAPublicKey {
6 | public typealias MLDSAType = MLDSA65
| `- error: cannot find type 'MLDSA65' in scope
7 | }
8 |
/Users/admin/builder/spi-builder-workspace/.build/checkouts/jwt-kit/Sources/JWTKit/MLDSA/MLDSA65+MLDSAKey.swift:12:34: error: cannot find type 'MLDSA65' in scope
10 | @available(iOS 26.0, macOS 26.0, watchOS 26.0, tvOS 26.0, *)
11 | extension MLDSA65.PrivateKey: MLDSAPrivateKey {
12 | public typealias MLDSAType = MLDSA65
| `- error: cannot find type 'MLDSA65' in scope
13 | }
14 |
/Users/admin/builder/spi-builder-workspace/.build/checkouts/jwt-kit/Sources/JWTKit/MLDSA/MLDSA87+MLDSAKey.swift:6:34: error: cannot find type 'MLDSA87' in scope
4 | @available(iOS 26.0, macOS 26.0, watchOS 26.0, tvOS 26.0, *)
5 | extension MLDSA87.PublicKey: MLDSAPublicKey {
6 | public typealias MLDSAType = MLDSA87
| `- error: cannot find type 'MLDSA87' in scope
7 | }
8 |
/Users/admin/builder/spi-builder-workspace/.build/checkouts/jwt-kit/Sources/JWTKit/MLDSA/MLDSA87+MLDSAKey.swift:12:34: error: cannot find type 'MLDSA87' in scope
10 | @available(iOS 26.0, macOS 26.0, watchOS 26.0, tvOS 26.0, *)
11 | extension MLDSA87.PrivateKey: MLDSAPrivateKey {
12 | public typealias MLDSAType = MLDSA87
| `- error: cannot find type 'MLDSA87' in scope
13 | }
14 |
[1012/1117] Compiling JWTKit MLDSA65+MLDSAKey.swift
/Users/admin/builder/spi-builder-workspace/.build/checkouts/jwt-kit/Sources/JWTKit/MLDSA/MLDSA65+MLDSAKey.swift:5:11: error: cannot find type 'MLDSA65' in scope
3 | @_spi(PostQuantum)
4 | @available(iOS 26.0, macOS 26.0, watchOS 26.0, tvOS 26.0, *)
5 | extension MLDSA65.PublicKey: MLDSAPublicKey {
| `- error: cannot find type 'MLDSA65' in scope
6 | public typealias MLDSAType = MLDSA65
7 | }
/Users/admin/builder/spi-builder-workspace/.build/checkouts/jwt-kit/Sources/JWTKit/MLDSA/MLDSA65+MLDSAKey.swift:11:11: error: cannot find type 'MLDSA65' in scope
9 | @_spi(PostQuantum)
10 | @available(iOS 26.0, macOS 26.0, watchOS 26.0, tvOS 26.0, *)
11 | extension MLDSA65.PrivateKey: MLDSAPrivateKey {
| `- error: cannot find type 'MLDSA65' in scope
12 | public typealias MLDSAType = MLDSA65
13 | }
/Users/admin/builder/spi-builder-workspace/.build/checkouts/jwt-kit/Sources/JWTKit/MLDSA/MLDSA65+MLDSAKey.swift:17:53: error: cannot find type 'MLDSA65' in scope
15 | @_spi(PostQuantum)
16 | @available(iOS 26.0, macOS 26.0, watchOS 26.0, tvOS 26.0, *)
17 | public typealias MLDSA65PublicKey = MLDSA.PublicKey<MLDSA65>
| `- error: cannot find type 'MLDSA65' in scope
18 |
19 | @_spi(PostQuantum)
/Users/admin/builder/spi-builder-workspace/.build/checkouts/jwt-kit/Sources/JWTKit/MLDSA/MLDSA65+MLDSAKey.swift:21:55: error: cannot find type 'MLDSA65' in scope
19 | @_spi(PostQuantum)
20 | @available(iOS 26.0, macOS 26.0, watchOS 26.0, tvOS 26.0, *)
21 | public typealias MLDSA65PrivateKey = MLDSA.PrivateKey<MLDSA65>
| `- error: cannot find type 'MLDSA65' in scope
22 |
/Users/admin/builder/spi-builder-workspace/.build/checkouts/jwt-kit/Sources/JWTKit/MLDSA/MLDSA87+MLDSAKey.swift:5:11: error: cannot find type 'MLDSA87' in scope
3 | @_spi(PostQuantum)
4 | @available(iOS 26.0, macOS 26.0, watchOS 26.0, tvOS 26.0, *)
5 | extension MLDSA87.PublicKey: MLDSAPublicKey {
| `- error: cannot find type 'MLDSA87' in scope
6 | public typealias MLDSAType = MLDSA87
7 | }
/Users/admin/builder/spi-builder-workspace/.build/checkouts/jwt-kit/Sources/JWTKit/MLDSA/MLDSA87+MLDSAKey.swift:11:11: error: cannot find type 'MLDSA87' in scope
9 | @_spi(PostQuantum)
10 | @available(iOS 26.0, macOS 26.0, watchOS 26.0, tvOS 26.0, *)
11 | extension MLDSA87.PrivateKey: MLDSAPrivateKey {
| `- error: cannot find type 'MLDSA87' in scope
12 | public typealias MLDSAType = MLDSA87
13 | }
/Users/admin/builder/spi-builder-workspace/.build/checkouts/jwt-kit/Sources/JWTKit/MLDSA/MLDSA87+MLDSAKey.swift:17:53: error: cannot find type 'MLDSA87' in scope
15 | @_spi(PostQuantum)
16 | @available(iOS 26.0, macOS 26.0, watchOS 26.0, tvOS 26.0, *)
17 | public typealias MLDSA87PublicKey = MLDSA.PublicKey<MLDSA87>
| `- error: cannot find type 'MLDSA87' in scope
18 |
19 | @_spi(PostQuantum)
/Users/admin/builder/spi-builder-workspace/.build/checkouts/jwt-kit/Sources/JWTKit/MLDSA/MLDSA87+MLDSAKey.swift:21:55: error: cannot find type 'MLDSA87' in scope
19 | @_spi(PostQuantum)
20 | @available(iOS 26.0, macOS 26.0, watchOS 26.0, tvOS 26.0, *)
21 | public typealias MLDSA87PrivateKey = MLDSA.PrivateKey<MLDSA87>
| `- error: cannot find type 'MLDSA87' in scope
22 |
/Users/admin/builder/spi-builder-workspace/.build/checkouts/jwt-kit/Sources/JWTKit/MLDSA/MLDSA65+MLDSAKey.swift:6:34: error: cannot find type 'MLDSA65' in scope
4 | @available(iOS 26.0, macOS 26.0, watchOS 26.0, tvOS 26.0, *)
5 | extension MLDSA65.PublicKey: MLDSAPublicKey {
6 | public typealias MLDSAType = MLDSA65
| `- error: cannot find type 'MLDSA65' in scope
7 | }
8 |
/Users/admin/builder/spi-builder-workspace/.build/checkouts/jwt-kit/Sources/JWTKit/MLDSA/MLDSA65+MLDSAKey.swift:12:34: error: cannot find type 'MLDSA65' in scope
10 | @available(iOS 26.0, macOS 26.0, watchOS 26.0, tvOS 26.0, *)
11 | extension MLDSA65.PrivateKey: MLDSAPrivateKey {
12 | public typealias MLDSAType = MLDSA65
| `- error: cannot find type 'MLDSA65' in scope
13 | }
14 |
/Users/admin/builder/spi-builder-workspace/.build/checkouts/jwt-kit/Sources/JWTKit/MLDSA/MLDSA87+MLDSAKey.swift:6:34: error: cannot find type 'MLDSA87' in scope
4 | @available(iOS 26.0, macOS 26.0, watchOS 26.0, tvOS 26.0, *)
5 | extension MLDSA87.PublicKey: MLDSAPublicKey {
6 | public typealias MLDSAType = MLDSA87
| `- error: cannot find type 'MLDSA87' in scope
7 | }
8 |
/Users/admin/builder/spi-builder-workspace/.build/checkouts/jwt-kit/Sources/JWTKit/MLDSA/MLDSA87+MLDSAKey.swift:12:34: error: cannot find type 'MLDSA87' in scope
10 | @available(iOS 26.0, macOS 26.0, watchOS 26.0, tvOS 26.0, *)
11 | extension MLDSA87.PrivateKey: MLDSAPrivateKey {
12 | public typealias MLDSAType = MLDSA87
| `- error: cannot find type 'MLDSA87' in scope
13 | }
14 |
[1013/1117] Compiling JWTKit MLDSA87+MLDSAKey.swift
/Users/admin/builder/spi-builder-workspace/.build/checkouts/jwt-kit/Sources/JWTKit/MLDSA/MLDSA65+MLDSAKey.swift:5:11: error: cannot find type 'MLDSA65' in scope
3 | @_spi(PostQuantum)
4 | @available(iOS 26.0, macOS 26.0, watchOS 26.0, tvOS 26.0, *)
5 | extension MLDSA65.PublicKey: MLDSAPublicKey {
| `- error: cannot find type 'MLDSA65' in scope
6 | public typealias MLDSAType = MLDSA65
7 | }
/Users/admin/builder/spi-builder-workspace/.build/checkouts/jwt-kit/Sources/JWTKit/MLDSA/MLDSA65+MLDSAKey.swift:11:11: error: cannot find type 'MLDSA65' in scope
9 | @_spi(PostQuantum)
10 | @available(iOS 26.0, macOS 26.0, watchOS 26.0, tvOS 26.0, *)
11 | extension MLDSA65.PrivateKey: MLDSAPrivateKey {
| `- error: cannot find type 'MLDSA65' in scope
12 | public typealias MLDSAType = MLDSA65
13 | }
/Users/admin/builder/spi-builder-workspace/.build/checkouts/jwt-kit/Sources/JWTKit/MLDSA/MLDSA65+MLDSAKey.swift:17:53: error: cannot find type 'MLDSA65' in scope
15 | @_spi(PostQuantum)
16 | @available(iOS 26.0, macOS 26.0, watchOS 26.0, tvOS 26.0, *)
17 | public typealias MLDSA65PublicKey = MLDSA.PublicKey<MLDSA65>
| `- error: cannot find type 'MLDSA65' in scope
18 |
19 | @_spi(PostQuantum)
/Users/admin/builder/spi-builder-workspace/.build/checkouts/jwt-kit/Sources/JWTKit/MLDSA/MLDSA65+MLDSAKey.swift:21:55: error: cannot find type 'MLDSA65' in scope
19 | @_spi(PostQuantum)
20 | @available(iOS 26.0, macOS 26.0, watchOS 26.0, tvOS 26.0, *)
21 | public typealias MLDSA65PrivateKey = MLDSA.PrivateKey<MLDSA65>
| `- error: cannot find type 'MLDSA65' in scope
22 |
/Users/admin/builder/spi-builder-workspace/.build/checkouts/jwt-kit/Sources/JWTKit/MLDSA/MLDSA87+MLDSAKey.swift:5:11: error: cannot find type 'MLDSA87' in scope
3 | @_spi(PostQuantum)
4 | @available(iOS 26.0, macOS 26.0, watchOS 26.0, tvOS 26.0, *)
5 | extension MLDSA87.PublicKey: MLDSAPublicKey {
| `- error: cannot find type 'MLDSA87' in scope
6 | public typealias MLDSAType = MLDSA87
7 | }
/Users/admin/builder/spi-builder-workspace/.build/checkouts/jwt-kit/Sources/JWTKit/MLDSA/MLDSA87+MLDSAKey.swift:11:11: error: cannot find type 'MLDSA87' in scope
9 | @_spi(PostQuantum)
10 | @available(iOS 26.0, macOS 26.0, watchOS 26.0, tvOS 26.0, *)
11 | extension MLDSA87.PrivateKey: MLDSAPrivateKey {
| `- error: cannot find type 'MLDSA87' in scope
12 | public typealias MLDSAType = MLDSA87
13 | }
/Users/admin/builder/spi-builder-workspace/.build/checkouts/jwt-kit/Sources/JWTKit/MLDSA/MLDSA87+MLDSAKey.swift:17:53: error: cannot find type 'MLDSA87' in scope
15 | @_spi(PostQuantum)
16 | @available(iOS 26.0, macOS 26.0, watchOS 26.0, tvOS 26.0, *)
17 | public typealias MLDSA87PublicKey = MLDSA.PublicKey<MLDSA87>
| `- error: cannot find type 'MLDSA87' in scope
18 |
19 | @_spi(PostQuantum)
/Users/admin/builder/spi-builder-workspace/.build/checkouts/jwt-kit/Sources/JWTKit/MLDSA/MLDSA87+MLDSAKey.swift:21:55: error: cannot find type 'MLDSA87' in scope
19 | @_spi(PostQuantum)
20 | @available(iOS 26.0, macOS 26.0, watchOS 26.0, tvOS 26.0, *)
21 | public typealias MLDSA87PrivateKey = MLDSA.PrivateKey<MLDSA87>
| `- error: cannot find type 'MLDSA87' in scope
22 |
/Users/admin/builder/spi-builder-workspace/.build/checkouts/jwt-kit/Sources/JWTKit/MLDSA/MLDSA65+MLDSAKey.swift:6:34: error: cannot find type 'MLDSA65' in scope
4 | @available(iOS 26.0, macOS 26.0, watchOS 26.0, tvOS 26.0, *)
5 | extension MLDSA65.PublicKey: MLDSAPublicKey {
6 | public typealias MLDSAType = MLDSA65
| `- error: cannot find type 'MLDSA65' in scope
7 | }
8 |
/Users/admin/builder/spi-builder-workspace/.build/checkouts/jwt-kit/Sources/JWTKit/MLDSA/MLDSA65+MLDSAKey.swift:12:34: error: cannot find type 'MLDSA65' in scope
10 | @available(iOS 26.0, macOS 26.0, watchOS 26.0, tvOS 26.0, *)
11 | extension MLDSA65.PrivateKey: MLDSAPrivateKey {
12 | public typealias MLDSAType = MLDSA65
| `- error: cannot find type 'MLDSA65' in scope
13 | }
14 |
/Users/admin/builder/spi-builder-workspace/.build/checkouts/jwt-kit/Sources/JWTKit/MLDSA/MLDSA87+MLDSAKey.swift:6:34: error: cannot find type 'MLDSA87' in scope
4 | @available(iOS 26.0, macOS 26.0, watchOS 26.0, tvOS 26.0, *)
5 | extension MLDSA87.PublicKey: MLDSAPublicKey {
6 | public typealias MLDSAType = MLDSA87
| `- error: cannot find type 'MLDSA87' in scope
7 | }
8 |
/Users/admin/builder/spi-builder-workspace/.build/checkouts/jwt-kit/Sources/JWTKit/MLDSA/MLDSA87+MLDSAKey.swift:12:34: error: cannot find type 'MLDSA87' in scope
10 | @available(iOS 26.0, macOS 26.0, watchOS 26.0, tvOS 26.0, *)
11 | extension MLDSA87.PrivateKey: MLDSAPrivateKey {
12 | public typealias MLDSAType = MLDSA87
| `- error: cannot find type 'MLDSA87' in scope
13 | }
14 |
[1014/1117] Compiling JWTKit MLDSAError.swift
/Users/admin/builder/spi-builder-workspace/.build/checkouts/jwt-kit/Sources/JWTKit/MLDSA/MLDSAType.swift:13:11: error: cannot find type 'MLDSA65' in scope
11 | @_spi(PostQuantum)
12 | @available(iOS 26.0, macOS 26.0, watchOS 26.0, tvOS 26.0, *)
13 | extension MLDSA65: MLDSAType {
| `- error: cannot find type 'MLDSA65' in scope
14 | public static var name: String { "ML-DSA-65" }
15 | }
/Users/admin/builder/spi-builder-workspace/.build/checkouts/jwt-kit/Sources/JWTKit/MLDSA/MLDSAType.swift:19:11: error: cannot find type 'MLDSA87' in scope
17 | @_spi(PostQuantum)
18 | @available(iOS 26.0, macOS 26.0, watchOS 26.0, tvOS 26.0, *)
19 | extension MLDSA87: MLDSAType {
| `- error: cannot find type 'MLDSA87' in scope
20 | public static var name: String { "ML-DSA-87" }
21 | }
[1015/1117] Compiling JWTKit MLDSAKey.swift
/Users/admin/builder/spi-builder-workspace/.build/checkouts/jwt-kit/Sources/JWTKit/MLDSA/MLDSAType.swift:13:11: error: cannot find type 'MLDSA65' in scope
11 | @_spi(PostQuantum)
12 | @available(iOS 26.0, macOS 26.0, watchOS 26.0, tvOS 26.0, *)
13 | extension MLDSA65: MLDSAType {
| `- error: cannot find type 'MLDSA65' in scope
14 | public static var name: String { "ML-DSA-65" }
15 | }
/Users/admin/builder/spi-builder-workspace/.build/checkouts/jwt-kit/Sources/JWTKit/MLDSA/MLDSAType.swift:19:11: error: cannot find type 'MLDSA87' in scope
17 | @_spi(PostQuantum)
18 | @available(iOS 26.0, macOS 26.0, watchOS 26.0, tvOS 26.0, *)
19 | extension MLDSA87: MLDSAType {
| `- error: cannot find type 'MLDSA87' in scope
20 | public static var name: String { "ML-DSA-87" }
21 | }
[1016/1117] Compiling JWTKit MLDSASigner.swift
/Users/admin/builder/spi-builder-workspace/.build/checkouts/jwt-kit/Sources/JWTKit/MLDSA/MLDSAType.swift:13:11: error: cannot find type 'MLDSA65' in scope
11 | @_spi(PostQuantum)
12 | @available(iOS 26.0, macOS 26.0, watchOS 26.0, tvOS 26.0, *)
13 | extension MLDSA65: MLDSAType {
| `- error: cannot find type 'MLDSA65' in scope
14 | public static var name: String { "ML-DSA-65" }
15 | }
/Users/admin/builder/spi-builder-workspace/.build/checkouts/jwt-kit/Sources/JWTKit/MLDSA/MLDSAType.swift:19:11: error: cannot find type 'MLDSA87' in scope
17 | @_spi(PostQuantum)
18 | @available(iOS 26.0, macOS 26.0, watchOS 26.0, tvOS 26.0, *)
19 | extension MLDSA87: MLDSAType {
| `- error: cannot find type 'MLDSA87' in scope
20 | public static var name: String { "ML-DSA-87" }
21 | }
[1017/1117] Compiling JWTKit MLDSAType.swift
/Users/admin/builder/spi-builder-workspace/.build/checkouts/jwt-kit/Sources/JWTKit/MLDSA/MLDSAType.swift:13:11: error: cannot find type 'MLDSA65' in scope
11 | @_spi(PostQuantum)
12 | @available(iOS 26.0, macOS 26.0, watchOS 26.0, tvOS 26.0, *)
13 | extension MLDSA65: MLDSAType {
| `- error: cannot find type 'MLDSA65' in scope
14 | public static var name: String { "ML-DSA-65" }
15 | }
/Users/admin/builder/spi-builder-workspace/.build/checkouts/jwt-kit/Sources/JWTKit/MLDSA/MLDSAType.swift:19:11: error: cannot find type 'MLDSA87' in scope
17 | @_spi(PostQuantum)
18 | @available(iOS 26.0, macOS 26.0, watchOS 26.0, tvOS 26.0, *)
19 | extension MLDSA87: MLDSAType {
| `- error: cannot find type 'MLDSA87' in scope
20 | public static var name: String { "ML-DSA-87" }
21 | }
[1018/1117] Compiling JWTKit JWTKeyCollection+UnsecuredNone.swift
/Users/admin/builder/spi-builder-workspace/.build/checkouts/jwt-kit/Sources/JWTKit/MLDSA/MLDSAType.swift:13:11: error: cannot find type 'MLDSA65' in scope
11 | @_spi(PostQuantum)
12 | @available(iOS 26.0, macOS 26.0, watchOS 26.0, tvOS 26.0, *)
13 | extension MLDSA65: MLDSAType {
| `- error: cannot find type 'MLDSA65' in scope
14 | public static var name: String { "ML-DSA-65" }
15 | }
/Users/admin/builder/spi-builder-workspace/.build/checkouts/jwt-kit/Sources/JWTKit/MLDSA/MLDSAType.swift:19:11: error: cannot find type 'MLDSA87' in scope
17 | @_spi(PostQuantum)
18 | @available(iOS 26.0, macOS 26.0, watchOS 26.0, tvOS 26.0, *)
19 | extension MLDSA87: MLDSAType {
| `- error: cannot find type 'MLDSA87' in scope
20 | public static var name: String { "ML-DSA-87" }
21 | }
[1019/1117] Compiling JWTKit UnsecuredNoneSigner.swift
/Users/admin/builder/spi-builder-workspace/.build/checkouts/jwt-kit/Sources/JWTKit/MLDSA/MLDSAType.swift:13:11: error: cannot find type 'MLDSA65' in scope
11 | @_spi(PostQuantum)
12 | @available(iOS 26.0, macOS 26.0, watchOS 26.0, tvOS 26.0, *)
13 | extension MLDSA65: MLDSAType {
| `- error: cannot find type 'MLDSA65' in scope
14 | public static var name: String { "ML-DSA-65" }
15 | }
/Users/admin/builder/spi-builder-workspace/.build/checkouts/jwt-kit/Sources/JWTKit/MLDSA/MLDSAType.swift:19:11: error: cannot find type 'MLDSA87' in scope
17 | @_spi(PostQuantum)
18 | @available(iOS 26.0, macOS 26.0, watchOS 26.0, tvOS 26.0, *)
19 | extension MLDSA87: MLDSAType {
| `- error: cannot find type 'MLDSA87' in scope
20 | public static var name: String { "ML-DSA-87" }
21 | }
[1020/1117] Compiling JWTKit JWTKeyCollection+RSA.swift
/Users/admin/builder/spi-builder-workspace/.build/checkouts/jwt-kit/Sources/JWTKit/MLDSA/MLDSAType.swift:13:11: error: cannot find type 'MLDSA65' in scope
11 | @_spi(PostQuantum)
12 | @available(iOS 26.0, macOS 26.0, watchOS 26.0, tvOS 26.0, *)
13 | extension MLDSA65: MLDSAType {
| `- error: cannot find type 'MLDSA65' in scope
14 | public static var name: String { "ML-DSA-65" }
15 | }
/Users/admin/builder/spi-builder-workspace/.build/checkouts/jwt-kit/Sources/JWTKit/MLDSA/MLDSAType.swift:19:11: error: cannot find type 'MLDSA87' in scope
17 | @_spi(PostQuantum)
18 | @available(iOS 26.0, macOS 26.0, watchOS 26.0, tvOS 26.0, *)
19 | extension MLDSA87: MLDSAType {
| `- error: cannot find type 'MLDSA87' in scope
20 | public static var name: String { "ML-DSA-87" }
21 | }
[1021/1124] Compiling JWTKit AudienceClaim.swift
[1022/1124] Compiling JWTKit BoolClaim.swift
[1023/1124] Compiling JWTKit ExpirationClaim.swift
[1024/1124] Compiling JWTKit GoogleHostedDomainClaim.swift
[1025/1124] Compiling JWTKit IDClaim.swift
[1026/1124] Compiling JWTKit IssuedAtClaim.swift
[1027/1124] Compiling JWTKit IssuerClaim.swift
[1028/1124] Compiling JWTKit JWTClaim.swift
[1029/1124] Compiling JWTKit JWTMultiValueClaim.swift
[1030/1124] Compiling JWTKit JWTUnixEpochClaim.swift
[1031/1124] Compiling JWTKit LocaleClaim.swift
[1032/1124] Compiling JWTKit NotBeforeClaim.swift
[1033/1124] Compiling JWTKit SubjectClaim.swift
[1034/1124] Compiling JWTKit TenantIDClaim.swift
[1035/1124] Compiling JWTKit ECDSA.swift
[1036/1124] Compiling JWTKit ECDSACurve.swift
error: emit-module command failed with exit code 1 (use -v to see invocation)
[1053/1124] Emitting module JWTKit
/Users/admin/builder/spi-builder-workspace/.build/checkouts/jwt-kit/Sources/JWTKit/MLDSA/MLDSA65+MLDSAKey.swift:5:11: error: cannot find type 'MLDSA65' in scope
3 | @_spi(PostQuantum)
4 | @available(iOS 26.0, macOS 26.0, watchOS 26.0, tvOS 26.0, *)
5 | extension MLDSA65.PublicKey: MLDSAPublicKey {
| `- error: cannot find type 'MLDSA65' in scope
6 | public typealias MLDSAType = MLDSA65
7 | }
/Users/admin/builder/spi-builder-workspace/.build/checkouts/jwt-kit/Sources/JWTKit/MLDSA/MLDSA65+MLDSAKey.swift:11:11: error: cannot find type 'MLDSA65' in scope
9 | @_spi(PostQuantum)
10 | @available(iOS 26.0, macOS 26.0, watchOS 26.0, tvOS 26.0, *)
11 | extension MLDSA65.PrivateKey: MLDSAPrivateKey {
| `- error: cannot find type 'MLDSA65' in scope
12 | public typealias MLDSAType = MLDSA65
13 | }
/Users/admin/builder/spi-builder-workspace/.build/checkouts/jwt-kit/Sources/JWTKit/MLDSA/MLDSA65+MLDSAKey.swift:17:53: error: cannot find type 'MLDSA65' in scope
15 | @_spi(PostQuantum)
16 | @available(iOS 26.0, macOS 26.0, watchOS 26.0, tvOS 26.0, *)
17 | public typealias MLDSA65PublicKey = MLDSA.PublicKey<MLDSA65>
| `- error: cannot find type 'MLDSA65' in scope
18 |
19 | @_spi(PostQuantum)
/Users/admin/builder/spi-builder-workspace/.build/checkouts/jwt-kit/Sources/JWTKit/MLDSA/MLDSA65+MLDSAKey.swift:21:55: error: cannot find type 'MLDSA65' in scope
19 | @_spi(PostQuantum)
20 | @available(iOS 26.0, macOS 26.0, watchOS 26.0, tvOS 26.0, *)
21 | public typealias MLDSA65PrivateKey = MLDSA.PrivateKey<MLDSA65>
| `- error: cannot find type 'MLDSA65' in scope
22 |
/Users/admin/builder/spi-builder-workspace/.build/checkouts/jwt-kit/Sources/JWTKit/MLDSA/MLDSA87+MLDSAKey.swift:5:11: error: cannot find type 'MLDSA87' in scope
3 | @_spi(PostQuantum)
4 | @available(iOS 26.0, macOS 26.0, watchOS 26.0, tvOS 26.0, *)
5 | extension MLDSA87.PublicKey: MLDSAPublicKey {
| `- error: cannot find type 'MLDSA87' in scope
6 | public typealias MLDSAType = MLDSA87
7 | }
/Users/admin/builder/spi-builder-workspace/.build/checkouts/jwt-kit/Sources/JWTKit/MLDSA/MLDSA87+MLDSAKey.swift:11:11: error: cannot find type 'MLDSA87' in scope
9 | @_spi(PostQuantum)
10 | @available(iOS 26.0, macOS 26.0, watchOS 26.0, tvOS 26.0, *)
11 | extension MLDSA87.PrivateKey: MLDSAPrivateKey {
| `- error: cannot find type 'MLDSA87' in scope
12 | public typealias MLDSAType = MLDSA87
13 | }
/Users/admin/builder/spi-builder-workspace/.build/checkouts/jwt-kit/Sources/JWTKit/MLDSA/MLDSA87+MLDSAKey.swift:17:53: error: cannot find type 'MLDSA87' in scope
15 | @_spi(PostQuantum)
16 | @available(iOS 26.0, macOS 26.0, watchOS 26.0, tvOS 26.0, *)
17 | public typealias MLDSA87PublicKey = MLDSA.PublicKey<MLDSA87>
| `- error: cannot find type 'MLDSA87' in scope
18 |
19 | @_spi(PostQuantum)
/Users/admin/builder/spi-builder-workspace/.build/checkouts/jwt-kit/Sources/JWTKit/MLDSA/MLDSA87+MLDSAKey.swift:21:55: error: cannot find type 'MLDSA87' in scope
19 | @_spi(PostQuantum)
20 | @available(iOS 26.0, macOS 26.0, watchOS 26.0, tvOS 26.0, *)
21 | public typealias MLDSA87PrivateKey = MLDSA.PrivateKey<MLDSA87>
| `- error: cannot find type 'MLDSA87' in scope
22 |
/Users/admin/builder/spi-builder-workspace/.build/checkouts/jwt-kit/Sources/JWTKit/MLDSA/MLDSAType.swift:13:11: error: cannot find type 'MLDSA65' in scope
11 | @_spi(PostQuantum)
12 | @available(iOS 26.0, macOS 26.0, watchOS 26.0, tvOS 26.0, *)
13 | extension MLDSA65: MLDSAType {
| `- error: cannot find type 'MLDSA65' in scope
14 | public static var name: String { "ML-DSA-65" }
15 | }
/Users/admin/builder/spi-builder-workspace/.build/checkouts/jwt-kit/Sources/JWTKit/MLDSA/MLDSAType.swift:19:11: error: cannot find type 'MLDSA87' in scope
17 | @_spi(PostQuantum)
18 | @available(iOS 26.0, macOS 26.0, watchOS 26.0, tvOS 26.0, *)
19 | extension MLDSA87: MLDSAType {
| `- error: cannot find type 'MLDSA87' in scope
20 | public static var name: String { "ML-DSA-87" }
21 | }
/Users/admin/builder/spi-builder-workspace/.build/checkouts/jwt-kit/Sources/JWTKit/MLDSA/MLDSA65+MLDSAKey.swift:5:11: error: cannot find type 'MLDSA65' in scope
3 | @_spi(PostQuantum)
4 | @available(iOS 26.0, macOS 26.0, watchOS 26.0, tvOS 26.0, *)
5 | extension MLDSA65.PublicKey: MLDSAPublicKey {
| `- error: cannot find type 'MLDSA65' in scope
6 | public typealias MLDSAType = MLDSA65
7 | }
/Users/admin/builder/spi-builder-workspace/.build/checkouts/jwt-kit/Sources/JWTKit/MLDSA/MLDSA65+MLDSAKey.swift:11:11: error: cannot find type 'MLDSA65' in scope
9 | @_spi(PostQuantum)
10 | @available(iOS 26.0, macOS 26.0, watchOS 26.0, tvOS 26.0, *)
11 | extension MLDSA65.PrivateKey: MLDSAPrivateKey {
| `- error: cannot find type 'MLDSA65' in scope
12 | public typealias MLDSAType = MLDSA65
13 | }
/Users/admin/builder/spi-builder-workspace/.build/checkouts/jwt-kit/Sources/JWTKit/MLDSA/MLDSA65+MLDSAKey.swift:17:53: error: cannot find type 'MLDSA65' in scope
15 | @_spi(PostQuantum)
16 | @available(iOS 26.0, macOS 26.0, watchOS 26.0, tvOS 26.0, *)
17 | public typealias MLDSA65PublicKey = MLDSA.PublicKey<MLDSA65>
| `- error: cannot find type 'MLDSA65' in scope
18 |
19 | @_spi(PostQuantum)
/Users/admin/builder/spi-builder-workspace/.build/checkouts/jwt-kit/Sources/JWTKit/MLDSA/MLDSA65+MLDSAKey.swift:21:55: error: cannot find type 'MLDSA65' in scope
19 | @_spi(PostQuantum)
20 | @available(iOS 26.0, macOS 26.0, watchOS 26.0, tvOS 26.0, *)
21 | public typealias MLDSA65PrivateKey = MLDSA.PrivateKey<MLDSA65>
| `- error: cannot find type 'MLDSA65' in scope
22 |
/Users/admin/builder/spi-builder-workspace/.build/checkouts/jwt-kit/Sources/JWTKit/MLDSA/MLDSA87+MLDSAKey.swift:5:11: error: cannot find type 'MLDSA87' in scope
3 | @_spi(PostQuantum)
4 | @available(iOS 26.0, macOS 26.0, watchOS 26.0, tvOS 26.0, *)
5 | extension MLDSA87.PublicKey: MLDSAPublicKey {
| `- error: cannot find type 'MLDSA87' in scope
6 | public typealias MLDSAType = MLDSA87
7 | }
/Users/admin/builder/spi-builder-workspace/.build/checkouts/jwt-kit/Sources/JWTKit/MLDSA/MLDSA87+MLDSAKey.swift:11:11: error: cannot find type 'MLDSA87' in scope
9 | @_spi(PostQuantum)
10 | @available(iOS 26.0, macOS 26.0, watchOS 26.0, tvOS 26.0, *)
11 | extension MLDSA87.PrivateKey: MLDSAPrivateKey {
| `- error: cannot find type 'MLDSA87' in scope
12 | public typealias MLDSAType = MLDSA87
13 | }
/Users/admin/builder/spi-builder-workspace/.build/checkouts/jwt-kit/Sources/JWTKit/MLDSA/MLDSA87+MLDSAKey.swift:17:53: error: cannot find type 'MLDSA87' in scope
15 | @_spi(PostQuantum)
16 | @available(iOS 26.0, macOS 26.0, watchOS 26.0, tvOS 26.0, *)
17 | public typealias MLDSA87PublicKey = MLDSA.PublicKey<MLDSA87>
| `- error: cannot find type 'MLDSA87' in scope
18 |
19 | @_spi(PostQuantum)
/Users/admin/builder/spi-builder-workspace/.build/checkouts/jwt-kit/Sources/JWTKit/MLDSA/MLDSA87+MLDSAKey.swift:21:55: error: cannot find type 'MLDSA87' in scope
19 | @_spi(PostQuantum)
20 | @available(iOS 26.0, macOS 26.0, watchOS 26.0, tvOS 26.0, *)
21 | public typealias MLDSA87PrivateKey = MLDSA.PrivateKey<MLDSA87>
| `- error: cannot find type 'MLDSA87' in scope
22 |
/Users/admin/builder/spi-builder-workspace/.build/checkouts/jwt-kit/Sources/JWTKit/MLDSA/MLDSA65+MLDSAKey.swift:6:34: error: cannot find type 'MLDSA65' in scope
4 | @available(iOS 26.0, macOS 26.0, watchOS 26.0, tvOS 26.0, *)
5 | extension MLDSA65.PublicKey: MLDSAPublicKey {
6 | public typealias MLDSAType = MLDSA65
| `- error: cannot find type 'MLDSA65' in scope
7 | }
8 |
/Users/admin/builder/spi-builder-workspace/.build/checkouts/jwt-kit/Sources/JWTKit/MLDSA/MLDSA65+MLDSAKey.swift:12:34: error: cannot find type 'MLDSA65' in scope
10 | @available(iOS 26.0, macOS 26.0, watchOS 26.0, tvOS 26.0, *)
11 | extension MLDSA65.PrivateKey: MLDSAPrivateKey {
12 | public typealias MLDSAType = MLDSA65
| `- error: cannot find type 'MLDSA65' in scope
13 | }
14 |
/Users/admin/builder/spi-builder-workspace/.build/checkouts/jwt-kit/Sources/JWTKit/MLDSA/MLDSA87+MLDSAKey.swift:6:34: error: cannot find type 'MLDSA87' in scope
4 | @available(iOS 26.0, macOS 26.0, watchOS 26.0, tvOS 26.0, *)
5 | extension MLDSA87.PublicKey: MLDSAPublicKey {
6 | public typealias MLDSAType = MLDSA87
| `- error: cannot find type 'MLDSA87' in scope
7 | }
8 |
/Users/admin/builder/spi-builder-workspace/.build/checkouts/jwt-kit/Sources/JWTKit/MLDSA/MLDSA87+MLDSAKey.swift:12:34: error: cannot find type 'MLDSA87' in scope
10 | @available(iOS 26.0, macOS 26.0, watchOS 26.0, tvOS 26.0, *)
11 | extension MLDSA87.PrivateKey: MLDSAPrivateKey {
12 | public typealias MLDSAType = MLDSA87
| `- error: cannot find type 'MLDSA87' in scope
13 | }
14 |
/Users/admin/builder/spi-builder-workspace/.build/checkouts/jwt-kit/Sources/JWTKit/MLDSA/MLDSA65+MLDSAKey.swift:5:11: error: cannot find type 'MLDSA65' in scope
3 | @_spi(PostQuantum)
4 | @available(iOS 26.0, macOS 26.0, watchOS 26.0, tvOS 26.0, *)
5 | extension MLDSA65.PublicKey: MLDSAPublicKey {
| `- error: cannot find type 'MLDSA65' in scope
6 | public typealias MLDSAType = MLDSA65
7 | }
/Users/admin/builder/spi-builder-workspace/.build/checkouts/jwt-kit/Sources/JWTKit/MLDSA/MLDSA65+MLDSAKey.swift:11:11: error: cannot find type 'MLDSA65' in scope
9 | @_spi(PostQuantum)
10 | @available(iOS 26.0, macOS 26.0, watchOS 26.0, tvOS 26.0, *)
11 | extension MLDSA65.PrivateKey: MLDSAPrivateKey {
| `- error: cannot find type 'MLDSA65' in scope
12 | public typealias MLDSAType = MLDSA65
13 | }
/Users/admin/builder/spi-builder-workspace/.build/checkouts/jwt-kit/Sources/JWTKit/MLDSA/MLDSA65+MLDSAKey.swift:17:53: error: cannot find type 'MLDSA65' in scope
15 | @_spi(PostQuantum)
16 | @available(iOS 26.0, macOS 26.0, watchOS 26.0, tvOS 26.0, *)
17 | public typealias MLDSA65PublicKey = MLDSA.PublicKey<MLDSA65>
| `- error: cannot find type 'MLDSA65' in scope
18 |
19 | @_spi(PostQuantum)
/Users/admin/builder/spi-builder-workspace/.build/checkouts/jwt-kit/Sources/JWTKit/MLDSA/MLDSA65+MLDSAKey.swift:21:55: error: cannot find type 'MLDSA65' in scope
19 | @_spi(PostQuantum)
20 | @available(iOS 26.0, macOS 26.0, watchOS 26.0, tvOS 26.0, *)
21 | public typealias MLDSA65PrivateKey = MLDSA.PrivateKey<MLDSA65>
| `- error: cannot find type 'MLDSA65' in scope
22 |
/Users/admin/builder/spi-builder-workspace/.build/checkouts/jwt-kit/Sources/JWTKit/MLDSA/MLDSA87+MLDSAKey.swift:5:11: error: cannot find type 'MLDSA87' in scope
3 | @_spi(PostQuantum)
4 | @available(iOS 26.0, macOS 26.0, watchOS 26.0, tvOS 26.0, *)
5 | extension MLDSA87.PublicKey: MLDSAPublicKey {
| `- error: cannot find type 'MLDSA87' in scope
6 | public typealias MLDSAType = MLDSA87
7 | }
/Users/admin/builder/spi-builder-workspace/.build/checkouts/jwt-kit/Sources/JWTKit/MLDSA/MLDSA87+MLDSAKey.swift:11:11: error: cannot find type 'MLDSA87' in scope
9 | @_spi(PostQuantum)
10 | @available(iOS 26.0, macOS 26.0, watchOS 26.0, tvOS 26.0, *)
11 | extension MLDSA87.PrivateKey: MLDSAPrivateKey {
| `- error: cannot find type 'MLDSA87' in scope
12 | public typealias MLDSAType = MLDSA87
13 | }
/Users/admin/builder/spi-builder-workspace/.build/checkouts/jwt-kit/Sources/JWTKit/MLDSA/MLDSA87+MLDSAKey.swift:17:53: error: cannot find type 'MLDSA87' in scope
15 | @_spi(PostQuantum)
16 | @available(iOS 26.0, macOS 26.0, watchOS 26.0, tvOS 26.0, *)
17 | public typealias MLDSA87PublicKey = MLDSA.PublicKey<MLDSA87>
| `- error: cannot find type 'MLDSA87' in scope
18 |
19 | @_spi(PostQuantum)
/Users/admin/builder/spi-builder-workspace/.build/checkouts/jwt-kit/Sources/JWTKit/MLDSA/MLDSA87+MLDSAKey.swift:21:55: error: cannot find type 'MLDSA87' in scope
19 | @_spi(PostQuantum)
20 | @available(iOS 26.0, macOS 26.0, watchOS 26.0, tvOS 26.0, *)
21 | public typealias MLDSA87PrivateKey = MLDSA.PrivateKey<MLDSA87>
| `- error: cannot find type 'MLDSA87' in scope
22 |
/Users/admin/builder/spi-builder-workspace/.build/checkouts/jwt-kit/Sources/JWTKit/MLDSA/MLDSA65+MLDSAKey.swift:6:34: error: cannot find type 'MLDSA65' in scope
4 | @available(iOS 26.0, macOS 26.0, watchOS 26.0, tvOS 26.0, *)
5 | extension MLDSA65.PublicKey: MLDSAPublicKey {
6 | public typealias MLDSAType = MLDSA65
| `- error: cannot find type 'MLDSA65' in scope
7 | }
8 |
/Users/admin/builder/spi-builder-workspace/.build/checkouts/jwt-kit/Sources/JWTKit/MLDSA/MLDSA65+MLDSAKey.swift:12:34: error: cannot find type 'MLDSA65' in scope
10 | @available(iOS 26.0, macOS 26.0, watchOS 26.0, tvOS 26.0, *)
11 | extension MLDSA65.PrivateKey: MLDSAPrivateKey {
12 | public typealias MLDSAType = MLDSA65
| `- error: cannot find type 'MLDSA65' in scope
13 | }
14 |
/Users/admin/builder/spi-builder-workspace/.build/checkouts/jwt-kit/Sources/JWTKit/MLDSA/MLDSA87+MLDSAKey.swift:6:34: error: cannot find type 'MLDSA87' in scope
4 | @available(iOS 26.0, macOS 26.0, watchOS 26.0, tvOS 26.0, *)
5 | extension MLDSA87.PublicKey: MLDSAPublicKey {
6 | public typealias MLDSAType = MLDSA87
| `- error: cannot find type 'MLDSA87' in scope
7 | }
8 |
/Users/admin/builder/spi-builder-workspace/.build/checkouts/jwt-kit/Sources/JWTKit/MLDSA/MLDSA87+MLDSAKey.swift:12:34: error: cannot find type 'MLDSA87' in scope
10 | @available(iOS 26.0, macOS 26.0, watchOS 26.0, tvOS 26.0, *)
11 | extension MLDSA87.PrivateKey: MLDSAPrivateKey {
12 | public typealias MLDSAType = MLDSA87
| `- error: cannot find type 'MLDSA87' in scope
13 | }
14 |
/Users/admin/builder/spi-builder-workspace/.build/checkouts/jwt-kit/Sources/JWTKit/MLDSA/MLDSA65+MLDSAKey.swift:5:11: error: cannot find type 'MLDSA65' in scope
3 | @_spi(PostQuantum)
4 | @available(iOS 26.0, macOS 26.0, watchOS 26.0, tvOS 26.0, *)
5 | extension MLDSA65.PublicKey: MLDSAPublicKey {
| `- error: cannot find type 'MLDSA65' in scope
6 | public typealias MLDSAType = MLDSA65
7 | }
/Users/admin/builder/spi-builder-workspace/.build/checkouts/jwt-kit/Sources/JWTKit/MLDSA/MLDSA65+MLDSAKey.swift:11:11: error: cannot find type 'MLDSA65' in scope
9 | @_spi(PostQuantum)
10 | @available(iOS 26.0, macOS 26.0, watchOS 26.0, tvOS 26.0, *)
11 | extension MLDSA65.PrivateKey: MLDSAPrivateKey {
| `- error: cannot find type 'MLDSA65' in scope
12 | public typealias MLDSAType = MLDSA65
13 | }
/Users/admin/builder/spi-builder-workspace/.build/checkouts/jwt-kit/Sources/JWTKit/MLDSA/MLDSA65+MLDSAKey.swift:17:53: error: cannot find type 'MLDSA65' in scope
15 | @_spi(PostQuantum)
16 | @available(iOS 26.0, macOS 26.0, watchOS 26.0, tvOS 26.0, *)
17 | public typealias MLDSA65PublicKey = MLDSA.PublicKey<MLDSA65>
| `- error: cannot find type 'MLDSA65' in scope
18 |
19 | @_spi(PostQuantum)
/Users/admin/builder/spi-builder-workspace/.build/checkouts/jwt-kit/Sources/JWTKit/MLDSA/MLDSA65+MLDSAKey.swift:21:55: error: cannot find type 'MLDSA65' in scope
19 | @_spi(PostQuantum)
20 | @available(iOS 26.0, macOS 26.0, watchOS 26.0, tvOS 26.0, *)
21 | public typealias MLDSA65PrivateKey = MLDSA.PrivateKey<MLDSA65>
| `- error: cannot find type 'MLDSA65' in scope
22 |
/Users/admin/builder/spi-builder-workspace/.build/checkouts/jwt-kit/Sources/JWTKit/MLDSA/MLDSA87+MLDSAKey.swift:5:11: error: cannot find type 'MLDSA87' in scope
3 | @_spi(PostQuantum)
4 | @available(iOS 26.0, macOS 26.0, watchOS 26.0, tvOS 26.0, *)
5 | extension MLDSA87.PublicKey: MLDSAPublicKey {
| `- error: cannot find type 'MLDSA87' in scope
6 | public typealias MLDSAType = MLDSA87
7 | }
/Users/admin/builder/spi-builder-workspace/.build/checkouts/jwt-kit/Sources/JWTKit/MLDSA/MLDSA87+MLDSAKey.swift:11:11: error: cannot find type 'MLDSA87' in scope
9 | @_spi(PostQuantum)
10 | @available(iOS 26.0, macOS 26.0, watchOS 26.0, tvOS 26.0, *)
11 | extension MLDSA87.PrivateKey: MLDSAPrivateKey {
| `- error: cannot find type 'MLDSA87' in scope
12 | public typealias MLDSAType = MLDSA87
13 | }
/Users/admin/builder/spi-builder-workspace/.build/checkouts/jwt-kit/Sources/JWTKit/MLDSA/MLDSA87+MLDSAKey.swift:17:53: error: cannot find type 'MLDSA87' in scope
15 | @_spi(PostQuantum)
16 | @available(iOS 26.0, macOS 26.0, watchOS 26.0, tvOS 26.0, *)
17 | public typealias MLDSA87PublicKey = MLDSA.PublicKey<MLDSA87>
| `- error: cannot find type 'MLDSA87' in scope
18 |
19 | @_spi(PostQuantum)
/Users/admin/builder/spi-builder-workspace/.build/checkouts/jwt-kit/Sources/JWTKit/MLDSA/MLDSA87+MLDSAKey.swift:21:55: error: cannot find type 'MLDSA87' in scope
19 | @_spi(PostQuantum)
20 | @available(iOS 26.0, macOS 26.0, watchOS 26.0, tvOS 26.0, *)
21 | public typealias MLDSA87PrivateKey = MLDSA.PrivateKey<MLDSA87>
| `- error: cannot find type 'MLDSA87' in scope
22 |
/Users/admin/builder/spi-builder-workspace/.build/checkouts/jwt-kit/Sources/JWTKit/MLDSA/MLDSA65+MLDSAKey.swift:6:34: error: cannot find type 'MLDSA65' in scope
4 | @available(iOS 26.0, macOS 26.0, watchOS 26.0, tvOS 26.0, *)
5 | extension MLDSA65.PublicKey: MLDSAPublicKey {
6 | public typealias MLDSAType = MLDSA65
| `- error: cannot find type 'MLDSA65' in scope
7 | }
8 |
/Users/admin/builder/spi-builder-workspace/.build/checkouts/jwt-kit/Sources/JWTKit/MLDSA/MLDSA65+MLDSAKey.swift:12:34: error: cannot find type 'MLDSA65' in scope
10 | @available(iOS 26.0, macOS 26.0, watchOS 26.0, tvOS 26.0, *)
11 | extension MLDSA65.PrivateKey: MLDSAPrivateKey {
12 | public typealias MLDSAType = MLDSA65
| `- error: cannot find type 'MLDSA65' in scope
13 | }
14 |
/Users/admin/builder/spi-builder-workspace/.build/checkouts/jwt-kit/Sources/JWTKit/MLDSA/MLDSA87+MLDSAKey.swift:6:34: error: cannot find type 'MLDSA87' in scope
4 | @available(iOS 26.0, macOS 26.0, watchOS 26.0, tvOS 26.0, *)
5 | extension MLDSA87.PublicKey: MLDSAPublicKey {
6 | public typealias MLDSAType = MLDSA87
| `- error: cannot find type 'MLDSA87' in scope
7 | }
8 |
/Users/admin/builder/spi-builder-workspace/.build/checkouts/jwt-kit/Sources/JWTKit/MLDSA/MLDSA87+MLDSAKey.swift:12:34: error: cannot find type 'MLDSA87' in scope
10 | @available(iOS 26.0, macOS 26.0, watchOS 26.0, tvOS 26.0, *)
11 | extension MLDSA87.PrivateKey: MLDSAPrivateKey {
12 | public typealias MLDSAType = MLDSA87
| `- error: cannot find type 'MLDSA87' in scope
13 | }
14 |
/Users/admin/builder/spi-builder-workspace/.build/checkouts/jwt-kit/Sources/JWTKit/MLDSA/MLDSA65+MLDSAKey.swift:5:11: error: cannot find type 'MLDSA65' in scope
3 | @_spi(PostQuantum)
4 | @available(iOS 26.0, macOS 26.0, watchOS 26.0, tvOS 26.0, *)
5 | extension MLDSA65.PublicKey: MLDSAPublicKey {
| `- error: cannot find type 'MLDSA65' in scope
6 | public typealias MLDSAType = MLDSA65
7 | }
/Users/admin/builder/spi-builder-workspace/.build/checkouts/jwt-kit/Sources/JWTKit/MLDSA/MLDSA65+MLDSAKey.swift:11:11: error: cannot find type 'MLDSA65' in scope
9 | @_spi(PostQuantum)
10 | @available(iOS 26.0, macOS 26.0, watchOS 26.0, tvOS 26.0, *)
11 | extension MLDSA65.PrivateKey: MLDSAPrivateKey {
| `- error: cannot find type 'MLDSA65' in scope
12 | public typealias MLDSAType = MLDSA65
13 | }
/Users/admin/builder/spi-builder-workspace/.build/checkouts/jwt-kit/Sources/JWTKit/MLDSA/MLDSA65+MLDSAKey.swift:17:53: error: cannot find type 'MLDSA65' in scope
15 | @_spi(PostQuantum)
16 | @available(iOS 26.0, macOS 26.0, watchOS 26.0, tvOS 26.0, *)
17 | public typealias MLDSA65PublicKey = MLDSA.PublicKey<MLDSA65>
| `- error: cannot find type 'MLDSA65' in scope
18 |
19 | @_spi(PostQuantum)
/Users/admin/builder/spi-builder-workspace/.build/checkouts/jwt-kit/Sources/JWTKit/MLDSA/MLDSA65+MLDSAKey.swift:21:55: error: cannot find type 'MLDSA65' in scope
19 | @_spi(PostQuantum)
20 | @available(iOS 26.0, macOS 26.0, watchOS 26.0, tvOS 26.0, *)
21 | public typealias MLDSA65PrivateKey = MLDSA.PrivateKey<MLDSA65>
| `- error: cannot find type 'MLDSA65' in scope
22 |
/Users/admin/builder/spi-builder-workspace/.build/checkouts/jwt-kit/Sources/JWTKit/MLDSA/MLDSA87+MLDSAKey.swift:5:11: error: cannot find type 'MLDSA87' in scope
3 | @_spi(PostQuantum)
4 | @available(iOS 26.0, macOS 26.0, watchOS 26.0, tvOS 26.0, *)
5 | extension MLDSA87.PublicKey: MLDSAPublicKey {
| `- error: cannot find type 'MLDSA87' in scope
6 | public typealias MLDSAType = MLDSA87
7 | }
/Users/admin/builder/spi-builder-workspace/.build/checkouts/jwt-kit/Sources/JWTKit/MLDSA/MLDSA87+MLDSAKey.swift:11:11: error: cannot find type 'MLDSA87' in scope
9 | @_spi(PostQuantum)
10 | @available(iOS 26.0, macOS 26.0, watchOS 26.0, tvOS 26.0, *)
11 | extension MLDSA87.PrivateKey: MLDSAPrivateKey {
| `- error: cannot find type 'MLDSA87' in scope
12 | public typealias MLDSAType = MLDSA87
13 | }
/Users/admin/builder/spi-builder-workspace/.build/checkouts/jwt-kit/Sources/JWTKit/MLDSA/MLDSA87+MLDSAKey.swift:17:53: error: cannot find type 'MLDSA87' in scope
15 | @_spi(PostQuantum)
16 | @available(iOS 26.0, macOS 26.0, watchOS 26.0, tvOS 26.0, *)
17 | public typealias MLDSA87PublicKey = MLDSA.PublicKey<MLDSA87>
| `- error: cannot find type 'MLDSA87' in scope
18 |
19 | @_spi(PostQuantum)
/Users/admin/builder/spi-builder-workspace/.build/checkouts/jwt-kit/Sources/JWTKit/MLDSA/MLDSA87+MLDSAKey.swift:21:55: error: cannot find type 'MLDSA87' in scope
19 | @_spi(PostQuantum)
20 | @available(iOS 26.0, macOS 26.0, watchOS 26.0, tvOS 26.0, *)
21 | public typealias MLDSA87PrivateKey = MLDSA.PrivateKey<MLDSA87>
| `- error: cannot find type 'MLDSA87' in scope
22 |
/Users/admin/builder/spi-builder-workspace/.build/checkouts/jwt-kit/Sources/JWTKit/MLDSA/MLDSA65+MLDSAKey.swift:6:34: error: cannot find type 'MLDSA65' in scope
4 | @available(iOS 26.0, macOS 26.0, watchOS 26.0, tvOS 26.0, *)
5 | extension MLDSA65.PublicKey: MLDSAPublicKey {
6 | public typealias MLDSAType = MLDSA65
| `- error: cannot find type 'MLDSA65' in scope
7 | }
8 |
/Users/admin/builder/spi-builder-workspace/.build/checkouts/jwt-kit/Sources/JWTKit/MLDSA/MLDSA65+MLDSAKey.swift:12:34: error: cannot find type 'MLDSA65' in scope
10 | @available(iOS 26.0, macOS 26.0, watchOS 26.0, tvOS 26.0, *)
11 | extension MLDSA65.PrivateKey: MLDSAPrivateKey {
12 | public typealias MLDSAType = MLDSA65
| `- error: cannot find type 'MLDSA65' in scope
13 | }
14 |
/Users/admin/builder/spi-builder-workspace/.build/checkouts/jwt-kit/Sources/JWTKit/MLDSA/MLDSA87+MLDSAKey.swift:6:34: error: cannot find type 'MLDSA87' in scope
4 | @available(iOS 26.0, macOS 26.0, watchOS 26.0, tvOS 26.0, *)
5 | extension MLDSA87.PublicKey: MLDSAPublicKey {
6 | public typealias MLDSAType = MLDSA87
| `- error: cannot find type 'MLDSA87' in scope
7 | }
8 |
/Users/admin/builder/spi-builder-workspace/.build/checkouts/jwt-kit/Sources/JWTKit/MLDSA/MLDSA87+MLDSAKey.swift:12:34: error: cannot find type 'MLDSA87' in scope
10 | @available(iOS 26.0, macOS 26.0, watchOS 26.0, tvOS 26.0, *)
11 | extension MLDSA87.PrivateKey: MLDSAPrivateKey {
12 | public typealias MLDSAType = MLDSA87
| `- error: cannot find type 'MLDSA87' in scope
13 | }
14 |
/Users/admin/builder/spi-builder-workspace/.build/checkouts/jwt-kit/Sources/JWTKit/MLDSA/MLDSA65+MLDSAKey.swift:5:11: error: cannot find type 'MLDSA65' in scope
3 | @_spi(PostQuantum)
4 | @available(iOS 26.0, macOS 26.0, watchOS 26.0, tvOS 26.0, *)
5 | extension MLDSA65.PublicKey: MLDSAPublicKey {
| `- error: cannot find type 'MLDSA65' in scope
6 | public typealias MLDSAType = MLDSA65
7 | }
/Users/admin/builder/spi-builder-workspace/.build/checkouts/jwt-kit/Sources/JWTKit/MLDSA/MLDSA65+MLDSAKey.swift:11:11: error: cannot find type 'MLDSA65' in scope
9 | @_spi(PostQuantum)
10 | @available(iOS 26.0, macOS 26.0, watchOS 26.0, tvOS 26.0, *)
11 | extension MLDSA65.PrivateKey: MLDSAPrivateKey {
| `- error: cannot find type 'MLDSA65' in scope
12 | public typealias MLDSAType = MLDSA65
13 | }
/Users/admin/builder/spi-builder-workspace/.build/checkouts/jwt-kit/Sources/JWTKit/MLDSA/MLDSA65+MLDSAKey.swift:17:53: error: cannot find type 'MLDSA65' in scope
15 | @_spi(PostQuantum)
16 | @available(iOS 26.0, macOS 26.0, watchOS 26.0, tvOS 26.0, *)
17 | public typealias MLDSA65PublicKey = MLDSA.PublicKey<MLDSA65>
| `- error: cannot find type 'MLDSA65' in scope
18 |
19 | @_spi(PostQuantum)
/Users/admin/builder/spi-builder-workspace/.build/checkouts/jwt-kit/Sources/JWTKit/MLDSA/MLDSA65+MLDSAKey.swift:21:55: error: cannot find type 'MLDSA65' in scope
19 | @_spi(PostQuantum)
20 | @available(iOS 26.0, macOS 26.0, watchOS 26.0, tvOS 26.0, *)
21 | public typealias MLDSA65PrivateKey = MLDSA.PrivateKey<MLDSA65>
| `- error: cannot find type 'MLDSA65' in scope
22 |
/Users/admin/builder/spi-builder-workspace/.build/checkouts/jwt-kit/Sources/JWTKit/MLDSA/MLDSA87+MLDSAKey.swift:5:11: error: cannot find type 'MLDSA87' in scope
3 | @_spi(PostQuantum)
4 | @available(iOS 26.0, macOS 26.0, watchOS 26.0, tvOS 26.0, *)
5 | extension MLDSA87.PublicKey: MLDSAPublicKey {
| `- error: cannot find type 'MLDSA87' in scope
6 | public typealias MLDSAType = MLDSA87
7 | }
/Users/admin/builder/spi-builder-workspace/.build/checkouts/jwt-kit/Sources/JWTKit/MLDSA/MLDSA87+MLDSAKey.swift:11:11: error: cannot find type 'MLDSA87' in scope
9 | @_spi(PostQuantum)
10 | @available(iOS 26.0, macOS 26.0, watchOS 26.0, tvOS 26.0, *)
11 | extension MLDSA87.PrivateKey: MLDSAPrivateKey {
| `- error: cannot find type 'MLDSA87' in scope
12 | public typealias MLDSAType = MLDSA87
13 | }
/Users/admin/builder/spi-builder-workspace/.build/checkouts/jwt-kit/Sources/JWTKit/MLDSA/MLDSA87+MLDSAKey.swift:17:53: error: cannot find type 'MLDSA87' in scope
15 | @_spi(PostQuantum)
16 | @available(iOS 26.0, macOS 26.0, watchOS 26.0, tvOS 26.0, *)
17 | public typealias MLDSA87PublicKey = MLDSA.PublicKey<MLDSA87>
| `- error: cannot find type 'MLDSA87' in scope
18 |
19 | @_spi(PostQuantum)
/Users/admin/builder/spi-builder-workspace/.build/checkouts/jwt-kit/Sources/JWTKit/MLDSA/MLDSA87+MLDSAKey.swift:21:55: error: cannot find type 'MLDSA87' in scope
19 | @_spi(PostQuantum)
20 | @available(iOS 26.0, macOS 26.0, watchOS 26.0, tvOS 26.0, *)
21 | public typealias MLDSA87PrivateKey = MLDSA.PrivateKey<MLDSA87>
| `- error: cannot find type 'MLDSA87' in scope
22 |
/Users/admin/builder/spi-builder-workspace/.build/checkouts/jwt-kit/Sources/JWTKit/MLDSA/MLDSA65+MLDSAKey.swift:6:34: error: cannot find type 'MLDSA65' in scope
4 | @available(iOS 26.0, macOS 26.0, watchOS 26.0, tvOS 26.0, *)
5 | extension MLDSA65.PublicKey: MLDSAPublicKey {
6 | public typealias MLDSAType = MLDSA65
| `- error: cannot find type 'MLDSA65' in scope
7 | }
8 |
/Users/admin/builder/spi-builder-workspace/.build/checkouts/jwt-kit/Sources/JWTKit/MLDSA/MLDSA65+MLDSAKey.swift:12:34: error: cannot find type 'MLDSA65' in scope
10 | @available(iOS 26.0, macOS 26.0, watchOS 26.0, tvOS 26.0, *)
11 | extension MLDSA65.PrivateKey: MLDSAPrivateKey {
12 | public typealias MLDSAType = MLDSA65
| `- error: cannot find type 'MLDSA65' in scope
13 | }
14 |
/Users/admin/builder/spi-builder-workspace/.build/checkouts/jwt-kit/Sources/JWTKit/MLDSA/MLDSA87+MLDSAKey.swift:6:34: error: cannot find type 'MLDSA87' in scope
4 | @available(iOS 26.0, macOS 26.0, watchOS 26.0, tvOS 26.0, *)
5 | extension MLDSA87.PublicKey: MLDSAPublicKey {
6 | public typealias MLDSAType = MLDSA87
| `- error: cannot find type 'MLDSA87' in scope
7 | }
8 |
/Users/admin/builder/spi-builder-workspace/.build/checkouts/jwt-kit/Sources/JWTKit/MLDSA/MLDSA87+MLDSAKey.swift:12:34: error: cannot find type 'MLDSA87' in scope
10 | @available(iOS 26.0, macOS 26.0, watchOS 26.0, tvOS 26.0, *)
11 | extension MLDSA87.PrivateKey: MLDSAPrivateKey {
12 | public typealias MLDSAType = MLDSA87
| `- error: cannot find type 'MLDSA87' in scope
13 | }
14 |
/Users/admin/builder/spi-builder-workspace/.build/checkouts/jwt-kit/Sources/JWTKit/MLDSA/MLDSA65+MLDSAKey.swift:5:11: error: cannot find type 'MLDSA65' in scope
3 | @_spi(PostQuantum)
4 | @available(iOS 26.0, macOS 26.0, watchOS 26.0, tvOS 26.0, *)
5 | extension MLDSA65.PublicKey: MLDSAPublicKey {
| `- error: cannot find type 'MLDSA65' in scope
6 | public typealias MLDSAType = MLDSA65
7 | }
/Users/admin/builder/spi-builder-workspace/.build/checkouts/jwt-kit/Sources/JWTKit/MLDSA/MLDSA65+MLDSAKey.swift:11:11: error: cannot find type 'MLDSA65' in scope
9 | @_spi(PostQuantum)
10 | @available(iOS 26.0, macOS 26.0, watchOS 26.0, tvOS 26.0, *)
11 | extension MLDSA65.PrivateKey: MLDSAPrivateKey {
| `- error: cannot find type 'MLDSA65' in scope
12 | public typealias MLDSAType = MLDSA65
13 | }
/Users/admin/builder/spi-builder-workspace/.build/checkouts/jwt-kit/Sources/JWTKit/MLDSA/MLDSA65+MLDSAKey.swift:17:53: error: cannot find type 'MLDSA65' in scope
15 | @_spi(PostQuantum)
16 | @available(iOS 26.0, macOS 26.0, watchOS 26.0, tvOS 26.0, *)
17 | public typealias MLDSA65PublicKey = MLDSA.PublicKey<MLDSA65>
| `- error: cannot find type 'MLDSA65' in scope
18 |
19 | @_spi(PostQuantum)
/Users/admin/builder/spi-builder-workspace/.build/checkouts/jwt-kit/Sources/JWTKit/MLDSA/MLDSA65+MLDSAKey.swift:21:55: error: cannot find type 'MLDSA65' in scope
19 | @_spi(PostQuantum)
20 | @available(iOS 26.0, macOS 26.0, watchOS 26.0, tvOS 26.0, *)
21 | public typealias MLDSA65PrivateKey = MLDSA.PrivateKey<MLDSA65>
| `- error: cannot find type 'MLDSA65' in scope
22 |
/Users/admin/builder/spi-builder-workspace/.build/checkouts/jwt-kit/Sources/JWTKit/MLDSA/MLDSA87+MLDSAKey.swift:5:11: error: cannot find type 'MLDSA87' in scope
3 | @_spi(PostQuantum)
4 | @available(iOS 26.0, macOS 26.0, watchOS 26.0, tvOS 26.0, *)
5 | extension MLDSA87.PublicKey: MLDSAPublicKey {
| `- error: cannot find type 'MLDSA87' in scope
6 | public typealias MLDSAType = MLDSA87
7 | }
/Users/admin/builder/spi-builder-workspace/.build/checkouts/jwt-kit/Sources/JWTKit/MLDSA/MLDSA87+MLDSAKey.swift:11:11: error: cannot find type 'MLDSA87' in scope
9 | @_spi(PostQuantum)
10 | @available(iOS 26.0, macOS 26.0, watchOS 26.0, tvOS 26.0, *)
11 | extension MLDSA87.PrivateKey: MLDSAPrivateKey {
| `- error: cannot find type 'MLDSA87' in scope
12 | public typealias MLDSAType = MLDSA87
13 | }
/Users/admin/builder/spi-builder-workspace/.build/checkouts/jwt-kit/Sources/JWTKit/MLDSA/MLDSA87+MLDSAKey.swift:17:53: error: cannot find type 'MLDSA87' in scope
15 | @_spi(PostQuantum)
16 | @available(iOS 26.0, macOS 26.0, watchOS 26.0, tvOS 26.0, *)
17 | public typealias MLDSA87PublicKey = MLDSA.PublicKey<MLDSA87>
| `- error: cannot find type 'MLDSA87' in scope
18 |
19 | @_spi(PostQuantum)
/Users/admin/builder/spi-builder-workspace/.build/checkouts/jwt-kit/Sources/JWTKit/MLDSA/MLDSA87+MLDSAKey.swift:21:55: error: cannot find type 'MLDSA87' in scope
19 | @_spi(PostQuantum)
20 | @available(iOS 26.0, macOS 26.0, watchOS 26.0, tvOS 26.0, *)
21 | public typealias MLDSA87PrivateKey = MLDSA.PrivateKey<MLDSA87>
| `- error: cannot find type 'MLDSA87' in scope
22 |
/Users/admin/builder/spi-builder-workspace/.build/checkouts/jwt-kit/Sources/JWTKit/MLDSA/MLDSA65+MLDSAKey.swift:6:34: error: cannot find type 'MLDSA65' in scope
4 | @available(iOS 26.0, macOS 26.0, watchOS 26.0, tvOS 26.0, *)
5 | extension MLDSA65.PublicKey: MLDSAPublicKey {
6 | public typealias MLDSAType = MLDSA65
| `- error: cannot find type 'MLDSA65' in scope
7 | }
8 |
/Users/admin/builder/spi-builder-workspace/.build/checkouts/jwt-kit/Sources/JWTKit/MLDSA/MLDSA65+MLDSAKey.swift:12:34: error: cannot find type 'MLDSA65' in scope
10 | @available(iOS 26.0, macOS 26.0, watchOS 26.0, tvOS 26.0, *)
11 | extension MLDSA65.PrivateKey: MLDSAPrivateKey {
12 | public typealias MLDSAType = MLDSA65
| `- error: cannot find type 'MLDSA65' in scope
13 | }
14 |
/Users/admin/builder/spi-builder-workspace/.build/checkouts/jwt-kit/Sources/JWTKit/MLDSA/MLDSA87+MLDSAKey.swift:6:34: error: cannot find type 'MLDSA87' in scope
4 | @available(iOS 26.0, macOS 26.0, watchOS 26.0, tvOS 26.0, *)
5 | extension MLDSA87.PublicKey: MLDSAPublicKey {
6 | public typealias MLDSAType = MLDSA87
| `- error: cannot find type 'MLDSA87' in scope
7 | }
8 |
/Users/admin/builder/spi-builder-workspace/.build/checkouts/jwt-kit/Sources/JWTKit/MLDSA/MLDSA87+MLDSAKey.swift:12:34: error: cannot find type 'MLDSA87' in scope
10 | @available(iOS 26.0, macOS 26.0, watchOS 26.0, tvOS 26.0, *)
11 | extension MLDSA87.PrivateKey: MLDSAPrivateKey {
12 | public typealias MLDSAType = MLDSA87
| `- error: cannot find type 'MLDSA87' in scope
13 | }
14 |
/Users/admin/builder/spi-builder-workspace/.build/checkouts/jwt-kit/Sources/JWTKit/MLDSA/MLDSA65+MLDSAKey.swift:5:11: error: cannot find type 'MLDSA65' in scope
3 | @_spi(PostQuantum)
4 | @available(iOS 26.0, macOS 26.0, watchOS 26.0, tvOS 26.0, *)
5 | extension MLDSA65.PublicKey: MLDSAPublicKey {
| `- error: cannot find type 'MLDSA65' in scope
6 | public typealias MLDSAType = MLDSA65
7 | }
/Users/admin/builder/spi-builder-workspace/.build/checkouts/jwt-kit/Sources/JWTKit/MLDSA/MLDSA65+MLDSAKey.swift:11:11: error: cannot find type 'MLDSA65' in scope
9 | @_spi(PostQuantum)
10 | @available(iOS 26.0, macOS 26.0, watchOS 26.0, tvOS 26.0, *)
11 | extension MLDSA65.PrivateKey: MLDSAPrivateKey {
| `- error: cannot find type 'MLDSA65' in scope
12 | public typealias MLDSAType = MLDSA65
13 | }
/Users/admin/builder/spi-builder-workspace/.build/checkouts/jwt-kit/Sources/JWTKit/MLDSA/MLDSA65+MLDSAKey.swift:17:53: error: cannot find type 'MLDSA65' in scope
15 | @_spi(PostQuantum)
16 | @available(iOS 26.0, macOS 26.0, watchOS 26.0, tvOS 26.0, *)
17 | public typealias MLDSA65PublicKey = MLDSA.PublicKey<MLDSA65>
| `- error: cannot find type 'MLDSA65' in scope
18 |
19 | @_spi(PostQuantum)
/Users/admin/builder/spi-builder-workspace/.build/checkouts/jwt-kit/Sources/JWTKit/MLDSA/MLDSA65+MLDSAKey.swift:21:55: error: cannot find type 'MLDSA65' in scope
19 | @_spi(PostQuantum)
20 | @available(iOS 26.0, macOS 26.0, watchOS 26.0, tvOS 26.0, *)
21 | public typealias MLDSA65PrivateKey = MLDSA.PrivateKey<MLDSA65>
| `- error: cannot find type 'MLDSA65' in scope
22 |
/Users/admin/builder/spi-builder-workspace/.build/checkouts/jwt-kit/Sources/JWTKit/MLDSA/MLDSA87+MLDSAKey.swift:5:11: error: cannot find type 'MLDSA87' in scope
3 | @_spi(PostQuantum)
4 | @available(iOS 26.0, macOS 26.0, watchOS 26.0, tvOS 26.0, *)
5 | extension MLDSA87.PublicKey: MLDSAPublicKey {
| `- error: cannot find type 'MLDSA87' in scope
6 | public typealias MLDSAType = MLDSA87
7 | }
/Users/admin/builder/spi-builder-workspace/.build/checkouts/jwt-kit/Sources/JWTKit/MLDSA/MLDSA87+MLDSAKey.swift:11:11: error: cannot find type 'MLDSA87' in scope
9 | @_spi(PostQuantum)
10 | @available(iOS 26.0, macOS 26.0, watchOS 26.0, tvOS 26.0, *)
11 | extension MLDSA87.PrivateKey: MLDSAPrivateKey {
| `- error: cannot find type 'MLDSA87' in scope
12 | public typealias MLDSAType = MLDSA87
13 | }
/Users/admin/builder/spi-builder-workspace/.build/checkouts/jwt-kit/Sources/JWTKit/MLDSA/MLDSA87+MLDSAKey.swift:17:53: error: cannot find type 'MLDSA87' in scope
15 | @_spi(PostQuantum)
16 | @available(iOS 26.0, macOS 26.0, watchOS 26.0, tvOS 26.0, *)
17 | public typealias MLDSA87PublicKey = MLDSA.PublicKey<MLDSA87>
| `- error: cannot find type 'MLDSA87' in scope
18 |
19 | @_spi(PostQuantum)
/Users/admin/builder/spi-builder-workspace/.build/checkouts/jwt-kit/Sources/JWTKit/MLDSA/MLDSA87+MLDSAKey.swift:21:55: error: cannot find type 'MLDSA87' in scope
19 | @_spi(PostQuantum)
20 | @available(iOS 26.0, macOS 26.0, watchOS 26.0, tvOS 26.0, *)
21 | public typealias MLDSA87PrivateKey = MLDSA.PrivateKey<MLDSA87>
| `- error: cannot find type 'MLDSA87' in scope
22 |
/Users/admin/builder/spi-builder-workspace/.build/checkouts/jwt-kit/Sources/JWTKit/MLDSA/MLDSA65+MLDSAKey.swift:6:34: error: cannot find type 'MLDSA65' in scope
4 | @available(iOS 26.0, macOS 26.0, watchOS 26.0, tvOS 26.0, *)
5 | extension MLDSA65.PublicKey: MLDSAPublicKey {
6 | public typealias MLDSAType = MLDSA65
| `- error: cannot find type 'MLDSA65' in scope
7 | }
8 |
/Users/admin/builder/spi-builder-workspace/.build/checkouts/jwt-kit/Sources/JWTKit/MLDSA/MLDSA65+MLDSAKey.swift:12:34: error: cannot find type 'MLDSA65' in scope
10 | @available(iOS 26.0, macOS 26.0, watchOS 26.0, tvOS 26.0, *)
11 | extension MLDSA65.PrivateKey: MLDSAPrivateKey {
12 | public typealias MLDSAType = MLDSA65
| `- error: cannot find type 'MLDSA65' in scope
13 | }
14 |
/Users/admin/builder/spi-builder-workspace/.build/checkouts/jwt-kit/Sources/JWTKit/MLDSA/MLDSA87+MLDSAKey.swift:6:34: error: cannot find type 'MLDSA87' in scope
4 | @available(iOS 26.0, macOS 26.0, watchOS 26.0, tvOS 26.0, *)
5 | extension MLDSA87.PublicKey: MLDSAPublicKey {
6 | public typealias MLDSAType = MLDSA87
| `- error: cannot find type 'MLDSA87' in scope
7 | }
8 |
/Users/admin/builder/spi-builder-workspace/.build/checkouts/jwt-kit/Sources/JWTKit/MLDSA/MLDSA87+MLDSAKey.swift:12:34: error: cannot find type 'MLDSA87' in scope
10 | @available(iOS 26.0, macOS 26.0, watchOS 26.0, tvOS 26.0, *)
11 | extension MLDSA87.PrivateKey: MLDSAPrivateKey {
12 | public typealias MLDSAType = MLDSA87
| `- error: cannot find type 'MLDSA87' in scope
13 | }
14 |
[1105/1124] Compiling JWTKit AppleIdentityToken.swift
[1106/1124] Compiling JWTKit FirebaseAuthIdentityToken.swift
[1107/1124] Compiling JWTKit GoogleIdentityToken.swift
[1108/1124] Compiling JWTKit MicrosoftIdentityToken.swift
[1109/1124] Compiling JWTKit EmptyPolicy.swift
[1110/1124] Compiling JWTKit ValidationTimePayload.swift
[1111/1124] Compiling JWTKit X5CVerifier.swift
BUILD FAILURE 6.1 macosSpm