The Swift Package Index logo.Swift Package Index

Build Information

Failed to build swift-graphql, reference 5.1.3 (24a446), with Swift 6.4 for visionOS using Xcode 27.0 on 20 Sep 2026 16:58:15 UTC.

Build Command

env DEVELOPER_DIR=/Applications/Xcode-27.0.0-Release.Candidate.app xcrun xcodebuild -IDEClonedSourcePackagesDirPathOverride=$PWD/.dependencies -skipMacroValidation -skipPackagePluginValidation -derivedDataPath $PWD/.derivedData build -scheme swift-graphql-Package -destination generic/platform=xrOS

Build Log

SwiftCompile normal arm64 /Users/admin/builder/spi-builder-workspace/.dependencies/checkouts/swift-format/Sources/SwiftFormat/Core/RuleRegistry+Generated.swift (in target 'SwiftFormat' from project 'swift-format')
    cd /Users/admin/builder/spi-builder-workspace/.swiftpm/xcode
    builtin-SwiftPerFileCompile RuleRegistry+Generated.swift
SwiftCompile normal arm64 /Users/admin/builder/spi-builder-workspace/.dependencies/checkouts/swift-format/Sources/SwiftFormat/Core/RuleState.swift (in target 'SwiftFormat' from project 'swift-format')
    cd /Users/admin/builder/spi-builder-workspace/.swiftpm/xcode
    builtin-SwiftPerFileCompile RuleState.swift
SwiftCompile normal arm64 /Users/admin/builder/spi-builder-workspace/.dependencies/checkouts/swift-format/Sources/SwiftFormat/Core/SyntaxFormatRule.swift (in target 'SwiftFormat' from project 'swift-format')
    cd /Users/admin/builder/spi-builder-workspace/.swiftpm/xcode
    builtin-SwiftPerFileCompile SyntaxFormatRule.swift
SwiftCompile normal arm64 /Users/admin/builder/spi-builder-workspace/.dependencies/checkouts/swift-format/Sources/SwiftFormat/Core/SyntaxLintRule.swift (in target 'SwiftFormat' from project 'swift-format')
    cd /Users/admin/builder/spi-builder-workspace/.swiftpm/xcode
    builtin-SwiftPerFileCompile SyntaxLintRule.swift
SwiftCompile normal arm64 /Users/admin/builder/spi-builder-workspace/.dependencies/checkouts/swift-format/Sources/SwiftFormat/Core/SyntaxProtocol+Convenience.swift (in target 'SwiftFormat' from project 'swift-format')
    cd /Users/admin/builder/spi-builder-workspace/.swiftpm/xcode
    builtin-SwiftPerFileCompile SyntaxProtocol+Convenience.swift
SwiftCompile normal arm64 /Users/admin/builder/spi-builder-workspace/.dependencies/checkouts/swift-format/Sources/SwiftFormat/Core/Trivia+Convenience.swift (in target 'SwiftFormat' from project 'swift-format')
    cd /Users/admin/builder/spi-builder-workspace/.swiftpm/xcode
    builtin-SwiftPerFileCompile Trivia+Convenience.swift
SwiftCompile normal arm64 /Users/admin/builder/spi-builder-workspace/.dependencies/checkouts/swift-format/Sources/SwiftFormat/Core/WithSemicolonSyntax.swift (in target 'SwiftFormat' from project 'swift-format')
    cd /Users/admin/builder/spi-builder-workspace/.swiftpm/xcode
    builtin-SwiftPerFileCompile WithSemicolonSyntax.swift
SwiftCompile normal arm64 /Users/admin/builder/spi-builder-workspace/.dependencies/checkouts/swift-format/Sources/SwiftFormat/PrettyPrint/Comment.swift (in target 'SwiftFormat' from project 'swift-format')
    cd /Users/admin/builder/spi-builder-workspace/.swiftpm/xcode
    builtin-SwiftPerFileCompile Comment.swift
SwiftCompile normal arm64 Compiling\ Indent+Length.swift,\ PrettyPrint.swift,\ PrettyPrintFindingCategory.swift,\ Token.swift,\ TokenStreamCreator.swift,\ Verbatim.swift,\ WhitespaceFindingCategory.swift,\ WhitespaceLinter.swift /Users/admin/builder/spi-builder-workspace/.dependencies/checkouts/swift-format/Sources/SwiftFormat/PrettyPrint/Indent+Length.swift /Users/admin/builder/spi-builder-workspace/.dependencies/checkouts/swift-format/Sources/SwiftFormat/PrettyPrint/PrettyPrint.swift /Users/admin/builder/spi-builder-workspace/.dependencies/checkouts/swift-format/Sources/SwiftFormat/PrettyPrint/PrettyPrintFindingCategory.swift /Users/admin/builder/spi-builder-workspace/.dependencies/checkouts/swift-format/Sources/SwiftFormat/PrettyPrint/Token.swift /Users/admin/builder/spi-builder-workspace/.dependencies/checkouts/swift-format/Sources/SwiftFormat/PrettyPrint/TokenStreamCreator.swift /Users/admin/builder/spi-builder-workspace/.dependencies/checkouts/swift-format/Sources/SwiftFormat/PrettyPrint/Verbatim.swift /Users/admin/builder/spi-builder-workspace/.dependencies/checkouts/swift-format/Sources/SwiftFormat/PrettyPrint/WhitespaceFindingCategory.swift /Users/admin/builder/spi-builder-workspace/.dependencies/checkouts/swift-format/Sources/SwiftFormat/PrettyPrint/WhitespaceLinter.swift (in target 'SwiftFormat' from project 'swift-format')
SwiftCompile normal arm64 /Users/admin/builder/spi-builder-workspace/.dependencies/checkouts/swift-format/Sources/SwiftFormat/PrettyPrint/Indent+Length.swift (in target 'SwiftFormat' from project 'swift-format')
    cd /Users/admin/builder/spi-builder-workspace/.swiftpm/xcode
    builtin-SwiftPerFileCompile Indent+Length.swift
SwiftCompile normal arm64 /Users/admin/builder/spi-builder-workspace/.dependencies/checkouts/swift-format/Sources/SwiftFormat/PrettyPrint/PrettyPrint.swift (in target 'SwiftFormat' from project 'swift-format')
    cd /Users/admin/builder/spi-builder-workspace/.swiftpm/xcode
    builtin-SwiftPerFileCompile PrettyPrint.swift
SwiftCompile normal arm64 /Users/admin/builder/spi-builder-workspace/.dependencies/checkouts/swift-format/Sources/SwiftFormat/PrettyPrint/PrettyPrintFindingCategory.swift (in target 'SwiftFormat' from project 'swift-format')
    cd /Users/admin/builder/spi-builder-workspace/.swiftpm/xcode
    builtin-SwiftPerFileCompile PrettyPrintFindingCategory.swift
SwiftCompile normal arm64 /Users/admin/builder/spi-builder-workspace/.dependencies/checkouts/swift-format/Sources/SwiftFormat/PrettyPrint/Token.swift (in target 'SwiftFormat' from project 'swift-format')
    cd /Users/admin/builder/spi-builder-workspace/.swiftpm/xcode
    builtin-SwiftPerFileCompile Token.swift
SwiftCompile normal arm64 /Users/admin/builder/spi-builder-workspace/.dependencies/checkouts/swift-format/Sources/SwiftFormat/PrettyPrint/TokenStreamCreator.swift (in target 'SwiftFormat' from project 'swift-format')
    cd /Users/admin/builder/spi-builder-workspace/.swiftpm/xcode
    builtin-SwiftPerFileCompile TokenStreamCreator.swift
SwiftCompile normal arm64 /Users/admin/builder/spi-builder-workspace/.dependencies/checkouts/swift-format/Sources/SwiftFormat/PrettyPrint/Verbatim.swift (in target 'SwiftFormat' from project 'swift-format')
    cd /Users/admin/builder/spi-builder-workspace/.swiftpm/xcode
    builtin-SwiftPerFileCompile Verbatim.swift
SwiftCompile normal arm64 /Users/admin/builder/spi-builder-workspace/.dependencies/checkouts/swift-format/Sources/SwiftFormat/PrettyPrint/WhitespaceFindingCategory.swift (in target 'SwiftFormat' from project 'swift-format')
    cd /Users/admin/builder/spi-builder-workspace/.swiftpm/xcode
    builtin-SwiftPerFileCompile WhitespaceFindingCategory.swift
SwiftCompile normal arm64 /Users/admin/builder/spi-builder-workspace/.dependencies/checkouts/swift-format/Sources/SwiftFormat/PrettyPrint/WhitespaceLinter.swift (in target 'SwiftFormat' from project 'swift-format')
    cd /Users/admin/builder/spi-builder-workspace/.swiftpm/xcode
    builtin-SwiftPerFileCompile WhitespaceLinter.swift
SwiftCompile normal arm64 Compiling\ UseEarlyExits.swift,\ UseLetInEveryBoundCaseVariable.swift,\ UseShorthandTypeNames.swift,\ UseSingleLinePropertyGetter.swift,\ UseSynthesizedInitializer.swift,\ UseTripleSlashForDocumentationComments.swift,\ UseWhereClausesInForLoops.swift,\ ValidateDocumentationComments.swift /Users/admin/builder/spi-builder-workspace/.dependencies/checkouts/swift-format/Sources/SwiftFormat/Rules/UseEarlyExits.swift /Users/admin/builder/spi-builder-workspace/.dependencies/checkouts/swift-format/Sources/SwiftFormat/Rules/UseLetInEveryBoundCaseVariable.swift /Users/admin/builder/spi-builder-workspace/.dependencies/checkouts/swift-format/Sources/SwiftFormat/Rules/UseShorthandTypeNames.swift /Users/admin/builder/spi-builder-workspace/.dependencies/checkouts/swift-format/Sources/SwiftFormat/Rules/UseSingleLinePropertyGetter.swift /Users/admin/builder/spi-builder-workspace/.dependencies/checkouts/swift-format/Sources/SwiftFormat/Rules/UseSynthesizedInitializer.swift /Users/admin/builder/spi-builder-workspace/.dependencies/checkouts/swift-format/Sources/SwiftFormat/Rules/UseTripleSlashForDocumentationComments.swift /Users/admin/builder/spi-builder-workspace/.dependencies/checkouts/swift-format/Sources/SwiftFormat/Rules/UseWhereClausesInForLoops.swift /Users/admin/builder/spi-builder-workspace/.dependencies/checkouts/swift-format/Sources/SwiftFormat/Rules/ValidateDocumentationComments.swift (in target 'SwiftFormat' from project 'swift-format')
SwiftCompile normal arm64 /Users/admin/builder/spi-builder-workspace/.dependencies/checkouts/swift-format/Sources/SwiftFormat/Rules/UseEarlyExits.swift (in target 'SwiftFormat' from project 'swift-format')
    cd /Users/admin/builder/spi-builder-workspace/.swiftpm/xcode
    builtin-SwiftPerFileCompile UseEarlyExits.swift
SwiftCompile normal arm64 /Users/admin/builder/spi-builder-workspace/.dependencies/checkouts/swift-format/Sources/SwiftFormat/Rules/UseLetInEveryBoundCaseVariable.swift (in target 'SwiftFormat' from project 'swift-format')
    cd /Users/admin/builder/spi-builder-workspace/.swiftpm/xcode
    builtin-SwiftPerFileCompile UseLetInEveryBoundCaseVariable.swift
SwiftCompile normal arm64 /Users/admin/builder/spi-builder-workspace/.dependencies/checkouts/swift-format/Sources/SwiftFormat/Rules/UseShorthandTypeNames.swift (in target 'SwiftFormat' from project 'swift-format')
    cd /Users/admin/builder/spi-builder-workspace/.swiftpm/xcode
    builtin-SwiftPerFileCompile UseShorthandTypeNames.swift
SwiftCompile normal arm64 /Users/admin/builder/spi-builder-workspace/.dependencies/checkouts/swift-format/Sources/SwiftFormat/Rules/UseSingleLinePropertyGetter.swift (in target 'SwiftFormat' from project 'swift-format')
    cd /Users/admin/builder/spi-builder-workspace/.swiftpm/xcode
    builtin-SwiftPerFileCompile UseSingleLinePropertyGetter.swift
SwiftCompile normal arm64 /Users/admin/builder/spi-builder-workspace/.dependencies/checkouts/swift-format/Sources/SwiftFormat/Rules/UseSynthesizedInitializer.swift (in target 'SwiftFormat' from project 'swift-format')
    cd /Users/admin/builder/spi-builder-workspace/.swiftpm/xcode
    builtin-SwiftPerFileCompile UseSynthesizedInitializer.swift
SwiftCompile normal arm64 /Users/admin/builder/spi-builder-workspace/.dependencies/checkouts/swift-format/Sources/SwiftFormat/Rules/UseTripleSlashForDocumentationComments.swift (in target 'SwiftFormat' from project 'swift-format')
    cd /Users/admin/builder/spi-builder-workspace/.swiftpm/xcode
    builtin-SwiftPerFileCompile UseTripleSlashForDocumentationComments.swift
SwiftCompile normal arm64 /Users/admin/builder/spi-builder-workspace/.dependencies/checkouts/swift-format/Sources/SwiftFormat/Rules/UseWhereClausesInForLoops.swift (in target 'SwiftFormat' from project 'swift-format')
    cd /Users/admin/builder/spi-builder-workspace/.swiftpm/xcode
    builtin-SwiftPerFileCompile UseWhereClausesInForLoops.swift
SwiftCompile normal arm64 /Users/admin/builder/spi-builder-workspace/.dependencies/checkouts/swift-format/Sources/SwiftFormat/Rules/ValidateDocumentationComments.swift (in target 'SwiftFormat' from project 'swift-format')
    cd /Users/admin/builder/spi-builder-workspace/.swiftpm/xcode
    builtin-SwiftPerFileCompile ValidateDocumentationComments.swift
SwiftCompile normal arm64 Compiling\ FullyIndirectEnum.swift,\ GroupNumericLiterals.swift,\ IdentifiersMustBeASCII.swift,\ NeverForceUnwrap.swift,\ NeverUseForceTry.swift,\ NeverUseImplicitlyUnwrappedOptionals.swift,\ NoAccessLevelOnExtensionDeclaration.swift,\ NoAssignmentInExpressions.swift /Users/admin/builder/spi-builder-workspace/.dependencies/checkouts/swift-format/Sources/SwiftFormat/Rules/FullyIndirectEnum.swift /Users/admin/builder/spi-builder-workspace/.dependencies/checkouts/swift-format/Sources/SwiftFormat/Rules/GroupNumericLiterals.swift /Users/admin/builder/spi-builder-workspace/.dependencies/checkouts/swift-format/Sources/SwiftFormat/Rules/IdentifiersMustBeASCII.swift /Users/admin/builder/spi-builder-workspace/.dependencies/checkouts/swift-format/Sources/SwiftFormat/Rules/NeverForceUnwrap.swift /Users/admin/builder/spi-builder-workspace/.dependencies/checkouts/swift-format/Sources/SwiftFormat/Rules/NeverUseForceTry.swift /Users/admin/builder/spi-builder-workspace/.dependencies/checkouts/swift-format/Sources/SwiftFormat/Rules/NeverUseImplicitlyUnwrappedOptionals.swift /Users/admin/builder/spi-builder-workspace/.dependencies/checkouts/swift-format/Sources/SwiftFormat/Rules/NoAccessLevelOnExtensionDeclaration.swift /Users/admin/builder/spi-builder-workspace/.dependencies/checkouts/swift-format/Sources/SwiftFormat/Rules/NoAssignmentInExpressions.swift (in target 'SwiftFormat' from project 'swift-format')
SwiftCompile normal arm64 /Users/admin/builder/spi-builder-workspace/.dependencies/checkouts/swift-format/Sources/SwiftFormat/Rules/FullyIndirectEnum.swift (in target 'SwiftFormat' from project 'swift-format')
    cd /Users/admin/builder/spi-builder-workspace/.swiftpm/xcode
    builtin-SwiftPerFileCompile FullyIndirectEnum.swift
SwiftCompile normal arm64 /Users/admin/builder/spi-builder-workspace/.dependencies/checkouts/swift-format/Sources/SwiftFormat/Rules/GroupNumericLiterals.swift (in target 'SwiftFormat' from project 'swift-format')
    cd /Users/admin/builder/spi-builder-workspace/.swiftpm/xcode
    builtin-SwiftPerFileCompile GroupNumericLiterals.swift
SwiftCompile normal arm64 /Users/admin/builder/spi-builder-workspace/.dependencies/checkouts/swift-format/Sources/SwiftFormat/Rules/IdentifiersMustBeASCII.swift (in target 'SwiftFormat' from project 'swift-format')
    cd /Users/admin/builder/spi-builder-workspace/.swiftpm/xcode
    builtin-SwiftPerFileCompile IdentifiersMustBeASCII.swift
SwiftCompile normal arm64 /Users/admin/builder/spi-builder-workspace/.dependencies/checkouts/swift-format/Sources/SwiftFormat/Rules/NeverForceUnwrap.swift (in target 'SwiftFormat' from project 'swift-format')
    cd /Users/admin/builder/spi-builder-workspace/.swiftpm/xcode
    builtin-SwiftPerFileCompile NeverForceUnwrap.swift
SwiftCompile normal arm64 /Users/admin/builder/spi-builder-workspace/.dependencies/checkouts/swift-format/Sources/SwiftFormat/Rules/NeverUseForceTry.swift (in target 'SwiftFormat' from project 'swift-format')
    cd /Users/admin/builder/spi-builder-workspace/.swiftpm/xcode
    builtin-SwiftPerFileCompile NeverUseForceTry.swift
SwiftCompile normal arm64 /Users/admin/builder/spi-builder-workspace/.dependencies/checkouts/swift-format/Sources/SwiftFormat/Rules/NeverUseImplicitlyUnwrappedOptionals.swift (in target 'SwiftFormat' from project 'swift-format')
    cd /Users/admin/builder/spi-builder-workspace/.swiftpm/xcode
    builtin-SwiftPerFileCompile NeverUseImplicitlyUnwrappedOptionals.swift
SwiftCompile normal arm64 /Users/admin/builder/spi-builder-workspace/.dependencies/checkouts/swift-format/Sources/SwiftFormat/Rules/NoAccessLevelOnExtensionDeclaration.swift (in target 'SwiftFormat' from project 'swift-format')
    cd /Users/admin/builder/spi-builder-workspace/.swiftpm/xcode
    builtin-SwiftPerFileCompile NoAccessLevelOnExtensionDeclaration.swift
SwiftCompile normal arm64 /Users/admin/builder/spi-builder-workspace/.dependencies/checkouts/swift-format/Sources/SwiftFormat/Rules/NoAssignmentInExpressions.swift (in target 'SwiftFormat' from project 'swift-format')
    cd /Users/admin/builder/spi-builder-workspace/.swiftpm/xcode
    builtin-SwiftPerFileCompile NoAssignmentInExpressions.swift
SwiftDriverJobDiscovery normal arm64 Compiling MissingNodesError.swift, MissingTokenError.swift (in target 'SwiftParserDiagnostics' from project 'swift-syntax')
SwiftCompile normal arm64 Compiling\ LegacyTriviaBehavior.swift,\ LintPipeline.swift,\ ModifierListSyntax+Convenience.swift,\ Parsing.swift,\ Pipelines+Generated.swift,\ RememberingIterator.swift,\ Rule.swift,\ RuleBasedFindingCategory.swift,\ RuleMask.swift /Users/admin/builder/spi-builder-workspace/.dependencies/checkouts/swift-format/Sources/SwiftFormat/Core/LegacyTriviaBehavior.swift /Users/admin/builder/spi-builder-workspace/.dependencies/checkouts/swift-format/Sources/SwiftFormat/Core/LintPipeline.swift /Users/admin/builder/spi-builder-workspace/.dependencies/checkouts/swift-format/Sources/SwiftFormat/Core/ModifierListSyntax+Convenience.swift /Users/admin/builder/spi-builder-workspace/.dependencies/checkouts/swift-format/Sources/SwiftFormat/Core/Parsing.swift /Users/admin/builder/spi-builder-workspace/.dependencies/checkouts/swift-format/Sources/SwiftFormat/Core/Pipelines+Generated.swift /Users/admin/builder/spi-builder-workspace/.dependencies/checkouts/swift-format/Sources/SwiftFormat/Core/RememberingIterator.swift /Users/admin/builder/spi-builder-workspace/.dependencies/checkouts/swift-format/Sources/SwiftFormat/Core/Rule.swift /Users/admin/builder/spi-builder-workspace/.dependencies/checkouts/swift-format/Sources/SwiftFormat/Core/RuleBasedFindingCategory.swift /Users/admin/builder/spi-builder-workspace/.dependencies/checkouts/swift-format/Sources/SwiftFormat/Core/RuleMask.swift (in target 'SwiftFormat' from project 'swift-format')
SwiftCompile normal arm64 /Users/admin/builder/spi-builder-workspace/.dependencies/checkouts/swift-format/Sources/SwiftFormat/Core/LegacyTriviaBehavior.swift (in target 'SwiftFormat' from project 'swift-format')
    cd /Users/admin/builder/spi-builder-workspace/.swiftpm/xcode
    builtin-SwiftPerFileCompile LegacyTriviaBehavior.swift
SwiftCompile normal arm64 /Users/admin/builder/spi-builder-workspace/.dependencies/checkouts/swift-format/Sources/SwiftFormat/Core/LintPipeline.swift (in target 'SwiftFormat' from project 'swift-format')
    cd /Users/admin/builder/spi-builder-workspace/.swiftpm/xcode
    builtin-SwiftPerFileCompile LintPipeline.swift
SwiftCompile normal arm64 /Users/admin/builder/spi-builder-workspace/.dependencies/checkouts/swift-format/Sources/SwiftFormat/Core/ModifierListSyntax+Convenience.swift (in target 'SwiftFormat' from project 'swift-format')
    cd /Users/admin/builder/spi-builder-workspace/.swiftpm/xcode
    builtin-SwiftPerFileCompile ModifierListSyntax+Convenience.swift
SwiftCompile normal arm64 /Users/admin/builder/spi-builder-workspace/.dependencies/checkouts/swift-format/Sources/SwiftFormat/Core/Parsing.swift (in target 'SwiftFormat' from project 'swift-format')
    cd /Users/admin/builder/spi-builder-workspace/.swiftpm/xcode
    builtin-SwiftPerFileCompile Parsing.swift
SwiftCompile normal arm64 /Users/admin/builder/spi-builder-workspace/.dependencies/checkouts/swift-format/Sources/SwiftFormat/Core/Pipelines+Generated.swift (in target 'SwiftFormat' from project 'swift-format')
    cd /Users/admin/builder/spi-builder-workspace/.swiftpm/xcode
    builtin-SwiftPerFileCompile Pipelines+Generated.swift
SwiftCompile normal arm64 /Users/admin/builder/spi-builder-workspace/.dependencies/checkouts/swift-format/Sources/SwiftFormat/Core/RememberingIterator.swift (in target 'SwiftFormat' from project 'swift-format')
    cd /Users/admin/builder/spi-builder-workspace/.swiftpm/xcode
    builtin-SwiftPerFileCompile RememberingIterator.swift
SwiftCompile normal arm64 /Users/admin/builder/spi-builder-workspace/.dependencies/checkouts/swift-format/Sources/SwiftFormat/Core/Rule.swift (in target 'SwiftFormat' from project 'swift-format')
    cd /Users/admin/builder/spi-builder-workspace/.swiftpm/xcode
    builtin-SwiftPerFileCompile Rule.swift
SwiftCompile normal arm64 /Users/admin/builder/spi-builder-workspace/.dependencies/checkouts/swift-format/Sources/SwiftFormat/Core/RuleBasedFindingCategory.swift (in target 'SwiftFormat' from project 'swift-format')
    cd /Users/admin/builder/spi-builder-workspace/.swiftpm/xcode
    builtin-SwiftPerFileCompile RuleBasedFindingCategory.swift
SwiftCompile normal arm64 /Users/admin/builder/spi-builder-workspace/.dependencies/checkouts/swift-format/Sources/SwiftFormat/Core/RuleMask.swift (in target 'SwiftFormat' from project 'swift-format')
    cd /Users/admin/builder/spi-builder-workspace/.swiftpm/xcode
    builtin-SwiftPerFileCompile RuleMask.swift
SwiftDriverJobDiscovery normal arm64 Compiling MultiLineStringLiteralDiagnosticsGenerator.swift, ParseDiagnosticsGenerator.swift (in target 'SwiftParserDiagnostics' from project 'swift-syntax')
SwiftDriver\ Compilation SwiftParserDiagnostics normal arm64 com.apple.xcode.tools.swift.compiler (in target 'SwiftParserDiagnostics' from project 'swift-syntax')
    cd /Users/admin/builder/spi-builder-workspace/.swiftpm/xcode
    builtin-Swift-Compilation -- /Applications/Xcode-27.0.0-Release.Candidate.app/Contents/Developer/Toolchains/XcodeDefault.xctoolchain/usr/bin/swiftc -parse-as-library -module-name SwiftParserDiagnostics -Onone @/Users/admin/builder/spi-builder-workspace/.derivedData/Build/Intermediates.noindex/swift-syntax.build/Debug-xros/SwiftParserDiagnostics-t.build/Objects-normal/arm64/SwiftParserDiagnostics.SwiftFileList -DSWIFT_PACKAGE -DDEBUG -DSWIFT_MODULE_RESOURCE_BUNDLE_UNAVAILABLE -DXcode -plugin-path /Applications/Xcode-27.0.0-Release.Candidate.app/Contents/Developer/Toolchains/XcodeDefault.xctoolchain/usr/lib/swift/host/plugins/testing -enable-experimental-feature DebugDescriptionMacro -sdk /Applications/Xcode-27.0.0-Release.Candidate.app/Contents/Developer/Platforms/XROS.platform/Developer/SDKs/XROS27.0.sdk -target arm64-apple-xros1.0 -g -module-cache-path /Users/admin/builder/spi-builder-workspace/.derivedData/ModuleCache.noindex -Xfrontend -serialize-debugging-options -profile-coverage-mapping -profile-generate -enable-testing -suppress-warnings -index-store-path /Users/admin/builder/spi-builder-workspace/.derivedData/Index.noindex/DataStore -Xcc -D_LIBCPP_HARDENING_MODE\=_LIBCPP_HARDENING_MODE_DEBUG -swift-version 5 -I /Users/admin/builder/spi-builder-workspace/.derivedData/Build/Products/Debug-xros -Isystem /Applications/Xcode-27.0.0-Release.Candidate.app/Contents/Developer/Platforms/XROS.platform/Developer/usr/lib -F /Users/admin/builder/spi-builder-workspace/.derivedData/Build/Products/Debug-xros/PackageFrameworks -F /Users/admin/builder/spi-builder-workspace/.derivedData/Build/Products/Debug-xros -F /Applications/Xcode-27.0.0-Release.Candidate.app/Contents/Developer/Platforms/XROS.platform/Developer/Library/Frameworks -F /Applications/Xcode-27.0.0-Release.Candidate.app/Contents/Developer/Platforms/XROS.platform/Developer/SDKs/XROS27.0.sdk/Developer/Library/Frameworks -c -j10 -enable-batch-mode -incremental -Xcc -ivfsstatcache -Xcc /Users/admin/builder/spi-builder-workspace/.derivedData/SDKStatCaches.noindex/xros27.0-24M361-e829b21a6f8c9b70876ba0858053c044735bd543db762f57723cac368afd1ce4.sdkstatcache -output-file-map /Users/admin/builder/spi-builder-workspace/.derivedData/Build/Intermediates.noindex/swift-syntax.build/Debug-xros/SwiftParserDiagnostics-t.build/Objects-normal/arm64/SwiftParserDiagnostics-OutputFileMap.json -save-temps -no-color-diagnostics -explicit-module-build -module-cache-path /Users/admin/builder/spi-builder-workspace/.derivedData/Build/Intermediates.noindex/SwiftExplicitPrecompiledModules -clang-scanner-module-cache-path /Users/admin/builder/spi-builder-workspace/.derivedData/ModuleCache.noindex -sdk-module-cache-path /Users/admin/builder/spi-builder-workspace/.derivedData/SDKExplicitPrecompiledModules -emit-dependencies -emit-module -emit-module-path /Users/admin/builder/spi-builder-workspace/.derivedData/Build/Intermediates.noindex/swift-syntax.build/Debug-xros/SwiftParserDiagnostics-t.build/Objects-normal/arm64/SwiftParserDiagnostics.swiftmodule -serialize-diagnostics -dependency-scan-serialize-diagnostics-path /Users/admin/builder/spi-builder-workspace/.derivedData/Build/Intermediates.noindex/swift-syntax.build/Debug-xros/SwiftParserDiagnostics-t.build/Objects-normal/arm64/SwiftParserDiagnostics-dependency-scan.dia -validate-clang-modules-once -clang-build-session-file /Users/admin/builder/spi-builder-workspace/.derivedData/ModuleCache.noindex/Session.modulevalidation -Xcc -fmodules-prune-interval\=86400 -Xcc -fmodules-prune-after\=345600 -emit-const-values -const-gather-protocols-list /Users/admin/builder/spi-builder-workspace/.derivedData/Build/Intermediates.noindex/swift-syntax.build/Debug-xros/SwiftParserDiagnostics-t.build/Objects-normal/arm64/SwiftParserDiagnostics_const_extract_protocols.json -Xcc -I/Users/admin/builder/spi-builder-workspace/.derivedData/Build/Products/Debug-xros/include -Xcc -I/Users/admin/builder/spi-builder-workspace/.derivedData/Build/Intermediates.noindex/swift-syntax.build/Debug-xros/SwiftParserDiagnostics-t.build/DerivedSources-normal/arm64 -Xcc -I/Users/admin/builder/spi-builder-workspace/.derivedData/Build/Intermediates.noindex/swift-syntax.build/Debug-xros/SwiftParserDiagnostics-t.build/DerivedSources/arm64 -Xcc -I/Users/admin/builder/spi-builder-workspace/.derivedData/Build/Intermediates.noindex/swift-syntax.build/Debug-xros/SwiftParserDiagnostics-t.build/DerivedSources -Xcc -DSWIFT_PACKAGE -Xcc -DDEBUG\=1 -emit-objc-header -emit-objc-header-path /Users/admin/builder/spi-builder-workspace/.derivedData/Build/Intermediates.noindex/swift-syntax.build/Debug-xros/SwiftParserDiagnostics-t.build/Objects-normal/arm64/SwiftParserDiagnostics-Swift.h -working-directory /Users/admin/builder/spi-builder-workspace/.swiftpm/xcode -experimental-emit-module-separately -disable-cmo
SwiftDriverJobDiscovery normal arm64 Compiling RuleNameCache+Generated.swift, RuleRegistry+Generated.swift, RuleState.swift, SyntaxFormatRule.swift, SyntaxLintRule.swift, SyntaxProtocol+Convenience.swift, Trivia+Convenience.swift, WithSemicolonSyntax.swift, Comment.swift (in target 'SwiftFormat' from project 'swift-format')
SwiftCompile normal arm64 Compiling\ AllPublicDeclarationsHaveDocumentation.swift,\ AlwaysUseLiteralForEmptyCollectionInit.swift,\ AlwaysUseLowerCamelCase.swift,\ AmbiguousTrailingClosureOverload.swift,\ BeginDocumentationCommentWithOneLineSummary.swift,\ DoNotUseSemicolons.swift,\ DontRepeatTypeInStaticProperties.swift,\ FileScopedDeclarationPrivacy.swift /Users/admin/builder/spi-builder-workspace/.dependencies/checkouts/swift-format/Sources/SwiftFormat/Rules/AllPublicDeclarationsHaveDocumentation.swift /Users/admin/builder/spi-builder-workspace/.dependencies/checkouts/swift-format/Sources/SwiftFormat/Rules/AlwaysUseLiteralForEmptyCollectionInit.swift /Users/admin/builder/spi-builder-workspace/.dependencies/checkouts/swift-format/Sources/SwiftFormat/Rules/AlwaysUseLowerCamelCase.swift /Users/admin/builder/spi-builder-workspace/.dependencies/checkouts/swift-format/Sources/SwiftFormat/Rules/AmbiguousTrailingClosureOverload.swift /Users/admin/builder/spi-builder-workspace/.dependencies/checkouts/swift-format/Sources/SwiftFormat/Rules/BeginDocumentationCommentWithOneLineSummary.swift /Users/admin/builder/spi-builder-workspace/.dependencies/checkouts/swift-format/Sources/SwiftFormat/Rules/DoNotUseSemicolons.swift /Users/admin/builder/spi-builder-workspace/.dependencies/checkouts/swift-format/Sources/SwiftFormat/Rules/DontRepeatTypeInStaticProperties.swift /Users/admin/builder/spi-builder-workspace/.dependencies/checkouts/swift-format/Sources/SwiftFormat/Rules/FileScopedDeclarationPrivacy.swift (in target 'SwiftFormat' from project 'swift-format')
SwiftCompile normal arm64 /Users/admin/builder/spi-builder-workspace/.dependencies/checkouts/swift-format/Sources/SwiftFormat/Rules/AllPublicDeclarationsHaveDocumentation.swift (in target 'SwiftFormat' from project 'swift-format')
    cd /Users/admin/builder/spi-builder-workspace/.swiftpm/xcode
    builtin-SwiftPerFileCompile AllPublicDeclarationsHaveDocumentation.swift
SwiftCompile normal arm64 /Users/admin/builder/spi-builder-workspace/.dependencies/checkouts/swift-format/Sources/SwiftFormat/Rules/AlwaysUseLiteralForEmptyCollectionInit.swift (in target 'SwiftFormat' from project 'swift-format')
    cd /Users/admin/builder/spi-builder-workspace/.swiftpm/xcode
    builtin-SwiftPerFileCompile AlwaysUseLiteralForEmptyCollectionInit.swift
SwiftCompile normal arm64 /Users/admin/builder/spi-builder-workspace/.dependencies/checkouts/swift-format/Sources/SwiftFormat/Rules/AlwaysUseLowerCamelCase.swift (in target 'SwiftFormat' from project 'swift-format')
    cd /Users/admin/builder/spi-builder-workspace/.swiftpm/xcode
    builtin-SwiftPerFileCompile AlwaysUseLowerCamelCase.swift
SwiftCompile normal arm64 /Users/admin/builder/spi-builder-workspace/.dependencies/checkouts/swift-format/Sources/SwiftFormat/Rules/AmbiguousTrailingClosureOverload.swift (in target 'SwiftFormat' from project 'swift-format')
    cd /Users/admin/builder/spi-builder-workspace/.swiftpm/xcode
    builtin-SwiftPerFileCompile AmbiguousTrailingClosureOverload.swift
SwiftCompile normal arm64 /Users/admin/builder/spi-builder-workspace/.dependencies/checkouts/swift-format/Sources/SwiftFormat/Rules/BeginDocumentationCommentWithOneLineSummary.swift (in target 'SwiftFormat' from project 'swift-format')
    cd /Users/admin/builder/spi-builder-workspace/.swiftpm/xcode
    builtin-SwiftPerFileCompile BeginDocumentationCommentWithOneLineSummary.swift
SwiftCompile normal arm64 /Users/admin/builder/spi-builder-workspace/.dependencies/checkouts/swift-format/Sources/SwiftFormat/Rules/DoNotUseSemicolons.swift (in target 'SwiftFormat' from project 'swift-format')
    cd /Users/admin/builder/spi-builder-workspace/.swiftpm/xcode
    builtin-SwiftPerFileCompile DoNotUseSemicolons.swift
SwiftCompile normal arm64 /Users/admin/builder/spi-builder-workspace/.dependencies/checkouts/swift-format/Sources/SwiftFormat/Rules/DontRepeatTypeInStaticProperties.swift (in target 'SwiftFormat' from project 'swift-format')
    cd /Users/admin/builder/spi-builder-workspace/.swiftpm/xcode
    builtin-SwiftPerFileCompile DontRepeatTypeInStaticProperties.swift
SwiftCompile normal arm64 /Users/admin/builder/spi-builder-workspace/.dependencies/checkouts/swift-format/Sources/SwiftFormat/Rules/FileScopedDeclarationPrivacy.swift (in target 'SwiftFormat' from project 'swift-format')
    cd /Users/admin/builder/spi-builder-workspace/.swiftpm/xcode
    builtin-SwiftPerFileCompile FileScopedDeclarationPrivacy.swift
SwiftCompile normal arm64 Compiling\ Configuration+Default.swift,\ Configuration.swift,\ DebugOptions.swift,\ Finding.swift,\ FindingCategorizing.swift,\ Indent.swift,\ SwiftFormatError.swift,\ SwiftFormatter.swift,\ SwiftLinter.swift /Users/admin/builder/spi-builder-workspace/.dependencies/checkouts/swift-format/Sources/SwiftFormat/API/Configuration+Default.swift /Users/admin/builder/spi-builder-workspace/.dependencies/checkouts/swift-format/Sources/SwiftFormat/API/Configuration.swift /Users/admin/builder/spi-builder-workspace/.dependencies/checkouts/swift-format/Sources/SwiftFormat/API/DebugOptions.swift /Users/admin/builder/spi-builder-workspace/.dependencies/checkouts/swift-format/Sources/SwiftFormat/API/Finding.swift /Users/admin/builder/spi-builder-workspace/.dependencies/checkouts/swift-format/Sources/SwiftFormat/API/FindingCategorizing.swift /Users/admin/builder/spi-builder-workspace/.dependencies/checkouts/swift-format/Sources/SwiftFormat/API/Indent.swift /Users/admin/builder/spi-builder-workspace/.dependencies/checkouts/swift-format/Sources/SwiftFormat/API/SwiftFormatError.swift /Users/admin/builder/spi-builder-workspace/.dependencies/checkouts/swift-format/Sources/SwiftFormat/API/SwiftFormatter.swift /Users/admin/builder/spi-builder-workspace/.dependencies/checkouts/swift-format/Sources/SwiftFormat/API/SwiftLinter.swift (in target 'SwiftFormat' from project 'swift-format')
SwiftCompile normal arm64 /Users/admin/builder/spi-builder-workspace/.dependencies/checkouts/swift-format/Sources/SwiftFormat/API/Configuration+Default.swift (in target 'SwiftFormat' from project 'swift-format')
    cd /Users/admin/builder/spi-builder-workspace/.swiftpm/xcode
    builtin-SwiftPerFileCompile Configuration+Default.swift
SwiftCompile normal arm64 /Users/admin/builder/spi-builder-workspace/.dependencies/checkouts/swift-format/Sources/SwiftFormat/API/Configuration.swift (in target 'SwiftFormat' from project 'swift-format')
    cd /Users/admin/builder/spi-builder-workspace/.swiftpm/xcode
    builtin-SwiftPerFileCompile Configuration.swift
SwiftCompile normal arm64 /Users/admin/builder/spi-builder-workspace/.dependencies/checkouts/swift-format/Sources/SwiftFormat/API/DebugOptions.swift (in target 'SwiftFormat' from project 'swift-format')
    cd /Users/admin/builder/spi-builder-workspace/.swiftpm/xcode
    builtin-SwiftPerFileCompile DebugOptions.swift
SwiftCompile normal arm64 /Users/admin/builder/spi-builder-workspace/.dependencies/checkouts/swift-format/Sources/SwiftFormat/API/Finding.swift (in target 'SwiftFormat' from project 'swift-format')
    cd /Users/admin/builder/spi-builder-workspace/.swiftpm/xcode
    builtin-SwiftPerFileCompile Finding.swift
SwiftCompile normal arm64 /Users/admin/builder/spi-builder-workspace/.dependencies/checkouts/swift-format/Sources/SwiftFormat/API/FindingCategorizing.swift (in target 'SwiftFormat' from project 'swift-format')
    cd /Users/admin/builder/spi-builder-workspace/.swiftpm/xcode
    builtin-SwiftPerFileCompile FindingCategorizing.swift
SwiftCompile normal arm64 /Users/admin/builder/spi-builder-workspace/.dependencies/checkouts/swift-format/Sources/SwiftFormat/API/Indent.swift (in target 'SwiftFormat' from project 'swift-format')
    cd /Users/admin/builder/spi-builder-workspace/.swiftpm/xcode
    builtin-SwiftPerFileCompile Indent.swift
SwiftCompile normal arm64 /Users/admin/builder/spi-builder-workspace/.dependencies/checkouts/swift-format/Sources/SwiftFormat/API/SwiftFormatError.swift (in target 'SwiftFormat' from project 'swift-format')
    cd /Users/admin/builder/spi-builder-workspace/.swiftpm/xcode
    builtin-SwiftPerFileCompile SwiftFormatError.swift
SwiftCompile normal arm64 /Users/admin/builder/spi-builder-workspace/.dependencies/checkouts/swift-format/Sources/SwiftFormat/API/SwiftFormatter.swift (in target 'SwiftFormat' from project 'swift-format')
    cd /Users/admin/builder/spi-builder-workspace/.swiftpm/xcode
    builtin-SwiftPerFileCompile SwiftFormatter.swift
SwiftCompile normal arm64 /Users/admin/builder/spi-builder-workspace/.dependencies/checkouts/swift-format/Sources/SwiftFormat/API/SwiftLinter.swift (in target 'SwiftFormat' from project 'swift-format')
    cd /Users/admin/builder/spi-builder-workspace/.swiftpm/xcode
    builtin-SwiftPerFileCompile SwiftLinter.swift
SwiftDriverJobDiscovery normal arm64 Compiling NoBlockComments.swift, NoCasesWithOnlyFallthrough.swift, NoEmptyTrailingClosureParentheses.swift, NoLabelsInCasePatterns.swift, NoLeadingUnderscores.swift, NoParensAroundConditions.swift, NoPlaygroundLiterals.swift, NoVoidReturnOnFunctionSignature.swift (in target 'SwiftFormat' from project 'swift-format')
SwiftCompile normal arm64 Compiling\ Context.swift,\ DocumentationComment.swift,\ DocumentationCommentText.swift,\ Finding+Convenience.swift,\ FindingEmitter.swift,\ FormatPipeline.swift,\ FunctionDeclSyntax+Convenience.swift,\ ImportsXCTestVisitor.swift,\ LazySplitSequence.swift /Users/admin/builder/spi-builder-workspace/.dependencies/checkouts/swift-format/Sources/SwiftFormat/Core/Context.swift /Users/admin/builder/spi-builder-workspace/.dependencies/checkouts/swift-format/Sources/SwiftFormat/Core/DocumentationComment.swift /Users/admin/builder/spi-builder-workspace/.dependencies/checkouts/swift-format/Sources/SwiftFormat/Core/DocumentationCommentText.swift /Users/admin/builder/spi-builder-workspace/.dependencies/checkouts/swift-format/Sources/SwiftFormat/Core/Finding+Convenience.swift /Users/admin/builder/spi-builder-workspace/.dependencies/checkouts/swift-format/Sources/SwiftFormat/Core/FindingEmitter.swift /Users/admin/builder/spi-builder-workspace/.dependencies/checkouts/swift-format/Sources/SwiftFormat/Core/FormatPipeline.swift /Users/admin/builder/spi-builder-workspace/.dependencies/checkouts/swift-format/Sources/SwiftFormat/Core/FunctionDeclSyntax+Convenience.swift /Users/admin/builder/spi-builder-workspace/.dependencies/checkouts/swift-format/Sources/SwiftFormat/Core/ImportsXCTestVisitor.swift /Users/admin/builder/spi-builder-workspace/.dependencies/checkouts/swift-format/Sources/SwiftFormat/Core/LazySplitSequence.swift (in target 'SwiftFormat' from project 'swift-format')
SwiftCompile normal arm64 /Users/admin/builder/spi-builder-workspace/.dependencies/checkouts/swift-format/Sources/SwiftFormat/Core/Context.swift (in target 'SwiftFormat' from project 'swift-format')
    cd /Users/admin/builder/spi-builder-workspace/.swiftpm/xcode
    builtin-SwiftPerFileCompile Context.swift
SwiftCompile normal arm64 /Users/admin/builder/spi-builder-workspace/.dependencies/checkouts/swift-format/Sources/SwiftFormat/Core/DocumentationComment.swift (in target 'SwiftFormat' from project 'swift-format')
    cd /Users/admin/builder/spi-builder-workspace/.swiftpm/xcode
    builtin-SwiftPerFileCompile DocumentationComment.swift
SwiftCompile normal arm64 /Users/admin/builder/spi-builder-workspace/.dependencies/checkouts/swift-format/Sources/SwiftFormat/Core/DocumentationCommentText.swift (in target 'SwiftFormat' from project 'swift-format')
    cd /Users/admin/builder/spi-builder-workspace/.swiftpm/xcode
    builtin-SwiftPerFileCompile DocumentationCommentText.swift
SwiftCompile normal arm64 /Users/admin/builder/spi-builder-workspace/.dependencies/checkouts/swift-format/Sources/SwiftFormat/Core/Finding+Convenience.swift (in target 'SwiftFormat' from project 'swift-format')
    cd /Users/admin/builder/spi-builder-workspace/.swiftpm/xcode
    builtin-SwiftPerFileCompile Finding+Convenience.swift
SwiftCompile normal arm64 /Users/admin/builder/spi-builder-workspace/.dependencies/checkouts/swift-format/Sources/SwiftFormat/Core/FindingEmitter.swift (in target 'SwiftFormat' from project 'swift-format')
    cd /Users/admin/builder/spi-builder-workspace/.swiftpm/xcode
    builtin-SwiftPerFileCompile FindingEmitter.swift
SwiftCompile normal arm64 /Users/admin/builder/spi-builder-workspace/.dependencies/checkouts/swift-format/Sources/SwiftFormat/Core/FormatPipeline.swift (in target 'SwiftFormat' from project 'swift-format')
    cd /Users/admin/builder/spi-builder-workspace/.swiftpm/xcode
    builtin-SwiftPerFileCompile FormatPipeline.swift
SwiftCompile normal arm64 /Users/admin/builder/spi-builder-workspace/.dependencies/checkouts/swift-format/Sources/SwiftFormat/Core/FunctionDeclSyntax+Convenience.swift (in target 'SwiftFormat' from project 'swift-format')
    cd /Users/admin/builder/spi-builder-workspace/.swiftpm/xcode
    builtin-SwiftPerFileCompile FunctionDeclSyntax+Convenience.swift
SwiftCompile normal arm64 /Users/admin/builder/spi-builder-workspace/.dependencies/checkouts/swift-format/Sources/SwiftFormat/Core/ImportsXCTestVisitor.swift (in target 'SwiftFormat' from project 'swift-format')
    cd /Users/admin/builder/spi-builder-workspace/.swiftpm/xcode
    builtin-SwiftPerFileCompile ImportsXCTestVisitor.swift
SwiftCompile normal arm64 /Users/admin/builder/spi-builder-workspace/.dependencies/checkouts/swift-format/Sources/SwiftFormat/Core/LazySplitSequence.swift (in target 'SwiftFormat' from project 'swift-format')
    cd /Users/admin/builder/spi-builder-workspace/.swiftpm/xcode
    builtin-SwiftPerFileCompile LazySplitSequence.swift
SwiftDriverJobDiscovery normal arm64 Emitting module for SwiftFormat (in target 'SwiftFormat' from project 'swift-format')
SwiftDriver\ Compilation\ Requirements SwiftFormat normal arm64 com.apple.xcode.tools.swift.compiler (in target 'SwiftFormat' from project 'swift-format')
    cd /Users/admin/builder/spi-builder-workspace/.swiftpm/xcode
    builtin-Swift-Compilation-Requirements -- /Applications/Xcode-27.0.0-Release.Candidate.app/Contents/Developer/Toolchains/XcodeDefault.xctoolchain/usr/bin/swiftc -parse-as-library -module-name SwiftFormat -Onone @/Users/admin/builder/spi-builder-workspace/.derivedData/Build/Intermediates.noindex/swift-format.build/Debug-xros/SwiftFormat-t.build/Objects-normal/arm64/SwiftFormat.SwiftFileList -DSWIFT_PACKAGE -DDEBUG -DSWIFT_MODULE_RESOURCE_BUNDLE_UNAVAILABLE -Xcc -fmodule-map-file\=/Users/admin/builder/spi-builder-workspace/.dependencies/checkouts/swift-cmark/src/include/module.modulemap -Xcc -fmodule-map-file\=/Users/admin/builder/spi-builder-workspace/.dependencies/checkouts/swift-cmark/extensions/include/module.modulemap -Xcc -fmodule-map-file\=/Users/admin/builder/spi-builder-workspace/.dependencies/checkouts/swift-markdown/Sources/CAtomic/include/module.modulemap -DXcode -plugin-path /Applications/Xcode-27.0.0-Release.Candidate.app/Contents/Developer/Toolchains/XcodeDefault.xctoolchain/usr/lib/swift/host/plugins/testing -enable-experimental-feature DebugDescriptionMacro -sdk /Applications/Xcode-27.0.0-Release.Candidate.app/Contents/Developer/Platforms/XROS.platform/Developer/SDKs/XROS27.0.sdk -target arm64-apple-xros1.0 -g -module-cache-path /Users/admin/builder/spi-builder-workspace/.derivedData/ModuleCache.noindex -Xfrontend -serialize-debugging-options -profile-coverage-mapping -profile-generate -enable-testing -suppress-warnings -index-store-path /Users/admin/builder/spi-builder-workspace/.derivedData/Index.noindex/DataStore -Xcc -D_LIBCPP_HARDENING_MODE\=_LIBCPP_HARDENING_MODE_DEBUG -swift-version 5 -I /Users/admin/builder/spi-builder-workspace/.derivedData/Build/Products/Debug-xros -Isystem /Applications/Xcode-27.0.0-Release.Candidate.app/Contents/Developer/Platforms/XROS.platform/Developer/usr/lib -F /Users/admin/builder/spi-builder-workspace/.derivedData/Build/Products/Debug-xros/PackageFrameworks -F /Users/admin/builder/spi-builder-workspace/.derivedData/Build/Products/Debug-xros -F /Applications/Xcode-27.0.0-Release.Candidate.app/Contents/Developer/Platforms/XROS.platform/Developer/Library/Frameworks -F /Applications/Xcode-27.0.0-Release.Candidate.app/Contents/Developer/Platforms/XROS.platform/Developer/SDKs/XROS27.0.sdk/Developer/Library/Frameworks -c -j10 -enable-batch-mode -incremental -Xcc -ivfsstatcache -Xcc /Users/admin/builder/spi-builder-workspace/.derivedData/SDKStatCaches.noindex/xros27.0-24M361-e829b21a6f8c9b70876ba0858053c044735bd543db762f57723cac368afd1ce4.sdkstatcache -output-file-map /Users/admin/builder/spi-builder-workspace/.derivedData/Build/Intermediates.noindex/swift-format.build/Debug-xros/SwiftFormat-t.build/Objects-normal/arm64/SwiftFormat-OutputFileMap.json -save-temps -no-color-diagnostics -explicit-module-build -module-cache-path /Users/admin/builder/spi-builder-workspace/.derivedData/Build/Intermediates.noindex/SwiftExplicitPrecompiledModules -clang-scanner-module-cache-path /Users/admin/builder/spi-builder-workspace/.derivedData/ModuleCache.noindex -sdk-module-cache-path /Users/admin/builder/spi-builder-workspace/.derivedData/SDKExplicitPrecompiledModules -emit-dependencies -emit-module -emit-module-path /Users/admin/builder/spi-builder-workspace/.derivedData/Build/Intermediates.noindex/swift-format.build/Debug-xros/SwiftFormat-t.build/Objects-normal/arm64/SwiftFormat.swiftmodule -serialize-diagnostics -dependency-scan-serialize-diagnostics-path /Users/admin/builder/spi-builder-workspace/.derivedData/Build/Intermediates.noindex/swift-format.build/Debug-xros/SwiftFormat-t.build/Objects-normal/arm64/SwiftFormat-dependency-scan.dia -validate-clang-modules-once -clang-build-session-file /Users/admin/builder/spi-builder-workspace/.derivedData/ModuleCache.noindex/Session.modulevalidation -Xcc -fmodules-prune-interval\=86400 -Xcc -fmodules-prune-after\=345600 -emit-const-values -const-gather-protocols-list /Users/admin/builder/spi-builder-workspace/.derivedData/Build/Intermediates.noindex/swift-format.build/Debug-xros/SwiftFormat-t.build/Objects-normal/arm64/SwiftFormat_const_extract_protocols.json -Xcc -I/Users/admin/builder/spi-builder-workspace/.dependencies/checkouts/swift-cmark/src/include -Xcc -I/Users/admin/builder/spi-builder-workspace/.dependencies/checkouts/swift-cmark/extensions/include -Xcc -I/Users/admin/builder/spi-builder-workspace/.dependencies/checkouts/swift-markdown/Sources/CAtomic/include -Xcc -I/Users/admin/builder/spi-builder-workspace/.derivedData/Build/Products/Debug-xros/include -Xcc -I/Users/admin/builder/spi-builder-workspace/.derivedData/Build/Intermediates.noindex/swift-format.build/Debug-xros/SwiftFormat-t.build/DerivedSources-normal/arm64 -Xcc -I/Users/admin/builder/spi-builder-workspace/.derivedData/Build/Intermediates.noindex/swift-format.build/Debug-xros/SwiftFormat-t.build/DerivedSources/arm64 -Xcc -I/Users/admin/builder/spi-builder-workspace/.derivedData/Build/Intermediates.noindex/swift-format.build/Debug-xros/SwiftFormat-t.build/DerivedSources -Xcc -DSWIFT_PACKAGE -Xcc -DDEBUG\=1 -emit-objc-header -emit-objc-header-path /Users/admin/builder/spi-builder-workspace/.derivedData/Build/Intermediates.noindex/swift-format.build/Debug-xros/SwiftFormat-t.build/Objects-normal/arm64/SwiftFormat-Swift.h -working-directory /Users/admin/builder/spi-builder-workspace/.swiftpm/xcode -experimental-emit-module-separately -disable-cmo
SwiftDriverJobDiscovery normal arm64 Compiling FullyIndirectEnum.swift, GroupNumericLiterals.swift, IdentifiersMustBeASCII.swift, NeverForceUnwrap.swift, NeverUseForceTry.swift, NeverUseImplicitlyUnwrappedOptionals.swift, NoAccessLevelOnExtensionDeclaration.swift, NoAssignmentInExpressions.swift (in target 'SwiftFormat' from project 'swift-format')
SwiftCompile normal arm64 Compiling\ OmitExplicitReturns.swift,\ OneCasePerLine.swift,\ OneVariableDeclarationPerLine.swift,\ OnlyOneTrailingClosureArgument.swift,\ OrderedImports.swift,\ ReplaceForEachWithForLoop.swift,\ ReturnVoidInsteadOfEmptyTuple.swift,\ TypeNamesShouldBeCapitalized.swift /Users/admin/builder/spi-builder-workspace/.dependencies/checkouts/swift-format/Sources/SwiftFormat/Rules/OmitExplicitReturns.swift /Users/admin/builder/spi-builder-workspace/.dependencies/checkouts/swift-format/Sources/SwiftFormat/Rules/OneCasePerLine.swift /Users/admin/builder/spi-builder-workspace/.dependencies/checkouts/swift-format/Sources/SwiftFormat/Rules/OneVariableDeclarationPerLine.swift /Users/admin/builder/spi-builder-workspace/.dependencies/checkouts/swift-format/Sources/SwiftFormat/Rules/OnlyOneTrailingClosureArgument.swift /Users/admin/builder/spi-builder-workspace/.dependencies/checkouts/swift-format/Sources/SwiftFormat/Rules/OrderedImports.swift /Users/admin/builder/spi-builder-workspace/.dependencies/checkouts/swift-format/Sources/SwiftFormat/Rules/ReplaceForEachWithForLoop.swift /Users/admin/builder/spi-builder-workspace/.dependencies/checkouts/swift-format/Sources/SwiftFormat/Rules/ReturnVoidInsteadOfEmptyTuple.swift /Users/admin/builder/spi-builder-workspace/.dependencies/checkouts/swift-format/Sources/SwiftFormat/Rules/TypeNamesShouldBeCapitalized.swift (in target 'SwiftFormat' from project 'swift-format')
SwiftCompile normal arm64 /Users/admin/builder/spi-builder-workspace/.dependencies/checkouts/swift-format/Sources/SwiftFormat/Rules/OmitExplicitReturns.swift (in target 'SwiftFormat' from project 'swift-format')
    cd /Users/admin/builder/spi-builder-workspace/.swiftpm/xcode
    builtin-SwiftPerFileCompile OmitExplicitReturns.swift
SwiftCompile normal arm64 /Users/admin/builder/spi-builder-workspace/.dependencies/checkouts/swift-format/Sources/SwiftFormat/Rules/OneCasePerLine.swift (in target 'SwiftFormat' from project 'swift-format')
    cd /Users/admin/builder/spi-builder-workspace/.swiftpm/xcode
    builtin-SwiftPerFileCompile OneCasePerLine.swift
SwiftCompile normal arm64 /Users/admin/builder/spi-builder-workspace/.dependencies/checkouts/swift-format/Sources/SwiftFormat/Rules/OneVariableDeclarationPerLine.swift (in target 'SwiftFormat' from project 'swift-format')
    cd /Users/admin/builder/spi-builder-workspace/.swiftpm/xcode
    builtin-SwiftPerFileCompile OneVariableDeclarationPerLine.swift
SwiftCompile normal arm64 /Users/admin/builder/spi-builder-workspace/.dependencies/checkouts/swift-format/Sources/SwiftFormat/Rules/OnlyOneTrailingClosureArgument.swift (in target 'SwiftFormat' from project 'swift-format')
    cd /Users/admin/builder/spi-builder-workspace/.swiftpm/xcode
    builtin-SwiftPerFileCompile OnlyOneTrailingClosureArgument.swift
SwiftCompile normal arm64 /Users/admin/builder/spi-builder-workspace/.dependencies/checkouts/swift-format/Sources/SwiftFormat/Rules/OrderedImports.swift (in target 'SwiftFormat' from project 'swift-format')
    cd /Users/admin/builder/spi-builder-workspace/.swiftpm/xcode
    builtin-SwiftPerFileCompile OrderedImports.swift
SwiftCompile normal arm64 /Users/admin/builder/spi-builder-workspace/.dependencies/checkouts/swift-format/Sources/SwiftFormat/Rules/ReplaceForEachWithForLoop.swift (in target 'SwiftFormat' from project 'swift-format')
    cd /Users/admin/builder/spi-builder-workspace/.swiftpm/xcode
    builtin-SwiftPerFileCompile ReplaceForEachWithForLoop.swift
SwiftCompile normal arm64 /Users/admin/builder/spi-builder-workspace/.dependencies/checkouts/swift-format/Sources/SwiftFormat/Rules/ReturnVoidInsteadOfEmptyTuple.swift (in target 'SwiftFormat' from project 'swift-format')
    cd /Users/admin/builder/spi-builder-workspace/.swiftpm/xcode
    builtin-SwiftPerFileCompile ReturnVoidInsteadOfEmptyTuple.swift
SwiftCompile normal arm64 /Users/admin/builder/spi-builder-workspace/.dependencies/checkouts/swift-format/Sources/SwiftFormat/Rules/TypeNamesShouldBeCapitalized.swift (in target 'SwiftFormat' from project 'swift-format')
    cd /Users/admin/builder/spi-builder-workspace/.swiftpm/xcode
    builtin-SwiftPerFileCompile TypeNamesShouldBeCapitalized.swift
SwiftMergeGeneratedHeaders /Users/admin/builder/spi-builder-workspace/.derivedData/Build/Intermediates.noindex/GeneratedModuleMaps-xros/SwiftFormat-Swift.h /Users/admin/builder/spi-builder-workspace/.derivedData/Build/Intermediates.noindex/swift-format.build/Debug-xros/SwiftFormat-t.build/Objects-normal/arm64/SwiftFormat-Swift.h (in target 'SwiftFormat' from project 'swift-format')
    cd /Users/admin/builder/spi-builder-workspace/.dependencies/checkouts/swift-format
    builtin-swiftHeaderTool -arch arm64 /Users/admin/builder/spi-builder-workspace/.derivedData/Build/Intermediates.noindex/swift-format.build/Debug-xros/SwiftFormat-t.build/Objects-normal/arm64/SwiftFormat-Swift.h -o /Users/admin/builder/spi-builder-workspace/.derivedData/Build/Intermediates.noindex/GeneratedModuleMaps-xros/SwiftFormat-Swift.h
SwiftDriverJobDiscovery normal arm64 Compiling UseEarlyExits.swift, UseLetInEveryBoundCaseVariable.swift, UseShorthandTypeNames.swift, UseSingleLinePropertyGetter.swift, UseSynthesizedInitializer.swift, UseTripleSlashForDocumentationComments.swift, UseWhereClausesInForLoops.swift, ValidateDocumentationComments.swift (in target 'SwiftFormat' from project 'swift-format')
Copy /Users/admin/builder/spi-builder-workspace/.derivedData/Build/Products/Debug-xros/SwiftFormat.swiftmodule/arm64-apple-xros.swiftmodule /Users/admin/builder/spi-builder-workspace/.derivedData/Build/Intermediates.noindex/swift-format.build/Debug-xros/SwiftFormat-t.build/Objects-normal/arm64/SwiftFormat.swiftmodule (in target 'SwiftFormat' from project 'swift-format')
    cd /Users/admin/builder/spi-builder-workspace/.dependencies/checkouts/swift-format
    builtin-copy -exclude .DS_Store -exclude CVS -exclude .svn -exclude .git -exclude .hg -resolve-src-symlinks -rename /Users/admin/builder/spi-builder-workspace/.derivedData/Build/Intermediates.noindex/swift-format.build/Debug-xros/SwiftFormat-t.build/Objects-normal/arm64/SwiftFormat.swiftmodule /Users/admin/builder/spi-builder-workspace/.derivedData/Build/Products/Debug-xros/SwiftFormat.swiftmodule/arm64-apple-xros.swiftmodule
Copy /Users/admin/builder/spi-builder-workspace/.derivedData/Build/Products/Debug-xros/SwiftFormat.swiftmodule/arm64-apple-xros.swiftdoc /Users/admin/builder/spi-builder-workspace/.derivedData/Build/Intermediates.noindex/swift-format.build/Debug-xros/SwiftFormat-t.build/Objects-normal/arm64/SwiftFormat.swiftdoc (in target 'SwiftFormat' from project 'swift-format')
    cd /Users/admin/builder/spi-builder-workspace/.dependencies/checkouts/swift-format
    builtin-copy -exclude .DS_Store -exclude CVS -exclude .svn -exclude .git -exclude .hg -resolve-src-symlinks -rename /Users/admin/builder/spi-builder-workspace/.derivedData/Build/Intermediates.noindex/swift-format.build/Debug-xros/SwiftFormat-t.build/Objects-normal/arm64/SwiftFormat.swiftdoc /Users/admin/builder/spi-builder-workspace/.derivedData/Build/Products/Debug-xros/SwiftFormat.swiftmodule/arm64-apple-xros.swiftdoc
Copy /Users/admin/builder/spi-builder-workspace/.derivedData/Build/Products/Debug-xros/SwiftFormat.swiftmodule/arm64-apple-xros.abi.json /Users/admin/builder/spi-builder-workspace/.derivedData/Build/Intermediates.noindex/swift-format.build/Debug-xros/SwiftFormat-t.build/Objects-normal/arm64/SwiftFormat.abi.json (in target 'SwiftFormat' from project 'swift-format')
    cd /Users/admin/builder/spi-builder-workspace/.dependencies/checkouts/swift-format
    builtin-copy -exclude .DS_Store -exclude CVS -exclude .svn -exclude .git -exclude .hg -resolve-src-symlinks -rename /Users/admin/builder/spi-builder-workspace/.derivedData/Build/Intermediates.noindex/swift-format.build/Debug-xros/SwiftFormat-t.build/Objects-normal/arm64/SwiftFormat.abi.json /Users/admin/builder/spi-builder-workspace/.derivedData/Build/Products/Debug-xros/SwiftFormat.swiftmodule/arm64-apple-xros.abi.json
Copy /Users/admin/builder/spi-builder-workspace/.derivedData/Build/Products/Debug-xros/SwiftFormat.swiftmodule/Project/arm64-apple-xros.swiftsourceinfo /Users/admin/builder/spi-builder-workspace/.derivedData/Build/Intermediates.noindex/swift-format.build/Debug-xros/SwiftFormat-t.build/Objects-normal/arm64/SwiftFormat.swiftsourceinfo (in target 'SwiftFormat' from project 'swift-format')
    cd /Users/admin/builder/spi-builder-workspace/.dependencies/checkouts/swift-format
    builtin-copy -exclude .DS_Store -exclude CVS -exclude .svn -exclude .git -exclude .hg -resolve-src-symlinks -rename /Users/admin/builder/spi-builder-workspace/.derivedData/Build/Intermediates.noindex/swift-format.build/Debug-xros/SwiftFormat-t.build/Objects-normal/arm64/SwiftFormat.swiftsourceinfo /Users/admin/builder/spi-builder-workspace/.derivedData/Build/Products/Debug-xros/SwiftFormat.swiftmodule/Project/arm64-apple-xros.swiftsourceinfo
SwiftDriver SwiftFormatConfiguration normal arm64 com.apple.xcode.tools.swift.compiler (in target 'SwiftFormatConfiguration' from project 'swift-format')
    cd /Users/admin/builder/spi-builder-workspace/.swiftpm/xcode
    builtin-SwiftDriver -- /Applications/Xcode-27.0.0-Release.Candidate.app/Contents/Developer/Toolchains/XcodeDefault.xctoolchain/usr/bin/swiftc -parse-as-library -module-name SwiftFormatConfiguration -Onone @/Users/admin/builder/spi-builder-workspace/.derivedData/Build/Intermediates.noindex/swift-format.build/Debug-xros/SwiftFormatConfiguration-t.build/Objects-normal/arm64/SwiftFormatConfiguration.SwiftFileList -DSWIFT_PACKAGE -DDEBUG -DSWIFT_MODULE_RESOURCE_BUNDLE_UNAVAILABLE -Xcc -fmodule-map-file\=/Users/admin/builder/spi-builder-workspace/.dependencies/checkouts/swift-cmark/src/include/module.modulemap -Xcc -fmodule-map-file\=/Users/admin/builder/spi-builder-workspace/.dependencies/checkouts/swift-cmark/extensions/include/module.modulemap -Xcc -fmodule-map-file\=/Users/admin/builder/spi-builder-workspace/.dependencies/checkouts/swift-markdown/Sources/CAtomic/include/module.modulemap -DXcode -plugin-path /Applications/Xcode-27.0.0-Release.Candidate.app/Contents/Developer/Toolchains/XcodeDefault.xctoolchain/usr/lib/swift/host/plugins/testing -enable-experimental-feature DebugDescriptionMacro -sdk /Applications/Xcode-27.0.0-Release.Candidate.app/Contents/Developer/Platforms/XROS.platform/Developer/SDKs/XROS27.0.sdk -target arm64-apple-xros1.0 -g -module-cache-path /Users/admin/builder/spi-builder-workspace/.derivedData/ModuleCache.noindex -Xfrontend -serialize-debugging-options -profile-coverage-mapping -profile-generate -enable-testing -suppress-warnings -index-store-path /Users/admin/builder/spi-builder-workspace/.derivedData/Index.noindex/DataStore -Xcc -D_LIBCPP_HARDENING_MODE\=_LIBCPP_HARDENING_MODE_DEBUG -swift-version 5 -I /Users/admin/builder/spi-builder-workspace/.derivedData/Build/Products/Debug-xros -Isystem /Applications/Xcode-27.0.0-Release.Candidate.app/Contents/Developer/Platforms/XROS.platform/Developer/usr/lib -F /Users/admin/builder/spi-builder-workspace/.derivedData/Build/Products/Debug-xros/PackageFrameworks -F /Users/admin/builder/spi-builder-workspace/.derivedData/Build/Products/Debug-xros -F /Applications/Xcode-27.0.0-Release.Candidate.app/Contents/Developer/Platforms/XROS.platform/Developer/Library/Frameworks -F /Applications/Xcode-27.0.0-Release.Candidate.app/Contents/Developer/Platforms/XROS.platform/Developer/SDKs/XROS27.0.sdk/Developer/Library/Frameworks -c -j10 -enable-batch-mode -incremental -Xcc -ivfsstatcache -Xcc /Users/admin/builder/spi-builder-workspace/.derivedData/SDKStatCaches.noindex/xros27.0-24M361-e829b21a6f8c9b70876ba0858053c044735bd543db762f57723cac368afd1ce4.sdkstatcache -output-file-map /Users/admin/builder/spi-builder-workspace/.derivedData/Build/Intermediates.noindex/swift-format.build/Debug-xros/SwiftFormatConfiguration-t.build/Objects-normal/arm64/SwiftFormatConfiguration-OutputFileMap.json -save-temps -no-color-diagnostics -explicit-module-build -module-cache-path /Users/admin/builder/spi-builder-workspace/.derivedData/Build/Intermediates.noindex/SwiftExplicitPrecompiledModules -clang-scanner-module-cache-path /Users/admin/builder/spi-builder-workspace/.derivedData/ModuleCache.noindex -sdk-module-cache-path /Users/admin/builder/spi-builder-workspace/.derivedData/SDKExplicitPrecompiledModules -emit-dependencies -emit-module -emit-module-path /Users/admin/builder/spi-builder-workspace/.derivedData/Build/Intermediates.noindex/swift-format.build/Debug-xros/SwiftFormatConfiguration-t.build/Objects-normal/arm64/SwiftFormatConfiguration.swiftmodule -serialize-diagnostics -dependency-scan-serialize-diagnostics-path /Users/admin/builder/spi-builder-workspace/.derivedData/Build/Intermediates.noindex/swift-format.build/Debug-xros/SwiftFormatConfiguration-t.build/Objects-normal/arm64/SwiftFormatConfiguration-dependency-scan.dia -validate-clang-modules-once -clang-build-session-file /Users/admin/builder/spi-builder-workspace/.derivedData/ModuleCache.noindex/Session.modulevalidation -Xcc -fmodules-prune-interval\=86400 -Xcc -fmodules-prune-after\=345600 -emit-const-values -const-gather-protocols-list /Users/admin/builder/spi-builder-workspace/.derivedData/Build/Intermediates.noindex/swift-format.build/Debug-xros/SwiftFormatConfiguration-t.build/Objects-normal/arm64/SwiftFormatConfiguration_const_extract_protocols.json -Xcc -I/Users/admin/builder/spi-builder-workspace/.dependencies/checkouts/swift-cmark/src/include -Xcc -I/Users/admin/builder/spi-builder-workspace/.dependencies/checkouts/swift-cmark/extensions/include -Xcc -I/Users/admin/builder/spi-builder-workspace/.dependencies/checkouts/swift-markdown/Sources/CAtomic/include -Xcc -I/Users/admin/builder/spi-builder-workspace/.derivedData/Build/Products/Debug-xros/include -Xcc -I/Users/admin/builder/spi-builder-workspace/.derivedData/Build/Intermediates.noindex/swift-format.build/Debug-xros/SwiftFormatConfiguration-t.build/DerivedSources-normal/arm64 -Xcc -I/Users/admin/builder/spi-builder-workspace/.derivedData/Build/Intermediates.noindex/swift-format.build/Debug-xros/SwiftFormatConfiguration-t.build/DerivedSources/arm64 -Xcc -I/Users/admin/builder/spi-builder-workspace/.derivedData/Build/Intermediates.noindex/swift-format.build/Debug-xros/SwiftFormatConfiguration-t.build/DerivedSources -Xcc -DSWIFT_PACKAGE -Xcc -DDEBUG\=1 -emit-objc-header -emit-objc-header-path /Users/admin/builder/spi-builder-workspace/.derivedData/Build/Intermediates.noindex/swift-format.build/Debug-xros/SwiftFormatConfiguration-t.build/Objects-normal/arm64/SwiftFormatConfiguration-Swift.h -working-directory /Users/admin/builder/spi-builder-workspace/.swiftpm/xcode -experimental-emit-module-separately -disable-cmo
SwiftEmitModule normal arm64 Emitting\ module\ for\ SwiftFormatConfiguration (in target 'SwiftFormatConfiguration' from project 'swift-format')
SwiftCompile normal arm64 (in target 'SwiftFormatConfiguration' from project 'swift-format')
    cd /Users/admin/builder/spi-builder-workspace/.swiftpm/xcode

SwiftCompile normal arm64 Compiling\ Compatibility.swift /Users/admin/builder/spi-builder-workspace/.dependencies/checkouts/swift-format/Sources/SwiftFormatConfiguration/Compatibility.swift (in target 'SwiftFormatConfiguration' from project 'swift-format')
SwiftCompile normal arm64 /Users/admin/builder/spi-builder-workspace/.dependencies/checkouts/swift-format/Sources/SwiftFormatConfiguration/Compatibility.swift (in target 'SwiftFormatConfiguration' from project 'swift-format')
    cd /Users/admin/builder/spi-builder-workspace/.swiftpm/xcode
    builtin-SwiftPerFileCompile Compatibility.swift
SwiftDriverJobDiscovery normal arm64 Emitting module for SwiftFormatConfiguration (in target 'SwiftFormatConfiguration' from project 'swift-format')
SwiftDriver\ Compilation\ Requirements SwiftFormatConfiguration normal arm64 com.apple.xcode.tools.swift.compiler (in target 'SwiftFormatConfiguration' from project 'swift-format')
    cd /Users/admin/builder/spi-builder-workspace/.swiftpm/xcode
    builtin-Swift-Compilation-Requirements -- /Applications/Xcode-27.0.0-Release.Candidate.app/Contents/Developer/Toolchains/XcodeDefault.xctoolchain/usr/bin/swiftc -parse-as-library -module-name SwiftFormatConfiguration -Onone @/Users/admin/builder/spi-builder-workspace/.derivedData/Build/Intermediates.noindex/swift-format.build/Debug-xros/SwiftFormatConfiguration-t.build/Objects-normal/arm64/SwiftFormatConfiguration.SwiftFileList -DSWIFT_PACKAGE -DDEBUG -DSWIFT_MODULE_RESOURCE_BUNDLE_UNAVAILABLE -Xcc -fmodule-map-file\=/Users/admin/builder/spi-builder-workspace/.dependencies/checkouts/swift-cmark/src/include/module.modulemap -Xcc -fmodule-map-file\=/Users/admin/builder/spi-builder-workspace/.dependencies/checkouts/swift-cmark/extensions/include/module.modulemap -Xcc -fmodule-map-file\=/Users/admin/builder/spi-builder-workspace/.dependencies/checkouts/swift-markdown/Sources/CAtomic/include/module.modulemap -DXcode -plugin-path /Applications/Xcode-27.0.0-Release.Candidate.app/Contents/Developer/Toolchains/XcodeDefault.xctoolchain/usr/lib/swift/host/plugins/testing -enable-experimental-feature DebugDescriptionMacro -sdk /Applications/Xcode-27.0.0-Release.Candidate.app/Contents/Developer/Platforms/XROS.platform/Developer/SDKs/XROS27.0.sdk -target arm64-apple-xros1.0 -g -module-cache-path /Users/admin/builder/spi-builder-workspace/.derivedData/ModuleCache.noindex -Xfrontend -serialize-debugging-options -profile-coverage-mapping -profile-generate -enable-testing -suppress-warnings -index-store-path /Users/admin/builder/spi-builder-workspace/.derivedData/Index.noindex/DataStore -Xcc -D_LIBCPP_HARDENING_MODE\=_LIBCPP_HARDENING_MODE_DEBUG -swift-version 5 -I /Users/admin/builder/spi-builder-workspace/.derivedData/Build/Products/Debug-xros -Isystem /Applications/Xcode-27.0.0-Release.Candidate.app/Contents/Developer/Platforms/XROS.platform/Developer/usr/lib -F /Users/admin/builder/spi-builder-workspace/.derivedData/Build/Products/Debug-xros/PackageFrameworks -F /Users/admin/builder/spi-builder-workspace/.derivedData/Build/Products/Debug-xros -F /Applications/Xcode-27.0.0-Release.Candidate.app/Contents/Developer/Platforms/XROS.platform/Developer/Library/Frameworks -F /Applications/Xcode-27.0.0-Release.Candidate.app/Contents/Developer/Platforms/XROS.platform/Developer/SDKs/XROS27.0.sdk/Developer/Library/Frameworks -c -j10 -enable-batch-mode -incremental -Xcc -ivfsstatcache -Xcc /Users/admin/builder/spi-builder-workspace/.derivedData/SDKStatCaches.noindex/xros27.0-24M361-e829b21a6f8c9b70876ba0858053c044735bd543db762f57723cac368afd1ce4.sdkstatcache -output-file-map /Users/admin/builder/spi-builder-workspace/.derivedData/Build/Intermediates.noindex/swift-format.build/Debug-xros/SwiftFormatConfiguration-t.build/Objects-normal/arm64/SwiftFormatConfiguration-OutputFileMap.json -save-temps -no-color-diagnostics -explicit-module-build -module-cache-path /Users/admin/builder/spi-builder-workspace/.derivedData/Build/Intermediates.noindex/SwiftExplicitPrecompiledModules -clang-scanner-module-cache-path /Users/admin/builder/spi-builder-workspace/.derivedData/ModuleCache.noindex -sdk-module-cache-path /Users/admin/builder/spi-builder-workspace/.derivedData/SDKExplicitPrecompiledModules -emit-dependencies -emit-module -emit-module-path /Users/admin/builder/spi-builder-workspace/.derivedData/Build/Intermediates.noindex/swift-format.build/Debug-xros/SwiftFormatConfiguration-t.build/Objects-normal/arm64/SwiftFormatConfiguration.swiftmodule -serialize-diagnostics -dependency-scan-serialize-diagnostics-path /Users/admin/builder/spi-builder-workspace/.derivedData/Build/Intermediates.noindex/swift-format.build/Debug-xros/SwiftFormatConfiguration-t.build/Objects-normal/arm64/SwiftFormatConfiguration-dependency-scan.dia -validate-clang-modules-once -clang-build-session-file /Users/admin/builder/spi-builder-workspace/.derivedData/ModuleCache.noindex/Session.modulevalidation -Xcc -fmodules-prune-interval\=86400 -Xcc -fmodules-prune-after\=345600 -emit-const-values -const-gather-protocols-list /Users/admin/builder/spi-builder-workspace/.derivedData/Build/Intermediates.noindex/swift-format.build/Debug-xros/SwiftFormatConfiguration-t.build/Objects-normal/arm64/SwiftFormatConfiguration_const_extract_protocols.json -Xcc -I/Users/admin/builder/spi-builder-workspace/.dependencies/checkouts/swift-cmark/src/include -Xcc -I/Users/admin/builder/spi-builder-workspace/.dependencies/checkouts/swift-cmark/extensions/include -Xcc -I/Users/admin/builder/spi-builder-workspace/.dependencies/checkouts/swift-markdown/Sources/CAtomic/include -Xcc -I/Users/admin/builder/spi-builder-workspace/.derivedData/Build/Products/Debug-xros/include -Xcc -I/Users/admin/builder/spi-builder-workspace/.derivedData/Build/Intermediates.noindex/swift-format.build/Debug-xros/SwiftFormatConfiguration-t.build/DerivedSources-normal/arm64 -Xcc -I/Users/admin/builder/spi-builder-workspace/.derivedData/Build/Intermediates.noindex/swift-format.build/Debug-xros/SwiftFormatConfiguration-t.build/DerivedSources/arm64 -Xcc -I/Users/admin/builder/spi-builder-workspace/.derivedData/Build/Intermediates.noindex/swift-format.build/Debug-xros/SwiftFormatConfiguration-t.build/DerivedSources -Xcc -DSWIFT_PACKAGE -Xcc -DDEBUG\=1 -emit-objc-header -emit-objc-header-path /Users/admin/builder/spi-builder-workspace/.derivedData/Build/Intermediates.noindex/swift-format.build/Debug-xros/SwiftFormatConfiguration-t.build/Objects-normal/arm64/SwiftFormatConfiguration-Swift.h -working-directory /Users/admin/builder/spi-builder-workspace/.swiftpm/xcode -experimental-emit-module-separately -disable-cmo
SwiftDriverJobDiscovery normal arm64 Compiling Configuration+Default.swift, Configuration.swift, DebugOptions.swift, Finding.swift, FindingCategorizing.swift, Indent.swift, SwiftFormatError.swift, SwiftFormatter.swift, SwiftLinter.swift (in target 'SwiftFormat' from project 'swift-format')
SwiftMergeGeneratedHeaders /Users/admin/builder/spi-builder-workspace/.derivedData/Build/Intermediates.noindex/GeneratedModuleMaps-xros/SwiftFormatConfiguration-Swift.h /Users/admin/builder/spi-builder-workspace/.derivedData/Build/Intermediates.noindex/swift-format.build/Debug-xros/SwiftFormatConfiguration-t.build/Objects-normal/arm64/SwiftFormatConfiguration-Swift.h (in target 'SwiftFormatConfiguration' from project 'swift-format')
    cd /Users/admin/builder/spi-builder-workspace/.dependencies/checkouts/swift-format
    builtin-swiftHeaderTool -arch arm64 /Users/admin/builder/spi-builder-workspace/.derivedData/Build/Intermediates.noindex/swift-format.build/Debug-xros/SwiftFormatConfiguration-t.build/Objects-normal/arm64/SwiftFormatConfiguration-Swift.h -o /Users/admin/builder/spi-builder-workspace/.derivedData/Build/Intermediates.noindex/GeneratedModuleMaps-xros/SwiftFormatConfiguration-Swift.h
Copy /Users/admin/builder/spi-builder-workspace/.derivedData/Build/Products/Debug-xros/SwiftFormatConfiguration.swiftmodule/arm64-apple-xros.swiftmodule /Users/admin/builder/spi-builder-workspace/.derivedData/Build/Intermediates.noindex/swift-format.build/Debug-xros/SwiftFormatConfiguration-t.build/Objects-normal/arm64/SwiftFormatConfiguration.swiftmodule (in target 'SwiftFormatConfiguration' from project 'swift-format')
    cd /Users/admin/builder/spi-builder-workspace/.dependencies/checkouts/swift-format
    builtin-copy -exclude .DS_Store -exclude CVS -exclude .svn -exclude .git -exclude .hg -resolve-src-symlinks -rename /Users/admin/builder/spi-builder-workspace/.derivedData/Build/Intermediates.noindex/swift-format.build/Debug-xros/SwiftFormatConfiguration-t.build/Objects-normal/arm64/SwiftFormatConfiguration.swiftmodule /Users/admin/builder/spi-builder-workspace/.derivedData/Build/Products/Debug-xros/SwiftFormatConfiguration.swiftmodule/arm64-apple-xros.swiftmodule
Copy /Users/admin/builder/spi-builder-workspace/.derivedData/Build/Products/Debug-xros/SwiftFormatConfiguration.swiftmodule/arm64-apple-xros.swiftdoc /Users/admin/builder/spi-builder-workspace/.derivedData/Build/Intermediates.noindex/swift-format.build/Debug-xros/SwiftFormatConfiguration-t.build/Objects-normal/arm64/SwiftFormatConfiguration.swiftdoc (in target 'SwiftFormatConfiguration' from project 'swift-format')
    cd /Users/admin/builder/spi-builder-workspace/.dependencies/checkouts/swift-format
    builtin-copy -exclude .DS_Store -exclude CVS -exclude .svn -exclude .git -exclude .hg -resolve-src-symlinks -rename /Users/admin/builder/spi-builder-workspace/.derivedData/Build/Intermediates.noindex/swift-format.build/Debug-xros/SwiftFormatConfiguration-t.build/Objects-normal/arm64/SwiftFormatConfiguration.swiftdoc /Users/admin/builder/spi-builder-workspace/.derivedData/Build/Products/Debug-xros/SwiftFormatConfiguration.swiftmodule/arm64-apple-xros.swiftdoc
Copy /Users/admin/builder/spi-builder-workspace/.derivedData/Build/Products/Debug-xros/SwiftFormatConfiguration.swiftmodule/arm64-apple-xros.abi.json /Users/admin/builder/spi-builder-workspace/.derivedData/Build/Intermediates.noindex/swift-format.build/Debug-xros/SwiftFormatConfiguration-t.build/Objects-normal/arm64/SwiftFormatConfiguration.abi.json (in target 'SwiftFormatConfiguration' from project 'swift-format')
    cd /Users/admin/builder/spi-builder-workspace/.dependencies/checkouts/swift-format
    builtin-copy -exclude .DS_Store -exclude CVS -exclude .svn -exclude .git -exclude .hg -resolve-src-symlinks -rename /Users/admin/builder/spi-builder-workspace/.derivedData/Build/Intermediates.noindex/swift-format.build/Debug-xros/SwiftFormatConfiguration-t.build/Objects-normal/arm64/SwiftFormatConfiguration.abi.json /Users/admin/builder/spi-builder-workspace/.derivedData/Build/Products/Debug-xros/SwiftFormatConfiguration.swiftmodule/arm64-apple-xros.abi.json
Copy /Users/admin/builder/spi-builder-workspace/.derivedData/Build/Products/Debug-xros/SwiftFormatConfiguration.swiftmodule/Project/arm64-apple-xros.swiftsourceinfo /Users/admin/builder/spi-builder-workspace/.derivedData/Build/Intermediates.noindex/swift-format.build/Debug-xros/SwiftFormatConfiguration-t.build/Objects-normal/arm64/SwiftFormatConfiguration.swiftsourceinfo (in target 'SwiftFormatConfiguration' from project 'swift-format')
    cd /Users/admin/builder/spi-builder-workspace/.dependencies/checkouts/swift-format
    builtin-copy -exclude .DS_Store -exclude CVS -exclude .svn -exclude .git -exclude .hg -resolve-src-symlinks -rename /Users/admin/builder/spi-builder-workspace/.derivedData/Build/Intermediates.noindex/swift-format.build/Debug-xros/SwiftFormatConfiguration-t.build/Objects-normal/arm64/SwiftFormatConfiguration.swiftsourceinfo /Users/admin/builder/spi-builder-workspace/.derivedData/Build/Products/Debug-xros/SwiftFormatConfiguration.swiftmodule/Project/arm64-apple-xros.swiftsourceinfo
SwiftDriver SwiftGraphQLCodegen normal arm64 com.apple.xcode.tools.swift.compiler (in target 'SwiftGraphQLCodegen' from project 'swift-graphql')
    cd /Users/admin/builder/spi-builder-workspace/.swiftpm/xcode
    builtin-SwiftDriver -- /Applications/Xcode-27.0.0-Release.Candidate.app/Contents/Developer/Toolchains/XcodeDefault.xctoolchain/usr/bin/swiftc -parse-as-library -module-name SwiftGraphQLCodegen -Onone @/Users/admin/builder/spi-builder-workspace/.derivedData/Build/Intermediates.noindex/swift-graphql.build/Debug-xros/SwiftGraphQLCodegen-t.build/Objects-normal/arm64/SwiftGraphQLCodegen.SwiftFileList -DSWIFT_PACKAGE -DDEBUG -DSWIFT_MODULE_RESOURCE_BUNDLE_UNAVAILABLE -Xcc -fmodule-map-file\=/Users/admin/builder/spi-builder-workspace/.dependencies/checkouts/swift-cmark/src/include/module.modulemap -Xcc -fmodule-map-file\=/Users/admin/builder/spi-builder-workspace/.dependencies/checkouts/swift-cmark/extensions/include/module.modulemap -Xcc -fmodule-map-file\=/Users/admin/builder/spi-builder-workspace/.dependencies/checkouts/swift-markdown/Sources/CAtomic/include/module.modulemap -DXcode -plugin-path /Applications/Xcode-27.0.0-Release.Candidate.app/Contents/Developer/Toolchains/XcodeDefault.xctoolchain/usr/lib/swift/host/plugins/testing -enable-experimental-feature DebugDescriptionMacro -sdk /Applications/Xcode-27.0.0-Release.Candidate.app/Contents/Developer/Platforms/XROS.platform/Developer/SDKs/XROS27.0.sdk -target arm64-apple-xros1.0 -g -module-cache-path /Users/admin/builder/spi-builder-workspace/.derivedData/ModuleCache.noindex -Xfrontend -serialize-debugging-options -profile-coverage-mapping -profile-generate -enable-testing -index-store-path /Users/admin/builder/spi-builder-workspace/.derivedData/Index.noindex/DataStore -Xcc -D_LIBCPP_HARDENING_MODE\=_LIBCPP_HARDENING_MODE_DEBUG -swift-version 5 -I /Users/admin/builder/spi-builder-workspace/.derivedData/Build/Products/Debug-xros -Isystem /Applications/Xcode-27.0.0-Release.Candidate.app/Contents/Developer/Platforms/XROS.platform/Developer/usr/lib -F /Users/admin/builder/spi-builder-workspace/.derivedData/Build/Products/Debug-xros/PackageFrameworks -F /Users/admin/builder/spi-builder-workspace/.derivedData/Build/Products/Debug-xros -F /Applications/Xcode-27.0.0-Release.Candidate.app/Contents/Developer/Platforms/XROS.platform/Developer/Library/Frameworks -F /Applications/Xcode-27.0.0-Release.Candidate.app/Contents/Developer/Platforms/XROS.platform/Developer/SDKs/XROS27.0.sdk/Developer/Library/Frameworks -c -j10 -enable-batch-mode -incremental -Xcc -ivfsstatcache -Xcc /Users/admin/builder/spi-builder-workspace/.derivedData/SDKStatCaches.noindex/xros27.0-24M361-e829b21a6f8c9b70876ba0858053c044735bd543db762f57723cac368afd1ce4.sdkstatcache -output-file-map /Users/admin/builder/spi-builder-workspace/.derivedData/Build/Intermediates.noindex/swift-graphql.build/Debug-xros/SwiftGraphQLCodegen-t.build/Objects-normal/arm64/SwiftGraphQLCodegen-OutputFileMap.json -save-temps -no-color-diagnostics -explicit-module-build -module-cache-path /Users/admin/builder/spi-builder-workspace/.derivedData/Build/Intermediates.noindex/SwiftExplicitPrecompiledModules -clang-scanner-module-cache-path /Users/admin/builder/spi-builder-workspace/.derivedData/ModuleCache.noindex -sdk-module-cache-path /Users/admin/builder/spi-builder-workspace/.derivedData/SDKExplicitPrecompiledModules -emit-dependencies -emit-module -emit-module-path /Users/admin/builder/spi-builder-workspace/.derivedData/Build/Intermediates.noindex/swift-graphql.build/Debug-xros/SwiftGraphQLCodegen-t.build/Objects-normal/arm64/SwiftGraphQLCodegen.swiftmodule -serialize-diagnostics -dependency-scan-serialize-diagnostics-path /Users/admin/builder/spi-builder-workspace/.derivedData/Build/Intermediates.noindex/swift-graphql.build/Debug-xros/SwiftGraphQLCodegen-t.build/Objects-normal/arm64/SwiftGraphQLCodegen-dependency-scan.dia -validate-clang-modules-once -clang-build-session-file /Users/admin/builder/spi-builder-workspace/.derivedData/ModuleCache.noindex/Session.modulevalidation -Xcc -fmodules-prune-interval\=86400 -Xcc -fmodules-prune-after\=345600 -emit-const-values -const-gather-protocols-list /Users/admin/builder/spi-builder-workspace/.derivedData/Build/Intermediates.noindex/swift-graphql.build/Debug-xros/SwiftGraphQLCodegen-t.build/Objects-normal/arm64/SwiftGraphQLCodegen_const_extract_protocols.json -Xcc -I/Users/admin/builder/spi-builder-workspace/.dependencies/checkouts/swift-cmark/src/include -Xcc -I/Users/admin/builder/spi-builder-workspace/.dependencies/checkouts/swift-cmark/extensions/include -Xcc -I/Users/admin/builder/spi-builder-workspace/.dependencies/checkouts/swift-markdown/Sources/CAtomic/include -Xcc -I/Users/admin/builder/spi-builder-workspace/.derivedData/Build/Products/Debug-xros/include -Xcc -I/Users/admin/builder/spi-builder-workspace/.derivedData/Build/Intermediates.noindex/swift-graphql.build/Debug-xros/SwiftGraphQLCodegen-t.build/DerivedSources-normal/arm64 -Xcc -I/Users/admin/builder/spi-builder-workspace/.derivedData/Build/Intermediates.noindex/swift-graphql.build/Debug-xros/SwiftGraphQLCodegen-t.build/DerivedSources/arm64 -Xcc -I/Users/admin/builder/spi-builder-workspace/.derivedData/Build/Intermediates.noindex/swift-graphql.build/Debug-xros/SwiftGraphQLCodegen-t.build/DerivedSources -Xcc -DSWIFT_PACKAGE -Xcc -DDEBUG\=1 -emit-objc-header -emit-objc-header-path /Users/admin/builder/spi-builder-workspace/.derivedData/Build/Intermediates.noindex/swift-graphql.build/Debug-xros/SwiftGraphQLCodegen-t.build/Objects-normal/arm64/SwiftGraphQLCodegen-Swift.h -working-directory /Users/admin/builder/spi-builder-workspace/.swiftpm/xcode -experimental-emit-module-separately -disable-cmo
SwiftDriverJobDiscovery normal arm64 Compiling Compatibility.swift (in target 'SwiftFormatConfiguration' from project 'swift-format')
SwiftDriver\ Compilation SwiftFormatConfiguration normal arm64 com.apple.xcode.tools.swift.compiler (in target 'SwiftFormatConfiguration' from project 'swift-format')
    cd /Users/admin/builder/spi-builder-workspace/.swiftpm/xcode
    builtin-Swift-Compilation -- /Applications/Xcode-27.0.0-Release.Candidate.app/Contents/Developer/Toolchains/XcodeDefault.xctoolchain/usr/bin/swiftc -parse-as-library -module-name SwiftFormatConfiguration -Onone @/Users/admin/builder/spi-builder-workspace/.derivedData/Build/Intermediates.noindex/swift-format.build/Debug-xros/SwiftFormatConfiguration-t.build/Objects-normal/arm64/SwiftFormatConfiguration.SwiftFileList -DSWIFT_PACKAGE -DDEBUG -DSWIFT_MODULE_RESOURCE_BUNDLE_UNAVAILABLE -Xcc -fmodule-map-file\=/Users/admin/builder/spi-builder-workspace/.dependencies/checkouts/swift-cmark/src/include/module.modulemap -Xcc -fmodule-map-file\=/Users/admin/builder/spi-builder-workspace/.dependencies/checkouts/swift-cmark/extensions/include/module.modulemap -Xcc -fmodule-map-file\=/Users/admin/builder/spi-builder-workspace/.dependencies/checkouts/swift-markdown/Sources/CAtomic/include/module.modulemap -DXcode -plugin-path /Applications/Xcode-27.0.0-Release.Candidate.app/Contents/Developer/Toolchains/XcodeDefault.xctoolchain/usr/lib/swift/host/plugins/testing -enable-experimental-feature DebugDescriptionMacro -sdk /Applications/Xcode-27.0.0-Release.Candidate.app/Contents/Developer/Platforms/XROS.platform/Developer/SDKs/XROS27.0.sdk -target arm64-apple-xros1.0 -g -module-cache-path /Users/admin/builder/spi-builder-workspace/.derivedData/ModuleCache.noindex -Xfrontend -serialize-debugging-options -profile-coverage-mapping -profile-generate -enable-testing -suppress-warnings -index-store-path /Users/admin/builder/spi-builder-workspace/.derivedData/Index.noindex/DataStore -Xcc -D_LIBCPP_HARDENING_MODE\=_LIBCPP_HARDENING_MODE_DEBUG -swift-version 5 -I /Users/admin/builder/spi-builder-workspace/.derivedData/Build/Products/Debug-xros -Isystem /Applications/Xcode-27.0.0-Release.Candidate.app/Contents/Developer/Platforms/XROS.platform/Developer/usr/lib -F /Users/admin/builder/spi-builder-workspace/.derivedData/Build/Products/Debug-xros/PackageFrameworks -F /Users/admin/builder/spi-builder-workspace/.derivedData/Build/Products/Debug-xros -F /Applications/Xcode-27.0.0-Release.Candidate.app/Contents/Developer/Platforms/XROS.platform/Developer/Library/Frameworks -F /Applications/Xcode-27.0.0-Release.Candidate.app/Contents/Developer/Platforms/XROS.platform/Developer/SDKs/XROS27.0.sdk/Developer/Library/Frameworks -c -j10 -enable-batch-mode -incremental -Xcc -ivfsstatcache -Xcc /Users/admin/builder/spi-builder-workspace/.derivedData/SDKStatCaches.noindex/xros27.0-24M361-e829b21a6f8c9b70876ba0858053c044735bd543db762f57723cac368afd1ce4.sdkstatcache -output-file-map /Users/admin/builder/spi-builder-workspace/.derivedData/Build/Intermediates.noindex/swift-format.build/Debug-xros/SwiftFormatConfiguration-t.build/Objects-normal/arm64/SwiftFormatConfiguration-OutputFileMap.json -save-temps -no-color-diagnostics -explicit-module-build -module-cache-path /Users/admin/builder/spi-builder-workspace/.derivedData/Build/Intermediates.noindex/SwiftExplicitPrecompiledModules -clang-scanner-module-cache-path /Users/admin/builder/spi-builder-workspace/.derivedData/ModuleCache.noindex -sdk-module-cache-path /Users/admin/builder/spi-builder-workspace/.derivedData/SDKExplicitPrecompiledModules -emit-dependencies -emit-module -emit-module-path /Users/admin/builder/spi-builder-workspace/.derivedData/Build/Intermediates.noindex/swift-format.build/Debug-xros/SwiftFormatConfiguration-t.build/Objects-normal/arm64/SwiftFormatConfiguration.swiftmodule -serialize-diagnostics -dependency-scan-serialize-diagnostics-path /Users/admin/builder/spi-builder-workspace/.derivedData/Build/Intermediates.noindex/swift-format.build/Debug-xros/SwiftFormatConfiguration-t.build/Objects-normal/arm64/SwiftFormatConfiguration-dependency-scan.dia -validate-clang-modules-once -clang-build-session-file /Users/admin/builder/spi-builder-workspace/.derivedData/ModuleCache.noindex/Session.modulevalidation -Xcc -fmodules-prune-interval\=86400 -Xcc -fmodules-prune-after\=345600 -emit-const-values -const-gather-protocols-list /Users/admin/builder/spi-builder-workspace/.derivedData/Build/Intermediates.noindex/swift-format.build/Debug-xros/SwiftFormatConfiguration-t.build/Objects-normal/arm64/SwiftFormatConfiguration_const_extract_protocols.json -Xcc -I/Users/admin/builder/spi-builder-workspace/.dependencies/checkouts/swift-cmark/src/include -Xcc -I/Users/admin/builder/spi-builder-workspace/.dependencies/checkouts/swift-cmark/extensions/include -Xcc -I/Users/admin/builder/spi-builder-workspace/.dependencies/checkouts/swift-markdown/Sources/CAtomic/include -Xcc -I/Users/admin/builder/spi-builder-workspace/.derivedData/Build/Products/Debug-xros/include -Xcc -I/Users/admin/builder/spi-builder-workspace/.derivedData/Build/Intermediates.noindex/swift-format.build/Debug-xros/SwiftFormatConfiguration-t.build/DerivedSources-normal/arm64 -Xcc -I/Users/admin/builder/spi-builder-workspace/.derivedData/Build/Intermediates.noindex/swift-format.build/Debug-xros/SwiftFormatConfiguration-t.build/DerivedSources/arm64 -Xcc -I/Users/admin/builder/spi-builder-workspace/.derivedData/Build/Intermediates.noindex/swift-format.build/Debug-xros/SwiftFormatConfiguration-t.build/DerivedSources -Xcc -DSWIFT_PACKAGE -Xcc -DDEBUG\=1 -emit-objc-header -emit-objc-header-path /Users/admin/builder/spi-builder-workspace/.derivedData/Build/Intermediates.noindex/swift-format.build/Debug-xros/SwiftFormatConfiguration-t.build/Objects-normal/arm64/SwiftFormatConfiguration-Swift.h -working-directory /Users/admin/builder/spi-builder-workspace/.swiftpm/xcode -experimental-emit-module-separately -disable-cmo
SwiftDriverJobDiscovery normal arm64 Compiling AllPublicDeclarationsHaveDocumentation.swift, AlwaysUseLiteralForEmptyCollectionInit.swift, AlwaysUseLowerCamelCase.swift, AmbiguousTrailingClosureOverload.swift, BeginDocumentationCommentWithOneLineSummary.swift, DoNotUseSemicolons.swift, DontRepeatTypeInStaticProperties.swift, FileScopedDeclarationPrivacy.swift (in target 'SwiftFormat' from project 'swift-format')
SwiftDriverJobDiscovery normal arm64 Compiling Context.swift, DocumentationComment.swift, DocumentationCommentText.swift, Finding+Convenience.swift, FindingEmitter.swift, FormatPipeline.swift, FunctionDeclSyntax+Convenience.swift, ImportsXCTestVisitor.swift, LazySplitSequence.swift (in target 'SwiftFormat' from project 'swift-format')
SwiftCompile normal arm64 Compiling\ Operation.swift /Users/admin/builder/spi-builder-workspace/Sources/SwiftGraphQLCodegen/Generator/Operation.swift (in target 'SwiftGraphQLCodegen' from project 'swift-graphql')
SwiftCompile normal arm64 /Users/admin/builder/spi-builder-workspace/Sources/SwiftGraphQLCodegen/Generator/Operation.swift (in target 'SwiftGraphQLCodegen' from project 'swift-graphql')
    cd /Users/admin/builder/spi-builder-workspace/.swiftpm/xcode
    builtin-SwiftPerFileCompile Operation.swift
SwiftCompile normal arm64 Compiling\ String+Extensions.swift,\ Generator.swift /Users/admin/builder/spi-builder-workspace/Sources/SwiftGraphQLCodegen/Extensions/String+Extensions.swift /Users/admin/builder/spi-builder-workspace/Sources/SwiftGraphQLCodegen/Generator.swift (in target 'SwiftGraphQLCodegen' from project 'swift-graphql')
SwiftCompile normal arm64 /Users/admin/builder/spi-builder-workspace/Sources/SwiftGraphQLCodegen/Extensions/String+Extensions.swift (in target 'SwiftGraphQLCodegen' from project 'swift-graphql')
    cd /Users/admin/builder/spi-builder-workspace/.swiftpm/xcode
    builtin-SwiftPerFileCompile String+Extensions.swift
SwiftCompile normal arm64 /Users/admin/builder/spi-builder-workspace/Sources/SwiftGraphQLCodegen/Generator.swift (in target 'SwiftGraphQLCodegen' from project 'swift-graphql')
    cd /Users/admin/builder/spi-builder-workspace/.swiftpm/xcode
    builtin-SwiftPerFileCompile Generator.swift
SwiftCompile normal arm64 Compiling\ Context.swift,\ Error.swift /Users/admin/builder/spi-builder-workspace/Sources/SwiftGraphQLCodegen/Context.swift /Users/admin/builder/spi-builder-workspace/Sources/SwiftGraphQLCodegen/Error.swift (in target 'SwiftGraphQLCodegen' from project 'swift-graphql')
SwiftCompile normal arm64 /Users/admin/builder/spi-builder-workspace/Sources/SwiftGraphQLCodegen/Context.swift (in target 'SwiftGraphQLCodegen' from project 'swift-graphql')
    cd /Users/admin/builder/spi-builder-workspace/.swiftpm/xcode
    builtin-SwiftPerFileCompile Context.swift
SwiftCompile normal arm64 /Users/admin/builder/spi-builder-workspace/Sources/SwiftGraphQLCodegen/Error.swift (in target 'SwiftGraphQLCodegen' from project 'swift-graphql')
    cd /Users/admin/builder/spi-builder-workspace/.swiftpm/xcode
    builtin-SwiftPerFileCompile Error.swift
SwiftCompile normal arm64 Compiling\ Collection+Extensions.swift,\ Schema+Extensions.swift /Users/admin/builder/spi-builder-workspace/Sources/SwiftGraphQLCodegen/Extensions/Collection+Extensions.swift /Users/admin/builder/spi-builder-workspace/Sources/SwiftGraphQLCodegen/Extensions/Schema+Extensions.swift (in target 'SwiftGraphQLCodegen' from project 'swift-graphql')
SwiftCompile normal arm64 /Users/admin/builder/spi-builder-workspace/Sources/SwiftGraphQLCodegen/Extensions/Collection+Extensions.swift (in target 'SwiftGraphQLCodegen' from project 'swift-graphql')
    cd /Users/admin/builder/spi-builder-workspace/.swiftpm/xcode
    builtin-SwiftPerFileCompile Collection+Extensions.swift
SwiftCompile normal arm64 /Users/admin/builder/spi-builder-workspace/Sources/SwiftGraphQLCodegen/Extensions/Schema+Extensions.swift (in target 'SwiftGraphQLCodegen' from project 'swift-graphql')
    cd /Users/admin/builder/spi-builder-workspace/.swiftpm/xcode
    builtin-SwiftPerFileCompile Schema+Extensions.swift
SwiftEmitModule normal arm64 Emitting\ module\ for\ SwiftGraphQLCodegen (in target 'SwiftGraphQLCodegen' from project 'swift-graphql')
SwiftCompile normal arm64 (in target 'SwiftGraphQLCodegen' from project 'swift-graphql')
    cd /Users/admin/builder/spi-builder-workspace/.swiftpm/xcode

SwiftDriverJobDiscovery normal arm64 Compiling Operation.swift (in target 'SwiftGraphQLCodegen' from project 'swift-graphql')
SwiftCompile normal arm64 Compiling\ InputObject.swift,\ Interface.swift /Users/admin/builder/spi-builder-workspace/Sources/SwiftGraphQLCodegen/Generator/InputObject.swift /Users/admin/builder/spi-builder-workspace/Sources/SwiftGraphQLCodegen/Generator/Interface.swift (in target 'SwiftGraphQLCodegen' from project 'swift-graphql')
SwiftCompile normal arm64 /Users/admin/builder/spi-builder-workspace/Sources/SwiftGraphQLCodegen/Generator/InputObject.swift (in target 'SwiftGraphQLCodegen' from project 'swift-graphql')
    cd /Users/admin/builder/spi-builder-workspace/.swiftpm/xcode
    builtin-SwiftPerFileCompile InputObject.swift
SwiftCompile normal arm64 /Users/admin/builder/spi-builder-workspace/Sources/SwiftGraphQLCodegen/Generator/Interface.swift (in target 'SwiftGraphQLCodegen' from project 'swift-graphql')
    cd /Users/admin/builder/spi-builder-workspace/.swiftpm/xcode
    builtin-SwiftPerFileCompile Interface.swift
SwiftCompile normal arm64 Compiling\ Field.swift,\ Fragments.swift /Users/admin/builder/spi-builder-workspace/Sources/SwiftGraphQLCodegen/Generator/Field.swift /Users/admin/builder/spi-builder-workspace/Sources/SwiftGraphQLCodegen/Generator/Fragments.swift (in target 'SwiftGraphQLCodegen' from project 'swift-graphql')
SwiftCompile normal arm64 /Users/admin/builder/spi-builder-workspace/Sources/SwiftGraphQLCodegen/Generator/Field.swift (in target 'SwiftGraphQLCodegen' from project 'swift-graphql')
    cd /Users/admin/builder/spi-builder-workspace/.swiftpm/xcode
    builtin-SwiftPerFileCompile Field.swift
SwiftCompile normal arm64 /Users/admin/builder/spi-builder-workspace/Sources/SwiftGraphQLCodegen/Generator/Fragments.swift (in target 'SwiftGraphQLCodegen' from project 'swift-graphql')
    cd /Users/admin/builder/spi-builder-workspace/.swiftpm/xcode
    builtin-SwiftPerFileCompile Fragments.swift
SwiftCompile normal arm64 Compiling\ Union.swift /Users/admin/builder/spi-builder-workspace/Sources/SwiftGraphQLCodegen/Generator/Union.swift (in target 'SwiftGraphQLCodegen' from project 'swift-graphql')
SwiftCompile normal arm64 /Users/admin/builder/spi-builder-workspace/Sources/SwiftGraphQLCodegen/Generator/Union.swift (in target 'SwiftGraphQLCodegen' from project 'swift-graphql')
    cd /Users/admin/builder/spi-builder-workspace/.swiftpm/xcode
    builtin-SwiftPerFileCompile Union.swift
SwiftDriverJobDiscovery normal arm64 Compiling Context.swift, Error.swift (in target 'SwiftGraphQLCodegen' from project 'swift-graphql')
SwiftDriverJobDiscovery normal arm64 Compiling LegacyTriviaBehavior.swift, LintPipeline.swift, ModifierListSyntax+Convenience.swift, Parsing.swift, Pipelines+Generated.swift, RememberingIterator.swift, Rule.swift, RuleBasedFindingCategory.swift, RuleMask.swift (in target 'SwiftFormat' from project 'swift-format')
SwiftCompile normal arm64 Compiling\ Scalar.swift /Users/admin/builder/spi-builder-workspace/Sources/SwiftGraphQLCodegen/Generator/Scalar.swift (in target 'SwiftGraphQLCodegen' from project 'swift-graphql')
SwiftCompile normal arm64 /Users/admin/builder/spi-builder-workspace/Sources/SwiftGraphQLCodegen/Generator/Scalar.swift (in target 'SwiftGraphQLCodegen' from project 'swift-graphql')
    cd /Users/admin/builder/spi-builder-workspace/.swiftpm/xcode
    builtin-SwiftPerFileCompile Scalar.swift
SwiftDriverJobDiscovery normal arm64 Compiling OmitExplicitReturns.swift, OneCasePerLine.swift, OneVariableDeclarationPerLine.swift, OnlyOneTrailingClosureArgument.swift, OrderedImports.swift, ReplaceForEachWithForLoop.swift, ReturnVoidInsteadOfEmptyTuple.swift, TypeNamesShouldBeCapitalized.swift (in target 'SwiftFormat' from project 'swift-format')
SwiftDriverJobDiscovery normal arm64 Compiling Collection+Extensions.swift, Schema+Extensions.swift (in target 'SwiftGraphQLCodegen' from project 'swift-graphql')
SwiftCompile normal arm64 Compiling\ Object.swift /Users/admin/builder/spi-builder-workspace/Sources/SwiftGraphQLCodegen/Generator/Object.swift (in target 'SwiftGraphQLCodegen' from project 'swift-graphql')
SwiftCompile normal arm64 /Users/admin/builder/spi-builder-workspace/Sources/SwiftGraphQLCodegen/Generator/Object.swift (in target 'SwiftGraphQLCodegen' from project 'swift-graphql')
    cd /Users/admin/builder/spi-builder-workspace/.swiftpm/xcode
    builtin-SwiftPerFileCompile Object.swift
SwiftDriverJobDiscovery normal arm64 Compiling String+Extensions.swift, Generator.swift (in target 'SwiftGraphQLCodegen' from project 'swift-graphql')
SwiftCompile normal arm64 Compiling\ Codable.swift,\ Enum.swift /Users/admin/builder/spi-builder-workspace/Sources/SwiftGraphQLCodegen/Generator/Codable.swift /Users/admin/builder/spi-builder-workspace/Sources/SwiftGraphQLCodegen/Generator/Enum.swift (in target 'SwiftGraphQLCodegen' from project 'swift-graphql')
SwiftCompile normal arm64 /Users/admin/builder/spi-builder-workspace/Sources/SwiftGraphQLCodegen/Generator/Codable.swift (in target 'SwiftGraphQLCodegen' from project 'swift-graphql')
    cd /Users/admin/builder/spi-builder-workspace/.swiftpm/xcode
    builtin-SwiftPerFileCompile Codable.swift
SwiftCompile normal arm64 /Users/admin/builder/spi-builder-workspace/Sources/SwiftGraphQLCodegen/Generator/Enum.swift (in target 'SwiftGraphQLCodegen' from project 'swift-graphql')
    cd /Users/admin/builder/spi-builder-workspace/.swiftpm/xcode
    builtin-SwiftPerFileCompile Enum.swift
SwiftDriverJobDiscovery normal arm64 Compiling Union.swift (in target 'SwiftGraphQLCodegen' from project 'swift-graphql')
SwiftDriverJobDiscovery normal arm64 Emitting module for SwiftGraphQLCodegen (in target 'SwiftGraphQLCodegen' from project 'swift-graphql')
SwiftDriver\ Compilation\ Requirements SwiftGraphQLCodegen normal arm64 com.apple.xcode.tools.swift.compiler (in target 'SwiftGraphQLCodegen' from project 'swift-graphql')
    cd /Users/admin/builder/spi-builder-workspace/.swiftpm/xcode
    builtin-Swift-Compilation-Requirements -- /Applications/Xcode-27.0.0-Release.Candidate.app/Contents/Developer/Toolchains/XcodeDefault.xctoolchain/usr/bin/swiftc -parse-as-library -module-name SwiftGraphQLCodegen -Onone @/Users/admin/builder/spi-builder-workspace/.derivedData/Build/Intermediates.noindex/swift-graphql.build/Debug-xros/SwiftGraphQLCodegen-t.build/Objects-normal/arm64/SwiftGraphQLCodegen.SwiftFileList -DSWIFT_PACKAGE -DDEBUG -DSWIFT_MODULE_RESOURCE_BUNDLE_UNAVAILABLE -Xcc -fmodule-map-file\=/Users/admin/builder/spi-builder-workspace/.dependencies/checkouts/swift-cmark/src/include/module.modulemap -Xcc -fmodule-map-file\=/Users/admin/builder/spi-builder-workspace/.dependencies/checkouts/swift-cmark/extensions/include/module.modulemap -Xcc -fmodule-map-file\=/Users/admin/builder/spi-builder-workspace/.dependencies/checkouts/swift-markdown/Sources/CAtomic/include/module.modulemap -DXcode -plugin-path /Applications/Xcode-27.0.0-Release.Candidate.app/Contents/Developer/Toolchains/XcodeDefault.xctoolchain/usr/lib/swift/host/plugins/testing -enable-experimental-feature DebugDescriptionMacro -sdk /Applications/Xcode-27.0.0-Release.Candidate.app/Contents/Developer/Platforms/XROS.platform/Developer/SDKs/XROS27.0.sdk -target arm64-apple-xros1.0 -g -module-cache-path /Users/admin/builder/spi-builder-workspace/.derivedData/ModuleCache.noindex -Xfrontend -serialize-debugging-options -profile-coverage-mapping -profile-generate -enable-testing -index-store-path /Users/admin/builder/spi-builder-workspace/.derivedData/Index.noindex/DataStore -Xcc -D_LIBCPP_HARDENING_MODE\=_LIBCPP_HARDENING_MODE_DEBUG -swift-version 5 -I /Users/admin/builder/spi-builder-workspace/.derivedData/Build/Products/Debug-xros -Isystem /Applications/Xcode-27.0.0-Release.Candidate.app/Contents/Developer/Platforms/XROS.platform/Developer/usr/lib -F /Users/admin/builder/spi-builder-workspace/.derivedData/Build/Products/Debug-xros/PackageFrameworks -F /Users/admin/builder/spi-builder-workspace/.derivedData/Build/Products/Debug-xros -F /Applications/Xcode-27.0.0-Release.Candidate.app/Contents/Developer/Platforms/XROS.platform/Developer/Library/Frameworks -F /Applications/Xcode-27.0.0-Release.Candidate.app/Contents/Developer/Platforms/XROS.platform/Developer/SDKs/XROS27.0.sdk/Developer/Library/Frameworks -c -j10 -enable-batch-mode -incremental -Xcc -ivfsstatcache -Xcc /Users/admin/builder/spi-builder-workspace/.derivedData/SDKStatCaches.noindex/xros27.0-24M361-e829b21a6f8c9b70876ba0858053c044735bd543db762f57723cac368afd1ce4.sdkstatcache -output-file-map /Users/admin/builder/spi-builder-workspace/.derivedData/Build/Intermediates.noindex/swift-graphql.build/Debug-xros/SwiftGraphQLCodegen-t.build/Objects-normal/arm64/SwiftGraphQLCodegen-OutputFileMap.json -save-temps -no-color-diagnostics -explicit-module-build -module-cache-path /Users/admin/builder/spi-builder-workspace/.derivedData/Build/Intermediates.noindex/SwiftExplicitPrecompiledModules -clang-scanner-module-cache-path /Users/admin/builder/spi-builder-workspace/.derivedData/ModuleCache.noindex -sdk-module-cache-path /Users/admin/builder/spi-builder-workspace/.derivedData/SDKExplicitPrecompiledModules -emit-dependencies -emit-module -emit-module-path /Users/admin/builder/spi-builder-workspace/.derivedData/Build/Intermediates.noindex/swift-graphql.build/Debug-xros/SwiftGraphQLCodegen-t.build/Objects-normal/arm64/SwiftGraphQLCodegen.swiftmodule -serialize-diagnostics -dependency-scan-serialize-diagnostics-path /Users/admin/builder/spi-builder-workspace/.derivedData/Build/Intermediates.noindex/swift-graphql.build/Debug-xros/SwiftGraphQLCodegen-t.build/Objects-normal/arm64/SwiftGraphQLCodegen-dependency-scan.dia -validate-clang-modules-once -clang-build-session-file /Users/admin/builder/spi-builder-workspace/.derivedData/ModuleCache.noindex/Session.modulevalidation -Xcc -fmodules-prune-interval\=86400 -Xcc -fmodules-prune-after\=345600 -emit-const-values -const-gather-protocols-list /Users/admin/builder/spi-builder-workspace/.derivedData/Build/Intermediates.noindex/swift-graphql.build/Debug-xros/SwiftGraphQLCodegen-t.build/Objects-normal/arm64/SwiftGraphQLCodegen_const_extract_protocols.json -Xcc -I/Users/admin/builder/spi-builder-workspace/.dependencies/checkouts/swift-cmark/src/include -Xcc -I/Users/admin/builder/spi-builder-workspace/.dependencies/checkouts/swift-cmark/extensions/include -Xcc -I/Users/admin/builder/spi-builder-workspace/.dependencies/checkouts/swift-markdown/Sources/CAtomic/include -Xcc -I/Users/admin/builder/spi-builder-workspace/.derivedData/Build/Products/Debug-xros/include -Xcc -I/Users/admin/builder/spi-builder-workspace/.derivedData/Build/Intermediates.noindex/swift-graphql.build/Debug-xros/SwiftGraphQLCodegen-t.build/DerivedSources-normal/arm64 -Xcc -I/Users/admin/builder/spi-builder-workspace/.derivedData/Build/Intermediates.noindex/swift-graphql.build/Debug-xros/SwiftGraphQLCodegen-t.build/DerivedSources/arm64 -Xcc -I/Users/admin/builder/spi-builder-workspace/.derivedData/Build/Intermediates.noindex/swift-graphql.build/Debug-xros/SwiftGraphQLCodegen-t.build/DerivedSources -Xcc -DSWIFT_PACKAGE -Xcc -DDEBUG\=1 -emit-objc-header -emit-objc-header-path /Users/admin/builder/spi-builder-workspace/.derivedData/Build/Intermediates.noindex/swift-graphql.build/Debug-xros/SwiftGraphQLCodegen-t.build/Objects-normal/arm64/SwiftGraphQLCodegen-Swift.h -working-directory /Users/admin/builder/spi-builder-workspace/.swiftpm/xcode -experimental-emit-module-separately -disable-cmo
SwiftMergeGeneratedHeaders /Users/admin/builder/spi-builder-workspace/.derivedData/Build/Intermediates.noindex/GeneratedModuleMaps-xros/SwiftGraphQLCodegen-Swift.h /Users/admin/builder/spi-builder-workspace/.derivedData/Build/Intermediates.noindex/swift-graphql.build/Debug-xros/SwiftGraphQLCodegen-t.build/Objects-normal/arm64/SwiftGraphQLCodegen-Swift.h (in target 'SwiftGraphQLCodegen' from project 'swift-graphql')
    cd /Users/admin/builder/spi-builder-workspace
    builtin-swiftHeaderTool -arch arm64 /Users/admin/builder/spi-builder-workspace/.derivedData/Build/Intermediates.noindex/swift-graphql.build/Debug-xros/SwiftGraphQLCodegen-t.build/Objects-normal/arm64/SwiftGraphQLCodegen-Swift.h -o /Users/admin/builder/spi-builder-workspace/.derivedData/Build/Intermediates.noindex/GeneratedModuleMaps-xros/SwiftGraphQLCodegen-Swift.h
Copy /Users/admin/builder/spi-builder-workspace/.derivedData/Build/Products/Debug-xros/SwiftGraphQLCodegen.swiftmodule/arm64-apple-xros.swiftmodule /Users/admin/builder/spi-builder-workspace/.derivedData/Build/Intermediates.noindex/swift-graphql.build/Debug-xros/SwiftGraphQLCodegen-t.build/Objects-normal/arm64/SwiftGraphQLCodegen.swiftmodule (in target 'SwiftGraphQLCodegen' from project 'swift-graphql')
    cd /Users/admin/builder/spi-builder-workspace
    builtin-copy -exclude .DS_Store -exclude CVS -exclude .svn -exclude .git -exclude .hg -resolve-src-symlinks -rename /Users/admin/builder/spi-builder-workspace/.derivedData/Build/Intermediates.noindex/swift-graphql.build/Debug-xros/SwiftGraphQLCodegen-t.build/Objects-normal/arm64/SwiftGraphQLCodegen.swiftmodule /Users/admin/builder/spi-builder-workspace/.derivedData/Build/Products/Debug-xros/SwiftGraphQLCodegen.swiftmodule/arm64-apple-xros.swiftmodule
Copy /Users/admin/builder/spi-builder-workspace/.derivedData/Build/Products/Debug-xros/SwiftGraphQLCodegen.swiftmodule/arm64-apple-xros.swiftdoc /Users/admin/builder/spi-builder-workspace/.derivedData/Build/Intermediates.noindex/swift-graphql.build/Debug-xros/SwiftGraphQLCodegen-t.build/Objects-normal/arm64/SwiftGraphQLCodegen.swiftdoc (in target 'SwiftGraphQLCodegen' from project 'swift-graphql')
    cd /Users/admin/builder/spi-builder-workspace
    builtin-copy -exclude .DS_Store -exclude CVS -exclude .svn -exclude .git -exclude .hg -resolve-src-symlinks -rename /Users/admin/builder/spi-builder-workspace/.derivedData/Build/Intermediates.noindex/swift-graphql.build/Debug-xros/SwiftGraphQLCodegen-t.build/Objects-normal/arm64/SwiftGraphQLCodegen.swiftdoc /Users/admin/builder/spi-builder-workspace/.derivedData/Build/Products/Debug-xros/SwiftGraphQLCodegen.swiftmodule/arm64-apple-xros.swiftdoc
SwiftDriverJobDiscovery normal arm64 Compiling Scalar.swift (in target 'SwiftGraphQLCodegen' from project 'swift-graphql')
Copy /Users/admin/builder/spi-builder-workspace/.derivedData/Build/Products/Debug-xros/SwiftGraphQLCodegen.swiftmodule/arm64-apple-xros.abi.json /Users/admin/builder/spi-builder-workspace/.derivedData/Build/Intermediates.noindex/swift-graphql.build/Debug-xros/SwiftGraphQLCodegen-t.build/Objects-normal/arm64/SwiftGraphQLCodegen.abi.json (in target 'SwiftGraphQLCodegen' from project 'swift-graphql')
    cd /Users/admin/builder/spi-builder-workspace
    builtin-copy -exclude .DS_Store -exclude CVS -exclude .svn -exclude .git -exclude .hg -resolve-src-symlinks -rename /Users/admin/builder/spi-builder-workspace/.derivedData/Build/Intermediates.noindex/swift-graphql.build/Debug-xros/SwiftGraphQLCodegen-t.build/Objects-normal/arm64/SwiftGraphQLCodegen.abi.json /Users/admin/builder/spi-builder-workspace/.derivedData/Build/Products/Debug-xros/SwiftGraphQLCodegen.swiftmodule/arm64-apple-xros.abi.json
Copy /Users/admin/builder/spi-builder-workspace/.derivedData/Build/Products/Debug-xros/SwiftGraphQLCodegen.swiftmodule/Project/arm64-apple-xros.swiftsourceinfo /Users/admin/builder/spi-builder-workspace/.derivedData/Build/Intermediates.noindex/swift-graphql.build/Debug-xros/SwiftGraphQLCodegen-t.build/Objects-normal/arm64/SwiftGraphQLCodegen.swiftsourceinfo (in target 'SwiftGraphQLCodegen' from project 'swift-graphql')
    cd /Users/admin/builder/spi-builder-workspace
    builtin-copy -exclude .DS_Store -exclude CVS -exclude .svn -exclude .git -exclude .hg -resolve-src-symlinks -rename /Users/admin/builder/spi-builder-workspace/.derivedData/Build/Intermediates.noindex/swift-graphql.build/Debug-xros/SwiftGraphQLCodegen-t.build/Objects-normal/arm64/SwiftGraphQLCodegen.swiftsourceinfo /Users/admin/builder/spi-builder-workspace/.derivedData/Build/Products/Debug-xros/SwiftGraphQLCodegen.swiftmodule/Project/arm64-apple-xros.swiftsourceinfo
SwiftDriver swift-graphql normal arm64 com.apple.xcode.tools.swift.compiler (in target 'swift-graphql-product' from project 'swift-graphql')
    cd /Users/admin/builder/spi-builder-workspace/.swiftpm/xcode
    builtin-SwiftDriver -- /Applications/Xcode-27.0.0-Release.Candidate.app/Contents/Developer/Toolchains/XcodeDefault.xctoolchain/usr/bin/swiftc -module-name SwiftGraphQLCLI -Onone @/Users/admin/builder/spi-builder-workspace/.derivedData/Build/Intermediates.noindex/swift-graphql.build/Debug-xros/swift-graphql-p.build/Objects-normal/arm64/swift-graphql.SwiftFileList -DSWIFT_PACKAGE -DDEBUG -Xcc -fmodule-map-file\=/Users/admin/builder/spi-builder-workspace/.dependencies/checkouts/swift-cmark/src/include/module.modulemap -Xcc -fmodule-map-file\=/Users/admin/builder/spi-builder-workspace/.dependencies/checkouts/swift-cmark/extensions/include/module.modulemap -Xcc -fmodule-map-file\=/Users/admin/builder/spi-builder-workspace/.dependencies/checkouts/swift-markdown/Sources/CAtomic/include/module.modulemap -Xcc -fmodule-map-file\=/Users/admin/builder/spi-builder-workspace/.dependencies/checkouts/Yams/Sources/CYaml/include/module.modulemap -DXcode -plugin-path /Applications/Xcode-27.0.0-Release.Candidate.app/Contents/Developer/Toolchains/XcodeDefault.xctoolchain/usr/lib/swift/host/plugins/testing -enable-experimental-feature DebugDescriptionMacro -sdk /Applications/Xcode-27.0.0-Release.Candidate.app/Contents/Developer/Platforms/XROS.platform/Developer/SDKs/XROS27.0.sdk -target arm64-apple-xros1.0 -g -module-cache-path /Users/admin/builder/spi-builder-workspace/.derivedData/ModuleCache.noindex -Xfrontend -serialize-debugging-options -profile-coverage-mapping -profile-generate -enable-testing -index-store-path /Users/admin/builder/spi-builder-workspace/.derivedData/Index.noindex/DataStore -Xcc -D_LIBCPP_HARDENING_MODE\=_LIBCPP_HARDENING_MODE_DEBUG -swift-version 5 -I /Users/admin/builder/spi-builder-workspace/.derivedData/Build/Products/Debug-xros -Isystem /Applications/Xcode-27.0.0-Release.Candidate.app/Contents/Developer/Platforms/XROS.platform/Developer/usr/lib -F /Users/admin/builder/spi-builder-workspace/.derivedData/Build/Products/Debug-xros/PackageFrameworks -F /Users/admin/builder/spi-builder-workspace/.derivedData/Build/Products/Debug-xros -F /Applications/Xcode-27.0.0-Release.Candidate.app/Contents/Developer/Platforms/XROS.platform/Developer/Library/Frameworks -F /Applications/Xcode-27.0.0-Release.Candidate.app/Contents/Developer/Platforms/XROS.platform/Developer/SDKs/XROS27.0.sdk/Developer/Library/Frameworks -c -j10 -enable-batch-mode -incremental -Xcc -ivfsstatcache -Xcc /Users/admin/builder/spi-builder-workspace/.derivedData/SDKStatCaches.noindex/xros27.0-24M361-e829b21a6f8c9b70876ba0858053c044735bd543db762f57723cac368afd1ce4.sdkstatcache -output-file-map /Users/admin/builder/spi-builder-workspace/.derivedData/Build/Intermediates.noindex/swift-graphql.build/Debug-xros/swift-graphql-p.build/Objects-normal/arm64/swift-graphql-OutputFileMap.json -save-temps -no-color-diagnostics -explicit-module-build -module-cache-path /Users/admin/builder/spi-builder-workspace/.derivedData/Build/Intermediates.noindex/SwiftExplicitPrecompiledModules -clang-scanner-module-cache-path /Users/admin/builder/spi-builder-workspace/.derivedData/ModuleCache.noindex -sdk-module-cache-path /Users/admin/builder/spi-builder-workspace/.derivedData/SDKExplicitPrecompiledModules -emit-dependencies -emit-module -emit-module-path /Users/admin/builder/spi-builder-workspace/.derivedData/Build/Intermediates.noindex/swift-graphql.build/Debug-xros/swift-graphql-p.build/Objects-normal/arm64/SwiftGraphQLCLI.swiftmodule -serialize-diagnostics -dependency-scan-serialize-diagnostics-path /Users/admin/builder/spi-builder-workspace/.derivedData/Build/Intermediates.noindex/swift-graphql.build/Debug-xros/swift-graphql-p.build/Objects-normal/arm64/SwiftGraphQLCLI-dependency-scan.dia -validate-clang-modules-once -clang-build-session-file /Users/admin/builder/spi-builder-workspace/.derivedData/ModuleCache.noindex/Session.modulevalidation -Xcc -fmodules-prune-interval\=86400 -Xcc -fmodules-prune-after\=345600 -emit-const-values -const-gather-protocols-list /Users/admin/builder/spi-builder-workspace/.derivedData/Build/Intermediates.noindex/swift-graphql.build/Debug-xros/swift-graphql-p.build/Objects-normal/arm64/swift-graphql_const_extract_protocols.json -Xcc -I/Users/admin/builder/spi-builder-workspace/.dependencies/checkouts/swift-cmark/src/include -Xcc -I/Users/admin/builder/spi-builder-workspace/.dependencies/checkouts/swift-cmark/extensions/include -Xcc -I/Users/admin/builder/spi-builder-workspace/.dependencies/checkouts/swift-markdown/Sources/CAtomic/include -Xcc -I/Users/admin/builder/spi-builder-workspace/.dependencies/checkouts/Yams/Sources/CYaml/include -Xcc -I/Users/admin/builder/spi-builder-workspace/.derivedData/Build/Products/Debug-xros/include -Xcc -I/Users/admin/builder/spi-builder-workspace/.derivedData/Build/Intermediates.noindex/swift-graphql.build/Debug-xros/swift-graphql-p.build/DerivedSources-normal/arm64 -Xcc -I/Users/admin/builder/spi-builder-workspace/.derivedData/Build/Intermediates.noindex/swift-graphql.build/Debug-xros/swift-graphql-p.build/DerivedSources/arm64 -Xcc -I/Users/admin/builder/spi-builder-workspace/.derivedData/Build/Intermediates.noindex/swift-graphql.build/Debug-xros/swift-graphql-p.build/DerivedSources -Xcc -DSWIFT_PACKAGE -Xcc -DDEBUG\=1 -working-directory /Users/admin/builder/spi-builder-workspace/.swiftpm/xcode -experimental-emit-module-separately -disable-cmo
SwiftDriverJobDiscovery normal arm64 Compiling InputObject.swift, Interface.swift (in target 'SwiftGraphQLCodegen' from project 'swift-graphql')
SwiftDriverJobDiscovery normal arm64 Compiling Object.swift (in target 'SwiftGraphQLCodegen' from project 'swift-graphql')
SwiftDriverJobDiscovery normal arm64 Compiling Field.swift, Fragments.swift (in target 'SwiftGraphQLCodegen' from project 'swift-graphql')
SwiftDriverJobDiscovery normal arm64 Compiling Codable.swift, Enum.swift (in target 'SwiftGraphQLCodegen' from project 'swift-graphql')
SwiftDriver\ Compilation SwiftGraphQLCodegen normal arm64 com.apple.xcode.tools.swift.compiler (in target 'SwiftGraphQLCodegen' from project 'swift-graphql')
    cd /Users/admin/builder/spi-builder-workspace/.swiftpm/xcode
    builtin-Swift-Compilation -- /Applications/Xcode-27.0.0-Release.Candidate.app/Contents/Developer/Toolchains/XcodeDefault.xctoolchain/usr/bin/swiftc -parse-as-library -module-name SwiftGraphQLCodegen -Onone @/Users/admin/builder/spi-builder-workspace/.derivedData/Build/Intermediates.noindex/swift-graphql.build/Debug-xros/SwiftGraphQLCodegen-t.build/Objects-normal/arm64/SwiftGraphQLCodegen.SwiftFileList -DSWIFT_PACKAGE -DDEBUG -DSWIFT_MODULE_RESOURCE_BUNDLE_UNAVAILABLE -Xcc -fmodule-map-file\=/Users/admin/builder/spi-builder-workspace/.dependencies/checkouts/swift-cmark/src/include/module.modulemap -Xcc -fmodule-map-file\=/Users/admin/builder/spi-builder-workspace/.dependencies/checkouts/swift-cmark/extensions/include/module.modulemap -Xcc -fmodule-map-file\=/Users/admin/builder/spi-builder-workspace/.dependencies/checkouts/swift-markdown/Sources/CAtomic/include/module.modulemap -DXcode -plugin-path /Applications/Xcode-27.0.0-Release.Candidate.app/Contents/Developer/Toolchains/XcodeDefault.xctoolchain/usr/lib/swift/host/plugins/testing -enable-experimental-feature DebugDescriptionMacro -sdk /Applications/Xcode-27.0.0-Release.Candidate.app/Contents/Developer/Platforms/XROS.platform/Developer/SDKs/XROS27.0.sdk -target arm64-apple-xros1.0 -g -module-cache-path /Users/admin/builder/spi-builder-workspace/.derivedData/ModuleCache.noindex -Xfrontend -serialize-debugging-options -profile-coverage-mapping -profile-generate -enable-testing -index-store-path /Users/admin/builder/spi-builder-workspace/.derivedData/Index.noindex/DataStore -Xcc -D_LIBCPP_HARDENING_MODE\=_LIBCPP_HARDENING_MODE_DEBUG -swift-version 5 -I /Users/admin/builder/spi-builder-workspace/.derivedData/Build/Products/Debug-xros -Isystem /Applications/Xcode-27.0.0-Release.Candidate.app/Contents/Developer/Platforms/XROS.platform/Developer/usr/lib -F /Users/admin/builder/spi-builder-workspace/.derivedData/Build/Products/Debug-xros/PackageFrameworks -F /Users/admin/builder/spi-builder-workspace/.derivedData/Build/Products/Debug-xros -F /Applications/Xcode-27.0.0-Release.Candidate.app/Contents/Developer/Platforms/XROS.platform/Developer/Library/Frameworks -F /Applications/Xcode-27.0.0-Release.Candidate.app/Contents/Developer/Platforms/XROS.platform/Developer/SDKs/XROS27.0.sdk/Developer/Library/Frameworks -c -j10 -enable-batch-mode -incremental -Xcc -ivfsstatcache -Xcc /Users/admin/builder/spi-builder-workspace/.derivedData/SDKStatCaches.noindex/xros27.0-24M361-e829b21a6f8c9b70876ba0858053c044735bd543db762f57723cac368afd1ce4.sdkstatcache -output-file-map /Users/admin/builder/spi-builder-workspace/.derivedData/Build/Intermediates.noindex/swift-graphql.build/Debug-xros/SwiftGraphQLCodegen-t.build/Objects-normal/arm64/SwiftGraphQLCodegen-OutputFileMap.json -save-temps -no-color-diagnostics -explicit-module-build -module-cache-path /Users/admin/builder/spi-builder-workspace/.derivedData/Build/Intermediates.noindex/SwiftExplicitPrecompiledModules -clang-scanner-module-cache-path /Users/admin/builder/spi-builder-workspace/.derivedData/ModuleCache.noindex -sdk-module-cache-path /Users/admin/builder/spi-builder-workspace/.derivedData/SDKExplicitPrecompiledModules -emit-dependencies -emit-module -emit-module-path /Users/admin/builder/spi-builder-workspace/.derivedData/Build/Intermediates.noindex/swift-graphql.build/Debug-xros/SwiftGraphQLCodegen-t.build/Objects-normal/arm64/SwiftGraphQLCodegen.swiftmodule -serialize-diagnostics -dependency-scan-serialize-diagnostics-path /Users/admin/builder/spi-builder-workspace/.derivedData/Build/Intermediates.noindex/swift-graphql.build/Debug-xros/SwiftGraphQLCodegen-t.build/Objects-normal/arm64/SwiftGraphQLCodegen-dependency-scan.dia -validate-clang-modules-once -clang-build-session-file /Users/admin/builder/spi-builder-workspace/.derivedData/ModuleCache.noindex/Session.modulevalidation -Xcc -fmodules-prune-interval\=86400 -Xcc -fmodules-prune-after\=345600 -emit-const-values -const-gather-protocols-list /Users/admin/builder/spi-builder-workspace/.derivedData/Build/Intermediates.noindex/swift-graphql.build/Debug-xros/SwiftGraphQLCodegen-t.build/Objects-normal/arm64/SwiftGraphQLCodegen_const_extract_protocols.json -Xcc -I/Users/admin/builder/spi-builder-workspace/.dependencies/checkouts/swift-cmark/src/include -Xcc -I/Users/admin/builder/spi-builder-workspace/.dependencies/checkouts/swift-cmark/extensions/include -Xcc -I/Users/admin/builder/spi-builder-workspace/.dependencies/checkouts/swift-markdown/Sources/CAtomic/include -Xcc -I/Users/admin/builder/spi-builder-workspace/.derivedData/Build/Products/Debug-xros/include -Xcc -I/Users/admin/builder/spi-builder-workspace/.derivedData/Build/Intermediates.noindex/swift-graphql.build/Debug-xros/SwiftGraphQLCodegen-t.build/DerivedSources-normal/arm64 -Xcc -I/Users/admin/builder/spi-builder-workspace/.derivedData/Build/Intermediates.noindex/swift-graphql.build/Debug-xros/SwiftGraphQLCodegen-t.build/DerivedSources/arm64 -Xcc -I/Users/admin/builder/spi-builder-workspace/.derivedData/Build/Intermediates.noindex/swift-graphql.build/Debug-xros/SwiftGraphQLCodegen-t.build/DerivedSources -Xcc -DSWIFT_PACKAGE -Xcc -DDEBUG\=1 -emit-objc-header -emit-objc-header-path /Users/admin/builder/spi-builder-workspace/.derivedData/Build/Intermediates.noindex/swift-graphql.build/Debug-xros/SwiftGraphQLCodegen-t.build/Objects-normal/arm64/SwiftGraphQLCodegen-Swift.h -working-directory /Users/admin/builder/spi-builder-workspace/.swiftpm/xcode -experimental-emit-module-separately -disable-cmo
SwiftDriverJobDiscovery normal arm64 Compiling Indent+Length.swift, PrettyPrint.swift, PrettyPrintFindingCategory.swift, Token.swift, TokenStreamCreator.swift, Verbatim.swift, WhitespaceFindingCategory.swift, WhitespaceLinter.swift (in target 'SwiftFormat' from project 'swift-format')
SwiftDriver\ Compilation SwiftFormat normal arm64 com.apple.xcode.tools.swift.compiler (in target 'SwiftFormat' from project 'swift-format')
    cd /Users/admin/builder/spi-builder-workspace/.swiftpm/xcode
    builtin-Swift-Compilation -- /Applications/Xcode-27.0.0-Release.Candidate.app/Contents/Developer/Toolchains/XcodeDefault.xctoolchain/usr/bin/swiftc -parse-as-library -module-name SwiftFormat -Onone @/Users/admin/builder/spi-builder-workspace/.derivedData/Build/Intermediates.noindex/swift-format.build/Debug-xros/SwiftFormat-t.build/Objects-normal/arm64/SwiftFormat.SwiftFileList -DSWIFT_PACKAGE -DDEBUG -DSWIFT_MODULE_RESOURCE_BUNDLE_UNAVAILABLE -Xcc -fmodule-map-file\=/Users/admin/builder/spi-builder-workspace/.dependencies/checkouts/swift-cmark/src/include/module.modulemap -Xcc -fmodule-map-file\=/Users/admin/builder/spi-builder-workspace/.dependencies/checkouts/swift-cmark/extensions/include/module.modulemap -Xcc -fmodule-map-file\=/Users/admin/builder/spi-builder-workspace/.dependencies/checkouts/swift-markdown/Sources/CAtomic/include/module.modulemap -DXcode -plugin-path /Applications/Xcode-27.0.0-Release.Candidate.app/Contents/Developer/Toolchains/XcodeDefault.xctoolchain/usr/lib/swift/host/plugins/testing -enable-experimental-feature DebugDescriptionMacro -sdk /Applications/Xcode-27.0.0-Release.Candidate.app/Contents/Developer/Platforms/XROS.platform/Developer/SDKs/XROS27.0.sdk -target arm64-apple-xros1.0 -g -module-cache-path /Users/admin/builder/spi-builder-workspace/.derivedData/ModuleCache.noindex -Xfrontend -serialize-debugging-options -profile-coverage-mapping -profile-generate -enable-testing -suppress-warnings -index-store-path /Users/admin/builder/spi-builder-workspace/.derivedData/Index.noindex/DataStore -Xcc -D_LIBCPP_HARDENING_MODE\=_LIBCPP_HARDENING_MODE_DEBUG -swift-version 5 -I /Users/admin/builder/spi-builder-workspace/.derivedData/Build/Products/Debug-xros -Isystem /Applications/Xcode-27.0.0-Release.Candidate.app/Contents/Developer/Platforms/XROS.platform/Developer/usr/lib -F /Users/admin/builder/spi-builder-workspace/.derivedData/Build/Products/Debug-xros/PackageFrameworks -F /Users/admin/builder/spi-builder-workspace/.derivedData/Build/Products/Debug-xros -F /Applications/Xcode-27.0.0-Release.Candidate.app/Contents/Developer/Platforms/XROS.platform/Developer/Library/Frameworks -F /Applications/Xcode-27.0.0-Release.Candidate.app/Contents/Developer/Platforms/XROS.platform/Developer/SDKs/XROS27.0.sdk/Developer/Library/Frameworks -c -j10 -enable-batch-mode -incremental -Xcc -ivfsstatcache -Xcc /Users/admin/builder/spi-builder-workspace/.derivedData/SDKStatCaches.noindex/xros27.0-24M361-e829b21a6f8c9b70876ba0858053c044735bd543db762f57723cac368afd1ce4.sdkstatcache -output-file-map /Users/admin/builder/spi-builder-workspace/.derivedData/Build/Intermediates.noindex/swift-format.build/Debug-xros/SwiftFormat-t.build/Objects-normal/arm64/SwiftFormat-OutputFileMap.json -save-temps -no-color-diagnostics -explicit-module-build -module-cache-path /Users/admin/builder/spi-builder-workspace/.derivedData/Build/Intermediates.noindex/SwiftExplicitPrecompiledModules -clang-scanner-module-cache-path /Users/admin/builder/spi-builder-workspace/.derivedData/ModuleCache.noindex -sdk-module-cache-path /Users/admin/builder/spi-builder-workspace/.derivedData/SDKExplicitPrecompiledModules -emit-dependencies -emit-module -emit-module-path /Users/admin/builder/spi-builder-workspace/.derivedData/Build/Intermediates.noindex/swift-format.build/Debug-xros/SwiftFormat-t.build/Objects-normal/arm64/SwiftFormat.swiftmodule -serialize-diagnostics -dependency-scan-serialize-diagnostics-path /Users/admin/builder/spi-builder-workspace/.derivedData/Build/Intermediates.noindex/swift-format.build/Debug-xros/SwiftFormat-t.build/Objects-normal/arm64/SwiftFormat-dependency-scan.dia -validate-clang-modules-once -clang-build-session-file /Users/admin/builder/spi-builder-workspace/.derivedData/ModuleCache.noindex/Session.modulevalidation -Xcc -fmodules-prune-interval\=86400 -Xcc -fmodules-prune-after\=345600 -emit-const-values -const-gather-protocols-list /Users/admin/builder/spi-builder-workspace/.derivedData/Build/Intermediates.noindex/swift-format.build/Debug-xros/SwiftFormat-t.build/Objects-normal/arm64/SwiftFormat_const_extract_protocols.json -Xcc -I/Users/admin/builder/spi-builder-workspace/.dependencies/checkouts/swift-cmark/src/include -Xcc -I/Users/admin/builder/spi-builder-workspace/.dependencies/checkouts/swift-cmark/extensions/include -Xcc -I/Users/admin/builder/spi-builder-workspace/.dependencies/checkouts/swift-markdown/Sources/CAtomic/include -Xcc -I/Users/admin/builder/spi-builder-workspace/.derivedData/Build/Products/Debug-xros/include -Xcc -I/Users/admin/builder/spi-builder-workspace/.derivedData/Build/Intermediates.noindex/swift-format.build/Debug-xros/SwiftFormat-t.build/DerivedSources-normal/arm64 -Xcc -I/Users/admin/builder/spi-builder-workspace/.derivedData/Build/Intermediates.noindex/swift-format.build/Debug-xros/SwiftFormat-t.build/DerivedSources/arm64 -Xcc -I/Users/admin/builder/spi-builder-workspace/.derivedData/Build/Intermediates.noindex/swift-format.build/Debug-xros/SwiftFormat-t.build/DerivedSources -Xcc -DSWIFT_PACKAGE -Xcc -DDEBUG\=1 -emit-objc-header -emit-objc-header-path /Users/admin/builder/spi-builder-workspace/.derivedData/Build/Intermediates.noindex/swift-format.build/Debug-xros/SwiftFormat-t.build/Objects-normal/arm64/SwiftFormat-Swift.h -working-directory /Users/admin/builder/spi-builder-workspace/.swiftpm/xcode -experimental-emit-module-separately -disable-cmo
SwiftExplicitDependencyGeneratePcm arm64 /Users/admin/builder/spi-builder-workspace/.derivedData/Build/Intermediates.noindex/SwiftExplicitPrecompiledModules/CYaml-DDPM52ZYA19WMWKRO480LKCKS.pcm
SwiftEmitModule normal arm64 Emitting\ module\ for\ SwiftGraphQLCLI (in target 'swift-graphql-product' from project 'swift-graphql')
/Users/admin/builder/spi-builder-workspace/Sources/SwiftGraphQLCLI/main.swift:227:1: warning: extension declares a conformance of imported type 'String' to imported protocol 'Error'; this will not behave correctly if the owners of 'Swift' introduce this conformance in the future
225 | }
226 |
227 | extension String: Error {}
    | |- warning: extension declares a conformance of imported type 'String' to imported protocol 'Error'; this will not behave correctly if the owners of 'Swift' introduce this conformance in the future
    | `- note: add '@retroactive' to silence this warning
228 |
229 | extension ParsableCommand {
SwiftCompile normal arm64 (in target 'swift-graphql-product' from project 'swift-graphql')
    cd /Users/admin/builder/spi-builder-workspace/.swiftpm/xcode

SwiftCompile normal arm64 Compiling\ main.swift /Users/admin/builder/spi-builder-workspace/Sources/SwiftGraphQLCLI/main.swift (in target 'swift-graphql-product' from project 'swift-graphql')
/Users/admin/builder/spi-builder-workspace/Sources/SwiftGraphQLCLI/main.swift:227:1: warning: extension declares a conformance of imported type 'String' to imported protocol 'Error'; this will not behave correctly if the owners of 'Swift' introduce this conformance in the future
225 | }
226 |
227 | extension String: Error {}
    | |- warning: extension declares a conformance of imported type 'String' to imported protocol 'Error'; this will not behave correctly if the owners of 'Swift' introduce this conformance in the future
    | `- note: add '@retroactive' to silence this warning
228 |
229 | extension ParsableCommand {
/Users/admin/builder/spi-builder-workspace/Sources/SwiftGraphQLCLI/main.swift:59:33: error: 'init(_:)' has been renamed to 'init(filePath:)'
 57 |             }
 58 |
 59 |             guard let fileurl = URL(cwd.appending(endpoint)) else {
    |                                 `- error: 'init(_:)' has been renamed to 'init(filePath:)'
 60 |                 SwiftGraphQLCLI.exit(withError: .endpoint)
 61 |             }
Foundation.URL.init:7:10: note: 'init(_:)' has been explicitly marked unavailable here
5 |   @available(tvOS, introduced: 14.0, deprecated: 16.0, renamed: "init(filePath:)")
6 |   @available(visionOS, unavailable, renamed: "init(filePath:)")
7 |   public init?(_ path: FilePath)}
  |          `- note: 'init(_:)' has been explicitly marked unavailable here
8 |
Failed frontend command:
/Applications/Xcode-27.0.0-Release.Candidate.app/Contents/Developer/Toolchains/XcodeDefault.xctoolchain/usr/bin/swift-frontend -frontend -c -primary-file /Users/admin/builder/spi-builder-workspace/Sources/SwiftGraphQLCLI/main.swift -emit-dependencies-path /Users/admin/builder/spi-builder-workspace/.derivedData/Build/Intermediates.noindex/swift-graphql.build/Debug-xros/swift-graphql-p.build/Objects-normal/arm64/main.d -emit-const-values-path /Users/admin/builder/spi-builder-workspace/.derivedData/Build/Intermediates.noindex/swift-graphql.build/Debug-xros/swift-graphql-p.build/Objects-normal/arm64/main.swiftconstvalues -emit-reference-dependencies-path /Users/admin/builder/spi-builder-workspace/.derivedData/Build/Intermediates.noindex/swift-graphql.build/Debug-xros/swift-graphql-p.build/Objects-normal/arm64/main.swiftdeps -serialize-diagnostics-path /Users/admin/builder/spi-builder-workspace/.derivedData/Build/Intermediates.noindex/swift-graphql.build/Debug-xros/swift-graphql-p.build/Objects-normal/arm64/main.dia -target arm64-apple-xros1.0 -disable-cross-import-overlay-search -load-resolved-plugin /Applications/Xcode-27.0.0-Release.Candidate.app/Contents/Developer/Platforms/XROS.platform/Developer/usr/lib/swift/host/plugins/libFoundationMacros.dylib\#/Applications/Xcode-27.0.0-Release.Candidate.app/Contents/Developer/Platforms/XROS.platform/Developer/usr/bin/swift-plugin-server\#FoundationMacros -load-resolved-plugin /Applications/Xcode-27.0.0-Release.Candidate.app/Contents/Developer/Platforms/XROS.platform/Developer/usr/lib/swift/host/plugins/libObservationMacros.dylib\#/Applications/Xcode-27.0.0-Release.Candidate.app/Contents/Developer/Platforms/XROS.platform/Developer/usr/bin/swift-plugin-server\#ObservationMacros -load-resolved-plugin /Applications/Xcode-27.0.0-Release.Candidate.app/Contents/Developer/Platforms/XROS.platform/Developer/usr/lib/swift/host/plugins/libSwiftMacros.dylib\#/Applications/Xcode-27.0.0-Release.Candidate.app/Contents/Developer/Platforms/XROS.platform/Developer/usr/bin/swift-plugin-server\#SwiftMacros -disable-implicit-swift-modules -Xcc -fno-implicit-modules -Xcc -fno-implicit-module-maps -explicit-swift-module-map-file /Users/admin/builder/spi-builder-workspace/.derivedData/Build/Intermediates.noindex/swift-graphql.build/Debug-xros/swift-graphql-p.build/Objects-normal/arm64/SwiftGraphQLCLI-dependencies-1.json -Xllvm -aarch64-use-tbi -enable-objc-interop -stack-check -sdk /Applications/Xcode-27.0.0-Release.Candidate.app/Contents/Developer/Platforms/XROS.platform/Developer/SDKs/XROS27.0.sdk -I /Users/admin/builder/spi-builder-workspace/.derivedData/Build/Products/Debug-xros -Isystem /Applications/Xcode-27.0.0-Release.Candidate.app/Contents/Developer/Platforms/XROS.platform/Developer/usr/lib -F /Users/admin/builder/spi-builder-workspace/.derivedData/Build/Products/Debug-xros/PackageFrameworks -F /Users/admin/builder/spi-builder-workspace/.derivedData/Build/Products/Debug-xros -F /Applications/Xcode-27.0.0-Release.Candidate.app/Contents/Developer/Platforms/XROS.platform/Developer/Library/Frameworks -F /Applications/Xcode-27.0.0-Release.Candidate.app/Contents/Developer/Platforms/XROS.platform/Developer/SDKs/XROS27.0.sdk/Developer/Library/Frameworks -module-cache-path /Users/admin/builder/spi-builder-workspace/.derivedData/Build/Intermediates.noindex/SwiftExplicitPrecompiledModules -no-color-diagnostics -Xcc -fno-color-diagnostics -enable-testing -g -debug-info-format\=dwarf -dwarf-version\=4 -profile-generate -profile-coverage-mapping -swift-version 5 -Onone -D SWIFT_PACKAGE -D DEBUG -D Xcode -serialize-debugging-options -enable-experimental-feature DebugDescriptionMacro -empty-abi-descriptor -validate-clang-modules-once -clang-build-session-file /Users/admin/builder/spi-builder-workspace/.derivedData/ModuleCache.noindex/Session.modulevalidation -Xcc -working-directory -Xcc /Users/admin/builder/spi-builder-workspace/.swiftpm/xcode -enable-anonymous-context-mangled-names -file-compilation-dir /Users/admin/builder/spi-builder-workspace/.swiftpm/xcode -Xcc -fmodule-map-file\=/Users/admin/builder/spi-builder-workspace/.dependencies/checkouts/swift-cmark/src/include/module.modulemap -Xcc -fmodule-map-file\=/Users/admin/builder/spi-builder-workspace/.dependencies/checkouts/swift-cmark/extensions/include/module.modulemap -Xcc -fmodule-map-file\=/Users/admin/builder/spi-builder-workspace/.dependencies/checkouts/swift-markdown/Sources/CAtomic/include/module.modulemap -Xcc -fmodule-map-file\=/Users/admin/builder/spi-builder-workspace/.dependencies/checkouts/Yams/Sources/CYaml/include/module.modulemap -Xcc -D_LIBCPP_HARDENING_MODE\=_LIBCPP_HARDENING_MODE_DEBUG -Xcc -ivfsstatcache -Xcc /Users/admin/builder/spi-builder-workspace/.derivedData/SDKStatCaches.noindex/xros27.0-24M361-e829b21a6f8c9b70876ba0858053c044735bd543db762f57723cac368afd1ce4.sdkstatcache -Xcc -fmodules-prune-interval\=86400 -Xcc -fmodules-prune-after\=345600 -Xcc -I/Users/admin/builder/spi-builder-workspace/.dependencies/checkouts/swift-cmark/src/include -Xcc -I/Users/admin/builder/spi-builder-workspace/.dependencies/checkouts/swift-cmark/extensions/include -Xcc -I/Users/admin/builder/spi-builder-workspace/.dependencies/checkouts/swift-markdown/Sources/CAtomic/include -Xcc -I/Users/admin/builder/spi-builder-workspace/.dependencies/checkouts/Yams/Sources/CYaml/include -Xcc -I/Users/admin/builder/spi-builder-workspace/.derivedData/Build/Products/Debug-xros/include -Xcc -I/Users/admin/builder/spi-builder-workspace/.derivedData/Build/Intermediates.noindex/swift-graphql.build/Debug-xros/swift-graphql-p.build/DerivedSources-normal/arm64 -Xcc -I/Users/admin/builder/spi-builder-workspace/.derivedData/Build/Intermediates.noindex/swift-graphql.build/Debug-xros/swift-graphql-p.build/DerivedSources/arm64 -Xcc -I/Users/admin/builder/spi-builder-workspace/.derivedData/Build/Intermediates.noindex/swift-graphql.build/Debug-xros/swift-graphql-p.build/DerivedSources -Xcc -DSWIFT_PACKAGE -Xcc -DDEBUG\=1 -no-auto-bridging-header-chaining -module-name SwiftGraphQLCLI -const-gather-protocols-file /Users/admin/builder/spi-builder-workspace/.derivedData/Build/Intermediates.noindex/swift-graphql.build/Debug-xros/swift-graphql-p.build/Objects-normal/arm64/swift-graphql_const_extract_protocols.json -disable-clang-spi -clang-target arm64-apple-xros27.0 -target-sdk-version 27.0 -target-sdk-name xros27.0 -in-process-plugin-server-path /Applications/Xcode-27.0.0-Release.Candidate.app/Contents/Developer/Toolchains/XcodeDefault.xctoolchain/usr/lib/swift/host/libSwiftInProcPluginServer.dylib -o /Users/admin/builder/spi-builder-workspace/.derivedData/Build/Intermediates.noindex/swift-graphql.build/Debug-xros/swift-graphql-p.build/Objects-normal/arm64/main.o -debug-module-path /Users/admin/builder/spi-builder-workspace/.derivedData/Build/Intermediates.noindex/swift-graphql.build/Debug-xros/swift-graphql-p.build/Objects-normal/arm64/SwiftGraphQLCLI.swiftmodule -index-unit-output-path /swift-graphql.build/Debug-xros/swift-graphql-p.build/Objects-normal/arm64/main.o -index-store-path /Users/admin/builder/spi-builder-workspace/.derivedData/Index.noindex/DataStore -index-system-modules
SwiftCompile normal arm64 /Users/admin/builder/spi-builder-workspace/Sources/SwiftGraphQLCLI/main.swift (in target 'swift-graphql-product' from project 'swift-graphql')
    cd /Users/admin/builder/spi-builder-workspace/.swiftpm/xcode
    builtin-SwiftPerFileCompile main.swift
SwiftDriverJobDiscovery normal arm64 Emitting module for SwiftGraphQLCLI (in target 'swift-graphql-product' from project 'swift-graphql')
SwiftDriver\ Compilation\ Requirements swift-graphql normal arm64 com.apple.xcode.tools.swift.compiler (in target 'swift-graphql-product' from project 'swift-graphql')
    cd /Users/admin/builder/spi-builder-workspace/.swiftpm/xcode
    builtin-Swift-Compilation-Requirements -- /Applications/Xcode-27.0.0-Release.Candidate.app/Contents/Developer/Toolchains/XcodeDefault.xctoolchain/usr/bin/swiftc -module-name SwiftGraphQLCLI -Onone @/Users/admin/builder/spi-builder-workspace/.derivedData/Build/Intermediates.noindex/swift-graphql.build/Debug-xros/swift-graphql-p.build/Objects-normal/arm64/swift-graphql.SwiftFileList -DSWIFT_PACKAGE -DDEBUG -Xcc -fmodule-map-file\=/Users/admin/builder/spi-builder-workspace/.dependencies/checkouts/swift-cmark/src/include/module.modulemap -Xcc -fmodule-map-file\=/Users/admin/builder/spi-builder-workspace/.dependencies/checkouts/swift-cmark/extensions/include/module.modulemap -Xcc -fmodule-map-file\=/Users/admin/builder/spi-builder-workspace/.dependencies/checkouts/swift-markdown/Sources/CAtomic/include/module.modulemap -Xcc -fmodule-map-file\=/Users/admin/builder/spi-builder-workspace/.dependencies/checkouts/Yams/Sources/CYaml/include/module.modulemap -DXcode -plugin-path /Applications/Xcode-27.0.0-Release.Candidate.app/Contents/Developer/Toolchains/XcodeDefault.xctoolchain/usr/lib/swift/host/plugins/testing -enable-experimental-feature DebugDescriptionMacro -sdk /Applications/Xcode-27.0.0-Release.Candidate.app/Contents/Developer/Platforms/XROS.platform/Developer/SDKs/XROS27.0.sdk -target arm64-apple-xros1.0 -g -module-cache-path /Users/admin/builder/spi-builder-workspace/.derivedData/ModuleCache.noindex -Xfrontend -serialize-debugging-options -profile-coverage-mapping -profile-generate -enable-testing -index-store-path /Users/admin/builder/spi-builder-workspace/.derivedData/Index.noindex/DataStore -Xcc -D_LIBCPP_HARDENING_MODE\=_LIBCPP_HARDENING_MODE_DEBUG -swift-version 5 -I /Users/admin/builder/spi-builder-workspace/.derivedData/Build/Products/Debug-xros -Isystem /Applications/Xcode-27.0.0-Release.Candidate.app/Contents/Developer/Platforms/XROS.platform/Developer/usr/lib -F /Users/admin/builder/spi-builder-workspace/.derivedData/Build/Products/Debug-xros/PackageFrameworks -F /Users/admin/builder/spi-builder-workspace/.derivedData/Build/Products/Debug-xros -F /Applications/Xcode-27.0.0-Release.Candidate.app/Contents/Developer/Platforms/XROS.platform/Developer/Library/Frameworks -F /Applications/Xcode-27.0.0-Release.Candidate.app/Contents/Developer/Platforms/XROS.platform/Developer/SDKs/XROS27.0.sdk/Developer/Library/Frameworks -c -j10 -enable-batch-mode -incremental -Xcc -ivfsstatcache -Xcc /Users/admin/builder/spi-builder-workspace/.derivedData/SDKStatCaches.noindex/xros27.0-24M361-e829b21a6f8c9b70876ba0858053c044735bd543db762f57723cac368afd1ce4.sdkstatcache -output-file-map /Users/admin/builder/spi-builder-workspace/.derivedData/Build/Intermediates.noindex/swift-graphql.build/Debug-xros/swift-graphql-p.build/Objects-normal/arm64/swift-graphql-OutputFileMap.json -save-temps -no-color-diagnostics -explicit-module-build -module-cache-path /Users/admin/builder/spi-builder-workspace/.derivedData/Build/Intermediates.noindex/SwiftExplicitPrecompiledModules -clang-scanner-module-cache-path /Users/admin/builder/spi-builder-workspace/.derivedData/ModuleCache.noindex -sdk-module-cache-path /Users/admin/builder/spi-builder-workspace/.derivedData/SDKExplicitPrecompiledModules -emit-dependencies -emit-module -emit-module-path /Users/admin/builder/spi-builder-workspace/.derivedData/Build/Intermediates.noindex/swift-graphql.build/Debug-xros/swift-graphql-p.build/Objects-normal/arm64/SwiftGraphQLCLI.swiftmodule -serialize-diagnostics -dependency-scan-serialize-diagnostics-path /Users/admin/builder/spi-builder-workspace/.derivedData/Build/Intermediates.noindex/swift-graphql.build/Debug-xros/swift-graphql-p.build/Objects-normal/arm64/SwiftGraphQLCLI-dependency-scan.dia -validate-clang-modules-once -clang-build-session-file /Users/admin/builder/spi-builder-workspace/.derivedData/ModuleCache.noindex/Session.modulevalidation -Xcc -fmodules-prune-interval\=86400 -Xcc -fmodules-prune-after\=345600 -emit-const-values -const-gather-protocols-list /Users/admin/builder/spi-builder-workspace/.derivedData/Build/Intermediates.noindex/swift-graphql.build/Debug-xros/swift-graphql-p.build/Objects-normal/arm64/swift-graphql_const_extract_protocols.json -Xcc -I/Users/admin/builder/spi-builder-workspace/.dependencies/checkouts/swift-cmark/src/include -Xcc -I/Users/admin/builder/spi-builder-workspace/.dependencies/checkouts/swift-cmark/extensions/include -Xcc -I/Users/admin/builder/spi-builder-workspace/.dependencies/checkouts/swift-markdown/Sources/CAtomic/include -Xcc -I/Users/admin/builder/spi-builder-workspace/.dependencies/checkouts/Yams/Sources/CYaml/include -Xcc -I/Users/admin/builder/spi-builder-workspace/.derivedData/Build/Products/Debug-xros/include -Xcc -I/Users/admin/builder/spi-builder-workspace/.derivedData/Build/Intermediates.noindex/swift-graphql.build/Debug-xros/swift-graphql-p.build/DerivedSources-normal/arm64 -Xcc -I/Users/admin/builder/spi-builder-workspace/.derivedData/Build/Intermediates.noindex/swift-graphql.build/Debug-xros/swift-graphql-p.build/DerivedSources/arm64 -Xcc -I/Users/admin/builder/spi-builder-workspace/.derivedData/Build/Intermediates.noindex/swift-graphql.build/Debug-xros/swift-graphql-p.build/DerivedSources -Xcc -DSWIFT_PACKAGE -Xcc -DDEBUG\=1 -working-directory /Users/admin/builder/spi-builder-workspace/.swiftpm/xcode -experimental-emit-module-separately -disable-cmo
PruneExplicitPrecompiledModules /Users/admin/builder/spi-builder-workspace/.derivedData/SDKExplicitPrecompiledModules
PruneExplicitPrecompiledModules /Users/admin/builder/spi-builder-workspace/.derivedData/Build/Intermediates.noindex/ExplicitPrecompiledModules
PruneExplicitPrecompiledModules /Users/admin/builder/spi-builder-workspace/.derivedData/Build/Intermediates.noindex/SwiftExplicitPrecompiledModules
2026-09-20 12:57:39.128 xcodebuild[1224:6907] [MT] IDERunDestination: Supported platforms for the buildables in the current scheme is empty.
** BUILD FAILED **
The following build commands failed:
	SwiftCompile normal arm64 Compiling\ main.swift /Users/admin/builder/spi-builder-workspace/Sources/SwiftGraphQLCLI/main.swift (in target 'swift-graphql-product' from project 'swift-graphql')
	SwiftCompile normal arm64 /Users/admin/builder/spi-builder-workspace/Sources/SwiftGraphQLCLI/main.swift (in target 'swift-graphql-product' from project 'swift-graphql')
	Building workspace swift-graphql with scheme swift-graphql-Package
(3 failures)
Command line invocation:
    /Applications/Xcode-27.0.0-Release.Candidate.app/Contents/Developer/usr/bin/xcodebuild -IDEClonedSourcePackagesDirPathOverride=/Users/admin/builder/spi-builder-workspace/.dependencies -resolvePackageDependencies
Resolve Package Graph
Resolved source packages:
  swift-format: https://github.com/apple/swift-format @ 509.0.0
  Yams: https://github.com/jpsim/Yams.git @ 5.4.0
  Signals: https://github.com/IBM-Swift/BlueSignals.git @ 1.0.200
  swift-argument-parser: https://github.com/apple/swift-argument-parser @ 1.8.2
  Rainbow: https://github.com/onevcat/Rainbow @ 4.2.1
  cmark-gfm: https://github.com/swiftlang/swift-cmark.git @ 0.8.0
  Nanoseconds: https://github.com/dominicegginton/Nanoseconds @ 1.1.3
  Spinner: https://github.com/dominicegginton/Spinner @ 2.2.0
  swift-syntax: https://github.com/apple/swift-syntax.git @ 509.1.1
  swift-log: https://github.com/apple/swift-log.git @ 1.15.1
  swift-graphql: /Users/admin/builder/spi-builder-workspace
  Files: https://github.com/JohnSundell/Files @ 4.3.0
  swift-markdown: https://github.com/apple/swift-markdown.git @ 0.8.0
  Starscream: https://github.com/daltoniam/Starscream.git @ 4.0.8
resolved source packages: swift-format, Yams, Signals, swift-argument-parser, Rainbow, cmark-gfm, Nanoseconds, Spinner, swift-syntax, swift-log, swift-graphql, Files, swift-markdown, Starscream
2026-09-20 12:58:04.300 xcodebuild[1996:10529] [MT] IDERunDestination: Supported platforms for the buildables in the current scheme is empty.
{
  "dependencies" : [
    {
      "identity" : "swift-argument-parser",
      "requirement" : {
        "range" : [
          {
            "lower_bound" : "1.0.0",
            "upper_bound" : "2.0.0"
          }
        ]
      },
      "type" : "sourceControl",
      "url" : "https://github.com/apple/swift-argument-parser"
    },
    {
      "identity" : "swift-format",
      "requirement" : {
        "range" : [
          {
            "lower_bound" : "508.0.0",
            "upper_bound" : "510.0.0"
          }
        ]
      },
      "type" : "sourceControl",
      "url" : "https://github.com/apple/swift-format"
    },
    {
      "identity" : "swift-log",
      "requirement" : {
        "range" : [
          {
            "lower_bound" : "1.0.0",
            "upper_bound" : "2.0.0"
          }
        ]
      },
      "type" : "sourceControl",
      "url" : "https://github.com/apple/swift-log.git"
    },
    {
      "identity" : "starscream",
      "requirement" : {
        "range" : [
          {
            "lower_bound" : "4.0.5",
            "upper_bound" : "5.0.0"
          }
        ]
      },
      "type" : "sourceControl",
      "url" : "https://github.com/daltoniam/Starscream.git"
    },
    {
      "identity" : "spinner",
      "requirement" : {
        "range" : [
          {
            "lower_bound" : "2.0.0",
            "upper_bound" : "3.0.0"
          }
        ]
      },
      "type" : "sourceControl",
      "url" : "https://github.com/dominicegginton/Spinner"
    },
    {
      "identity" : "files",
      "requirement" : {
        "range" : [
          {
            "lower_bound" : "4.0.0",
            "upper_bound" : "5.0.0"
          }
        ]
      },
      "type" : "sourceControl",
      "url" : "https://github.com/JohnSundell/Files"
    },
    {
      "identity" : "yams",
      "requirement" : {
        "range" : [
          {
            "lower_bound" : "5.0.0",
            "upper_bound" : "6.0.0"
          }
        ]
      },
      "type" : "sourceControl",
      "url" : "https://github.com/jpsim/Yams.git"
    }
  ],
  "manifest_display_name" : "swift-graphql",
  "name" : "swift-graphql",
  "path" : "/Users/admin/builder/spi-builder-workspace",
  "platforms" : [
    {
      "name" : "ios",
      "version" : "15.0"
    },
    {
      "name" : "macos",
      "version" : "10.15"
    },
    {
      "name" : "tvos",
      "version" : "13.0"
    },
    {
      "name" : "watchos",
      "version" : "6.0"
    }
  ],
  "products" : [
    {
      "name" : "SwiftGraphQL",
      "targets" : [
        "SwiftGraphQL"
      ],
      "type" : {
        "library" : [
          "automatic"
        ]
      }
    },
    {
      "name" : "SwiftGraphQLClient",
      "targets" : [
        "SwiftGraphQLClient"
      ],
      "type" : {
        "library" : [
          "automatic"
        ]
      }
    },
    {
      "name" : "SwiftGraphQLCodegen",
      "targets" : [
        "SwiftGraphQLCodegen"
      ],
      "type" : {
        "library" : [
          "automatic"
        ]
      }
    },
    {
      "name" : "swift-graphql",
      "targets" : [
        "SwiftGraphQLCLI"
      ],
      "type" : {
        "executable" : null
      }
    },
    {
      "name" : "GraphQL",
      "targets" : [
        "GraphQL"
      ],
      "type" : {
        "library" : [
          "automatic"
        ]
      }
    },
    {
      "name" : "GraphQLAST",
      "targets" : [
        "GraphQLAST"
      ],
      "type" : {
        "library" : [
          "automatic"
        ]
      }
    },
    {
      "name" : "GraphQLWebSocket",
      "targets" : [
        "GraphQLWebSocket"
      ],
      "type" : {
        "library" : [
          "automatic"
        ]
      }
    }
  ],
  "targets" : [
    {
      "c99name" : "SwiftGraphQLUtils",
      "module_type" : "SwiftTarget",
      "name" : "SwiftGraphQLUtils",
      "path" : "Sources/SwiftGraphQLUtils",
      "product_memberships" : [
        "SwiftGraphQL",
        "SwiftGraphQLClient",
        "SwiftGraphQLCodegen",
        "swift-graphql"
      ],
      "sources" : [
        "Extensions/String+Case.swift"
      ],
      "type" : "library"
    },
    {
      "c99name" : "SwiftGraphQLTests",
      "module_type" : "SwiftTarget",
      "name" : "SwiftGraphQLTests",
      "path" : "Tests",
      "product_dependencies" : [
        "Files"
      ],
      "sources" : [
        "GraphQLASTTests/ASTIntrospectionTests.swift",
        "GraphQLASTTests/ASTTests.swift",
        "GraphQLASTTests/ASTTypeRef+InvertedTests.swift",
        "GraphQLASTTests/ASTTypeRefTests.swift",
        "GraphQLASTTests/ASTTypeTests.swift",
        "GraphQLASTTests/ASTValueTests.swift",
        "GraphQLTests/AnyCodable/AnyCodableTests.swift",
        "GraphQLTests/AnyCodable/AnyDecodableTests.swift",
        "GraphQLTests/AnyCodable/AnyEncodableTests.swift",
        "GraphQLTests/ExecutionTests.swift",
        "GraphQLWebSocketTests/ClientTests.swift",
        "SwiftGraphQLClientTests/AsyncClientTests.swift.swift",
        "SwiftGraphQLClientTests/Exchanges/CacheExchangeTests.swift",
        "SwiftGraphQLClientTests/Exchanges/ComposeExchangeTests.swift",
        "SwiftGraphQLClientTests/Exchanges/DedupExchangeTests.swift",
        "SwiftGraphQLClientTests/Exchanges/FallbackExchangeTests.swift",
        "SwiftGraphQLClientTests/Exchanges/FetchExchangeTests.swift",
        "SwiftGraphQLClientTests/Exchanges/WebSocketExchangeTests.swift",
        "SwiftGraphQLClientTests/Extensions/Publishers+ExtensionsTests.swift",
        "SwiftGraphQLClientTests/Utils/MockClient.swift",
        "SwiftGraphQLClientTests/XCTest+Helpers.swift",
        "SwiftGraphQLCodegenTests/Extensions/Context+Extensions.swift",
        "SwiftGraphQLCodegenTests/Generator/EnumTests.swift",
        "SwiftGraphQLCodegenTests/Generator/FieldTests.swift",
        "SwiftGraphQLCodegenTests/Generator/InputObjectTests.swift",
        "SwiftGraphQLCodegenTests/Integration/API.swift",
        "SwiftGraphQLCodegenTests/Integration/Scalars.swift",
        "SwiftGraphQLCodegenTests/Integration/Selection.swift",
        "SwiftGraphQLCodegenTests/Utils/TestSnapshot.swift",
        "SwiftGraphQLTests/Integration/HTTPTests.swift",
        "SwiftGraphQLTests/Selection/SelectionDecodingTests.swift",
        "SwiftGraphQLTests/Selection/SelectionEncodingTests.swift",
        "SwiftGraphQLTests/Serialization/DocumentTests.swift",
        "SwiftGraphQLTests/Serialization/OptionalArgumentTest.swift",
        "SwiftGraphQLUtilsTests/Extensions/String+CaseTests.swift"
      ],
      "target_dependencies" : [
        "GraphQL",
        "GraphQLAST",
        "GraphQLWebSocket",
        "SwiftGraphQLCodegen",
        "SwiftGraphQL",
        "SwiftGraphQLClient",
        "SwiftGraphQLUtils"
      ],
      "type" : "test"
    },
    {
      "c99name" : "SwiftGraphQLCodegen",
      "module_type" : "SwiftTarget",
      "name" : "SwiftGraphQLCodegen",
      "path" : "Sources/SwiftGraphQLCodegen",
      "product_dependencies" : [
        "SwiftFormat",
        "SwiftFormatConfiguration"
      ],
      "product_memberships" : [
        "SwiftGraphQLCodegen",
        "swift-graphql"
      ],
      "sources" : [
        "Context.swift",
        "Error.swift",
        "Extensions/Collection+Extensions.swift",
        "Extensions/Schema+Extensions.swift",
        "Extensions/String+Extensions.swift",
        "Generator.swift",
        "Generator/Codable.swift",
        "Generator/Enum.swift",
        "Generator/Field.swift",
        "Generator/Fragments.swift",
        "Generator/InputObject.swift",
        "Generator/Interface.swift",
        "Generator/Object.swift",
        "Generator/Operation.swift",
        "Generator/Scalar.swift",
        "Generator/Union.swift"
      ],
      "target_dependencies" : [
        "GraphQLAST",
        "SwiftGraphQLUtils"
      ],
      "type" : "library"
    },
    {
      "c99name" : "SwiftGraphQLClient",
      "module_type" : "SwiftTarget",
      "name" : "SwiftGraphQLClient",
      "path" : "Sources/SwiftGraphQLClient",
      "product_dependencies" : [
        "Logging"
      ],
      "product_memberships" : [
        "SwiftGraphQLClient"
      ],
      "sources" : [
        "Client/Config.swift",
        "Client/Core.swift",
        "Client/Operation.swift",
        "Client/Selection.swift",
        "Client/Spec.swift",
        "Exchange.swift",
        "Exchanges/AuthExchange.swift",
        "Exchanges/CacheExchange.swift",
        "Exchanges/ComposeExchange.swift",
        "Exchanges/DebugExchange.swift",
        "Exchanges/DedupExchange.swift",
        "Exchanges/ErrorExchange.swift",
        "Exchanges/ExtensionsExchange.swift",
        "Exchanges/FallbackExchange.swift",
        "Exchanges/FetchExchange.swift",
        "Exchanges/WebSocketExchange.swift",
        "Extensions/Publishers+Extensions.swift",
        "Extensions/Selection+Extensions.swift"
      ],
      "target_dependencies" : [
        "GraphQL",
        "GraphQLWebSocket",
        "SwiftGraphQL"
      ],
      "type" : "library"
    },
    {
      "c99name" : "SwiftGraphQLCLI",
      "module_type" : "SwiftTarget",
      "name" : "SwiftGraphQLCLI",
      "path" : "Sources/SwiftGraphQLCLI",
      "product_dependencies" : [
        "ArgumentParser",
        "Files",
        "Spinner",
        "Yams"
      ],
      "product_memberships" : [
        "swift-graphql"
      ],
      "sources" : [
        "main.swift"
      ],
      "target_dependencies" : [
        "SwiftGraphQLCodegen"
      ],
      "type" : "executable"
    },
    {
      "c99name" : "SwiftGraphQL",
      "module_type" : "SwiftTarget",
      "name" : "SwiftGraphQL",
      "path" : "Sources/SwiftGraphQL",
      "product_memberships" : [
        "SwiftGraphQL",
        "SwiftGraphQLClient"
      ],
      "sources" : [
        "Document/Argument.swift",
        "Document/Field.swift",
        "Document/Scalar.swift",
        "Extensions/CodingKey+Typename.swift",
        "Extensions/Collection+UniqueBy.swift",
        "Extensions/Int+Hash.swift",
        "Extensions/String+Indent.swift",
        "HTTP.swift",
        "Selection/Operation.swift",
        "Selection/Selection+Codable.swift",
        "Selection/Selection+Transform.swift",
        "Selection/Selection+Utils.swift",
        "Selection/Selection.swift",
        "Serialization/Document.swift",
        "Serialization/OptionalArgument.swift",
        "WS.swift"
      ],
      "target_dependencies" : [
        "GraphQL",
        "SwiftGraphQLUtils"
      ],
      "type" : "library"
    },
    {
      "c99name" : "GraphQLWebSocket",
      "module_type" : "SwiftTarget",
      "name" : "GraphQLWebSocket",
      "path" : "Sources/GraphQLWebSocket",
      "product_dependencies" : [
        "Logging",
        "Starscream"
      ],
      "product_memberships" : [
        "SwiftGraphQLClient",
        "GraphQLWebSocket"
      ],
      "sources" : [
        "Client.swift",
        "Config.swift",
        "Extensions/WebSocket+Extensions.swift",
        "Spec.swift"
      ],
      "target_dependencies" : [
        "GraphQL"
      ],
      "type" : "library"
    },
    {
      "c99name" : "GraphQLAST",
      "module_type" : "SwiftTarget",
      "name" : "GraphQLAST",
      "path" : "Sources/GraphQLAST",
      "product_memberships" : [
        "SwiftGraphQLCodegen",
        "swift-graphql",
        "GraphQLAST"
      ],
      "sources" : [
        "Errors.swift",
        "Introspection.swift",
        "InvertedTypeRef.swift",
        "Schema.swift",
        "Type.swift",
        "TypeRef.swift",
        "Value.swift"
      ],
      "type" : "library"
    },
    {
      "c99name" : "GraphQL",
      "module_type" : "SwiftTarget",
      "name" : "GraphQL",
      "path" : "Sources/GraphQL",
      "product_memberships" : [
        "SwiftGraphQL",
        "SwiftGraphQLClient",
        "GraphQL",
        "GraphQLWebSocket"
      ],
      "sources" : [
        "AnyCodable/AnyCodable.swift",
        "AnyCodable/AnyDecodable.swift",
        "AnyCodable/AnyEncodable.swift",
        "Error.swift",
        "Execution.swift"
      ],
      "type" : "library"
    }
  ],
  "tools_version" : "5.7"
}
{
  "workspace" : {
    "name" : "swift-graphql",
    "schemes" : [
      "GraphQL",
      "GraphQLAST",
      "GraphQLWebSocket",
      "swift-graphql",
      "swift-graphql-Package",
      "SwiftGraphQL",
      "SwiftGraphQLClient",
      "SwiftGraphQLCodegen"
    ]
  }
}
2026-09-20 12:58:07.352 xcodebuild[2015:10663] [MT] IDERunDestination: Supported platforms for the buildables in the current scheme is empty.
{
  "workspace" : {
    "name" : "swift-graphql",
    "schemes" : [
      "GraphQL",
      "GraphQLAST",
      "GraphQLWebSocket",
      "swift-graphql",
      "swift-graphql-Package",
      "SwiftGraphQL",
      "SwiftGraphQLClient",
      "SwiftGraphQLCodegen"
    ]
  }
}
2026-09-20 12:58:10.149 xcodebuild[2028:10764] [MT] IDERunDestination: Supported platforms for the buildables in the current scheme is empty.
Running build ...
env DEVELOPER_DIR=/Applications/Xcode-27.0.0-Release.Candidate.app xcrun xcodebuild -IDEClonedSourcePackagesDirPathOverride=$PWD/.dependencies -skipMacroValidation -skipPackagePluginValidation -derivedDataPath $PWD/.derivedData build -scheme swift-graphql-Package -destination generic/platform=xrOS
Command line invocation:
    /Applications/Xcode-27.0.0-Release.Candidate.app/Contents/Developer/usr/bin/xcodebuild -IDEClonedSourcePackagesDirPathOverride=/Users/admin/builder/spi-builder-workspace/.dependencies -skipMacroValidation -skipPackagePluginValidation -derivedDataPath /Users/admin/builder/spi-builder-workspace/.derivedData build -scheme swift-graphql-Package -destination generic/platform=xrOS
Resolve Package Graph
Resolved source packages:
  swift-syntax: https://github.com/apple/swift-syntax.git @ 509.1.1
  swift-argument-parser: https://github.com/apple/swift-argument-parser @ 1.8.2
  Rainbow: https://github.com/onevcat/Rainbow @ 4.2.1
  swift-format: https://github.com/apple/swift-format @ 509.0.0
  Yams: https://github.com/jpsim/Yams.git @ 5.4.0
  Signals: https://github.com/IBM-Swift/BlueSignals.git @ 1.0.200
  Nanoseconds: https://github.com/dominicegginton/Nanoseconds @ 1.1.3
  cmark-gfm: https://github.com/swiftlang/swift-cmark.git @ 0.8.0
  swift-graphql: /Users/admin/builder/spi-builder-workspace
  Starscream: https://github.com/daltoniam/Starscream.git @ 4.0.8
  swift-log: https://github.com/apple/swift-log.git @ 1.15.1
  Spinner: https://github.com/dominicegginton/Spinner @ 2.2.0
  Files: https://github.com/JohnSundell/Files @ 4.3.0
  swift-markdown: https://github.com/apple/swift-markdown.git @ 0.8.0
ComputePackagePrebuildTargetDependencyGraph
Prepare packages
CreateBuildRequest
SendProjectDescription
CreateBuildOperation
ComputeTargetDependencyGraph
note: Building targets in dependency order
note: Target dependency graph (57 targets)
    Target 'swift-graphql-product' in project 'swift-graphql'
        ➜ Explicit dependency on target 'GraphQLAST' in project 'swift-graphql'
        ➜ Explicit dependency on target 'SwiftGraphQLUtils' in project 'swift-graphql'
        ➜ Explicit dependency on target 'SwiftGraphQLCodegen' in project 'swift-graphql'
        ➜ Explicit dependency on target 'SwiftFormat-product' in project 'swift-format'
        ➜ Explicit dependency on target 'SwiftFormatConfiguration-product' in project 'swift-format'
        ➜ Explicit dependency on target 'ArgumentParser-product' in project 'swift-argument-parser'
        ➜ Explicit dependency on target 'Files-product' in project 'Files'
        ➜ Explicit dependency on target 'Spinner-product' in project 'Spinner'
        ➜ Explicit dependency on target 'Yams-product' in project 'Yams'
    Target 'Yams-product' in project 'Yams'
        ➜ Explicit dependency on target 'Yams' in project 'Yams'
        ➜ Explicit dependency on target 'CYaml' in project 'Yams'
    Target 'Yams' in project 'Yams'
        ➜ Explicit dependency on target 'CYaml' in project 'Yams'
    Target 'CYaml' in project 'Yams' (no dependencies)
    Target 'Spinner-product' in project 'Spinner'
        ➜ Explicit dependency on target 'Spinner' in project 'Spinner'
        ➜ Explicit dependency on target 'Nanoseconds-product' in project 'Nanoseconds'
        ➜ Explicit dependency on target 'Rainbow-product' in project 'Rainbow'
        ➜ Explicit dependency on target 'Signals-product' in project 'Signals'
    Target 'Spinner' in project 'Spinner'
        ➜ Explicit dependency on target 'Nanoseconds-product' in project 'Nanoseconds'
        ➜ Explicit dependency on target 'Rainbow-product' in project 'Rainbow'
        ➜ Explicit dependency on target 'Signals-product' in project 'Signals'
    Target 'Signals-product' in project 'Signals'
        ➜ Explicit dependency on target 'Signals' in project 'Signals'
    Target 'Signals' in project 'Signals' (no dependencies)
    Target 'Rainbow-product' in project 'Rainbow'
        ➜ Explicit dependency on target 'Rainbow' in project 'Rainbow'
    Target 'Rainbow' in project 'Rainbow' (no dependencies)
    Target 'Nanoseconds-product' in project 'Nanoseconds'
        ➜ Explicit dependency on target 'Nanoseconds' in project 'Nanoseconds'
    Target 'Nanoseconds' in project 'Nanoseconds' (no dependencies)
    Target 'Files-product' in project 'Files'
        ➜ Explicit dependency on target 'Files' in project 'Files'
    Target 'Files' in project 'Files' (no dependencies)
    Target 'ArgumentParser-product' in project 'swift-argument-parser'
        ➜ Explicit dependency on target 'ArgumentParser' in project 'swift-argument-parser'
        ➜ Explicit dependency on target 'ArgumentParserToolInfo' in project 'swift-argument-parser'
    Target 'ArgumentParser' in project 'swift-argument-parser'
        ➜ Explicit dependency on target 'ArgumentParserToolInfo' in project 'swift-argument-parser'
    Target 'ArgumentParserToolInfo' in project 'swift-argument-parser' (no dependencies)
    Target 'GraphQLWebSocket-product' in project 'swift-graphql'
        ➜ Explicit dependency on target 'GraphQLWebSocket' in project 'swift-graphql'
        ➜ Explicit dependency on target 'GraphQL' in project 'swift-graphql'
        ➜ Explicit dependency on target 'Logging-product' in project 'swift-log'
        ➜ Explicit dependency on target 'Starscream-product' in project 'Starscream'
    Target 'GraphQLAST-product' in project 'swift-graphql'
        ➜ Explicit dependency on target 'GraphQLAST' in project 'swift-graphql'
    Target 'GraphQL-product' in project 'swift-graphql'
        ➜ Explicit dependency on target 'GraphQL' in project 'swift-graphql'
    Target 'SwiftGraphQLCodegen-product' in project 'swift-graphql'
        ➜ Explicit dependency on target 'SwiftGraphQLCodegen' in project 'swift-graphql'
        ➜ Explicit dependency on target 'GraphQLAST' in project 'swift-graphql'
        ➜ Explicit dependency on target 'SwiftGraphQLUtils' in project 'swift-graphql'
        ➜ Explicit dependency on target 'SwiftFormat-product' in project 'swift-format'
        ➜ Explicit dependency on target 'SwiftFormatConfiguration-product' in project 'swift-format'
    Target 'SwiftGraphQLCodegen' in project 'swift-graphql'
        ➜ Explicit dependency on target 'GraphQLAST' in project 'swift-graphql'
        ➜ Explicit dependency on target 'SwiftGraphQLUtils' in project 'swift-graphql'
        ➜ Explicit dependency on target 'SwiftFormat-product' in project 'swift-format'
        ➜ Explicit dependency on target 'SwiftFormatConfiguration-product' in project 'swift-format'
    Target 'SwiftFormatConfiguration-product' in project 'swift-format'
        ➜ Explicit dependency on target 'SwiftFormatConfiguration' in project 'swift-format'
        ➜ Explicit dependency on target 'SwiftFormat' in project 'swift-format'
        ➜ Explicit dependency on target 'Markdown-product' in project 'swift-markdown'
        ➜ Explicit dependency on target 'SwiftSyntax-product' in project 'swift-syntax'
        ➜ Explicit dependency on target 'SwiftOperators-product' in project 'swift-syntax'
        ➜ Explicit dependency on target 'SwiftParser-product' in project 'swift-syntax'
        ➜ Explicit dependency on target 'SwiftParserDiagnostics-product' in project 'swift-syntax'
    Target 'SwiftFormat-product' in project 'swift-format'
        ➜ Explicit dependency on target 'SwiftFormat' in project 'swift-format'
        ➜ Explicit dependency on target 'SwiftFormatConfiguration' in project 'swift-format'
        ➜ Explicit dependency on target 'Markdown-product' in project 'swift-markdown'
        ➜ Explicit dependency on target 'SwiftSyntax-product' in project 'swift-syntax'
        ➜ Explicit dependency on target 'SwiftOperators-product' in project 'swift-syntax'
        ➜ Explicit dependency on target 'SwiftParser-product' in project 'swift-syntax'
        ➜ Explicit dependency on target 'SwiftParserDiagnostics-product' in project 'swift-syntax'
    Target 'SwiftFormatConfiguration' in project 'swift-format'
        ➜ Explicit dependency on target 'SwiftFormat' in project 'swift-format'
        ➜ Explicit dependency on target 'Markdown-product' in project 'swift-markdown'
        ➜ Explicit dependency on target 'SwiftSyntax-product' in project 'swift-syntax'
        ➜ Explicit dependency on target 'SwiftOperators-product' in project 'swift-syntax'
        ➜ Explicit dependency on target 'SwiftParser-product' in project 'swift-syntax'
        ➜ Explicit dependency on target 'SwiftParserDiagnostics-product' in project 'swift-syntax'
    Target 'SwiftFormat' in project 'swift-format'
        ➜ Explicit dependency on target 'Markdown-product' in project 'swift-markdown'
        ➜ Explicit dependency on target 'SwiftSyntax-product' in project 'swift-syntax'
        ➜ Explicit dependency on target 'SwiftOperators-product' in project 'swift-syntax'
        ➜ Explicit dependency on target 'SwiftParser-product' in project 'swift-syntax'
        ➜ Explicit dependency on target 'SwiftParserDiagnostics-product' in project 'swift-syntax'
    Target 'SwiftParserDiagnostics-product' in project 'swift-syntax'
        ➜ Explicit dependency on target 'SwiftParserDiagnostics' in project 'swift-syntax'
        ➜ Explicit dependency on target 'SwiftSyntax509' in project 'swift-syntax'
        ➜ Explicit dependency on target 'SwiftSyntax' in project 'swift-syntax'
        ➜ Explicit dependency on target 'SwiftBasicFormat' in project 'swift-syntax'
        ➜ Explicit dependency on target 'SwiftDiagnostics' in project 'swift-syntax'
        ➜ Explicit dependency on target 'SwiftParser' in project 'swift-syntax'
    Target 'SwiftParserDiagnostics' in project 'swift-syntax'
        ➜ Explicit dependency on target 'SwiftSyntax509' in project 'swift-syntax'
        ➜ Explicit dependency on target 'SwiftSyntax' in project 'swift-syntax'
        ➜ Explicit dependency on target 'SwiftBasicFormat' in project 'swift-syntax'
        ➜ Explicit dependency on target 'SwiftDiagnostics' in project 'swift-syntax'
        ➜ Explicit dependency on target 'SwiftParser' in project 'swift-syntax'
    Target 'SwiftBasicFormat' in project 'swift-syntax'
        ➜ Explicit dependency on target 'SwiftSyntax509' in project 'swift-syntax'
        ➜ Explicit dependency on target 'SwiftSyntax' in project 'swift-syntax'
    Target 'SwiftParser-product' in project 'swift-syntax'
        ➜ Explicit dependency on target 'SwiftParser' in project 'swift-syntax'
        ➜ Explicit dependency on target 'SwiftSyntax509' in project 'swift-syntax'
        ➜ Explicit dependency on target 'SwiftSyntax' in project 'swift-syntax'
    Target 'SwiftOperators-product' in project 'swift-syntax'
        ➜ Explicit dependency on target 'SwiftOperators' in project 'swift-syntax'
        ➜ Explicit dependency on target 'SwiftSyntax509' in project 'swift-syntax'
        ➜ Explicit dependency on target 'SwiftSyntax' in project 'swift-syntax'
        ➜ Explicit dependency on target 'SwiftDiagnostics' in project 'swift-syntax'
        ➜ Explicit dependency on target 'SwiftParser' in project 'swift-syntax'
    Target 'SwiftOperators' in project 'swift-syntax'
        ➜ Explicit dependency on target 'SwiftSyntax509' in project 'swift-syntax'
        ➜ Explicit dependency on target 'SwiftSyntax' in project 'swift-syntax'
        ➜ Explicit dependency on target 'SwiftDiagnostics' in project 'swift-syntax'
        ➜ Explicit dependency on target 'SwiftParser' in project 'swift-syntax'
    Target 'SwiftParser' in project 'swift-syntax'
        ➜ Explicit dependency on target 'SwiftSyntax509' in project 'swift-syntax'
        ➜ Explicit dependency on target 'SwiftSyntax' in project 'swift-syntax'
    Target 'SwiftDiagnostics' in project 'swift-syntax'
        ➜ Explicit dependency on target 'SwiftSyntax509' in project 'swift-syntax'
        ➜ Explicit dependency on target 'SwiftSyntax' in project 'swift-syntax'
    Target 'SwiftSyntax-product' in project 'swift-syntax'
        ➜ Explicit dependency on target 'SwiftSyntax' in project 'swift-syntax'
        ➜ Explicit dependency on target 'SwiftSyntax509' in project 'swift-syntax'
    Target 'SwiftSyntax' in project 'swift-syntax'
        ➜ Explicit dependency on target 'SwiftSyntax509' in project 'swift-syntax'
    Target 'SwiftSyntax509' in project 'swift-syntax' (no dependencies)
    Target 'Markdown-product' in project 'swift-markdown'
        ➜ Explicit dependency on target 'Markdown' in project 'swift-markdown'
        ➜ Explicit dependency on target 'CAtomic' in project 'swift-markdown'
        ➜ Explicit dependency on target 'cmark-gfm-product' in project 'cmark-gfm'
        ➜ Explicit dependency on target 'cmark-gfm-extensions-product' in project 'cmark-gfm'
    Target 'Markdown' in project 'swift-markdown'
        ➜ Explicit dependency on target 'CAtomic' in project 'swift-markdown'
        ➜ Explicit dependency on target 'cmark-gfm-product' in project 'cmark-gfm'
        ➜ Explicit dependency on target 'cmark-gfm-extensions-product' in project 'cmark-gfm'
    Target 'cmark-gfm-extensions-product' in project 'cmark-gfm'
        ➜ Explicit dependency on target 'cmark-gfm-extensions' in project 'cmark-gfm'
        ➜ Explicit dependency on target 'cmark-gfm' in project 'cmark-gfm'
    Target 'cmark-gfm-extensions' in project 'cmark-gfm'
        ➜ Explicit dependency on target 'cmark-gfm' in project 'cmark-gfm'
    Target 'cmark-gfm-product' in project 'cmark-gfm'
        ➜ Explicit dependency on target 'cmark-gfm' in project 'cmark-gfm'
    Target 'cmark-gfm' in project 'cmark-gfm' (no dependencies)
    Target 'CAtomic' in project 'swift-markdown' (no dependencies)
    Target 'GraphQLAST' in project 'swift-graphql' (no dependencies)
    Target 'SwiftGraphQLClient-product' in project 'swift-graphql'
        ➜ Explicit dependency on target 'SwiftGraphQLClient' in project 'swift-graphql'
        ➜ Explicit dependency on target 'GraphQL' in project 'swift-graphql'
        ➜ Explicit dependency on target 'GraphQLWebSocket' in project 'swift-graphql'
        ➜ Explicit dependency on target 'SwiftGraphQLUtils' in project 'swift-graphql'
        ➜ Explicit dependency on target 'SwiftGraphQL' in project 'swift-graphql'
        ➜ Explicit dependency on target 'Logging-product' in project 'swift-log'
        ➜ Explicit dependency on target 'Starscream-product' in project 'Starscream'
    Target 'SwiftGraphQLClient' in project 'swift-graphql'
        ➜ Explicit dependency on target 'GraphQL' in project 'swift-graphql'
        ➜ Explicit dependency on target 'GraphQLWebSocket' in project 'swift-graphql'
        ➜ Explicit dependency on target 'SwiftGraphQLUtils' in project 'swift-graphql'
        ➜ Explicit dependency on target 'SwiftGraphQL' in project 'swift-graphql'
        ➜ Explicit dependency on target 'Logging-product' in project 'swift-log'
        ➜ Explicit dependency on target 'Starscream-product' in project 'Starscream'
    Target 'GraphQLWebSocket' in project 'swift-graphql'
        ➜ Explicit dependency on target 'GraphQL' in project 'swift-graphql'
        ➜ Explicit dependency on target 'Logging-product' in project 'swift-log'
        ➜ Explicit dependency on target 'Starscream-product' in project 'Starscream'
    Target 'Starscream-product' in project 'Starscream'
        ➜ Explicit dependency on target 'Starscream' in project 'Starscream'
        ➜ Explicit dependency on target 'Starscream_Starscream' in project 'Starscream'
    Target 'Starscream' in project 'Starscream'
        ➜ Explicit dependency on target 'Starscream_Starscream' in project 'Starscream'
    Target 'Starscream_Starscream' in project 'Starscream' (no dependencies)
    Target 'Logging-product' in project 'swift-log'
        ➜ Explicit dependency on target 'Logging' in project 'swift-log'
    Target 'Logging' in project 'swift-log' (no dependencies)
    Target 'SwiftGraphQL-product' in project 'swift-graphql'
        ➜ Explicit dependency on target 'SwiftGraphQL' in project 'swift-graphql'
        ➜ Explicit dependency on target 'GraphQL' in project 'swift-graphql'
        ➜ Explicit dependency on target 'SwiftGraphQLUtils' in project 'swift-graphql'
    Target 'SwiftGraphQL' in project 'swift-graphql'
        ➜ Explicit dependency on target 'GraphQL' in project 'swift-graphql'
        ➜ Explicit dependency on target 'SwiftGraphQLUtils' in project 'swift-graphql'
    Target 'SwiftGraphQLUtils' in project 'swift-graphql' (no dependencies)
    Target 'GraphQL' in project 'swift-graphql' (no dependencies)
GatherProvisioningInputs
CreateBuildDescription
ClangStatCache /Applications/Xcode-27.0.0-Release.Candidate.app/Contents/Developer/Toolchains/XcodeDefault.xctoolchain/usr/bin/clang-stat-cache /Applications/Xcode-27.0.0-Release.Candidate.app/Contents/Developer/Platforms/XROS.platform/Developer/SDKs/XROS27.0.sdk /Users/admin/builder/spi-builder-workspace/.derivedData/SDKStatCaches.noindex/xros27.0-24M361-e829b21a6f8c9b70876ba0858053c044735bd543db762f57723cac368afd1ce4.sdkstatcache
    cd /Users/admin/builder/spi-builder-workspace/.swiftpm/xcode
    /Applications/Xcode-27.0.0-Release.Candidate.app/Contents/Developer/Toolchains/XcodeDefault.xctoolchain/usr/bin/clang-stat-cache /Applications/Xcode-27.0.0-Release.Candidate.app/Contents/Developer/Platforms/XROS.platform/Developer/SDKs/XROS27.0.sdk -o /Users/admin/builder/spi-builder-workspace/.derivedData/SDKStatCaches.noindex/xros27.0-24M361-e829b21a6f8c9b70876ba0858053c044735bd543db762f57723cac368afd1ce4.sdkstatcache
SwiftDriver swift-graphql normal arm64 com.apple.xcode.tools.swift.compiler (in target 'swift-graphql-product' from project 'swift-graphql')
    cd /Users/admin/builder/spi-builder-workspace/.swiftpm/xcode
    builtin-SwiftDriver -- /Applications/Xcode-27.0.0-Release.Candidate.app/Contents/Developer/Toolchains/XcodeDefault.xctoolchain/usr/bin/swiftc -module-name SwiftGraphQLCLI -Onone @/Users/admin/builder/spi-builder-workspace/.derivedData/Build/Intermediates.noindex/swift-graphql.build/Debug-xros/swift-graphql-p.build/Objects-normal/arm64/swift-graphql.SwiftFileList -DSWIFT_PACKAGE -DDEBUG -Xcc -fmodule-map-file\=/Users/admin/builder/spi-builder-workspace/.dependencies/checkouts/swift-cmark/src/include/module.modulemap -Xcc -fmodule-map-file\=/Users/admin/builder/spi-builder-workspace/.dependencies/checkouts/swift-cmark/extensions/include/module.modulemap -Xcc -fmodule-map-file\=/Users/admin/builder/spi-builder-workspace/.dependencies/checkouts/swift-markdown/Sources/CAtomic/include/module.modulemap -Xcc -fmodule-map-file\=/Users/admin/builder/spi-builder-workspace/.dependencies/checkouts/Yams/Sources/CYaml/include/module.modulemap -DXcode -plugin-path /Applications/Xcode-27.0.0-Release.Candidate.app/Contents/Developer/Toolchains/XcodeDefault.xctoolchain/usr/lib/swift/host/plugins/testing -enable-experimental-feature DebugDescriptionMacro -sdk /Applications/Xcode-27.0.0-Release.Candidate.app/Contents/Developer/Platforms/XROS.platform/Developer/SDKs/XROS27.0.sdk -target arm64-apple-xros1.0 -g -module-cache-path /Users/admin/builder/spi-builder-workspace/.derivedData/ModuleCache.noindex -Xfrontend -serialize-debugging-options -profile-coverage-mapping -profile-generate -enable-testing -index-store-path /Users/admin/builder/spi-builder-workspace/.derivedData/Index.noindex/DataStore -Xcc -D_LIBCPP_HARDENING_MODE\=_LIBCPP_HARDENING_MODE_DEBUG -swift-version 5 -I /Users/admin/builder/spi-builder-workspace/.derivedData/Build/Products/Debug-xros -Isystem /Applications/Xcode-27.0.0-Release.Candidate.app/Contents/Developer/Platforms/XROS.platform/Developer/usr/lib -F /Users/admin/builder/spi-builder-workspace/.derivedData/Build/Products/Debug-xros/PackageFrameworks -F /Users/admin/builder/spi-builder-workspace/.derivedData/Build/Products/Debug-xros -F /Applications/Xcode-27.0.0-Release.Candidate.app/Contents/Developer/Platforms/XROS.platform/Developer/Library/Frameworks -F /Applications/Xcode-27.0.0-Release.Candidate.app/Contents/Developer/Platforms/XROS.platform/Developer/SDKs/XROS27.0.sdk/Developer/Library/Frameworks -c -j10 -enable-batch-mode -incremental -Xcc -ivfsstatcache -Xcc /Users/admin/builder/spi-builder-workspace/.derivedData/SDKStatCaches.noindex/xros27.0-24M361-e829b21a6f8c9b70876ba0858053c044735bd543db762f57723cac368afd1ce4.sdkstatcache -output-file-map /Users/admin/builder/spi-builder-workspace/.derivedData/Build/Intermediates.noindex/swift-graphql.build/Debug-xros/swift-graphql-p.build/Objects-normal/arm64/swift-graphql-OutputFileMap.json -save-temps -no-color-diagnostics -explicit-module-build -module-cache-path /Users/admin/builder/spi-builder-workspace/.derivedData/Build/Intermediates.noindex/SwiftExplicitPrecompiledModules -clang-scanner-module-cache-path /Users/admin/builder/spi-builder-workspace/.derivedData/ModuleCache.noindex -sdk-module-cache-path /Users/admin/builder/spi-builder-workspace/.derivedData/SDKExplicitPrecompiledModules -emit-dependencies -emit-module -emit-module-path /Users/admin/builder/spi-builder-workspace/.derivedData/Build/Intermediates.noindex/swift-graphql.build/Debug-xros/swift-graphql-p.build/Objects-normal/arm64/SwiftGraphQLCLI.swiftmodule -serialize-diagnostics -dependency-scan-serialize-diagnostics-path /Users/admin/builder/spi-builder-workspace/.derivedData/Build/Intermediates.noindex/swift-graphql.build/Debug-xros/swift-graphql-p.build/Objects-normal/arm64/SwiftGraphQLCLI-dependency-scan.dia -validate-clang-modules-once -clang-build-session-file /Users/admin/builder/spi-builder-workspace/.derivedData/ModuleCache.noindex/Session.modulevalidation -Xcc -fmodules-prune-interval\=86400 -Xcc -fmodules-prune-after\=345600 -emit-const-values -const-gather-protocols-list /Users/admin/builder/spi-builder-workspace/.derivedData/Build/Intermediates.noindex/swift-graphql.build/Debug-xros/swift-graphql-p.build/Objects-normal/arm64/swift-graphql_const_extract_protocols.json -Xcc -I/Users/admin/builder/spi-builder-workspace/.dependencies/checkouts/swift-cmark/src/include -Xcc -I/Users/admin/builder/spi-builder-workspace/.dependencies/checkouts/swift-cmark/extensions/include -Xcc -I/Users/admin/builder/spi-builder-workspace/.dependencies/checkouts/swift-markdown/Sources/CAtomic/include -Xcc -I/Users/admin/builder/spi-builder-workspace/.dependencies/checkouts/Yams/Sources/CYaml/include -Xcc -I/Users/admin/builder/spi-builder-workspace/.derivedData/Build/Products/Debug-xros/include -Xcc -I/Users/admin/builder/spi-builder-workspace/.derivedData/Build/Intermediates.noindex/swift-graphql.build/Debug-xros/swift-graphql-p.build/DerivedSources-normal/arm64 -Xcc -I/Users/admin/builder/spi-builder-workspace/.derivedData/Build/Intermediates.noindex/swift-graphql.build/Debug-xros/swift-graphql-p.build/DerivedSources/arm64 -Xcc -I/Users/admin/builder/spi-builder-workspace/.derivedData/Build/Intermediates.noindex/swift-graphql.build/Debug-xros/swift-graphql-p.build/DerivedSources -Xcc -DSWIFT_PACKAGE -Xcc -DDEBUG\=1 -working-directory /Users/admin/builder/spi-builder-workspace/.swiftpm/xcode -experimental-emit-module-separately -disable-cmo
SwiftDriver SwiftSyntax normal arm64 com.apple.xcode.tools.swift.compiler (in target 'SwiftSyntax' from project 'swift-syntax')
    cd /Users/admin/builder/spi-builder-workspace/.swiftpm/xcode
    builtin-SwiftDriver -- /Applications/Xcode-27.0.0-Release.Candidate.app/Contents/Developer/Toolchains/XcodeDefault.xctoolchain/usr/bin/swiftc -parse-as-library -module-name SwiftSyntax -Onone @/Users/admin/builder/spi-builder-workspace/.derivedData/Build/Intermediates.noindex/swift-syntax.build/Debug-xros/SwiftSyntax-t.build/Objects-normal/arm64/SwiftSyntax.SwiftFileList -DSWIFT_PACKAGE -DDEBUG -DSWIFT_MODULE_RESOURCE_BUNDLE_UNAVAILABLE -DXcode -plugin-path /Applications/Xcode-27.0.0-Release.Candidate.app/Contents/Developer/Toolchains/XcodeDefault.xctoolchain/usr/lib/swift/host/plugins/testing -enable-experimental-feature DebugDescriptionMacro -sdk /Applications/Xcode-27.0.0-Release.Candidate.app/Contents/Developer/Platforms/XROS.platform/Developer/SDKs/XROS27.0.sdk -target arm64-apple-xros1.0 -g -module-cache-path /Users/admin/builder/spi-builder-workspace/.derivedData/ModuleCache.noindex -Xfrontend -serialize-debugging-options -profile-coverage-mapping -profile-generate -enable-testing -suppress-warnings -index-store-path /Users/admin/builder/spi-builder-workspace/.derivedData/Index.noindex/DataStore -Xcc -D_LIBCPP_HARDENING_MODE\=_LIBCPP_HARDENING_MODE_DEBUG -swift-version 5 -I /Users/admin/builder/spi-builder-workspace/.derivedData/Build/Products/Debug-xros -Isystem /Applications/Xcode-27.0.0-Release.Candidate.app/Contents/Developer/Platforms/XROS.platform/Developer/usr/lib -F /Users/admin/builder/spi-builder-workspace/.derivedData/Build/Products/Debug-xros/PackageFrameworks -F /Users/admin/builder/spi-builder-workspace/.derivedData/Build/Products/Debug-xros -F /Applications/Xcode-27.0.0-Release.Candidate.app/Contents/Developer/Platforms/XROS.platform/Developer/Library/Frameworks -F /Applications/Xcode-27.0.0-Release.Candidate.app/Contents/Developer/Platforms/XROS.platform/Developer/SDKs/XROS27.0.sdk/Developer/Library/Frameworks -c -j10 -enable-batch-mode -incremental -Xcc -ivfsstatcache -Xcc /Users/admin/builder/spi-builder-workspace/.derivedData/SDKStatCaches.noindex/xros27.0-24M361-e829b21a6f8c9b70876ba0858053c044735bd543db762f57723cac368afd1ce4.sdkstatcache -output-file-map /Users/admin/builder/spi-builder-workspace/.derivedData/Build/Intermediates.noindex/swift-syntax.build/Debug-xros/SwiftSyntax-t.build/Objects-normal/arm64/SwiftSyntax-OutputFileMap.json -save-temps -no-color-diagnostics -explicit-module-build -module-cache-path /Users/admin/builder/spi-builder-workspace/.derivedData/Build/Intermediates.noindex/SwiftExplicitPrecompiledModules -clang-scanner-module-cache-path /Users/admin/builder/spi-builder-workspace/.derivedData/ModuleCache.noindex -sdk-module-cache-path /Users/admin/builder/spi-builder-workspace/.derivedData/SDKExplicitPrecompiledModules -emit-dependencies -emit-module -emit-module-path /Users/admin/builder/spi-builder-workspace/.derivedData/Build/Intermediates.noindex/swift-syntax.build/Debug-xros/SwiftSyntax-t.build/Objects-normal/arm64/SwiftSyntax.swiftmodule -serialize-diagnostics -dependency-scan-serialize-diagnostics-path /Users/admin/builder/spi-builder-workspace/.derivedData/Build/Intermediates.noindex/swift-syntax.build/Debug-xros/SwiftSyntax-t.build/Objects-normal/arm64/SwiftSyntax-dependency-scan.dia -validate-clang-modules-once -clang-build-session-file /Users/admin/builder/spi-builder-workspace/.derivedData/ModuleCache.noindex/Session.modulevalidation -Xcc -fmodules-prune-interval\=86400 -Xcc -fmodules-prune-after\=345600 -emit-const-values -const-gather-protocols-list /Users/admin/builder/spi-builder-workspace/.derivedData/Build/Intermediates.noindex/swift-syntax.build/Debug-xros/SwiftSyntax-t.build/Objects-normal/arm64/SwiftSyntax_const_extract_protocols.json -Xcc -I/Users/admin/builder/spi-builder-workspace/.derivedData/Build/Products/Debug-xros/include -Xcc -I/Users/admin/builder/spi-builder-workspace/.derivedData/Build/Intermediates.noindex/swift-syntax.build/Debug-xros/SwiftSyntax-t.build/DerivedSources-normal/arm64 -Xcc -I/Users/admin/builder/spi-builder-workspace/.derivedData/Build/Intermediates.noindex/swift-syntax.build/Debug-xros/SwiftSyntax-t.build/DerivedSources/arm64 -Xcc -I/Users/admin/builder/spi-builder-workspace/.derivedData/Build/Intermediates.noindex/swift-syntax.build/Debug-xros/SwiftSyntax-t.build/DerivedSources -Xcc -DSWIFT_PACKAGE -Xcc -DDEBUG\=1 -emit-objc-header -emit-objc-header-path /Users/admin/builder/spi-builder-workspace/.derivedData/Build/Intermediates.noindex/swift-syntax.build/Debug-xros/SwiftSyntax-t.build/Objects-normal/arm64/SwiftSyntax-Swift.h -working-directory /Users/admin/builder/spi-builder-workspace/.swiftpm/xcode -experimental-emit-module-separately -disable-cmo
SwiftCompile normal arm64 Compiling\ main.swift /Users/admin/builder/spi-builder-workspace/Sources/SwiftGraphQLCLI/main.swift (in target 'swift-graphql-product' from project 'swift-graphql')
SwiftCompile normal arm64 /Users/admin/builder/spi-builder-workspace/Sources/SwiftGraphQLCLI/main.swift (in target 'swift-graphql-product' from project 'swift-graphql')
    cd /Users/admin/builder/spi-builder-workspace/.swiftpm/xcode
    builtin-SwiftPerFileCompile main.swift
/Users/admin/builder/spi-builder-workspace/Sources/SwiftGraphQLCLI/main.swift:227:1: warning: extension declares a conformance of imported type 'String' to imported protocol 'Error'; this will not behave correctly if the owners of 'Swift' introduce this conformance in the future
225 | }
226 |
227 | extension String: Error {}
    | |- warning: extension declares a conformance of imported type 'String' to imported protocol 'Error'; this will not behave correctly if the owners of 'Swift' introduce this conformance in the future
    | `- note: add '@retroactive' to silence this warning
228 |
229 | extension ParsableCommand {
/Users/admin/builder/spi-builder-workspace/Sources/SwiftGraphQLCLI/main.swift:59:33: error: 'init(_:)' has been renamed to 'init(filePath:)'
 57 |             }
 58 |
 59 |             guard let fileurl = URL(cwd.appending(endpoint)) else {
    |                                 `- error: 'init(_:)' has been renamed to 'init(filePath:)'
 60 |                 SwiftGraphQLCLI.exit(withError: .endpoint)
 61 |             }
Foundation.URL.init:7:10: note: 'init(_:)' has been explicitly marked unavailable here
5 |   @available(tvOS, introduced: 14.0, deprecated: 16.0, renamed: "init(filePath:)")
6 |   @available(visionOS, unavailable, renamed: "init(filePath:)")
7 |   public init?(_ path: FilePath)}
  |          `- note: 'init(_:)' has been explicitly marked unavailable here
8 |
Failed frontend command:
/Applications/Xcode-27.0.0-Release.Candidate.app/Contents/Developer/Toolchains/XcodeDefault.xctoolchain/usr/bin/swift-frontend -frontend -c -primary-file /Users/admin/builder/spi-builder-workspace/Sources/SwiftGraphQLCLI/main.swift -emit-dependencies-path /Users/admin/builder/spi-builder-workspace/.derivedData/Build/Intermediates.noindex/swift-graphql.build/Debug-xros/swift-graphql-p.build/Objects-normal/arm64/main.d -emit-const-values-path /Users/admin/builder/spi-builder-workspace/.derivedData/Build/Intermediates.noindex/swift-graphql.build/Debug-xros/swift-graphql-p.build/Objects-normal/arm64/main.swiftconstvalues -emit-reference-dependencies-path /Users/admin/builder/spi-builder-workspace/.derivedData/Build/Intermediates.noindex/swift-graphql.build/Debug-xros/swift-graphql-p.build/Objects-normal/arm64/main.swiftdeps -serialize-diagnostics-path /Users/admin/builder/spi-builder-workspace/.derivedData/Build/Intermediates.noindex/swift-graphql.build/Debug-xros/swift-graphql-p.build/Objects-normal/arm64/main.dia -target arm64-apple-xros1.0 -disable-cross-import-overlay-search -load-resolved-plugin /Applications/Xcode-27.0.0-Release.Candidate.app/Contents/Developer/Platforms/XROS.platform/Developer/usr/lib/swift/host/plugins/libFoundationMacros.dylib\#/Applications/Xcode-27.0.0-Release.Candidate.app/Contents/Developer/Platforms/XROS.platform/Developer/usr/bin/swift-plugin-server\#FoundationMacros -load-resolved-plugin /Applications/Xcode-27.0.0-Release.Candidate.app/Contents/Developer/Platforms/XROS.platform/Developer/usr/lib/swift/host/plugins/libObservationMacros.dylib\#/Applications/Xcode-27.0.0-Release.Candidate.app/Contents/Developer/Platforms/XROS.platform/Developer/usr/bin/swift-plugin-server\#ObservationMacros -load-resolved-plugin /Applications/Xcode-27.0.0-Release.Candidate.app/Contents/Developer/Platforms/XROS.platform/Developer/usr/lib/swift/host/plugins/libSwiftMacros.dylib\#/Applications/Xcode-27.0.0-Release.Candidate.app/Contents/Developer/Platforms/XROS.platform/Developer/usr/bin/swift-plugin-server\#SwiftMacros -disable-implicit-swift-modules -Xcc -fno-implicit-modules -Xcc -fno-implicit-module-maps -explicit-swift-module-map-file /Users/admin/builder/spi-builder-workspace/.derivedData/Build/Intermediates.noindex/swift-graphql.build/Debug-xros/swift-graphql-p.build/Objects-normal/arm64/SwiftGraphQLCLI-dependencies-1.json -Xllvm -aarch64-use-tbi -enable-objc-interop -stack-check -sdk /Applications/Xcode-27.0.0-Release.Candidate.app/Contents/Developer/Platforms/XROS.platform/Developer/SDKs/XROS27.0.sdk -I /Users/admin/builder/spi-builder-workspace/.derivedData/Build/Products/Debug-xros -Isystem /Applications/Xcode-27.0.0-Release.Candidate.app/Contents/Developer/Platforms/XROS.platform/Developer/usr/lib -F /Users/admin/builder/spi-builder-workspace/.derivedData/Build/Products/Debug-xros/PackageFrameworks -F /Users/admin/builder/spi-builder-workspace/.derivedData/Build/Products/Debug-xros -F /Applications/Xcode-27.0.0-Release.Candidate.app/Contents/Developer/Platforms/XROS.platform/Developer/Library/Frameworks -F /Applications/Xcode-27.0.0-Release.Candidate.app/Contents/Developer/Platforms/XROS.platform/Developer/SDKs/XROS27.0.sdk/Developer/Library/Frameworks -module-cache-path /Users/admin/builder/spi-builder-workspace/.derivedData/Build/Intermediates.noindex/SwiftExplicitPrecompiledModules -no-color-diagnostics -Xcc -fno-color-diagnostics -enable-testing -g -debug-info-format\=dwarf -dwarf-version\=4 -profile-generate -profile-coverage-mapping -swift-version 5 -Onone -D SWIFT_PACKAGE -D DEBUG -D Xcode -serialize-debugging-options -enable-experimental-feature DebugDescriptionMacro -empty-abi-descriptor -validate-clang-modules-once -clang-build-session-file /Users/admin/builder/spi-builder-workspace/.derivedData/ModuleCache.noindex/Session.modulevalidation -Xcc -working-directory -Xcc /Users/admin/builder/spi-builder-workspace/.swiftpm/xcode -enable-anonymous-context-mangled-names -file-compilation-dir /Users/admin/builder/spi-builder-workspace/.swiftpm/xcode -Xcc -fmodule-map-file\=/Users/admin/builder/spi-builder-workspace/.dependencies/checkouts/swift-cmark/src/include/module.modulemap -Xcc -fmodule-map-file\=/Users/admin/builder/spi-builder-workspace/.dependencies/checkouts/swift-cmark/extensions/include/module.modulemap -Xcc -fmodule-map-file\=/Users/admin/builder/spi-builder-workspace/.dependencies/checkouts/swift-markdown/Sources/CAtomic/include/module.modulemap -Xcc -fmodule-map-file\=/Users/admin/builder/spi-builder-workspace/.dependencies/checkouts/Yams/Sources/CYaml/include/module.modulemap -Xcc -D_LIBCPP_HARDENING_MODE\=_LIBCPP_HARDENING_MODE_DEBUG -Xcc -ivfsstatcache -Xcc /Users/admin/builder/spi-builder-workspace/.derivedData/SDKStatCaches.noindex/xros27.0-24M361-e829b21a6f8c9b70876ba0858053c044735bd543db762f57723cac368afd1ce4.sdkstatcache -Xcc -fmodules-prune-interval\=86400 -Xcc -fmodules-prune-after\=345600 -Xcc -I/Users/admin/builder/spi-builder-workspace/.dependencies/checkouts/swift-cmark/src/include -Xcc -I/Users/admin/builder/spi-builder-workspace/.dependencies/checkouts/swift-cmark/extensions/include -Xcc -I/Users/admin/builder/spi-builder-workspace/.dependencies/checkouts/swift-markdown/Sources/CAtomic/include -Xcc -I/Users/admin/builder/spi-builder-workspace/.dependencies/checkouts/Yams/Sources/CYaml/include -Xcc -I/Users/admin/builder/spi-builder-workspace/.derivedData/Build/Products/Debug-xros/include -Xcc -I/Users/admin/builder/spi-builder-workspace/.derivedData/Build/Intermediates.noindex/swift-graphql.build/Debug-xros/swift-graphql-p.build/DerivedSources-normal/arm64 -Xcc -I/Users/admin/builder/spi-builder-workspace/.derivedData/Build/Intermediates.noindex/swift-graphql.build/Debug-xros/swift-graphql-p.build/DerivedSources/arm64 -Xcc -I/Users/admin/builder/spi-builder-workspace/.derivedData/Build/Intermediates.noindex/swift-graphql.build/Debug-xros/swift-graphql-p.build/DerivedSources -Xcc -DSWIFT_PACKAGE -Xcc -DDEBUG\=1 -no-auto-bridging-header-chaining -module-name SwiftGraphQLCLI -const-gather-protocols-file /Users/admin/builder/spi-builder-workspace/.derivedData/Build/Intermediates.noindex/swift-graphql.build/Debug-xros/swift-graphql-p.build/Objects-normal/arm64/swift-graphql_const_extract_protocols.json -disable-clang-spi -clang-target arm64-apple-xros27.0 -target-sdk-version 27.0 -target-sdk-name xros27.0 -in-process-plugin-server-path /Applications/Xcode-27.0.0-Release.Candidate.app/Contents/Developer/Toolchains/XcodeDefault.xctoolchain/usr/lib/swift/host/libSwiftInProcPluginServer.dylib -o /Users/admin/builder/spi-builder-workspace/.derivedData/Build/Intermediates.noindex/swift-graphql.build/Debug-xros/swift-graphql-p.build/Objects-normal/arm64/main.o -debug-module-path /Users/admin/builder/spi-builder-workspace/.derivedData/Build/Intermediates.noindex/swift-graphql.build/Debug-xros/swift-graphql-p.build/Objects-normal/arm64/SwiftGraphQLCLI.swiftmodule -index-unit-output-path /swift-graphql.build/Debug-xros/swift-graphql-p.build/Objects-normal/arm64/main.o -index-store-path /Users/admin/builder/spi-builder-workspace/.derivedData/Index.noindex/DataStore -index-system-modules
SwiftEmitModule normal arm64 Emitting\ module\ for\ SwiftGraphQLCLI (in target 'swift-graphql-product' from project 'swift-graphql')
/Users/admin/builder/spi-builder-workspace/Sources/SwiftGraphQLCLI/main.swift:227:1: warning: extension declares a conformance of imported type 'String' to imported protocol 'Error'; this will not behave correctly if the owners of 'Swift' introduce this conformance in the future
225 | }
226 |
227 | extension String: Error {}
    | |- warning: extension declares a conformance of imported type 'String' to imported protocol 'Error'; this will not behave correctly if the owners of 'Swift' introduce this conformance in the future
    | `- note: add '@retroactive' to silence this warning
228 |
229 | extension ParsableCommand {
SwiftCompile normal arm64 (in target 'swift-graphql-product' from project 'swift-graphql')
    cd /Users/admin/builder/spi-builder-workspace/.swiftpm/xcode

SwiftCompile normal arm64 Compiling\ TokenKind.swift,\ Tokens.swift /Users/admin/builder/spi-builder-workspace/.dependencies/checkouts/swift-syntax/Sources/SwiftSyntax/generated/TokenKind.swift /Users/admin/builder/spi-builder-workspace/.dependencies/checkouts/swift-syntax/Sources/SwiftSyntax/generated/Tokens.swift (in target 'SwiftSyntax' from project 'swift-syntax')
SwiftCompile normal arm64 /Users/admin/builder/spi-builder-workspace/.dependencies/checkouts/swift-syntax/Sources/SwiftSyntax/generated/TokenKind.swift (in target 'SwiftSyntax' from project 'swift-syntax')
    cd /Users/admin/builder/spi-builder-workspace/.swiftpm/xcode
    builtin-SwiftPerFileCompile TokenKind.swift
SwiftCompile normal arm64 /Users/admin/builder/spi-builder-workspace/.dependencies/checkouts/swift-syntax/Sources/SwiftSyntax/generated/Tokens.swift (in target 'SwiftSyntax' from project 'swift-syntax')
    cd /Users/admin/builder/spi-builder-workspace/.swiftpm/xcode
    builtin-SwiftPerFileCompile Tokens.swift
SwiftCompile normal arm64 Compiling\ SyntaxTransform.swift,\ SyntaxVisitor.swift /Users/admin/builder/spi-builder-workspace/.dependencies/checkouts/swift-syntax/Sources/SwiftSyntax/generated/SyntaxTransform.swift /Users/admin/builder/spi-builder-workspace/.dependencies/checkouts/swift-syntax/Sources/SwiftSyntax/generated/SyntaxVisitor.swift (in target 'SwiftSyntax' from project 'swift-syntax')
SwiftCompile normal arm64 /Users/admin/builder/spi-builder-workspace/.dependencies/checkouts/swift-syntax/Sources/SwiftSyntax/generated/SyntaxTransform.swift (in target 'SwiftSyntax' from project 'swift-syntax')
    cd /Users/admin/builder/spi-builder-workspace/.swiftpm/xcode
    builtin-SwiftPerFileCompile SyntaxTransform.swift
SwiftCompile normal arm64 /Users/admin/builder/spi-builder-workspace/.dependencies/checkouts/swift-syntax/Sources/SwiftSyntax/generated/SyntaxVisitor.swift (in target 'SwiftSyntax' from project 'swift-syntax')
    cd /Users/admin/builder/spi-builder-workspace/.swiftpm/xcode
    builtin-SwiftPerFileCompile SyntaxVisitor.swift
SwiftCompile normal arm64 Compiling\ TriviaPieces.swift,\ RawSyntaxNodes.swift /Users/admin/builder/spi-builder-workspace/.dependencies/checkouts/swift-syntax/Sources/SwiftSyntax/generated/TriviaPieces.swift /Users/admin/builder/spi-builder-workspace/.dependencies/checkouts/swift-syntax/Sources/SwiftSyntax/generated/raw/RawSyntaxNodes.swift (in target 'SwiftSyntax' from project 'swift-syntax')
SwiftCompile normal arm64 /Users/admin/builder/spi-builder-workspace/.dependencies/checkouts/swift-syntax/Sources/SwiftSyntax/generated/TriviaPieces.swift (in target 'SwiftSyntax' from project 'swift-syntax')
    cd /Users/admin/builder/spi-builder-workspace/.swiftpm/xcode
    builtin-SwiftPerFileCompile TriviaPieces.swift
SwiftCompile normal arm64 /Users/admin/builder/spi-builder-workspace/.dependencies/checkouts/swift-syntax/Sources/SwiftSyntax/generated/raw/RawSyntaxNodes.swift (in target 'SwiftSyntax' from project 'swift-syntax')
    cd /Users/admin/builder/spi-builder-workspace/.swiftpm/xcode
    builtin-SwiftPerFileCompile RawSyntaxNodes.swift
SwiftCompile normal arm64 Compiling\ SyntaxPatternNodes.swift /Users/admin/builder/spi-builder-workspace/.dependencies/checkouts/swift-syntax/Sources/SwiftSyntax/generated/syntaxNodes/SyntaxPatternNodes.swift (in target 'SwiftSyntax' from project 'swift-syntax')
SwiftCompile normal arm64 /Users/admin/builder/spi-builder-workspace/.dependencies/checkouts/swift-syntax/Sources/SwiftSyntax/generated/syntaxNodes/SyntaxPatternNodes.swift (in target 'SwiftSyntax' from project 'swift-syntax')
    cd /Users/admin/builder/spi-builder-workspace/.swiftpm/xcode
    builtin-SwiftPerFileCompile SyntaxPatternNodes.swift
SwiftCompile normal arm64 Compiling\ SyntaxExprNodes.swift /Users/admin/builder/spi-builder-workspace/.dependencies/checkouts/swift-syntax/Sources/SwiftSyntax/generated/syntaxNodes/SyntaxExprNodes.swift (in target 'SwiftSyntax' from project 'swift-syntax')
SwiftCompile normal arm64 /Users/admin/builder/spi-builder-workspace/.dependencies/checkouts/swift-syntax/Sources/SwiftSyntax/generated/syntaxNodes/SyntaxExprNodes.swift (in target 'SwiftSyntax' from project 'swift-syntax')
    cd /Users/admin/builder/spi-builder-workspace/.swiftpm/xcode
    builtin-SwiftPerFileCompile SyntaxExprNodes.swift
SwiftEmitModule normal arm64 Emitting\ module\ for\ SwiftSyntax (in target 'SwiftSyntax' from project 'swift-syntax')
SwiftCompile normal arm64 (in target 'SwiftSyntax' from project 'swift-syntax')
    cd /Users/admin/builder/spi-builder-workspace/.swiftpm/xcode

SwiftCompile normal arm64 Compiling\ RawSyntaxValidation.swift,\ SyntaxDeclNodes.swift /Users/admin/builder/spi-builder-workspace/.dependencies/checkouts/swift-syntax/Sources/SwiftSyntax/generated/raw/RawSyntaxValidation.swift /Users/admin/builder/spi-builder-workspace/.dependencies/checkouts/swift-syntax/Sources/SwiftSyntax/generated/syntaxNodes/SyntaxDeclNodes.swift (in target 'SwiftSyntax' from project 'swift-syntax')
SwiftCompile normal arm64 /Users/admin/builder/spi-builder-workspace/.dependencies/checkouts/swift-syntax/Sources/SwiftSyntax/generated/raw/RawSyntaxValidation.swift (in target 'SwiftSyntax' from project 'swift-syntax')
    cd /Users/admin/builder/spi-builder-workspace/.swiftpm/xcode
    builtin-SwiftPerFileCompile RawSyntaxValidation.swift
SwiftCompile normal arm64 /Users/admin/builder/spi-builder-workspace/.dependencies/checkouts/swift-syntax/Sources/SwiftSyntax/generated/syntaxNodes/SyntaxDeclNodes.swift (in target 'SwiftSyntax' from project 'swift-syntax')
    cd /Users/admin/builder/spi-builder-workspace/.swiftpm/xcode
    builtin-SwiftPerFileCompile SyntaxDeclNodes.swift
SwiftCompile normal arm64 Compiling\ SyntaxRewriter.swift,\ SyntaxTraits.swift /Users/admin/builder/spi-builder-workspace/.dependencies/checkouts/swift-syntax/Sources/SwiftSyntax/generated/SyntaxRewriter.swift /Users/admin/builder/spi-builder-workspace/.dependencies/checkouts/swift-syntax/Sources/SwiftSyntax/generated/SyntaxTraits.swift (in target 'SwiftSyntax' from project 'swift-syntax')
SwiftCompile normal arm64 /Users/admin/builder/spi-builder-workspace/.dependencies/checkouts/swift-syntax/Sources/SwiftSyntax/generated/SyntaxRewriter.swift (in target 'SwiftSyntax' from project 'swift-syntax')
    cd /Users/admin/builder/spi-builder-workspace/.swiftpm/xcode
    builtin-SwiftPerFileCompile SyntaxRewriter.swift
SwiftCompile normal arm64 /Users/admin/builder/spi-builder-workspace/.dependencies/checkouts/swift-syntax/Sources/SwiftSyntax/generated/SyntaxTraits.swift (in target 'SwiftSyntax' from project 'swift-syntax')
    cd /Users/admin/builder/spi-builder-workspace/.swiftpm/xcode
    builtin-SwiftPerFileCompile SyntaxTraits.swift
SwiftCompile normal arm64 Compiling\ SyntaxStmtNodes.swift /Users/admin/builder/spi-builder-workspace/.dependencies/checkouts/swift-syntax/Sources/SwiftSyntax/generated/syntaxNodes/SyntaxStmtNodes.swift (in target 'SwiftSyntax' from project 'swift-syntax')
SwiftCompile normal arm64 /Users/admin/builder/spi-builder-workspace/.dependencies/checkouts/swift-syntax/Sources/SwiftSyntax/generated/syntaxNodes/SyntaxStmtNodes.swift (in target 'SwiftSyntax' from project 'swift-syntax')
    cd /Users/admin/builder/spi-builder-workspace/.swiftpm/xcode
    builtin-SwiftPerFileCompile SyntaxStmtNodes.swift
SwiftCompile normal arm64 Compiling\ SyntaxNodes.swift /Users/admin/builder/spi-builder-workspace/.dependencies/checkouts/swift-syntax/Sources/SwiftSyntax/generated/syntaxNodes/SyntaxNodes.swift (in target 'SwiftSyntax' from project 'swift-syntax')
SwiftCompile normal arm64 /Users/admin/builder/spi-builder-workspace/.dependencies/checkouts/swift-syntax/Sources/SwiftSyntax/generated/syntaxNodes/SyntaxNodes.swift (in target 'SwiftSyntax' from project 'swift-syntax')
    cd /Users/admin/builder/spi-builder-workspace/.swiftpm/xcode
    builtin-SwiftPerFileCompile SyntaxNodes.swift
PruneExplicitPrecompiledModules /Users/admin/builder/spi-builder-workspace/.derivedData/Build/Intermediates.noindex/ExplicitPrecompiledModules
PruneExplicitPrecompiledModules /Users/admin/builder/spi-builder-workspace/.derivedData/SDKExplicitPrecompiledModules
PruneExplicitPrecompiledModules /Users/admin/builder/spi-builder-workspace/.derivedData/Build/Intermediates.noindex/SwiftExplicitPrecompiledModules
2026-09-20 12:58:12.934 xcodebuild[2040:10856] [MT] IDERunDestination: Supported platforms for the buildables in the current scheme is empty.
** BUILD FAILED **
The following build commands failed:
	SwiftCompile normal arm64 /Users/admin/builder/spi-builder-workspace/Sources/SwiftGraphQLCLI/main.swift (in target 'swift-graphql-product' from project 'swift-graphql')
	SwiftCompile normal arm64 Compiling\ main.swift /Users/admin/builder/spi-builder-workspace/Sources/SwiftGraphQLCLI/main.swift (in target 'swift-graphql-product' from project 'swift-graphql')
	Building workspace swift-graphql with scheme swift-graphql-Package
(3 failures)
BUILD FAILURE 6.4 visionOS