Build Information
Failed to build OctopusKit, reference develop (b0ca08), with Swift 6.4 for watchOS using Xcode 27.0 on 19 Sep 2026 12:33:44 UTC.
Build Command
No build command. This typically means the build failed at an early stage where we determine the build command.Build Log
========================================
RunAll
========================================
Builder version: 5.1.0
Interrupt handler set up.
========================================
Checkout
========================================
Clone URL: https://github.com/InvadingOctopus/octopuskit.git
Reference: develop
Initialized empty Git repository in /Users/admin/builder/spi-builder-workspace/.git/
From https://github.com/InvadingOctopus/octopuskit
* branch develop -> FETCH_HEAD
* [new branch] develop -> origin/develop
HEAD is now at b0ca086 Fix ReadMe link to Comedot
Cloned https://github.com/InvadingOctopus/octopuskit.git
Revision (git rev-parse @):
b0ca086fae4dcf574cdb99147c5a02c553d74b7a
SUCCESS checkout https://github.com/InvadingOctopus/octopuskit.git at develop
========================================
Build
========================================
Selected platform: watchOS
Swift version: 6.4
Building package at path: $PWD
https://github.com/InvadingOctopus/octopuskit.git
Command line invocation:
/Applications/Xcode-27.0.0-Release.Candidate.app/Contents/Developer/usr/bin/xcodebuild -IDEClonedSourcePackagesDirPathOverride=/Users/admin/builder/spi-builder-workspace/.dependencies -resolvePackageDependencies
Resolve Package Graph
the package at '/Users/admin/builder/OctopusCore' cannot be accessed (/Users/admin/builder/OctopusCore doesn't exist in file system)
Resolve Package Graph
the package at '/Users/admin/builder/OctopusCore' cannot be accessed (/Users/admin/builder/OctopusCore doesn't exist in file system)
Resolved source packages:
spi-builder-workspace: (null)
2026-09-19 08:33:43.654 xcodebuild[529:3026] Writing error result bundle to /var/folders/xq/y_g06wb113726d38xsyx71_h0000gn/T/ResultBundle_2026-19-09_08-33-0043.xcresult
xcodebuild: error: Could not resolve package dependencies:
the package at '/Users/admin/builder/OctopusCore' cannot be accessed (/Users/admin/builder/OctopusCore doesn't exist in file system)
Command line invocation:
/Applications/Xcode-27.0.0-Release.Candidate.app/Contents/Developer/usr/bin/xcodebuild -IDEClonedSourcePackagesDirPathOverride=/Users/admin/builder/spi-builder-workspace/.dependencies -resolvePackageDependencies
Resolve Package Graph
the package at '/Users/admin/builder/OctopusCore' cannot be accessed (/Users/admin/builder/OctopusCore doesn't exist in file system)
Resolved source packages:
spi-builder-workspace: (null)
2026-09-19 08:33:44.792 xcodebuild[599:3681] Writing error result bundle to /var/folders/xq/y_g06wb113726d38xsyx71_h0000gn/T/ResultBundle_2026-19-09_08-33-0044.xcresult
xcodebuild: error: Could not resolve package dependencies:
the package at '/Users/admin/builder/OctopusCore' cannot be accessed (/Users/admin/builder/OctopusCore doesn't exist in file system)
BUILD FAILURE 6.4 watchOS