The Swift Package Index logo.Swift Package Index

Build Information

Failed to build LemmyKit, reference 0.5.1 (15270b), with Swift 6.1 for tvOS using Xcode 16.3 on 14 Jul 2026 19:09:52 UTC.

Build Command

env DEVELOPER_DIR=/Applications/Xcode-16.3.0.app xcrun xcodebuild -IDEClonedSourcePackagesDirPathOverride=$PWD/.dependencies -skipMacroValidation -skipPackagePluginValidation -derivedDataPath $PWD/.derivedData build -scheme LemmyKit -destination generic/platform=tvOS

Build Log

    cd /Users/admin/builder/spi-builder-workspace/.swiftpm/xcode

SwiftCompile normal x86_64 /Users/admin/builder/spi-builder-workspace/.dependencies/checkouts/swift-algorithms/Sources/Algorithms/FirstNonNil.swift (in target 'Algorithms' from project 'swift-algorithms')
    cd /Users/admin/builder/spi-builder-workspace/.swiftpm/xcode

SwiftCompile normal x86_64 /Users/admin/builder/spi-builder-workspace/.dependencies/checkouts/swift-algorithms/Sources/Algorithms/FlattenCollection.swift (in target 'Algorithms' from project 'swift-algorithms')
    cd /Users/admin/builder/spi-builder-workspace/.swiftpm/xcode

SwiftDriverJobDiscovery normal arm64 Compiling Split.swift, Stride.swift (in target 'Algorithms' from project 'swift-algorithms')
SwiftCompile normal x86_64 Compiling\ Split.swift,\ Stride.swift /Users/admin/builder/spi-builder-workspace/.dependencies/checkouts/swift-algorithms/Sources/Algorithms/Split.swift /Users/admin/builder/spi-builder-workspace/.dependencies/checkouts/swift-algorithms/Sources/Algorithms/Stride.swift (in target 'Algorithms' from project 'swift-algorithms')
SwiftCompile normal x86_64 /Users/admin/builder/spi-builder-workspace/.dependencies/checkouts/swift-algorithms/Sources/Algorithms/Split.swift (in target 'Algorithms' from project 'swift-algorithms')
    cd /Users/admin/builder/spi-builder-workspace/.swiftpm/xcode

SwiftCompile normal x86_64 /Users/admin/builder/spi-builder-workspace/.dependencies/checkouts/swift-algorithms/Sources/Algorithms/Stride.swift (in target 'Algorithms' from project 'swift-algorithms')
    cd /Users/admin/builder/spi-builder-workspace/.swiftpm/xcode

SwiftDriverJobDiscovery normal x86_64 Compiling Combinations.swift, Compacted.swift, Cycle.swift (in target 'Algorithms' from project 'swift-algorithms')
SwiftCompile normal arm64 Compiling\ Suffix.swift,\ Trim.swift /Users/admin/builder/spi-builder-workspace/.dependencies/checkouts/swift-algorithms/Sources/Algorithms/Suffix.swift /Users/admin/builder/spi-builder-workspace/.dependencies/checkouts/swift-algorithms/Sources/Algorithms/Trim.swift (in target 'Algorithms' from project 'swift-algorithms')
SwiftCompile normal arm64 /Users/admin/builder/spi-builder-workspace/.dependencies/checkouts/swift-algorithms/Sources/Algorithms/Suffix.swift (in target 'Algorithms' from project 'swift-algorithms')
    cd /Users/admin/builder/spi-builder-workspace/.swiftpm/xcode

SwiftCompile normal arm64 /Users/admin/builder/spi-builder-workspace/.dependencies/checkouts/swift-algorithms/Sources/Algorithms/Trim.swift (in target 'Algorithms' from project 'swift-algorithms')
    cd /Users/admin/builder/spi-builder-workspace/.swiftpm/xcode

SwiftDriverJobDiscovery normal x86_64 Compiling MultipartContent.swift, MultipartContentInspector.swift, translateMultipart.swift, MultiplexTranslator.swift, OperationDescription.swift, TypedParameter.swift, translateParameter.swift, DeclarationRecursionDetector.swift, RecursionDetector.swift (in target '_OpenAPIGeneratorCore' from project 'swift-openapi-generator')
SwiftCompile normal x86_64 Compiling\ RandomSample.swift,\ Reductions.swift,\ Rotate.swift /Users/admin/builder/spi-builder-workspace/.dependencies/checkouts/swift-algorithms/Sources/Algorithms/RandomSample.swift /Users/admin/builder/spi-builder-workspace/.dependencies/checkouts/swift-algorithms/Sources/Algorithms/Reductions.swift /Users/admin/builder/spi-builder-workspace/.dependencies/checkouts/swift-algorithms/Sources/Algorithms/Rotate.swift (in target 'Algorithms' from project 'swift-algorithms')
SwiftCompile normal x86_64 /Users/admin/builder/spi-builder-workspace/.dependencies/checkouts/swift-algorithms/Sources/Algorithms/RandomSample.swift (in target 'Algorithms' from project 'swift-algorithms')
    cd /Users/admin/builder/spi-builder-workspace/.swiftpm/xcode

SwiftCompile normal x86_64 /Users/admin/builder/spi-builder-workspace/.dependencies/checkouts/swift-algorithms/Sources/Algorithms/Reductions.swift (in target 'Algorithms' from project 'swift-algorithms')
    cd /Users/admin/builder/spi-builder-workspace/.swiftpm/xcode

SwiftCompile normal x86_64 /Users/admin/builder/spi-builder-workspace/.dependencies/checkouts/swift-algorithms/Sources/Algorithms/Rotate.swift (in target 'Algorithms' from project 'swift-algorithms')
    cd /Users/admin/builder/spi-builder-workspace/.swiftpm/xcode

SwiftDriverJobDiscovery normal arm64 Compiling AdjacentPairs.swift, Chain.swift, Chunked.swift (in target 'Algorithms' from project 'swift-algorithms')
SwiftCompile normal arm64 Compiling\ Joined.swift,\ Keyed.swift,\ MinMax.swift /Users/admin/builder/spi-builder-workspace/.dependencies/checkouts/swift-algorithms/Sources/Algorithms/Joined.swift /Users/admin/builder/spi-builder-workspace/.dependencies/checkouts/swift-algorithms/Sources/Algorithms/Keyed.swift /Users/admin/builder/spi-builder-workspace/.dependencies/checkouts/swift-algorithms/Sources/Algorithms/MinMax.swift (in target 'Algorithms' from project 'swift-algorithms')
SwiftCompile normal arm64 /Users/admin/builder/spi-builder-workspace/.dependencies/checkouts/swift-algorithms/Sources/Algorithms/Joined.swift (in target 'Algorithms' from project 'swift-algorithms')
    cd /Users/admin/builder/spi-builder-workspace/.swiftpm/xcode

SwiftCompile normal arm64 /Users/admin/builder/spi-builder-workspace/.dependencies/checkouts/swift-algorithms/Sources/Algorithms/Keyed.swift (in target 'Algorithms' from project 'swift-algorithms')
    cd /Users/admin/builder/spi-builder-workspace/.swiftpm/xcode

SwiftCompile normal arm64 /Users/admin/builder/spi-builder-workspace/.dependencies/checkouts/swift-algorithms/Sources/Algorithms/MinMax.swift (in target 'Algorithms' from project 'swift-algorithms')
    cd /Users/admin/builder/spi-builder-workspace/.swiftpm/xcode

SwiftDriverJobDiscovery normal arm64 Compiling GeneratorPipeline.swift, GeneratorPipelineStage.swift, DocumentFilter.swift, FilteredDocument.swift, ParsedOpenAPIRepresentation.swift, RenderedSwiftRepresentation.swift, StructuredSwiftRepresentation.swift, ParserProtocol.swift, YamsParser.swift, validateDoc.swift (in target '_OpenAPIGeneratorCore' from project 'swift-openapi-generator')
SwiftDriverJobDiscovery normal x86_64 Compiling EitherSequence.swift, FirstNonNil.swift, FlattenCollection.swift (in target 'Algorithms' from project 'swift-algorithms')
Ld /Users/admin/builder/spi-builder-workspace/.derivedData/Build/Products/Debug-appletvos/HTTPTypes.o normal (in target 'HTTPTypes' from project 'swift-http-types')
    cd /Users/admin/builder/spi-builder-workspace/.dependencies/checkouts/swift-http-types
    /Applications/Xcode-16.3.0.app/Contents/Developer/Toolchains/XcodeDefault.xctoolchain/usr/bin/clang -Xlinker -reproducible -target arm64-apple-tvos12.0 -r -isysroot /Applications/Xcode-16.3.0.app/Contents/Developer/Platforms/AppleTVOS.platform/Developer/SDKs/AppleTVOS18.4.sdk -O0 -w -L/Users/admin/builder/spi-builder-workspace/.derivedData/Build/Intermediates.noindex/EagerLinkingTBDs/Debug-appletvos -L/Users/admin/builder/spi-builder-workspace/.derivedData/Build/Products/Debug-appletvos -L/Applications/Xcode-16.3.0.app/Contents/Developer/Platforms/AppleTVOS.platform/Developer/usr/lib -F/Users/admin/builder/spi-builder-workspace/.derivedData/Build/Intermediates.noindex/EagerLinkingTBDs/Debug-appletvos -F/Users/admin/builder/spi-builder-workspace/.derivedData/Build/Products/Debug-appletvos -iframework /Applications/Xcode-16.3.0.app/Contents/Developer/Platforms/AppleTVOS.platform/Developer/Library/Frameworks -iframework /Applications/Xcode-16.3.0.app/Contents/Developer/Platforms/AppleTVOS.platform/Developer/SDKs/AppleTVOS18.4.sdk/Developer/Library/Frameworks -filelist /Users/admin/builder/spi-builder-workspace/.derivedData/Build/Intermediates.noindex/swift-http-types.build/Debug-appletvos/HTTPTypes.build/Objects-normal/arm64/HTTPTypes.LinkFileList -nostdlib -Xlinker -object_path_lto -Xlinker /Users/admin/builder/spi-builder-workspace/.derivedData/Build/Intermediates.noindex/swift-http-types.build/Debug-appletvos/HTTPTypes.build/Objects-normal/arm64/HTTPTypes_lto.o -rdynamic -Xlinker -no_deduplicate -Xlinker -debug_variant -Xlinker -dependency_info -Xlinker /Users/admin/builder/spi-builder-workspace/.derivedData/Build/Intermediates.noindex/swift-http-types.build/Debug-appletvos/HTTPTypes.build/Objects-normal/arm64/HTTPTypes_dependency_info.dat -fobjc-link-runtime -L/Applications/Xcode-16.3.0.app/Contents/Developer/Toolchains/XcodeDefault.xctoolchain/usr/lib/swift/appletvos -L/usr/lib/swift -Xlinker -add_ast_path -Xlinker /Users/admin/builder/spi-builder-workspace/.derivedData/Build/Intermediates.noindex/swift-http-types.build/Debug-appletvos/HTTPTypes.build/Objects-normal/arm64/HTTPTypes.swiftmodule -o /Users/admin/builder/spi-builder-workspace/.derivedData/Build/Products/Debug-appletvos/HTTPTypes.o
SwiftCompile normal x86_64 Compiling\ SecurityScheme.swift,\ SharedOAuthFlows.swift,\ URLTemplate+Parsing.swift /Users/admin/builder/spi-builder-workspace/.dependencies/checkouts/OpenAPIKit/Sources/OpenAPIKitCore/Shared/SecurityScheme.swift /Users/admin/builder/spi-builder-workspace/.dependencies/checkouts/OpenAPIKit/Sources/OpenAPIKitCore/Shared/SharedOAuthFlows.swift /Users/admin/builder/spi-builder-workspace/.dependencies/checkouts/OpenAPIKit/Sources/OpenAPIKitCore/URLTemplate/URLTemplate+Parsing.swift (in target 'OpenAPIKitCore' from project 'OpenAPIKit')
SwiftCompile normal x86_64 /Users/admin/builder/spi-builder-workspace/.dependencies/checkouts/OpenAPIKit/Sources/OpenAPIKitCore/Shared/SecurityScheme.swift (in target 'OpenAPIKitCore' from project 'OpenAPIKit')
    cd /Users/admin/builder/spi-builder-workspace/.swiftpm/xcode

SwiftCompile normal x86_64 /Users/admin/builder/spi-builder-workspace/.dependencies/checkouts/OpenAPIKit/Sources/OpenAPIKitCore/Shared/SharedOAuthFlows.swift (in target 'OpenAPIKitCore' from project 'OpenAPIKit')
    cd /Users/admin/builder/spi-builder-workspace/.swiftpm/xcode

SwiftCompile normal x86_64 /Users/admin/builder/spi-builder-workspace/.dependencies/checkouts/OpenAPIKit/Sources/OpenAPIKitCore/URLTemplate/URLTemplate+Parsing.swift (in target 'OpenAPIKitCore' from project 'OpenAPIKit')
    cd /Users/admin/builder/spi-builder-workspace/.swiftpm/xcode

SwiftDriverJobDiscovery normal arm64 Compiling Suffix.swift, Trim.swift (in target 'Algorithms' from project 'swift-algorithms')
SwiftCompile normal x86_64 Compiling\ EitherDecodeNoTypesMatchedErrorExtensions.swift,\ GenericError.swift,\ OpenAPIDecodingErrors.swift,\ OpenAPIError.swift /Users/admin/builder/spi-builder-workspace/.dependencies/checkouts/OpenAPIKit/Sources/OpenAPIKitCore/Encoding\ and\ Decoding\ Errors\ And\ Warnings/EitherDecodeNoTypesMatchedErrorExtensions.swift /Users/admin/builder/spi-builder-workspace/.dependencies/checkouts/OpenAPIKit/Sources/OpenAPIKitCore/Encoding\ and\ Decoding\ Errors\ And\ Warnings/GenericError.swift /Users/admin/builder/spi-builder-workspace/.dependencies/checkouts/OpenAPIKit/Sources/OpenAPIKitCore/Encoding\ and\ Decoding\ Errors\ And\ Warnings/OpenAPIDecodingErrors.swift /Users/admin/builder/spi-builder-workspace/.dependencies/checkouts/OpenAPIKit/Sources/OpenAPIKitCore/Encoding\ and\ Decoding\ Errors\ And\ Warnings/OpenAPIError.swift (in target 'OpenAPIKitCore' from project 'OpenAPIKit')
SwiftCompile normal x86_64 /Users/admin/builder/spi-builder-workspace/.dependencies/checkouts/OpenAPIKit/Sources/OpenAPIKitCore/Encoding\ and\ Decoding\ Errors\ And\ Warnings/EitherDecodeNoTypesMatchedErrorExtensions.swift (in target 'OpenAPIKitCore' from project 'OpenAPIKit')
    cd /Users/admin/builder/spi-builder-workspace/.swiftpm/xcode

SwiftCompile normal x86_64 /Users/admin/builder/spi-builder-workspace/.dependencies/checkouts/OpenAPIKit/Sources/OpenAPIKitCore/Encoding\ and\ Decoding\ Errors\ And\ Warnings/GenericError.swift (in target 'OpenAPIKitCore' from project 'OpenAPIKit')
    cd /Users/admin/builder/spi-builder-workspace/.swiftpm/xcode

SwiftCompile normal x86_64 /Users/admin/builder/spi-builder-workspace/.dependencies/checkouts/OpenAPIKit/Sources/OpenAPIKitCore/Encoding\ and\ Decoding\ Errors\ And\ Warnings/OpenAPIDecodingErrors.swift (in target 'OpenAPIKitCore' from project 'OpenAPIKit')
    cd /Users/admin/builder/spi-builder-workspace/.swiftpm/xcode

SwiftCompile normal x86_64 /Users/admin/builder/spi-builder-workspace/.dependencies/checkouts/OpenAPIKit/Sources/OpenAPIKitCore/Encoding\ and\ Decoding\ Errors\ And\ Warnings/OpenAPIError.swift (in target 'OpenAPIKitCore' from project 'OpenAPIKit')
    cd /Users/admin/builder/spi-builder-workspace/.swiftpm/xcode

SwiftCompile normal x86_64 Compiling\ Either.swift,\ CodingPathError.swift,\ DecodingErrorExtensions.swift,\ DiggingError.swift /Users/admin/builder/spi-builder-workspace/.dependencies/checkouts/OpenAPIKit/Sources/OpenAPIKitCore/Either/Either.swift /Users/admin/builder/spi-builder-workspace/.dependencies/checkouts/OpenAPIKit/Sources/OpenAPIKitCore/Encoding\ and\ Decoding\ Errors\ And\ Warnings/CodingPathError.swift /Users/admin/builder/spi-builder-workspace/.dependencies/checkouts/OpenAPIKit/Sources/OpenAPIKitCore/Encoding\ and\ Decoding\ Errors\ And\ Warnings/DecodingErrorExtensions.swift /Users/admin/builder/spi-builder-workspace/.dependencies/checkouts/OpenAPIKit/Sources/OpenAPIKitCore/Encoding\ and\ Decoding\ Errors\ And\ Warnings/DiggingError.swift (in target 'OpenAPIKitCore' from project 'OpenAPIKit')
SwiftCompile normal x86_64 /Users/admin/builder/spi-builder-workspace/.dependencies/checkouts/OpenAPIKit/Sources/OpenAPIKitCore/Either/Either.swift (in target 'OpenAPIKitCore' from project 'OpenAPIKit')
    cd /Users/admin/builder/spi-builder-workspace/.swiftpm/xcode

SwiftCompile normal x86_64 /Users/admin/builder/spi-builder-workspace/.dependencies/checkouts/OpenAPIKit/Sources/OpenAPIKitCore/Encoding\ and\ Decoding\ Errors\ And\ Warnings/CodingPathError.swift (in target 'OpenAPIKitCore' from project 'OpenAPIKit')
    cd /Users/admin/builder/spi-builder-workspace/.swiftpm/xcode

SwiftCompile normal x86_64 /Users/admin/builder/spi-builder-workspace/.dependencies/checkouts/OpenAPIKit/Sources/OpenAPIKitCore/Encoding\ and\ Decoding\ Errors\ And\ Warnings/DecodingErrorExtensions.swift (in target 'OpenAPIKitCore' from project 'OpenAPIKit')
    cd /Users/admin/builder/spi-builder-workspace/.swiftpm/xcode

SwiftCompile normal x86_64 /Users/admin/builder/spi-builder-workspace/.dependencies/checkouts/OpenAPIKit/Sources/OpenAPIKitCore/Encoding\ and\ Decoding\ Errors\ And\ Warnings/DiggingError.swift (in target 'OpenAPIKitCore' from project 'OpenAPIKit')
    cd /Users/admin/builder/spi-builder-workspace/.swiftpm/xcode

SwiftDriverJobDiscovery normal arm64 Compiling translateResponseOutcome.swift, ServerTranslator.swift, translateServerMethod.swift, TranslatorProtocol.swift, Builtins.swift, ReferenceStack.swift, SafeNameGenerator.swift, TypeAssigner.swift, TypeLocation.swift (in target '_OpenAPIGeneratorCore' from project 'swift-openapi-generator')
SwiftCompile normal x86_64 Compiling\ OrderedDictionary.swift,\ StringConvertibleHintProvider.swift,\ Shared.swift,\ CallbackURL.swift /Users/admin/builder/spi-builder-workspace/.dependencies/checkouts/OpenAPIKit/Sources/OpenAPIKitCore/OrderedDictionary/OrderedDictionary.swift /Users/admin/builder/spi-builder-workspace/.dependencies/checkouts/OpenAPIKit/Sources/OpenAPIKitCore/OrderedDictionary/StringConvertibleHintProvider.swift /Users/admin/builder/spi-builder-workspace/.dependencies/checkouts/OpenAPIKit/Sources/OpenAPIKitCore/Shared.swift /Users/admin/builder/spi-builder-workspace/.dependencies/checkouts/OpenAPIKit/Sources/OpenAPIKitCore/Shared/CallbackURL.swift (in target 'OpenAPIKitCore' from project 'OpenAPIKit')
SwiftCompile normal x86_64 /Users/admin/builder/spi-builder-workspace/.dependencies/checkouts/OpenAPIKit/Sources/OpenAPIKitCore/OrderedDictionary/OrderedDictionary.swift (in target 'OpenAPIKitCore' from project 'OpenAPIKit')
    cd /Users/admin/builder/spi-builder-workspace/.swiftpm/xcode

SwiftCompile normal x86_64 /Users/admin/builder/spi-builder-workspace/.dependencies/checkouts/OpenAPIKit/Sources/OpenAPIKitCore/OrderedDictionary/StringConvertibleHintProvider.swift (in target 'OpenAPIKitCore' from project 'OpenAPIKit')
    cd /Users/admin/builder/spi-builder-workspace/.swiftpm/xcode

SwiftCompile normal x86_64 /Users/admin/builder/spi-builder-workspace/.dependencies/checkouts/OpenAPIKit/Sources/OpenAPIKitCore/Shared.swift (in target 'OpenAPIKitCore' from project 'OpenAPIKit')
    cd /Users/admin/builder/spi-builder-workspace/.swiftpm/xcode

SwiftCompile normal x86_64 /Users/admin/builder/spi-builder-workspace/.dependencies/checkouts/OpenAPIKit/Sources/OpenAPIKitCore/Shared/CallbackURL.swift (in target 'OpenAPIKitCore' from project 'OpenAPIKit')
    cd /Users/admin/builder/spi-builder-workspace/.swiftpm/xcode

SwiftDriverJobDiscovery normal x86_64 Compiling Split.swift, Stride.swift (in target 'Algorithms' from project 'swift-algorithms')
SwiftCompile normal x86_64 Compiling\ AnyCodable+Validatable.swift,\ AnyCodable.swift,\ Either+Codable.swift,\ Either+CustomStringConvertible.swift /Users/admin/builder/spi-builder-workspace/.dependencies/checkouts/OpenAPIKit/Sources/OpenAPIKitCore/AnyCodable+Validatable.swift /Users/admin/builder/spi-builder-workspace/.dependencies/checkouts/OpenAPIKit/Sources/OpenAPIKitCore/AnyCodable/AnyCodable.swift /Users/admin/builder/spi-builder-workspace/.dependencies/checkouts/OpenAPIKit/Sources/OpenAPIKitCore/Either/Either+Codable.swift /Users/admin/builder/spi-builder-workspace/.dependencies/checkouts/OpenAPIKit/Sources/OpenAPIKitCore/Either/Either+CustomStringConvertible.swift (in target 'OpenAPIKitCore' from project 'OpenAPIKit')
SwiftCompile normal x86_64 /Users/admin/builder/spi-builder-workspace/.dependencies/checkouts/OpenAPIKit/Sources/OpenAPIKitCore/AnyCodable+Validatable.swift (in target 'OpenAPIKitCore' from project 'OpenAPIKit')
    cd /Users/admin/builder/spi-builder-workspace/.swiftpm/xcode

SwiftCompile normal x86_64 /Users/admin/builder/spi-builder-workspace/.dependencies/checkouts/OpenAPIKit/Sources/OpenAPIKitCore/AnyCodable/AnyCodable.swift (in target 'OpenAPIKitCore' from project 'OpenAPIKit')
    cd /Users/admin/builder/spi-builder-workspace/.swiftpm/xcode

SwiftCompile normal x86_64 /Users/admin/builder/spi-builder-workspace/.dependencies/checkouts/OpenAPIKit/Sources/OpenAPIKitCore/Either/Either+Codable.swift (in target 'OpenAPIKitCore' from project 'OpenAPIKit')
    cd /Users/admin/builder/spi-builder-workspace/.swiftpm/xcode

SwiftCompile normal x86_64 /Users/admin/builder/spi-builder-workspace/.dependencies/checkouts/OpenAPIKit/Sources/OpenAPIKitCore/Either/Either+CustomStringConvertible.swift (in target 'OpenAPIKitCore' from project 'OpenAPIKit')
    cd /Users/admin/builder/spi-builder-workspace/.swiftpm/xcode

SwiftDriverJobDiscovery normal x86_64 Compiling RandomSample.swift, Reductions.swift, Rotate.swift (in target 'Algorithms' from project 'swift-algorithms')
SwiftCompile normal x86_64 Compiling\ OpenAPIWarning.swift,\ RequestDecodingError.swift,\ OpenAPIReference.swift,\ OrderedDictionary+Validatable.swift /Users/admin/builder/spi-builder-workspace/.dependencies/checkouts/OpenAPIKit/Sources/OpenAPIKitCore/Encoding\ and\ Decoding\ Errors\ And\ Warnings/OpenAPIWarning.swift /Users/admin/builder/spi-builder-workspace/.dependencies/checkouts/OpenAPIKit/Sources/OpenAPIKitCore/Encoding\ and\ Decoding\ Errors\ And\ Warnings/RequestDecodingError.swift /Users/admin/builder/spi-builder-workspace/.dependencies/checkouts/OpenAPIKit/Sources/OpenAPIKitCore/OpenAPIReference.swift /Users/admin/builder/spi-builder-workspace/.dependencies/checkouts/OpenAPIKit/Sources/OpenAPIKitCore/OrderedDictionary+Validatable.swift (in target 'OpenAPIKitCore' from project 'OpenAPIKit')
SwiftCompile normal x86_64 /Users/admin/builder/spi-builder-workspace/.dependencies/checkouts/OpenAPIKit/Sources/OpenAPIKitCore/Encoding\ and\ Decoding\ Errors\ And\ Warnings/OpenAPIWarning.swift (in target 'OpenAPIKitCore' from project 'OpenAPIKit')
    cd /Users/admin/builder/spi-builder-workspace/.swiftpm/xcode

SwiftCompile normal x86_64 /Users/admin/builder/spi-builder-workspace/.dependencies/checkouts/OpenAPIKit/Sources/OpenAPIKitCore/Encoding\ and\ Decoding\ Errors\ And\ Warnings/RequestDecodingError.swift (in target 'OpenAPIKitCore' from project 'OpenAPIKit')
    cd /Users/admin/builder/spi-builder-workspace/.swiftpm/xcode

SwiftCompile normal x86_64 /Users/admin/builder/spi-builder-workspace/.dependencies/checkouts/OpenAPIKit/Sources/OpenAPIKitCore/OpenAPIReference.swift (in target 'OpenAPIKitCore' from project 'OpenAPIKit')
    cd /Users/admin/builder/spi-builder-workspace/.swiftpm/xcode

SwiftCompile normal x86_64 /Users/admin/builder/spi-builder-workspace/.dependencies/checkouts/OpenAPIKit/Sources/OpenAPIKitCore/OrderedDictionary+Validatable.swift (in target 'OpenAPIKitCore' from project 'OpenAPIKit')
    cd /Users/admin/builder/spi-builder-workspace/.swiftpm/xcode

SwiftDriverJobDiscovery normal arm64 Compiling MultipartContent.swift, MultipartContentInspector.swift, translateMultipart.swift, MultiplexTranslator.swift, OperationDescription.swift, TypedParameter.swift, translateParameter.swift, DeclarationRecursionDetector.swift, RecursionDetector.swift (in target '_OpenAPIGeneratorCore' from project 'swift-openapi-generator')
SwiftCompile normal x86_64 Compiling\ JSONTypeFormat.swift,\ Path.swift,\ ResponseStatusCode.swift /Users/admin/builder/spi-builder-workspace/.dependencies/checkouts/OpenAPIKit/Sources/OpenAPIKitCore/Shared/JSONTypeFormat.swift /Users/admin/builder/spi-builder-workspace/.dependencies/checkouts/OpenAPIKit/Sources/OpenAPIKitCore/Shared/Path.swift /Users/admin/builder/spi-builder-workspace/.dependencies/checkouts/OpenAPIKit/Sources/OpenAPIKitCore/Shared/ResponseStatusCode.swift (in target 'OpenAPIKitCore' from project 'OpenAPIKit')
SwiftCompile normal x86_64 /Users/admin/builder/spi-builder-workspace/.dependencies/checkouts/OpenAPIKit/Sources/OpenAPIKitCore/Shared/JSONTypeFormat.swift (in target 'OpenAPIKitCore' from project 'OpenAPIKit')
    cd /Users/admin/builder/spi-builder-workspace/.swiftpm/xcode

SwiftCompile normal x86_64 /Users/admin/builder/spi-builder-workspace/.dependencies/checkouts/OpenAPIKit/Sources/OpenAPIKitCore/Shared/Path.swift (in target 'OpenAPIKitCore' from project 'OpenAPIKit')
    cd /Users/admin/builder/spi-builder-workspace/.swiftpm/xcode

SwiftCompile normal x86_64 /Users/admin/builder/spi-builder-workspace/.dependencies/checkouts/OpenAPIKit/Sources/OpenAPIKitCore/Shared/ResponseStatusCode.swift (in target 'OpenAPIKitCore' from project 'OpenAPIKit')
    cd /Users/admin/builder/spi-builder-workspace/.swiftpm/xcode

SwiftDriverJobDiscovery normal x86_64 Compiling Either.swift, CodingPathError.swift, DecodingErrorExtensions.swift, DiggingError.swift (in target 'OpenAPIKitCore' from project 'OpenAPIKit')
SwiftCompile normal x86_64 Compiling\ Result+Value.swift,\ URL+Resolution.swift,\ Validatable.swift /Users/admin/builder/spi-builder-workspace/.dependencies/checkouts/OpenAPIKit/Sources/OpenAPIKitCore/Utility/Result+Value.swift /Users/admin/builder/spi-builder-workspace/.dependencies/checkouts/OpenAPIKit/Sources/OpenAPIKitCore/Utility/URL+Resolution.swift /Users/admin/builder/spi-builder-workspace/.dependencies/checkouts/OpenAPIKit/Sources/OpenAPIKitCore/Validatable.swift (in target 'OpenAPIKitCore' from project 'OpenAPIKit')
SwiftCompile normal x86_64 /Users/admin/builder/spi-builder-workspace/.dependencies/checkouts/OpenAPIKit/Sources/OpenAPIKitCore/Utility/Result+Value.swift (in target 'OpenAPIKitCore' from project 'OpenAPIKit')
    cd /Users/admin/builder/spi-builder-workspace/.swiftpm/xcode

SwiftCompile normal x86_64 /Users/admin/builder/spi-builder-workspace/.dependencies/checkouts/OpenAPIKit/Sources/OpenAPIKitCore/Utility/URL+Resolution.swift (in target 'OpenAPIKitCore' from project 'OpenAPIKit')
    cd /Users/admin/builder/spi-builder-workspace/.swiftpm/xcode

SwiftCompile normal x86_64 /Users/admin/builder/spi-builder-workspace/.dependencies/checkouts/OpenAPIKit/Sources/OpenAPIKitCore/Validatable.swift (in target 'OpenAPIKitCore' from project 'OpenAPIKit')
    cd /Users/admin/builder/spi-builder-workspace/.swiftpm/xcode

SwiftDriverJobDiscovery normal arm64 Compiling Joined.swift, Keyed.swift, MinMax.swift (in target 'Algorithms' from project 'swift-algorithms')
SwiftCompile normal x86_64 Compiling\ ComponentKey.swift,\ ContentType.swift,\ HttpMethod.swift,\ JSONSchemaPermissions.swift /Users/admin/builder/spi-builder-workspace/.dependencies/checkouts/OpenAPIKit/Sources/OpenAPIKitCore/Shared/ComponentKey.swift /Users/admin/builder/spi-builder-workspace/.dependencies/checkouts/OpenAPIKit/Sources/OpenAPIKitCore/Shared/ContentType.swift /Users/admin/builder/spi-builder-workspace/.dependencies/checkouts/OpenAPIKit/Sources/OpenAPIKitCore/Shared/HttpMethod.swift /Users/admin/builder/spi-builder-workspace/.dependencies/checkouts/OpenAPIKit/Sources/OpenAPIKitCore/Shared/JSONSchemaPermissions.swift (in target 'OpenAPIKitCore' from project 'OpenAPIKit')
SwiftCompile normal x86_64 /Users/admin/builder/spi-builder-workspace/.dependencies/checkouts/OpenAPIKit/Sources/OpenAPIKitCore/Shared/ComponentKey.swift (in target 'OpenAPIKitCore' from project 'OpenAPIKit')
    cd /Users/admin/builder/spi-builder-workspace/.swiftpm/xcode

SwiftCompile normal x86_64 /Users/admin/builder/spi-builder-workspace/.dependencies/checkouts/OpenAPIKit/Sources/OpenAPIKitCore/Shared/ContentType.swift (in target 'OpenAPIKitCore' from project 'OpenAPIKit')
    cd /Users/admin/builder/spi-builder-workspace/.swiftpm/xcode

SwiftCompile normal x86_64 /Users/admin/builder/spi-builder-workspace/.dependencies/checkouts/OpenAPIKit/Sources/OpenAPIKitCore/Shared/HttpMethod.swift (in target 'OpenAPIKitCore' from project 'OpenAPIKit')
    cd /Users/admin/builder/spi-builder-workspace/.swiftpm/xcode

SwiftCompile normal x86_64 /Users/admin/builder/spi-builder-workspace/.dependencies/checkouts/OpenAPIKit/Sources/OpenAPIKitCore/Shared/JSONSchemaPermissions.swift (in target 'OpenAPIKitCore' from project 'OpenAPIKit')
    cd /Users/admin/builder/spi-builder-workspace/.swiftpm/xcode

SwiftDriverJobDiscovery normal x86_64 Compiling EitherDecodeNoTypesMatchedErrorExtensions.swift, GenericError.swift, OpenAPIDecodingErrors.swift, OpenAPIError.swift (in target 'OpenAPIKitCore' from project 'OpenAPIKit')
SwiftCompile normal x86_64 Compiling\ URLTemplate.swift,\ Container+DecodeURLAsString.swift,\ Optional+Zip.swift /Users/admin/builder/spi-builder-workspace/.dependencies/checkouts/OpenAPIKit/Sources/OpenAPIKitCore/URLTemplate/URLTemplate.swift /Users/admin/builder/spi-builder-workspace/.dependencies/checkouts/OpenAPIKit/Sources/OpenAPIKitCore/Utility/Container+DecodeURLAsString.swift /Users/admin/builder/spi-builder-workspace/.dependencies/checkouts/OpenAPIKit/Sources/OpenAPIKitCore/Utility/Optional+Zip.swift (in target 'OpenAPIKitCore' from project 'OpenAPIKit')
SwiftCompile normal x86_64 /Users/admin/builder/spi-builder-workspace/.dependencies/checkouts/OpenAPIKit/Sources/OpenAPIKitCore/URLTemplate/URLTemplate.swift (in target 'OpenAPIKitCore' from project 'OpenAPIKit')
    cd /Users/admin/builder/spi-builder-workspace/.swiftpm/xcode

SwiftCompile normal x86_64 /Users/admin/builder/spi-builder-workspace/.dependencies/checkouts/OpenAPIKit/Sources/OpenAPIKitCore/Utility/Container+DecodeURLAsString.swift (in target 'OpenAPIKitCore' from project 'OpenAPIKit')
    cd /Users/admin/builder/spi-builder-workspace/.swiftpm/xcode

SwiftCompile normal x86_64 /Users/admin/builder/spi-builder-workspace/.dependencies/checkouts/OpenAPIKit/Sources/OpenAPIKitCore/Utility/Optional+Zip.swift (in target 'OpenAPIKitCore' from project 'OpenAPIKit')
    cd /Users/admin/builder/spi-builder-workspace/.swiftpm/xcode

SwiftDriverJobDiscovery normal x86_64 Compiling SecurityScheme.swift, SharedOAuthFlows.swift, URLTemplate+Parsing.swift (in target 'OpenAPIKitCore' from project 'OpenAPIKit')
SwiftCompile normal x86_64 Compiling\ ToolInfo.swift /Users/admin/builder/spi-builder-workspace/.dependencies/checkouts/swift-argument-parser/Sources/ArgumentParserToolInfo/ToolInfo.swift (in target 'ArgumentParserToolInfo' from project 'swift-argument-parser')
SwiftCompile normal x86_64 /Users/admin/builder/spi-builder-workspace/.dependencies/checkouts/swift-argument-parser/Sources/ArgumentParserToolInfo/ToolInfo.swift (in target 'ArgumentParserToolInfo' from project 'swift-argument-parser')
    cd /Users/admin/builder/spi-builder-workspace/.swiftpm/xcode

SwiftDriverJobDiscovery normal x86_64 Compiling SchemaOverrides.swift, StructBlueprint.swift, CodingStrategy.swift, ContentInspector.swift, ContentType.swift, SchemaContent.swift, FileTranslator+FeatureFlags.swift, FileTranslator.swift, MultipartAdditionalProperties.swift (in target '_OpenAPIGeneratorCore' from project 'swift-openapi-generator')
SwiftDriverJobDiscovery normal x86_64 Compiling OpenAPIWarning.swift, RequestDecodingError.swift, OpenAPIReference.swift, OrderedDictionary+Validatable.swift (in target 'OpenAPIKitCore' from project 'OpenAPIKit')
SwiftDriver\ Compilation Algorithms normal x86_64 com.apple.xcode.tools.swift.compiler (in target 'Algorithms' from project 'swift-algorithms')
    cd /Users/admin/builder/spi-builder-workspace/.swiftpm/xcode
    builtin-Swift-Compilation -- /Applications/Xcode-16.3.0.app/Contents/Developer/Toolchains/XcodeDefault.xctoolchain/usr/bin/swiftc -module-name Algorithms -Onone -enforce-exclusivity\=checked @/Users/admin/builder/spi-builder-workspace/.derivedData/Build/Intermediates.noindex/swift-algorithms.build/Debug/Algorithms.build/Objects-normal/x86_64/Algorithms.SwiftFileList -DSWIFT_PACKAGE -DDEBUG -DXcode -plugin-path /Applications/Xcode-16.3.0.app/Contents/Developer/Toolchains/XcodeDefault.xctoolchain/usr/lib/swift/host/plugins/testing -enable-experimental-feature DebugDescriptionMacro -sdk /Applications/Xcode-16.3.0.app/Contents/Developer/Platforms/MacOSX.platform/Developer/SDKs/MacOSX15.4.sdk -target x86_64-apple-macos10.13 -g -module-cache-path /Users/admin/builder/spi-builder-workspace/.derivedData/ModuleCache.noindex -Xfrontend -serialize-debugging-options -profile-coverage-mapping -profile-generate -enable-testing -suppress-warnings -index-store-path /Users/admin/builder/spi-builder-workspace/.derivedData/Index.noindex/DataStore -swift-version 5 -I /Users/admin/builder/spi-builder-workspace/.derivedData/Build/Products/Debug -I /Applications/Xcode-16.3.0.app/Contents/Developer/Platforms/MacOSX.platform/Developer/usr/lib -F /Users/admin/builder/spi-builder-workspace/.derivedData/Build/Products/Debug/PackageFrameworks -F /Users/admin/builder/spi-builder-workspace/.derivedData/Build/Products/Debug/PackageFrameworks -F /Users/admin/builder/spi-builder-workspace/.derivedData/Build/Products/Debug -F /Applications/Xcode-16.3.0.app/Contents/Developer/Platforms/MacOSX.platform/Developer/Library/Frameworks -c -j10 -enable-batch-mode -incremental -Xcc -ivfsstatcache -Xcc /Users/admin/builder/spi-builder-workspace/.derivedData/SDKStatCaches.noindex/macosx15.4-24E241-8287b8f5db97e746a1562fbca0c9d29b.sdkstatcache -output-file-map /Users/admin/builder/spi-builder-workspace/.derivedData/Build/Intermediates.noindex/swift-algorithms.build/Debug/Algorithms.build/Objects-normal/x86_64/Algorithms-OutputFileMap.json -use-frontend-parseable-output -save-temps -no-color-diagnostics -serialize-diagnostics -emit-dependencies -emit-module -emit-module-path /Users/admin/builder/spi-builder-workspace/.derivedData/Build/Intermediates.noindex/swift-algorithms.build/Debug/Algorithms.build/Objects-normal/x86_64/Algorithms.swiftmodule -validate-clang-modules-once -clang-build-session-file /Users/admin/builder/spi-builder-workspace/.derivedData/ModuleCache.noindex/Session.modulevalidation -Xcc -I/Users/admin/builder/spi-builder-workspace/.derivedData/Build/Intermediates.noindex/swift-algorithms.build/Debug/Algorithms.build/swift-overrides.hmap -emit-const-values -Xfrontend -const-gather-protocols-file -Xfrontend /Users/admin/builder/spi-builder-workspace/.derivedData/Build/Intermediates.noindex/swift-algorithms.build/Debug/Algorithms.build/Objects-normal/x86_64/Algorithms_const_extract_protocols.json -Xcc -I/Users/admin/builder/spi-builder-workspace/.dependencies/checkouts/swift-numerics/Sources/_NumericsShims/include -Xcc -I/Users/admin/builder/spi-builder-workspace/.derivedData/Build/Products/Debug/include -Xcc -I/Users/admin/builder/spi-builder-workspace/.derivedData/Build/Intermediates.noindex/swift-algorithms.build/Debug/Algorithms.build/DerivedSources-normal/x86_64 -Xcc -I/Users/admin/builder/spi-builder-workspace/.derivedData/Build/Intermediates.noindex/swift-algorithms.build/Debug/Algorithms.build/DerivedSources/x86_64 -Xcc -I/Users/admin/builder/spi-builder-workspace/.derivedData/Build/Intermediates.noindex/swift-algorithms.build/Debug/Algorithms.build/DerivedSources -Xcc -DSWIFT_PACKAGE -Xcc -DDEBUG\=1 -emit-objc-header -emit-objc-header-path /Users/admin/builder/spi-builder-workspace/.derivedData/Build/Intermediates.noindex/swift-algorithms.build/Debug/Algorithms.build/Objects-normal/x86_64/Algorithms-Swift.h -working-directory /Users/admin/builder/spi-builder-workspace/.swiftpm/xcode -experimental-emit-module-separately -disable-cmo
SwiftDriver\ Compilation Algorithms normal arm64 com.apple.xcode.tools.swift.compiler (in target 'Algorithms' from project 'swift-algorithms')
    cd /Users/admin/builder/spi-builder-workspace/.swiftpm/xcode
    builtin-Swift-Compilation -- /Applications/Xcode-16.3.0.app/Contents/Developer/Toolchains/XcodeDefault.xctoolchain/usr/bin/swiftc -module-name Algorithms -Onone -enforce-exclusivity\=checked @/Users/admin/builder/spi-builder-workspace/.derivedData/Build/Intermediates.noindex/swift-algorithms.build/Debug/Algorithms.build/Objects-normal/arm64/Algorithms.SwiftFileList -DSWIFT_PACKAGE -DDEBUG -DXcode -plugin-path /Applications/Xcode-16.3.0.app/Contents/Developer/Toolchains/XcodeDefault.xctoolchain/usr/lib/swift/host/plugins/testing -enable-experimental-feature DebugDescriptionMacro -sdk /Applications/Xcode-16.3.0.app/Contents/Developer/Platforms/MacOSX.platform/Developer/SDKs/MacOSX15.4.sdk -target arm64-apple-macos10.13 -g -module-cache-path /Users/admin/builder/spi-builder-workspace/.derivedData/ModuleCache.noindex -Xfrontend -serialize-debugging-options -profile-coverage-mapping -profile-generate -enable-testing -suppress-warnings -index-store-path /Users/admin/builder/spi-builder-workspace/.derivedData/Index.noindex/DataStore -swift-version 5 -I /Users/admin/builder/spi-builder-workspace/.derivedData/Build/Products/Debug -I /Applications/Xcode-16.3.0.app/Contents/Developer/Platforms/MacOSX.platform/Developer/usr/lib -F /Users/admin/builder/spi-builder-workspace/.derivedData/Build/Products/Debug/PackageFrameworks -F /Users/admin/builder/spi-builder-workspace/.derivedData/Build/Products/Debug/PackageFrameworks -F /Users/admin/builder/spi-builder-workspace/.derivedData/Build/Products/Debug -F /Applications/Xcode-16.3.0.app/Contents/Developer/Platforms/MacOSX.platform/Developer/Library/Frameworks -c -j10 -enable-batch-mode -incremental -Xcc -ivfsstatcache -Xcc /Users/admin/builder/spi-builder-workspace/.derivedData/SDKStatCaches.noindex/macosx15.4-24E241-8287b8f5db97e746a1562fbca0c9d29b.sdkstatcache -output-file-map /Users/admin/builder/spi-builder-workspace/.derivedData/Build/Intermediates.noindex/swift-algorithms.build/Debug/Algorithms.build/Objects-normal/arm64/Algorithms-OutputFileMap.json -use-frontend-parseable-output -save-temps -no-color-diagnostics -serialize-diagnostics -emit-dependencies -emit-module -emit-module-path /Users/admin/builder/spi-builder-workspace/.derivedData/Build/Intermediates.noindex/swift-algorithms.build/Debug/Algorithms.build/Objects-normal/arm64/Algorithms.swiftmodule -validate-clang-modules-once -clang-build-session-file /Users/admin/builder/spi-builder-workspace/.derivedData/ModuleCache.noindex/Session.modulevalidation -Xcc -I/Users/admin/builder/spi-builder-workspace/.derivedData/Build/Intermediates.noindex/swift-algorithms.build/Debug/Algorithms.build/swift-overrides.hmap -emit-const-values -Xfrontend -const-gather-protocols-file -Xfrontend /Users/admin/builder/spi-builder-workspace/.derivedData/Build/Intermediates.noindex/swift-algorithms.build/Debug/Algorithms.build/Objects-normal/arm64/Algorithms_const_extract_protocols.json -Xcc -I/Users/admin/builder/spi-builder-workspace/.dependencies/checkouts/swift-numerics/Sources/_NumericsShims/include -Xcc -I/Users/admin/builder/spi-builder-workspace/.derivedData/Build/Products/Debug/include -Xcc -I/Users/admin/builder/spi-builder-workspace/.derivedData/Build/Intermediates.noindex/swift-algorithms.build/Debug/Algorithms.build/DerivedSources-normal/arm64 -Xcc -I/Users/admin/builder/spi-builder-workspace/.derivedData/Build/Intermediates.noindex/swift-algorithms.build/Debug/Algorithms.build/DerivedSources/arm64 -Xcc -I/Users/admin/builder/spi-builder-workspace/.derivedData/Build/Intermediates.noindex/swift-algorithms.build/Debug/Algorithms.build/DerivedSources -Xcc -DSWIFT_PACKAGE -Xcc -DDEBUG\=1 -emit-objc-header -emit-objc-header-path /Users/admin/builder/spi-builder-workspace/.derivedData/Build/Intermediates.noindex/swift-algorithms.build/Debug/Algorithms.build/Objects-normal/arm64/Algorithms-Swift.h -working-directory /Users/admin/builder/spi-builder-workspace/.swiftpm/xcode -experimental-emit-module-separately -disable-cmo
ExtractAppIntentsMetadata (in target 'HTTPTypes' from project 'swift-http-types')
    cd /Users/admin/builder/spi-builder-workspace/.dependencies/checkouts/swift-http-types
    /Applications/Xcode-16.3.0.app/Contents/Developer/Toolchains/XcodeDefault.xctoolchain/usr/bin/appintentsmetadataprocessor --toolchain-dir /Applications/Xcode-16.3.0.app/Contents/Developer/Toolchains/XcodeDefault.xctoolchain --module-name HTTPTypes --sdk-root /Applications/Xcode-16.3.0.app/Contents/Developer/Platforms/AppleTVOS.platform/Developer/SDKs/AppleTVOS18.4.sdk --xcode-version 16E140 --platform-family tvOS --deployment-target 12.0 --bundle-identifier swift-http-types.HTTPTypes --output /Users/admin/builder/spi-builder-workspace/.derivedData/Build/Products/Debug-appletvos/HTTPTypes.appintents --target-triple arm64-apple-tvos12.0 --binary-file /Users/admin/builder/spi-builder-workspace/.derivedData/Build/Products/Debug-appletvos/HTTPTypes.o --dependency-file /Users/admin/builder/spi-builder-workspace/.derivedData/Build/Intermediates.noindex/swift-http-types.build/Debug-appletvos/HTTPTypes.build/Objects-normal/arm64/HTTPTypes_dependency_info.dat --stringsdata-file /Users/admin/builder/spi-builder-workspace/.derivedData/Build/Intermediates.noindex/swift-http-types.build/Debug-appletvos/HTTPTypes.build/Objects-normal/arm64/ExtractedAppShortcutsMetadata.stringsdata --source-file-list /Users/admin/builder/spi-builder-workspace/.derivedData/Build/Intermediates.noindex/swift-http-types.build/Debug-appletvos/HTTPTypes.build/Objects-normal/arm64/HTTPTypes.SwiftFileList --metadata-file-list /Users/admin/builder/spi-builder-workspace/.derivedData/Build/Intermediates.noindex/swift-http-types.build/Debug-appletvos/HTTPTypes.build/HTTPTypes.DependencyMetadataFileList --static-metadata-file-list /Users/admin/builder/spi-builder-workspace/.derivedData/Build/Intermediates.noindex/swift-http-types.build/Debug-appletvos/HTTPTypes.build/HTTPTypes.DependencyStaticMetadataFileList --swift-const-vals-list /Users/admin/builder/spi-builder-workspace/.derivedData/Build/Intermediates.noindex/swift-http-types.build/Debug-appletvos/HTTPTypes.build/Objects-normal/arm64/HTTPTypes.SwiftConstValuesFileList --force --compile-time-extraction --deployment-aware-processing --validate-assistant-intents --no-app-shortcuts-localization
2026-07-14 12:09:46.488 appintentsmetadataprocessor[2219:12274] Starting appintentsmetadataprocessor export
2026-07-14 12:09:46.524 appintentsmetadataprocessor[2219:12274] Extracted no relevant App Intents symbols, skipping writing output
SwiftDriverJobDiscovery normal x86_64 Compiling Result+Value.swift, URL+Resolution.swift, Validatable.swift (in target 'OpenAPIKitCore' from project 'OpenAPIKit')
ExtractAppIntentsMetadata (in target 'Yams' from project 'Yams')
    cd /Users/admin/builder/spi-builder-workspace/.dependencies/checkouts/Yams
    /Applications/Xcode-16.3.0.app/Contents/Developer/Toolchains/XcodeDefault.xctoolchain/usr/bin/appintentsmetadataprocessor --toolchain-dir /Applications/Xcode-16.3.0.app/Contents/Developer/Toolchains/XcodeDefault.xctoolchain --module-name Yams --sdk-root /Applications/Xcode-16.3.0.app/Contents/Developer/Platforms/MacOSX.platform/Developer/SDKs/MacOSX15.4.sdk --xcode-version 16E140 --platform-family macOS --deployment-target 10.13 --bundle-identifier yams.Yams --output /Users/admin/builder/spi-builder-workspace/.derivedData/Build/Products/Debug/Yams.appintents --target-triple arm64-apple-macos10.13 --target-triple x86_64-apple-macos10.13 --binary-file /Users/admin/builder/spi-builder-workspace/.derivedData/Build/Products/Debug/Yams.o --dependency-file /Users/admin/builder/spi-builder-workspace/.derivedData/Build/Intermediates.noindex/Yams.build/Debug/Yams.build/Objects-normal/arm64/Yams_dependency_info.dat --dependency-file /Users/admin/builder/spi-builder-workspace/.derivedData/Build/Intermediates.noindex/Yams.build/Debug/Yams.build/Objects-normal/x86_64/Yams_dependency_info.dat --stringsdata-file /Users/admin/builder/spi-builder-workspace/.derivedData/Build/Intermediates.noindex/Yams.build/Debug/Yams.build/Objects-normal/arm64/ExtractedAppShortcutsMetadata.stringsdata --stringsdata-file /Users/admin/builder/spi-builder-workspace/.derivedData/Build/Intermediates.noindex/Yams.build/Debug/Yams.build/Objects-normal/x86_64/ExtractedAppShortcutsMetadata.stringsdata --source-file-list /Users/admin/builder/spi-builder-workspace/.derivedData/Build/Intermediates.noindex/Yams.build/Debug/Yams.build/Objects-normal/arm64/Yams.SwiftFileList --source-file-list /Users/admin/builder/spi-builder-workspace/.derivedData/Build/Intermediates.noindex/Yams.build/Debug/Yams.build/Objects-normal/x86_64/Yams.SwiftFileList --metadata-file-list /Users/admin/builder/spi-builder-workspace/.derivedData/Build/Intermediates.noindex/Yams.build/Debug/Yams.build/Yams.DependencyMetadataFileList --static-metadata-file-list /Users/admin/builder/spi-builder-workspace/.derivedData/Build/Intermediates.noindex/Yams.build/Debug/Yams.build/Yams.DependencyStaticMetadataFileList --swift-const-vals-list /Users/admin/builder/spi-builder-workspace/.derivedData/Build/Intermediates.noindex/Yams.build/Debug/Yams.build/Objects-normal/arm64/Yams.SwiftConstValuesFileList --swift-const-vals-list /Users/admin/builder/spi-builder-workspace/.derivedData/Build/Intermediates.noindex/Yams.build/Debug/Yams.build/Objects-normal/x86_64/Yams.SwiftConstValuesFileList --force --compile-time-extraction --deployment-aware-processing --validate-assistant-intents --no-app-shortcuts-localization
2026-07-14 12:09:46.489 appintentsmetadataprocessor[2220:12275] Starting appintentsmetadataprocessor export
2026-07-14 12:09:46.526 appintentsmetadataprocessor[2220:12275] Extracted no relevant App Intents symbols, skipping writing output
RegisterExecutionPolicyException /Users/admin/builder/spi-builder-workspace/.derivedData/Build/Products/Debug/RealModule.o (in target 'RealModule' from project 'swift-numerics')
    cd /Users/admin/builder/spi-builder-workspace/.dependencies/checkouts/swift-numerics
    builtin-RegisterExecutionPolicyException /Users/admin/builder/spi-builder-workspace/.derivedData/Build/Products/Debug/RealModule.o
RegisterExecutionPolicyException /Users/admin/builder/spi-builder-workspace/.derivedData/Build/Products/Debug-appletvos/HTTPTypes.o (in target 'HTTPTypes' from project 'swift-http-types')
    cd /Users/admin/builder/spi-builder-workspace/.dependencies/checkouts/swift-http-types
    builtin-RegisterExecutionPolicyException /Users/admin/builder/spi-builder-workspace/.derivedData/Build/Products/Debug-appletvos/HTTPTypes.o
SwiftDriverJobDiscovery normal x86_64 Compiling OrderedDictionary.swift, StringConvertibleHintProvider.swift, Shared.swift, CallbackURL.swift (in target 'OpenAPIKitCore' from project 'OpenAPIKit')
RegisterExecutionPolicyException /Users/admin/builder/spi-builder-workspace/.derivedData/Build/Products/Debug-appletvos/ContainersPreview.o (in target 'ContainersPreview' from project 'swift-collections')
    cd /Users/admin/builder/spi-builder-workspace/.dependencies/checkouts/swift-collections
    builtin-RegisterExecutionPolicyException /Users/admin/builder/spi-builder-workspace/.derivedData/Build/Products/Debug-appletvos/ContainersPreview.o
Ld /Users/admin/builder/spi-builder-workspace/.derivedData/Build/Intermediates.noindex/swift-algorithms.build/Debug/Algorithms.build/Objects-normal/x86_64/Binary/Algorithms.o normal x86_64 (in target 'Algorithms' from project 'swift-algorithms')
    cd /Users/admin/builder/spi-builder-workspace/.dependencies/checkouts/swift-algorithms
    /Applications/Xcode-16.3.0.app/Contents/Developer/Toolchains/XcodeDefault.xctoolchain/usr/bin/clang -Xlinker -reproducible -target x86_64-apple-macos10.13 -r -isysroot /Applications/Xcode-16.3.0.app/Contents/Developer/Platforms/MacOSX.platform/Developer/SDKs/MacOSX15.4.sdk -O0 -w -L/Users/admin/builder/spi-builder-workspace/.derivedData/Build/Intermediates.noindex/EagerLinkingTBDs/Debug -L/Users/admin/builder/spi-builder-workspace/.derivedData/Build/Products/Debug -L/Applications/Xcode-16.3.0.app/Contents/Developer/Platforms/MacOSX.platform/Developer/usr/lib -F/Users/admin/builder/spi-builder-workspace/.derivedData/Build/Intermediates.noindex/EagerLinkingTBDs/Debug -F/Users/admin/builder/spi-builder-workspace/.derivedData/Build/Products/Debug/PackageFrameworks -F/Users/admin/builder/spi-builder-workspace/.derivedData/Build/Products/Debug/PackageFrameworks -F/Users/admin/builder/spi-builder-workspace/.derivedData/Build/Products/Debug -iframework /Applications/Xcode-16.3.0.app/Contents/Developer/Platforms/MacOSX.platform/Developer/Library/Frameworks -filelist /Users/admin/builder/spi-builder-workspace/.derivedData/Build/Intermediates.noindex/swift-algorithms.build/Debug/Algorithms.build/Objects-normal/x86_64/Algorithms.LinkFileList -nostdlib -Xlinker -object_path_lto -Xlinker /Users/admin/builder/spi-builder-workspace/.derivedData/Build/Intermediates.noindex/swift-algorithms.build/Debug/Algorithms.build/Objects-normal/x86_64/Algorithms_lto.o -rdynamic -Xlinker -no_deduplicate -Xlinker -debug_variant -Xlinker -dependency_info -Xlinker /Users/admin/builder/spi-builder-workspace/.derivedData/Build/Intermediates.noindex/swift-algorithms.build/Debug/Algorithms.build/Objects-normal/x86_64/Algorithms_dependency_info.dat -fobjc-link-runtime -L/Applications/Xcode-16.3.0.app/Contents/Developer/Toolchains/XcodeDefault.xctoolchain/usr/lib/swift/macosx -L/usr/lib/swift -Xlinker -add_ast_path -Xlinker /Users/admin/builder/spi-builder-workspace/.derivedData/Build/Intermediates.noindex/swift-algorithms.build/Debug/Algorithms.build/Objects-normal/x86_64/Algorithms.swiftmodule -o /Users/admin/builder/spi-builder-workspace/.derivedData/Build/Intermediates.noindex/swift-algorithms.build/Debug/Algorithms.build/Objects-normal/x86_64/Binary/Algorithms.o
Ld /Users/admin/builder/spi-builder-workspace/.derivedData/Build/Products/Debug-appletvos/OpenAPIRuntime.o normal (in target 'OpenAPIRuntime' from project 'swift-openapi-runtime')
    cd /Users/admin/builder/spi-builder-workspace/.dependencies/checkouts/swift-openapi-runtime
    /Applications/Xcode-16.3.0.app/Contents/Developer/Toolchains/XcodeDefault.xctoolchain/usr/bin/clang -Xlinker -reproducible -target arm64-apple-tvos13.0 -r -isysroot /Applications/Xcode-16.3.0.app/Contents/Developer/Platforms/AppleTVOS.platform/Developer/SDKs/AppleTVOS18.4.sdk -O0 -w -L/Users/admin/builder/spi-builder-workspace/.derivedData/Build/Intermediates.noindex/EagerLinkingTBDs/Debug-appletvos -L/Users/admin/builder/spi-builder-workspace/.derivedData/Build/Products/Debug-appletvos -L/Applications/Xcode-16.3.0.app/Contents/Developer/Platforms/AppleTVOS.platform/Developer/usr/lib -F/Users/admin/builder/spi-builder-workspace/.derivedData/Build/Intermediates.noindex/EagerLinkingTBDs/Debug-appletvos -F/Users/admin/builder/spi-builder-workspace/.derivedData/Build/Products/Debug-appletvos/PackageFrameworks -F/Users/admin/builder/spi-builder-workspace/.derivedData/Build/Products/Debug-appletvos -iframework /Applications/Xcode-16.3.0.app/Contents/Developer/Platforms/AppleTVOS.platform/Developer/Library/Frameworks -iframework /Applications/Xcode-16.3.0.app/Contents/Developer/Platforms/AppleTVOS.platform/Developer/SDKs/AppleTVOS18.4.sdk/Developer/Library/Frameworks -filelist /Users/admin/builder/spi-builder-workspace/.derivedData/Build/Intermediates.noindex/swift-openapi-runtime.build/Debug-appletvos/OpenAPIRuntime.build/Objects-normal/arm64/OpenAPIRuntime.LinkFileList -nostdlib -Xlinker -object_path_lto -Xlinker /Users/admin/builder/spi-builder-workspace/.derivedData/Build/Intermediates.noindex/swift-openapi-runtime.build/Debug-appletvos/OpenAPIRuntime.build/Objects-normal/arm64/OpenAPIRuntime_lto.o -rdynamic -Xlinker -no_deduplicate -Xlinker -debug_variant -Xlinker -dependency_info -Xlinker /Users/admin/builder/spi-builder-workspace/.derivedData/Build/Intermediates.noindex/swift-openapi-runtime.build/Debug-appletvos/OpenAPIRuntime.build/Objects-normal/arm64/OpenAPIRuntime_dependency_info.dat -fobjc-link-runtime -L/Applications/Xcode-16.3.0.app/Contents/Developer/Toolchains/XcodeDefault.xctoolchain/usr/lib/swift/appletvos -L/usr/lib/swift -Xlinker -add_ast_path -Xlinker /Users/admin/builder/spi-builder-workspace/.derivedData/Build/Intermediates.noindex/swift-openapi-runtime.build/Debug-appletvos/OpenAPIRuntime.build/Objects-normal/arm64/OpenAPIRuntime.swiftmodule -o /Users/admin/builder/spi-builder-workspace/.derivedData/Build/Products/Debug-appletvos/OpenAPIRuntime.o
Ld /Users/admin/builder/spi-builder-workspace/.derivedData/Build/Intermediates.noindex/swift-algorithms.build/Debug/Algorithms.build/Objects-normal/arm64/Binary/Algorithms.o normal arm64 (in target 'Algorithms' from project 'swift-algorithms')
    cd /Users/admin/builder/spi-builder-workspace/.dependencies/checkouts/swift-algorithms
    /Applications/Xcode-16.3.0.app/Contents/Developer/Toolchains/XcodeDefault.xctoolchain/usr/bin/clang -Xlinker -reproducible -target arm64-apple-macos10.13 -r -isysroot /Applications/Xcode-16.3.0.app/Contents/Developer/Platforms/MacOSX.platform/Developer/SDKs/MacOSX15.4.sdk -O0 -w -L/Users/admin/builder/spi-builder-workspace/.derivedData/Build/Intermediates.noindex/EagerLinkingTBDs/Debug -L/Users/admin/builder/spi-builder-workspace/.derivedData/Build/Products/Debug -L/Applications/Xcode-16.3.0.app/Contents/Developer/Platforms/MacOSX.platform/Developer/usr/lib -F/Users/admin/builder/spi-builder-workspace/.derivedData/Build/Intermediates.noindex/EagerLinkingTBDs/Debug -F/Users/admin/builder/spi-builder-workspace/.derivedData/Build/Products/Debug/PackageFrameworks -F/Users/admin/builder/spi-builder-workspace/.derivedData/Build/Products/Debug/PackageFrameworks -F/Users/admin/builder/spi-builder-workspace/.derivedData/Build/Products/Debug -iframework /Applications/Xcode-16.3.0.app/Contents/Developer/Platforms/MacOSX.platform/Developer/Library/Frameworks -filelist /Users/admin/builder/spi-builder-workspace/.derivedData/Build/Intermediates.noindex/swift-algorithms.build/Debug/Algorithms.build/Objects-normal/arm64/Algorithms.LinkFileList -nostdlib -Xlinker -object_path_lto -Xlinker /Users/admin/builder/spi-builder-workspace/.derivedData/Build/Intermediates.noindex/swift-algorithms.build/Debug/Algorithms.build/Objects-normal/arm64/Algorithms_lto.o -rdynamic -Xlinker -no_deduplicate -Xlinker -debug_variant -Xlinker -dependency_info -Xlinker /Users/admin/builder/spi-builder-workspace/.derivedData/Build/Intermediates.noindex/swift-algorithms.build/Debug/Algorithms.build/Objects-normal/arm64/Algorithms_dependency_info.dat -fobjc-link-runtime -L/Applications/Xcode-16.3.0.app/Contents/Developer/Toolchains/XcodeDefault.xctoolchain/usr/lib/swift/macosx -L/usr/lib/swift -Xlinker -add_ast_path -Xlinker /Users/admin/builder/spi-builder-workspace/.derivedData/Build/Intermediates.noindex/swift-algorithms.build/Debug/Algorithms.build/Objects-normal/arm64/Algorithms.swiftmodule -o /Users/admin/builder/spi-builder-workspace/.derivedData/Build/Intermediates.noindex/swift-algorithms.build/Debug/Algorithms.build/Objects-normal/arm64/Binary/Algorithms.o
RegisterExecutionPolicyException /Users/admin/builder/spi-builder-workspace/.derivedData/Build/Products/Debug/Yams.o (in target 'Yams' from project 'Yams')
    cd /Users/admin/builder/spi-builder-workspace/.dependencies/checkouts/Yams
    builtin-RegisterExecutionPolicyException /Users/admin/builder/spi-builder-workspace/.derivedData/Build/Products/Debug/Yams.o
SwiftDriverJobDiscovery normal x86_64 Compiling JSONTypeFormat.swift, Path.swift, ResponseStatusCode.swift (in target 'OpenAPIKitCore' from project 'OpenAPIKit')
Ld /Users/admin/builder/spi-builder-workspace/.derivedData/Build/Products/Debug-appletvos/DequeModule.o normal (in target 'DequeModule' from project 'swift-collections')
    cd /Users/admin/builder/spi-builder-workspace/.dependencies/checkouts/swift-collections
    /Applications/Xcode-16.3.0.app/Contents/Developer/Toolchains/XcodeDefault.xctoolchain/usr/bin/clang -Xlinker -reproducible -target arm64-apple-tvos12.0 -r -isysroot /Applications/Xcode-16.3.0.app/Contents/Developer/Platforms/AppleTVOS.platform/Developer/SDKs/AppleTVOS18.4.sdk -O0 -w -L/Users/admin/builder/spi-builder-workspace/.derivedData/Build/Intermediates.noindex/EagerLinkingTBDs/Debug-appletvos -L/Users/admin/builder/spi-builder-workspace/.derivedData/Build/Products/Debug-appletvos -L/Applications/Xcode-16.3.0.app/Contents/Developer/Platforms/AppleTVOS.platform/Developer/usr/lib -F/Users/admin/builder/spi-builder-workspace/.derivedData/Build/Intermediates.noindex/EagerLinkingTBDs/Debug-appletvos -F/Users/admin/builder/spi-builder-workspace/.derivedData/Build/Products/Debug-appletvos/PackageFrameworks -F/Users/admin/builder/spi-builder-workspace/.derivedData/Build/Products/Debug-appletvos/PackageFrameworks -F/Users/admin/builder/spi-builder-workspace/.derivedData/Build/Products/Debug-appletvos -iframework /Applications/Xcode-16.3.0.app/Contents/Developer/Platforms/AppleTVOS.platform/Developer/Library/Frameworks -iframework /Applications/Xcode-16.3.0.app/Contents/Developer/Platforms/AppleTVOS.platform/Developer/SDKs/AppleTVOS18.4.sdk/Developer/Library/Frameworks -filelist /Users/admin/builder/spi-builder-workspace/.derivedData/Build/Intermediates.noindex/swift-collections.build/Debug-appletvos/DequeModule.build/Objects-normal/arm64/DequeModule.LinkFileList -nostdlib -Xlinker -object_path_lto -Xlinker /Users/admin/builder/spi-builder-workspace/.derivedData/Build/Intermediates.noindex/swift-collections.build/Debug-appletvos/DequeModule.build/Objects-normal/arm64/DequeModule_lto.o -rdynamic -Xlinker -no_deduplicate -Xlinker -debug_variant -Xlinker -dependency_info -Xlinker /Users/admin/builder/spi-builder-workspace/.derivedData/Build/Intermediates.noindex/swift-collections.build/Debug-appletvos/DequeModule.build/Objects-normal/arm64/DequeModule_dependency_info.dat -fobjc-link-runtime -L/Applications/Xcode-16.3.0.app/Contents/Developer/Toolchains/XcodeDefault.xctoolchain/usr/lib/swift/appletvos -L/usr/lib/swift -Xlinker -add_ast_path -Xlinker /Users/admin/builder/spi-builder-workspace/.derivedData/Build/Intermediates.noindex/swift-collections.build/Debug-appletvos/DequeModule.build/Objects-normal/arm64/DequeModule.swiftmodule -o /Users/admin/builder/spi-builder-workspace/.derivedData/Build/Products/Debug-appletvos/DequeModule.o
SwiftDriverJobDiscovery normal x86_64 Compiling URLTemplate.swift, Container+DecodeURLAsString.swift, Optional+Zip.swift (in target 'OpenAPIKitCore' from project 'OpenAPIKit')
CreateUniversalBinary /Users/admin/builder/spi-builder-workspace/.derivedData/Build/Products/Debug/Algorithms.o normal arm64\ x86_64 (in target 'Algorithms' from project 'swift-algorithms')
    cd /Users/admin/builder/spi-builder-workspace/.dependencies/checkouts/swift-algorithms
    /Applications/Xcode-16.3.0.app/Contents/Developer/Toolchains/XcodeDefault.xctoolchain/usr/bin/lipo -create /Users/admin/builder/spi-builder-workspace/.derivedData/Build/Intermediates.noindex/swift-algorithms.build/Debug/Algorithms.build/Objects-normal/arm64/Binary/Algorithms.o /Users/admin/builder/spi-builder-workspace/.derivedData/Build/Intermediates.noindex/swift-algorithms.build/Debug/Algorithms.build/Objects-normal/x86_64/Binary/Algorithms.o -output /Users/admin/builder/spi-builder-workspace/.derivedData/Build/Products/Debug/Algorithms.o
ExtractAppIntentsMetadata (in target 'OpenAPIRuntime' from project 'swift-openapi-runtime')
    cd /Users/admin/builder/spi-builder-workspace/.dependencies/checkouts/swift-openapi-runtime
    /Applications/Xcode-16.3.0.app/Contents/Developer/Toolchains/XcodeDefault.xctoolchain/usr/bin/appintentsmetadataprocessor --toolchain-dir /Applications/Xcode-16.3.0.app/Contents/Developer/Toolchains/XcodeDefault.xctoolchain --module-name OpenAPIRuntime --sdk-root /Applications/Xcode-16.3.0.app/Contents/Developer/Platforms/AppleTVOS.platform/Developer/SDKs/AppleTVOS18.4.sdk --xcode-version 16E140 --platform-family tvOS --deployment-target 13.0 --bundle-identifier swift-openapi-runtime.OpenAPIRuntime --output /Users/admin/builder/spi-builder-workspace/.derivedData/Build/Products/Debug-appletvos/OpenAPIRuntime.appintents --target-triple arm64-apple-tvos13.0 --binary-file /Users/admin/builder/spi-builder-workspace/.derivedData/Build/Products/Debug-appletvos/OpenAPIRuntime.o --dependency-file /Users/admin/builder/spi-builder-workspace/.derivedData/Build/Intermediates.noindex/swift-openapi-runtime.build/Debug-appletvos/OpenAPIRuntime.build/Objects-normal/arm64/OpenAPIRuntime_dependency_info.dat --stringsdata-file /Users/admin/builder/spi-builder-workspace/.derivedData/Build/Intermediates.noindex/swift-openapi-runtime.build/Debug-appletvos/OpenAPIRuntime.build/Objects-normal/arm64/ExtractedAppShortcutsMetadata.stringsdata --source-file-list /Users/admin/builder/spi-builder-workspace/.derivedData/Build/Intermediates.noindex/swift-openapi-runtime.build/Debug-appletvos/OpenAPIRuntime.build/Objects-normal/arm64/OpenAPIRuntime.SwiftFileList --metadata-file-list /Users/admin/builder/spi-builder-workspace/.derivedData/Build/Intermediates.noindex/swift-openapi-runtime.build/Debug-appletvos/OpenAPIRuntime.build/OpenAPIRuntime.DependencyMetadataFileList --static-metadata-file-list /Users/admin/builder/spi-builder-workspace/.derivedData/Build/Intermediates.noindex/swift-openapi-runtime.build/Debug-appletvos/OpenAPIRuntime.build/OpenAPIRuntime.DependencyStaticMetadataFileList --swift-const-vals-list /Users/admin/builder/spi-builder-workspace/.derivedData/Build/Intermediates.noindex/swift-openapi-runtime.build/Debug-appletvos/OpenAPIRuntime.build/Objects-normal/arm64/OpenAPIRuntime.SwiftConstValuesFileList --force --compile-time-extraction --deployment-aware-processing --validate-assistant-intents --no-app-shortcuts-localization
2026-07-14 12:09:46.639 appintentsmetadataprocessor[2230:12354] Starting appintentsmetadataprocessor export
2026-07-14 12:09:46.677 appintentsmetadataprocessor[2230:12354] Extracted no relevant App Intents symbols, skipping writing output
ExtractAppIntentsMetadata (in target 'Algorithms' from project 'swift-algorithms')
    cd /Users/admin/builder/spi-builder-workspace/.dependencies/checkouts/swift-algorithms
    /Applications/Xcode-16.3.0.app/Contents/Developer/Toolchains/XcodeDefault.xctoolchain/usr/bin/appintentsmetadataprocessor --toolchain-dir /Applications/Xcode-16.3.0.app/Contents/Developer/Toolchains/XcodeDefault.xctoolchain --module-name Algorithms --sdk-root /Applications/Xcode-16.3.0.app/Contents/Developer/Platforms/MacOSX.platform/Developer/SDKs/MacOSX15.4.sdk --xcode-version 16E140 --platform-family macOS --deployment-target 10.13 --bundle-identifier swift-algorithms.Algorithms --output /Users/admin/builder/spi-builder-workspace/.derivedData/Build/Products/Debug/Algorithms.appintents --target-triple arm64-apple-macos10.13 --target-triple x86_64-apple-macos10.13 --binary-file /Users/admin/builder/spi-builder-workspace/.derivedData/Build/Products/Debug/Algorithms.o --dependency-file /Users/admin/builder/spi-builder-workspace/.derivedData/Build/Intermediates.noindex/swift-algorithms.build/Debug/Algorithms.build/Objects-normal/arm64/Algorithms_dependency_info.dat --dependency-file /Users/admin/builder/spi-builder-workspace/.derivedData/Build/Intermediates.noindex/swift-algorithms.build/Debug/Algorithms.build/Objects-normal/x86_64/Algorithms_dependency_info.dat --stringsdata-file /Users/admin/builder/spi-builder-workspace/.derivedData/Build/Intermediates.noindex/swift-algorithms.build/Debug/Algorithms.build/Objects-normal/arm64/ExtractedAppShortcutsMetadata.stringsdata --stringsdata-file /Users/admin/builder/spi-builder-workspace/.derivedData/Build/Intermediates.noindex/swift-algorithms.build/Debug/Algorithms.build/Objects-normal/x86_64/ExtractedAppShortcutsMetadata.stringsdata --source-file-list /Users/admin/builder/spi-builder-workspace/.derivedData/Build/Intermediates.noindex/swift-algorithms.build/Debug/Algorithms.build/Objects-normal/arm64/Algorithms.SwiftFileList --source-file-list /Users/admin/builder/spi-builder-workspace/.derivedData/Build/Intermediates.noindex/swift-algorithms.build/Debug/Algorithms.build/Objects-normal/x86_64/Algorithms.SwiftFileList --metadata-file-list /Users/admin/builder/spi-builder-workspace/.derivedData/Build/Intermediates.noindex/swift-algorithms.build/Debug/Algorithms.build/Algorithms.DependencyMetadataFileList --static-metadata-file-list /Users/admin/builder/spi-builder-workspace/.derivedData/Build/Intermediates.noindex/swift-algorithms.build/Debug/Algorithms.build/Algorithms.DependencyStaticMetadataFileList --swift-const-vals-list /Users/admin/builder/spi-builder-workspace/.derivedData/Build/Intermediates.noindex/swift-algorithms.build/Debug/Algorithms.build/Objects-normal/arm64/Algorithms.SwiftConstValuesFileList --swift-const-vals-list /Users/admin/builder/spi-builder-workspace/.derivedData/Build/Intermediates.noindex/swift-algorithms.build/Debug/Algorithms.build/Objects-normal/x86_64/Algorithms.SwiftConstValuesFileList --force --compile-time-extraction --deployment-aware-processing --validate-assistant-intents --no-app-shortcuts-localization
2026-07-14 12:09:46.642 appintentsmetadataprocessor[2231:12355] Starting appintentsmetadataprocessor export
2026-07-14 12:09:46.679 appintentsmetadataprocessor[2231:12355] Extracted no relevant App Intents symbols, skipping writing output
SwiftDriverJobDiscovery normal x86_64 Compiling AnyCodable+Validatable.swift, AnyCodable.swift, Either+Codable.swift, Either+CustomStringConvertible.swift (in target 'OpenAPIKitCore' from project 'OpenAPIKit')
ExtractAppIntentsMetadata (in target 'DequeModule' from project 'swift-collections')
    cd /Users/admin/builder/spi-builder-workspace/.dependencies/checkouts/swift-collections
    /Applications/Xcode-16.3.0.app/Contents/Developer/Toolchains/XcodeDefault.xctoolchain/usr/bin/appintentsmetadataprocessor --toolchain-dir /Applications/Xcode-16.3.0.app/Contents/Developer/Toolchains/XcodeDefault.xctoolchain --module-name DequeModule --sdk-root /Applications/Xcode-16.3.0.app/Contents/Developer/Platforms/AppleTVOS.platform/Developer/SDKs/AppleTVOS18.4.sdk --xcode-version 16E140 --platform-family tvOS --deployment-target 12.0 --bundle-identifier swift-collections.DequeModule --output /Users/admin/builder/spi-builder-workspace/.derivedData/Build/Products/Debug-appletvos/DequeModule.appintents --target-triple arm64-apple-tvos12.0 --binary-file /Users/admin/builder/spi-builder-workspace/.derivedData/Build/Products/Debug-appletvos/DequeModule.o --dependency-file /Users/admin/builder/spi-builder-workspace/.derivedData/Build/Intermediates.noindex/swift-collections.build/Debug-appletvos/DequeModule.build/Objects-normal/arm64/DequeModule_dependency_info.dat --stringsdata-file /Users/admin/builder/spi-builder-workspace/.derivedData/Build/Intermediates.noindex/swift-collections.build/Debug-appletvos/DequeModule.build/Objects-normal/arm64/ExtractedAppShortcutsMetadata.stringsdata --source-file-list /Users/admin/builder/spi-builder-workspace/.derivedData/Build/Intermediates.noindex/swift-collections.build/Debug-appletvos/DequeModule.build/Objects-normal/arm64/DequeModule.SwiftFileList --metadata-file-list /Users/admin/builder/spi-builder-workspace/.derivedData/Build/Intermediates.noindex/swift-collections.build/Debug-appletvos/DequeModule.build/DequeModule.DependencyMetadataFileList --static-metadata-file-list /Users/admin/builder/spi-builder-workspace/.derivedData/Build/Intermediates.noindex/swift-collections.build/Debug-appletvos/DequeModule.build/DequeModule.DependencyStaticMetadataFileList --swift-const-vals-list /Users/admin/builder/spi-builder-workspace/.derivedData/Build/Intermediates.noindex/swift-collections.build/Debug-appletvos/DequeModule.build/Objects-normal/arm64/DequeModule.SwiftConstValuesFileList --force --compile-time-extraction --deployment-aware-processing --validate-assistant-intents --no-app-shortcuts-localization
2026-07-14 12:09:46.648 appintentsmetadataprocessor[2232:12356] Starting appintentsmetadataprocessor export
2026-07-14 12:09:46.683 appintentsmetadataprocessor[2232:12356] Extracted no relevant App Intents symbols, skipping writing output
SwiftDriverJobDiscovery normal x86_64 Compiling ComponentKey.swift, ContentType.swift, HttpMethod.swift, JSONSchemaPermissions.swift (in target 'OpenAPIKitCore' from project 'OpenAPIKit')
SwiftDriverJobDiscovery normal x86_64 Compiling ToolInfo.swift (in target 'ArgumentParserToolInfo' from project 'swift-argument-parser')
SwiftDriver\ Compilation OpenAPIKitCore normal x86_64 com.apple.xcode.tools.swift.compiler (in target 'OpenAPIKitCore' from project 'OpenAPIKit')
    cd /Users/admin/builder/spi-builder-workspace/.swiftpm/xcode
    builtin-Swift-Compilation -- /Applications/Xcode-16.3.0.app/Contents/Developer/Toolchains/XcodeDefault.xctoolchain/usr/bin/swiftc -module-name OpenAPIKitCore -Onone -enforce-exclusivity\=checked @/Users/admin/builder/spi-builder-workspace/.derivedData/Build/Intermediates.noindex/OpenAPIKit.build/Debug/OpenAPIKitCore.build/Objects-normal/x86_64/OpenAPIKitCore.SwiftFileList -DSWIFT_PACKAGE -DDEBUG -DXcode -plugin-path /Applications/Xcode-16.3.0.app/Contents/Developer/Toolchains/XcodeDefault.xctoolchain/usr/lib/swift/host/plugins/testing -enable-experimental-feature DebugDescriptionMacro -sdk /Applications/Xcode-16.3.0.app/Contents/Developer/Platforms/MacOSX.platform/Developer/SDKs/MacOSX15.4.sdk -target x86_64-apple-macos10.15 -g -module-cache-path /Users/admin/builder/spi-builder-workspace/.derivedData/ModuleCache.noindex -Xfrontend -serialize-debugging-options -profile-coverage-mapping -profile-generate -enable-testing -suppress-warnings -index-store-path /Users/admin/builder/spi-builder-workspace/.derivedData/Index.noindex/DataStore -swift-version 6 -I /Users/admin/builder/spi-builder-workspace/.derivedData/Build/Products/Debug -I /Applications/Xcode-16.3.0.app/Contents/Developer/Platforms/MacOSX.platform/Developer/usr/lib -F /Users/admin/builder/spi-builder-workspace/.derivedData/Build/Products/Debug -F /Applications/Xcode-16.3.0.app/Contents/Developer/Platforms/MacOSX.platform/Developer/Library/Frameworks -c -j10 -enable-batch-mode -incremental -Xcc -ivfsstatcache -Xcc /Users/admin/builder/spi-builder-workspace/.derivedData/SDKStatCaches.noindex/macosx15.4-24E241-8287b8f5db97e746a1562fbca0c9d29b.sdkstatcache -output-file-map /Users/admin/builder/spi-builder-workspace/.derivedData/Build/Intermediates.noindex/OpenAPIKit.build/Debug/OpenAPIKitCore.build/Objects-normal/x86_64/OpenAPIKitCore-OutputFileMap.json -use-frontend-parseable-output -save-temps -no-color-diagnostics -serialize-diagnostics -emit-dependencies -emit-module -emit-module-path /Users/admin/builder/spi-builder-workspace/.derivedData/Build/Intermediates.noindex/OpenAPIKit.build/Debug/OpenAPIKitCore.build/Objects-normal/x86_64/OpenAPIKitCore.swiftmodule -user-module-version 6.2.0 -validate-clang-modules-once -clang-build-session-file /Users/admin/builder/spi-builder-workspace/.derivedData/ModuleCache.noindex/Session.modulevalidation -package-name openapikit -Xcc -I/Users/admin/builder/spi-builder-workspace/.derivedData/Build/Intermediates.noindex/OpenAPIKit.build/Debug/OpenAPIKitCore.build/swift-overrides.hmap -emit-const-values -Xfrontend -const-gather-protocols-file -Xfrontend /Users/admin/builder/spi-builder-workspace/.derivedData/Build/Intermediates.noindex/OpenAPIKit.build/Debug/OpenAPIKitCore.build/Objects-normal/x86_64/OpenAPIKitCore_const_extract_protocols.json -Xcc -I/Users/admin/builder/spi-builder-workspace/.derivedData/Build/Products/Debug/include -Xcc -I/Users/admin/builder/spi-builder-workspace/.derivedData/Build/Intermediates.noindex/OpenAPIKit.build/Debug/OpenAPIKitCore.build/DerivedSources-normal/x86_64 -Xcc -I/Users/admin/builder/spi-builder-workspace/.derivedData/Build/Intermediates.noindex/OpenAPIKit.build/Debug/OpenAPIKitCore.build/DerivedSources/x86_64 -Xcc -I/Users/admin/builder/spi-builder-workspace/.derivedData/Build/Intermediates.noindex/OpenAPIKit.build/Debug/OpenAPIKitCore.build/DerivedSources -Xcc -DSWIFT_PACKAGE -Xcc -DDEBUG\=1 -emit-objc-header -emit-objc-header-path /Users/admin/builder/spi-builder-workspace/.derivedData/Build/Intermediates.noindex/OpenAPIKit.build/Debug/OpenAPIKitCore.build/Objects-normal/x86_64/OpenAPIKitCore-Swift.h -working-directory /Users/admin/builder/spi-builder-workspace/.swiftpm/xcode -experimental-emit-module-separately -disable-cmo
SwiftDriver\ Compilation ArgumentParserToolInfo normal x86_64 com.apple.xcode.tools.swift.compiler (in target 'ArgumentParserToolInfo' from project 'swift-argument-parser')
    cd /Users/admin/builder/spi-builder-workspace/.swiftpm/xcode
    builtin-Swift-Compilation -- /Applications/Xcode-16.3.0.app/Contents/Developer/Toolchains/XcodeDefault.xctoolchain/usr/bin/swiftc -module-name ArgumentParserToolInfo -Onone -enforce-exclusivity\=checked @/Users/admin/builder/spi-builder-workspace/.derivedData/Build/Intermediates.noindex/swift-argument-parser.build/Debug/ArgumentParserToolInfo.build/Objects-normal/x86_64/ArgumentParserToolInfo.SwiftFileList -DSWIFT_PACKAGE -DDEBUG -DXcode -plugin-path /Applications/Xcode-16.3.0.app/Contents/Developer/Toolchains/XcodeDefault.xctoolchain/usr/lib/swift/host/plugins/testing -enable-experimental-feature DebugDescriptionMacro -sdk /Applications/Xcode-16.3.0.app/Contents/Developer/Platforms/MacOSX.platform/Developer/SDKs/MacOSX15.4.sdk -target x86_64-apple-macos10.13 -g -module-cache-path /Users/admin/builder/spi-builder-workspace/.derivedData/ModuleCache.noindex -Xfrontend -serialize-debugging-options -profile-coverage-mapping -profile-generate -enable-testing -suppress-warnings -index-store-path /Users/admin/builder/spi-builder-workspace/.derivedData/Index.noindex/DataStore -swift-version 6 -I /Users/admin/builder/spi-builder-workspace/.derivedData/Build/Products/Debug -I /Applications/Xcode-16.3.0.app/Contents/Developer/Platforms/MacOSX.platform/Developer/usr/lib -F /Users/admin/builder/spi-builder-workspace/.derivedData/Build/Products/Debug -F /Applications/Xcode-16.3.0.app/Contents/Developer/Platforms/MacOSX.platform/Developer/Library/Frameworks -parse-as-library -c -j10 -enable-batch-mode -incremental -Xcc -ivfsstatcache -Xcc /Users/admin/builder/spi-builder-workspace/.derivedData/SDKStatCaches.noindex/macosx15.4-24E241-8287b8f5db97e746a1562fbca0c9d29b.sdkstatcache -output-file-map /Users/admin/builder/spi-builder-workspace/.derivedData/Build/Intermediates.noindex/swift-argument-parser.build/Debug/ArgumentParserToolInfo.build/Objects-normal/x86_64/ArgumentParserToolInfo-OutputFileMap.json -use-frontend-parseable-output -save-temps -no-color-diagnostics -serialize-diagnostics -emit-dependencies -emit-module -emit-module-path /Users/admin/builder/spi-builder-workspace/.derivedData/Build/Intermediates.noindex/swift-argument-parser.build/Debug/ArgumentParserToolInfo.build/Objects-normal/x86_64/ArgumentParserToolInfo.swiftmodule -user-module-version 1.8.2 -validate-clang-modules-once -clang-build-session-file /Users/admin/builder/spi-builder-workspace/.derivedData/ModuleCache.noindex/Session.modulevalidation -package-name swift_argument_parser -Xcc -I/Users/admin/builder/spi-builder-workspace/.derivedData/Build/Intermediates.noindex/swift-argument-parser.build/Debug/ArgumentParserToolInfo.build/swift-overrides.hmap -emit-const-values -Xfrontend -const-gather-protocols-file -Xfrontend /Users/admin/builder/spi-builder-workspace/.derivedData/Build/Intermediates.noindex/swift-argument-parser.build/Debug/ArgumentParserToolInfo.build/Objects-normal/x86_64/ArgumentParserToolInfo_const_extract_protocols.json -Xcc -I/Users/admin/builder/spi-builder-workspace/.derivedData/Build/Products/Debug/include -Xcc -I/Users/admin/builder/spi-builder-workspace/.derivedData/Build/Intermediates.noindex/swift-argument-parser.build/Debug/ArgumentParserToolInfo.build/DerivedSources-normal/x86_64 -Xcc -I/Users/admin/builder/spi-builder-workspace/.derivedData/Build/Intermediates.noindex/swift-argument-parser.build/Debug/ArgumentParserToolInfo.build/DerivedSources/x86_64 -Xcc -I/Users/admin/builder/spi-builder-workspace/.derivedData/Build/Intermediates.noindex/swift-argument-parser.build/Debug/ArgumentParserToolInfo.build/DerivedSources -Xcc -DSWIFT_PACKAGE -Xcc -DDEBUG\=1 -emit-objc-header -emit-objc-header-path /Users/admin/builder/spi-builder-workspace/.derivedData/Build/Intermediates.noindex/swift-argument-parser.build/Debug/ArgumentParserToolInfo.build/Objects-normal/x86_64/ArgumentParserToolInfo-Swift.h -working-directory /Users/admin/builder/spi-builder-workspace/.swiftpm/xcode -experimental-emit-module-separately -disable-cmo
RegisterExecutionPolicyException /Users/admin/builder/spi-builder-workspace/.derivedData/Build/Products/Debug/OpenAPIKit30.o (in target 'OpenAPIKit30' from project 'OpenAPIKit')
    cd /Users/admin/builder/spi-builder-workspace/.dependencies/checkouts/OpenAPIKit
    builtin-RegisterExecutionPolicyException /Users/admin/builder/spi-builder-workspace/.derivedData/Build/Products/Debug/OpenAPIKit30.o
RegisterExecutionPolicyException /Users/admin/builder/spi-builder-workspace/.derivedData/Build/Products/Debug/OpenAPIKit.o (in target 'OpenAPIKit' from project 'OpenAPIKit')
    cd /Users/admin/builder/spi-builder-workspace/.dependencies/checkouts/OpenAPIKit
    builtin-RegisterExecutionPolicyException /Users/admin/builder/spi-builder-workspace/.derivedData/Build/Products/Debug/OpenAPIKit.o
RegisterExecutionPolicyException /Users/admin/builder/spi-builder-workspace/.derivedData/Build/Products/Debug/ArgumentParser.o (in target 'ArgumentParser' from project 'swift-argument-parser')
    cd /Users/admin/builder/spi-builder-workspace/.dependencies/checkouts/swift-argument-parser
    builtin-RegisterExecutionPolicyException /Users/admin/builder/spi-builder-workspace/.derivedData/Build/Products/Debug/ArgumentParser.o
RegisterExecutionPolicyException /Users/admin/builder/spi-builder-workspace/.derivedData/Build/Products/Debug/Algorithms.o (in target 'Algorithms' from project 'swift-algorithms')
    cd /Users/admin/builder/spi-builder-workspace/.dependencies/checkouts/swift-algorithms
    builtin-RegisterExecutionPolicyException /Users/admin/builder/spi-builder-workspace/.derivedData/Build/Products/Debug/Algorithms.o
RegisterExecutionPolicyException /Users/admin/builder/spi-builder-workspace/.derivedData/Build/Products/Debug-appletvos/OpenAPIRuntime.o (in target 'OpenAPIRuntime' from project 'swift-openapi-runtime')
    cd /Users/admin/builder/spi-builder-workspace/.dependencies/checkouts/swift-openapi-runtime
    builtin-RegisterExecutionPolicyException /Users/admin/builder/spi-builder-workspace/.derivedData/Build/Products/Debug-appletvos/OpenAPIRuntime.o
RegisterExecutionPolicyException /Users/admin/builder/spi-builder-workspace/.derivedData/Build/Products/Debug-appletvos/DequeModule.o (in target 'DequeModule' from project 'swift-collections')
    cd /Users/admin/builder/spi-builder-workspace/.dependencies/checkouts/swift-collections
    builtin-RegisterExecutionPolicyException /Users/admin/builder/spi-builder-workspace/.derivedData/Build/Products/Debug-appletvos/DequeModule.o
Ld /Users/admin/builder/spi-builder-workspace/.derivedData/Build/Intermediates.noindex/OpenAPIKit.build/Debug/OpenAPIKitCompat.build/Objects-normal/arm64/Binary/OpenAPIKitCompat.o normal arm64 (in target 'OpenAPIKitCompat' from project 'OpenAPIKit')
    cd /Users/admin/builder/spi-builder-workspace/.dependencies/checkouts/OpenAPIKit
    /Applications/Xcode-16.3.0.app/Contents/Developer/Toolchains/XcodeDefault.xctoolchain/usr/bin/clang -Xlinker -reproducible -target arm64-apple-macos10.15 -r -isysroot /Applications/Xcode-16.3.0.app/Contents/Developer/Platforms/MacOSX.platform/Developer/SDKs/MacOSX15.4.sdk -O0 -w -L/Users/admin/builder/spi-builder-workspace/.derivedData/Build/Intermediates.noindex/EagerLinkingTBDs/Debug -L/Users/admin/builder/spi-builder-workspace/.derivedData/Build/Products/Debug -L/Applications/Xcode-16.3.0.app/Contents/Developer/Platforms/MacOSX.platform/Developer/usr/lib -F/Users/admin/builder/spi-builder-workspace/.derivedData/Build/Intermediates.noindex/EagerLinkingTBDs/Debug -F/Users/admin/builder/spi-builder-workspace/.derivedData/Build/Products/Debug/PackageFrameworks -F/Users/admin/builder/spi-builder-workspace/.derivedData/Build/Products/Debug/PackageFrameworks -F/Users/admin/builder/spi-builder-workspace/.derivedData/Build/Products/Debug/PackageFrameworks -F/Users/admin/builder/spi-builder-workspace/.derivedData/Build/Products/Debug -iframework /Applications/Xcode-16.3.0.app/Contents/Developer/Platforms/MacOSX.platform/Developer/Library/Frameworks -filelist /Users/admin/builder/spi-builder-workspace/.derivedData/Build/Intermediates.noindex/OpenAPIKit.build/Debug/OpenAPIKitCompat.build/Objects-normal/arm64/OpenAPIKitCompat.LinkFileList -nostdlib -Xlinker -object_path_lto -Xlinker /Users/admin/builder/spi-builder-workspace/.derivedData/Build/Intermediates.noindex/OpenAPIKit.build/Debug/OpenAPIKitCompat.build/Objects-normal/arm64/OpenAPIKitCompat_lto.o -rdynamic -Xlinker -no_deduplicate -Xlinker -debug_variant -Xlinker -dependency_info -Xlinker /Users/admin/builder/spi-builder-workspace/.derivedData/Build/Intermediates.noindex/OpenAPIKit.build/Debug/OpenAPIKitCompat.build/Objects-normal/arm64/OpenAPIKitCompat_dependency_info.dat -fobjc-link-runtime -L/Applications/Xcode-16.3.0.app/Contents/Developer/Toolchains/XcodeDefault.xctoolchain/usr/lib/swift/macosx -L/usr/lib/swift -Xlinker -add_ast_path -Xlinker /Users/admin/builder/spi-builder-workspace/.derivedData/Build/Intermediates.noindex/OpenAPIKit.build/Debug/OpenAPIKitCompat.build/Objects-normal/arm64/OpenAPIKitCompat.swiftmodule -o /Users/admin/builder/spi-builder-workspace/.derivedData/Build/Intermediates.noindex/OpenAPIKit.build/Debug/OpenAPIKitCompat.build/Objects-normal/arm64/Binary/OpenAPIKitCompat.o
Ld /Users/admin/builder/spi-builder-workspace/.derivedData/Build/Intermediates.noindex/OpenAPIKit.build/Debug/OpenAPIKitCompat.build/Objects-normal/x86_64/Binary/OpenAPIKitCompat.o normal x86_64 (in target 'OpenAPIKitCompat' from project 'OpenAPIKit')
    cd /Users/admin/builder/spi-builder-workspace/.dependencies/checkouts/OpenAPIKit
    /Applications/Xcode-16.3.0.app/Contents/Developer/Toolchains/XcodeDefault.xctoolchain/usr/bin/clang -Xlinker -reproducible -target x86_64-apple-macos10.15 -r -isysroot /Applications/Xcode-16.3.0.app/Contents/Developer/Platforms/MacOSX.platform/Developer/SDKs/MacOSX15.4.sdk -O0 -w -L/Users/admin/builder/spi-builder-workspace/.derivedData/Build/Intermediates.noindex/EagerLinkingTBDs/Debug -L/Users/admin/builder/spi-builder-workspace/.derivedData/Build/Products/Debug -L/Applications/Xcode-16.3.0.app/Contents/Developer/Platforms/MacOSX.platform/Developer/usr/lib -F/Users/admin/builder/spi-builder-workspace/.derivedData/Build/Intermediates.noindex/EagerLinkingTBDs/Debug -F/Users/admin/builder/spi-builder-workspace/.derivedData/Build/Products/Debug/PackageFrameworks -F/Users/admin/builder/spi-builder-workspace/.derivedData/Build/Products/Debug/PackageFrameworks -F/Users/admin/builder/spi-builder-workspace/.derivedData/Build/Products/Debug/PackageFrameworks -F/Users/admin/builder/spi-builder-workspace/.derivedData/Build/Products/Debug -iframework /Applications/Xcode-16.3.0.app/Contents/Developer/Platforms/MacOSX.platform/Developer/Library/Frameworks -filelist /Users/admin/builder/spi-builder-workspace/.derivedData/Build/Intermediates.noindex/OpenAPIKit.build/Debug/OpenAPIKitCompat.build/Objects-normal/x86_64/OpenAPIKitCompat.LinkFileList -nostdlib -Xlinker -object_path_lto -Xlinker /Users/admin/builder/spi-builder-workspace/.derivedData/Build/Intermediates.noindex/OpenAPIKit.build/Debug/OpenAPIKitCompat.build/Objects-normal/x86_64/OpenAPIKitCompat_lto.o -rdynamic -Xlinker -no_deduplicate -Xlinker -debug_variant -Xlinker -dependency_info -Xlinker /Users/admin/builder/spi-builder-workspace/.derivedData/Build/Intermediates.noindex/OpenAPIKit.build/Debug/OpenAPIKitCompat.build/Objects-normal/x86_64/OpenAPIKitCompat_dependency_info.dat -fobjc-link-runtime -L/Applications/Xcode-16.3.0.app/Contents/Developer/Toolchains/XcodeDefault.xctoolchain/usr/lib/swift/macosx -L/usr/lib/swift -Xlinker -add_ast_path -Xlinker /Users/admin/builder/spi-builder-workspace/.derivedData/Build/Intermediates.noindex/OpenAPIKit.build/Debug/OpenAPIKitCompat.build/Objects-normal/x86_64/OpenAPIKitCompat.swiftmodule -o /Users/admin/builder/spi-builder-workspace/.derivedData/Build/Intermediates.noindex/OpenAPIKit.build/Debug/OpenAPIKitCompat.build/Objects-normal/x86_64/Binary/OpenAPIKitCompat.o
Ld /Users/admin/builder/spi-builder-workspace/.derivedData/Build/Products/Debug-appletvos/OpenAPIURLSession.o normal (in target 'OpenAPIURLSession' from project 'swift-openapi-urlsession')
    cd /Users/admin/builder/spi-builder-workspace/.dependencies/checkouts/swift-openapi-urlsession
    /Applications/Xcode-16.3.0.app/Contents/Developer/Toolchains/XcodeDefault.xctoolchain/usr/bin/clang -Xlinker -reproducible -target arm64-apple-tvos13.0 -r -isysroot /Applications/Xcode-16.3.0.app/Contents/Developer/Platforms/AppleTVOS.platform/Developer/SDKs/AppleTVOS18.4.sdk -O0 -w -L/Users/admin/builder/spi-builder-workspace/.derivedData/Build/Intermediates.noindex/EagerLinkingTBDs/Debug-appletvos -L/Users/admin/builder/spi-builder-workspace/.derivedData/Build/Products/Debug-appletvos -L/Applications/Xcode-16.3.0.app/Contents/Developer/Platforms/AppleTVOS.platform/Developer/usr/lib -F/Users/admin/builder/spi-builder-workspace/.derivedData/Build/Intermediates.noindex/EagerLinkingTBDs/Debug-appletvos -F/Users/admin/builder/spi-builder-workspace/.derivedData/Build/Products/Debug-appletvos/PackageFrameworks -F/Users/admin/builder/spi-builder-workspace/.derivedData/Build/Products/Debug-appletvos/PackageFrameworks -F/Users/admin/builder/spi-builder-workspace/.derivedData/Build/Products/Debug-appletvos/PackageFrameworks -F/Users/admin/builder/spi-builder-workspace/.derivedData/Build/Products/Debug-appletvos/PackageFrameworks -F/Users/admin/builder/spi-builder-workspace/.derivedData/Build/Products/Debug-appletvos/PackageFrameworks -F/Users/admin/builder/spi-builder-workspace/.derivedData/Build/Products/Debug-appletvos -iframework /Applications/Xcode-16.3.0.app/Contents/Developer/Platforms/AppleTVOS.platform/Developer/Library/Frameworks -iframework /Applications/Xcode-16.3.0.app/Contents/Developer/Platforms/AppleTVOS.platform/Developer/SDKs/AppleTVOS18.4.sdk/Developer/Library/Frameworks -filelist /Users/admin/builder/spi-builder-workspace/.derivedData/Build/Intermediates.noindex/swift-openapi-urlsession.build/Debug-appletvos/OpenAPIURLSession.build/Objects-normal/arm64/OpenAPIURLSession.LinkFileList -nostdlib -Xlinker -object_path_lto -Xlinker /Users/admin/builder/spi-builder-workspace/.derivedData/Build/Intermediates.noindex/swift-openapi-urlsession.build/Debug-appletvos/OpenAPIURLSession.build/Objects-normal/arm64/OpenAPIURLSession_lto.o -rdynamic -Xlinker -no_deduplicate -Xlinker -debug_variant -Xlinker -dependency_info -Xlinker /Users/admin/builder/spi-builder-workspace/.derivedData/Build/Intermediates.noindex/swift-openapi-urlsession.build/Debug-appletvos/OpenAPIURLSession.build/Objects-normal/arm64/OpenAPIURLSession_dependency_info.dat -fobjc-link-runtime -L/Applications/Xcode-16.3.0.app/Contents/Developer/Toolchains/XcodeDefault.xctoolchain/usr/lib/swift/appletvos -L/usr/lib/swift -Xlinker -add_ast_path -Xlinker /Users/admin/builder/spi-builder-workspace/.derivedData/Build/Intermediates.noindex/swift-openapi-urlsession.build/Debug-appletvos/OpenAPIURLSession.build/Objects-normal/arm64/OpenAPIURLSession.swiftmodule -o /Users/admin/builder/spi-builder-workspace/.derivedData/Build/Products/Debug-appletvos/OpenAPIURLSession.o
CreateUniversalBinary /Users/admin/builder/spi-builder-workspace/.derivedData/Build/Products/Debug/OpenAPIKitCompat.o normal arm64\ x86_64 (in target 'OpenAPIKitCompat' from project 'OpenAPIKit')
    cd /Users/admin/builder/spi-builder-workspace/.dependencies/checkouts/OpenAPIKit
    /Applications/Xcode-16.3.0.app/Contents/Developer/Toolchains/XcodeDefault.xctoolchain/usr/bin/lipo -create /Users/admin/builder/spi-builder-workspace/.derivedData/Build/Intermediates.noindex/OpenAPIKit.build/Debug/OpenAPIKitCompat.build/Objects-normal/arm64/Binary/OpenAPIKitCompat.o /Users/admin/builder/spi-builder-workspace/.derivedData/Build/Intermediates.noindex/OpenAPIKit.build/Debug/OpenAPIKitCompat.build/Objects-normal/x86_64/Binary/OpenAPIKitCompat.o -output /Users/admin/builder/spi-builder-workspace/.derivedData/Build/Products/Debug/OpenAPIKitCompat.o
ExtractAppIntentsMetadata (in target 'OpenAPIKitCompat' from project 'OpenAPIKit')
    cd /Users/admin/builder/spi-builder-workspace/.dependencies/checkouts/OpenAPIKit
    /Applications/Xcode-16.3.0.app/Contents/Developer/Toolchains/XcodeDefault.xctoolchain/usr/bin/appintentsmetadataprocessor --toolchain-dir /Applications/Xcode-16.3.0.app/Contents/Developer/Toolchains/XcodeDefault.xctoolchain --module-name OpenAPIKitCompat --sdk-root /Applications/Xcode-16.3.0.app/Contents/Developer/Platforms/MacOSX.platform/Developer/SDKs/MacOSX15.4.sdk --xcode-version 16E140 --platform-family macOS --deployment-target 10.15 --bundle-identifier openapikit.OpenAPIKitCompat --output /Users/admin/builder/spi-builder-workspace/.derivedData/Build/Products/Debug/OpenAPIKitCompat.appintents --target-triple arm64-apple-macos10.15 --target-triple x86_64-apple-macos10.15 --binary-file /Users/admin/builder/spi-builder-workspace/.derivedData/Build/Products/Debug/OpenAPIKitCompat.o --dependency-file /Users/admin/builder/spi-builder-workspace/.derivedData/Build/Intermediates.noindex/OpenAPIKit.build/Debug/OpenAPIKitCompat.build/Objects-normal/arm64/OpenAPIKitCompat_dependency_info.dat --dependency-file /Users/admin/builder/spi-builder-workspace/.derivedData/Build/Intermediates.noindex/OpenAPIKit.build/Debug/OpenAPIKitCompat.build/Objects-normal/x86_64/OpenAPIKitCompat_dependency_info.dat --stringsdata-file /Users/admin/builder/spi-builder-workspace/.derivedData/Build/Intermediates.noindex/OpenAPIKit.build/Debug/OpenAPIKitCompat.build/Objects-normal/arm64/ExtractedAppShortcutsMetadata.stringsdata --stringsdata-file /Users/admin/builder/spi-builder-workspace/.derivedData/Build/Intermediates.noindex/OpenAPIKit.build/Debug/OpenAPIKitCompat.build/Objects-normal/x86_64/ExtractedAppShortcutsMetadata.stringsdata --source-file-list /Users/admin/builder/spi-builder-workspace/.derivedData/Build/Intermediates.noindex/OpenAPIKit.build/Debug/OpenAPIKitCompat.build/Objects-normal/arm64/OpenAPIKitCompat.SwiftFileList --source-file-list /Users/admin/builder/spi-builder-workspace/.derivedData/Build/Intermediates.noindex/OpenAPIKit.build/Debug/OpenAPIKitCompat.build/Objects-normal/x86_64/OpenAPIKitCompat.SwiftFileList --metadata-file-list /Users/admin/builder/spi-builder-workspace/.derivedData/Build/Intermediates.noindex/OpenAPIKit.build/Debug/OpenAPIKitCompat.build/OpenAPIKitCompat.DependencyMetadataFileList --static-metadata-file-list /Users/admin/builder/spi-builder-workspace/.derivedData/Build/Intermediates.noindex/OpenAPIKit.build/Debug/OpenAPIKitCompat.build/OpenAPIKitCompat.DependencyStaticMetadataFileList --swift-const-vals-list /Users/admin/builder/spi-builder-workspace/.derivedData/Build/Intermediates.noindex/OpenAPIKit.build/Debug/OpenAPIKitCompat.build/Objects-normal/arm64/OpenAPIKitCompat.SwiftConstValuesFileList --swift-const-vals-list /Users/admin/builder/spi-builder-workspace/.derivedData/Build/Intermediates.noindex/OpenAPIKit.build/Debug/OpenAPIKitCompat.build/Objects-normal/x86_64/OpenAPIKitCompat.SwiftConstValuesFileList --force --compile-time-extraction --deployment-aware-processing --validate-assistant-intents --no-app-shortcuts-localization
2026-07-14 12:09:46.740 appintentsmetadataprocessor[2240:12401] Starting appintentsmetadataprocessor export
2026-07-14 12:09:46.777 appintentsmetadataprocessor[2240:12401] Extracted no relevant App Intents symbols, skipping writing output
ExtractAppIntentsMetadata (in target 'OpenAPIURLSession' from project 'swift-openapi-urlsession')
    cd /Users/admin/builder/spi-builder-workspace/.dependencies/checkouts/swift-openapi-urlsession
    /Applications/Xcode-16.3.0.app/Contents/Developer/Toolchains/XcodeDefault.xctoolchain/usr/bin/appintentsmetadataprocessor --toolchain-dir /Applications/Xcode-16.3.0.app/Contents/Developer/Toolchains/XcodeDefault.xctoolchain --module-name OpenAPIURLSession --sdk-root /Applications/Xcode-16.3.0.app/Contents/Developer/Platforms/AppleTVOS.platform/Developer/SDKs/AppleTVOS18.4.sdk --xcode-version 16E140 --platform-family tvOS --deployment-target 13.0 --bundle-identifier swift-openapi-urlsession.OpenAPIURLSession --output /Users/admin/builder/spi-builder-workspace/.derivedData/Build/Products/Debug-appletvos/OpenAPIURLSession.appintents --target-triple arm64-apple-tvos13.0 --binary-file /Users/admin/builder/spi-builder-workspace/.derivedData/Build/Products/Debug-appletvos/OpenAPIURLSession.o --dependency-file /Users/admin/builder/spi-builder-workspace/.derivedData/Build/Intermediates.noindex/swift-openapi-urlsession.build/Debug-appletvos/OpenAPIURLSession.build/Objects-normal/arm64/OpenAPIURLSession_dependency_info.dat --stringsdata-file /Users/admin/builder/spi-builder-workspace/.derivedData/Build/Intermediates.noindex/swift-openapi-urlsession.build/Debug-appletvos/OpenAPIURLSession.build/Objects-normal/arm64/ExtractedAppShortcutsMetadata.stringsdata --source-file-list /Users/admin/builder/spi-builder-workspace/.derivedData/Build/Intermediates.noindex/swift-openapi-urlsession.build/Debug-appletvos/OpenAPIURLSession.build/Objects-normal/arm64/OpenAPIURLSession.SwiftFileList --metadata-file-list /Users/admin/builder/spi-builder-workspace/.derivedData/Build/Intermediates.noindex/swift-openapi-urlsession.build/Debug-appletvos/OpenAPIURLSession.build/OpenAPIURLSession.DependencyMetadataFileList --static-metadata-file-list /Users/admin/builder/spi-builder-workspace/.derivedData/Build/Intermediates.noindex/swift-openapi-urlsession.build/Debug-appletvos/OpenAPIURLSession.build/OpenAPIURLSession.DependencyStaticMetadataFileList --swift-const-vals-list /Users/admin/builder/spi-builder-workspace/.derivedData/Build/Intermediates.noindex/swift-openapi-urlsession.build/Debug-appletvos/OpenAPIURLSession.build/Objects-normal/arm64/OpenAPIURLSession.SwiftConstValuesFileList --force --compile-time-extraction --deployment-aware-processing --validate-assistant-intents --no-app-shortcuts-localization
2026-07-14 12:09:46.757 appintentsmetadataprocessor[2241:12412] Starting appintentsmetadataprocessor export
2026-07-14 12:09:46.791 appintentsmetadataprocessor[2241:12412] Extracted no relevant App Intents symbols, skipping writing output
RegisterExecutionPolicyException /Users/admin/builder/spi-builder-workspace/.derivedData/Build/Products/Debug/OpenAPIKitCompat.o (in target 'OpenAPIKitCompat' from project 'OpenAPIKit')
    cd /Users/admin/builder/spi-builder-workspace/.dependencies/checkouts/OpenAPIKit
    builtin-RegisterExecutionPolicyException /Users/admin/builder/spi-builder-workspace/.derivedData/Build/Products/Debug/OpenAPIKitCompat.o
RegisterExecutionPolicyException /Users/admin/builder/spi-builder-workspace/.derivedData/Build/Products/Debug-appletvos/OpenAPIURLSession.o (in target 'OpenAPIURLSession' from project 'swift-openapi-urlsession')
    cd /Users/admin/builder/spi-builder-workspace/.dependencies/checkouts/swift-openapi-urlsession
    builtin-RegisterExecutionPolicyException /Users/admin/builder/spi-builder-workspace/.derivedData/Build/Products/Debug-appletvos/OpenAPIURLSession.o
SwiftDriverJobDiscovery normal arm64 Compiling TypeMatcher.swift, TypeName.swift, TypeUsage.swift, isSchemaSupported.swift, TypesFileTranslator.swift, translateAPIProtocol.swift, translateBoxedTypes.swift, translateComponentHeaders.swift, translateComponentParameters.swift (in target '_OpenAPIGeneratorCore' from project 'swift-openapi-generator')
SwiftDriver\ Compilation _OpenAPIGeneratorCore normal arm64 com.apple.xcode.tools.swift.compiler (in target '_OpenAPIGeneratorCore' from project 'swift-openapi-generator')
    cd /Users/admin/builder/spi-builder-workspace/.swiftpm/xcode
    builtin-Swift-Compilation -- /Applications/Xcode-16.3.0.app/Contents/Developer/Toolchains/XcodeDefault.xctoolchain/usr/bin/swiftc -module-name _OpenAPIGeneratorCore -Onone -enforce-exclusivity\=checked @/Users/admin/builder/spi-builder-workspace/.derivedData/Build/Intermediates.noindex/swift-openapi-generator.build/Debug/_OpenAPIGeneratorCore.build/Objects-normal/arm64/_OpenAPIGeneratorCore.SwiftFileList -DSWIFT_PACKAGE -DDEBUG -DXcode -enable-upcoming-feature MemberImportVisibility -enable-upcoming-feature ExistentialAny -enable-upcoming-feature InternalImportsByDefault -plugin-path /Applications/Xcode-16.3.0.app/Contents/Developer/Toolchains/XcodeDefault.xctoolchain/usr/lib/swift/host/plugins/testing -enable-experimental-feature DebugDescriptionMacro -sdk /Applications/Xcode-16.3.0.app/Contents/Developer/Platforms/MacOSX.platform/Developer/SDKs/MacOSX15.4.sdk -target arm64-apple-macos10.15 -g -module-cache-path /Users/admin/builder/spi-builder-workspace/.derivedData/ModuleCache.noindex -Xfrontend -serialize-debugging-options -profile-coverage-mapping -profile-generate -enable-testing -suppress-warnings -index-store-path /Users/admin/builder/spi-builder-workspace/.derivedData/Index.noindex/DataStore -swift-version 6 -I /Users/admin/builder/spi-builder-workspace/.derivedData/Build/Products/Debug -I /Applications/Xcode-16.3.0.app/Contents/Developer/Platforms/MacOSX.platform/Developer/usr/lib -F /Users/admin/builder/spi-builder-workspace/.derivedData/Build/Products/Debug/PackageFrameworks -F /Users/admin/builder/spi-builder-workspace/.derivedData/Build/Products/Debug/PackageFrameworks -F /Users/admin/builder/spi-builder-workspace/.derivedData/Build/Products/Debug/PackageFrameworks -F /Users/admin/builder/spi-builder-workspace/.derivedData/Build/Products/Debug/PackageFrameworks -F /Users/admin/builder/spi-builder-workspace/.derivedData/Build/Products/Debug/PackageFrameworks -F /Users/admin/builder/spi-builder-workspace/.derivedData/Build/Products/Debug/PackageFrameworks -F /Users/admin/builder/spi-builder-workspace/.derivedData/Build/Products/Debug/PackageFrameworks -F /Users/admin/builder/spi-builder-workspace/.derivedData/Build/Products/Debug/PackageFrameworks -F /Users/admin/builder/spi-builder-workspace/.derivedData/Build/Products/Debug/PackageFrameworks -F /Users/admin/builder/spi-builder-workspace/.derivedData/Build/Products/Debug -F /Applications/Xcode-16.3.0.app/Contents/Developer/Platforms/MacOSX.platform/Developer/Library/Frameworks -c -j10 -enable-batch-mode -incremental -Xcc -ivfsstatcache -Xcc /Users/admin/builder/spi-builder-workspace/.derivedData/SDKStatCaches.noindex/macosx15.4-24E241-8287b8f5db97e746a1562fbca0c9d29b.sdkstatcache -output-file-map /Users/admin/builder/spi-builder-workspace/.derivedData/Build/Intermediates.noindex/swift-openapi-generator.build/Debug/_OpenAPIGeneratorCore.build/Objects-normal/arm64/_OpenAPIGeneratorCore-OutputFileMap.json -use-frontend-parseable-output -save-temps -no-color-diagnostics -serialize-diagnostics -emit-dependencies -emit-module -emit-module-path /Users/admin/builder/spi-builder-workspace/.derivedData/Build/Intermediates.noindex/swift-openapi-generator.build/Debug/_OpenAPIGeneratorCore.build/Objects-normal/arm64/_OpenAPIGeneratorCore.swiftmodule -user-module-version 1.13.0 -validate-clang-modules-once -clang-build-session-file /Users/admin/builder/spi-builder-workspace/.derivedData/ModuleCache.noindex/Session.modulevalidation -package-name swift_openapi_generator -Xcc -I/Users/admin/builder/spi-builder-workspace/.derivedData/Build/Intermediates.noindex/swift-openapi-generator.build/Debug/_OpenAPIGeneratorCore.build/swift-overrides.hmap -emit-const-values -Xfrontend -const-gather-protocols-file -Xfrontend /Users/admin/builder/spi-builder-workspace/.derivedData/Build/Intermediates.noindex/swift-openapi-generator.build/Debug/_OpenAPIGeneratorCore.build/Objects-normal/arm64/_OpenAPIGeneratorCore_const_extract_protocols.json -Xcc -I/Users/admin/builder/spi-builder-workspace/.dependencies/checkouts/swift-numerics/Sources/_NumericsShims/include -Xcc -I/Users/admin/builder/spi-builder-workspace/.dependencies/checkouts/Yams/Sources/CYaml/include -Xcc -I/Users/admin/builder/spi-builder-workspace/.derivedData/Build/Products/Debug/include -Xcc -I/Users/admin/builder/spi-builder-workspace/.derivedData/Build/Intermediates.noindex/swift-openapi-generator.build/Debug/_OpenAPIGeneratorCore.build/DerivedSources-normal/arm64 -Xcc -I/Users/admin/builder/spi-builder-workspace/.derivedData/Build/Intermediates.noindex/swift-openapi-generator.build/Debug/_OpenAPIGeneratorCore.build/DerivedSources/arm64 -Xcc -I/Users/admin/builder/spi-builder-workspace/.derivedData/Build/Intermediates.noindex/swift-openapi-generator.build/Debug/_OpenAPIGeneratorCore.build/DerivedSources -Xcc -DSWIFT_PACKAGE -Xcc -DDEBUG\=1 -emit-objc-header -emit-objc-header-path /Users/admin/builder/spi-builder-workspace/.derivedData/Build/Intermediates.noindex/swift-openapi-generator.build/Debug/_OpenAPIGeneratorCore.build/Objects-normal/arm64/_OpenAPIGeneratorCore-Swift.h -working-directory /Users/admin/builder/spi-builder-workspace/.swiftpm/xcode -experimental-emit-module-separately -disable-cmo
Ld /Users/admin/builder/spi-builder-workspace/.derivedData/Build/Intermediates.noindex/swift-openapi-generator.build/Debug/_OpenAPIGeneratorCore.build/Objects-normal/arm64/Binary/_OpenAPIGeneratorCore.o normal arm64 (in target '_OpenAPIGeneratorCore' from project 'swift-openapi-generator')
    cd /Users/admin/builder/spi-builder-workspace/.dependencies/checkouts/swift-openapi-generator
    /Applications/Xcode-16.3.0.app/Contents/Developer/Toolchains/XcodeDefault.xctoolchain/usr/bin/clang -Xlinker -reproducible -target arm64-apple-macos10.15 -r -isysroot /Applications/Xcode-16.3.0.app/Contents/Developer/Platforms/MacOSX.platform/Developer/SDKs/MacOSX15.4.sdk -O0 -w -L/Users/admin/builder/spi-builder-workspace/.derivedData/Build/Intermediates.noindex/EagerLinkingTBDs/Debug -L/Users/admin/builder/spi-builder-workspace/.derivedData/Build/Products/Debug -L/Applications/Xcode-16.3.0.app/Contents/Developer/Platforms/MacOSX.platform/Developer/usr/lib -F/Users/admin/builder/spi-builder-workspace/.derivedData/Build/Intermediates.noindex/EagerLinkingTBDs/Debug -F/Users/admin/builder/spi-builder-workspace/.derivedData/Build/Products/Debug/PackageFrameworks -F/Users/admin/builder/spi-builder-workspace/.derivedData/Build/Products/Debug/PackageFrameworks -F/Users/admin/builder/spi-builder-workspace/.derivedData/Build/Products/Debug/PackageFrameworks -F/Users/admin/builder/spi-builder-workspace/.derivedData/Build/Products/Debug/PackageFrameworks -F/Users/admin/builder/spi-builder-workspace/.derivedData/Build/Products/Debug/PackageFrameworks -F/Users/admin/builder/spi-builder-workspace/.derivedData/Build/Products/Debug/PackageFrameworks -F/Users/admin/builder/spi-builder-workspace/.derivedData/Build/Products/Debug/PackageFrameworks -F/Users/admin/builder/spi-builder-workspace/.derivedData/Build/Products/Debug/PackageFrameworks -F/Users/admin/builder/spi-builder-workspace/.derivedData/Build/Products/Debug/PackageFrameworks -F/Users/admin/builder/spi-builder-workspace/.derivedData/Build/Products/Debug -iframework /Applications/Xcode-16.3.0.app/Contents/Developer/Platforms/MacOSX.platform/Developer/Library/Frameworks -filelist /Users/admin/builder/spi-builder-workspace/.derivedData/Build/Intermediates.noindex/swift-openapi-generator.build/Debug/_OpenAPIGeneratorCore.build/Objects-normal/arm64/_OpenAPIGeneratorCore.LinkFileList -nostdlib -Xlinker -object_path_lto -Xlinker /Users/admin/builder/spi-builder-workspace/.derivedData/Build/Intermediates.noindex/swift-openapi-generator.build/Debug/_OpenAPIGeneratorCore.build/Objects-normal/arm64/_OpenAPIGeneratorCore_lto.o -rdynamic -Xlinker -no_deduplicate -Xlinker -debug_variant -Xlinker -dependency_info -Xlinker /Users/admin/builder/spi-builder-workspace/.derivedData/Build/Intermediates.noindex/swift-openapi-generator.build/Debug/_OpenAPIGeneratorCore.build/Objects-normal/arm64/_OpenAPIGeneratorCore_dependency_info.dat -fobjc-link-runtime -L/Applications/Xcode-16.3.0.app/Contents/Developer/Toolchains/XcodeDefault.xctoolchain/usr/lib/swift/macosx -L/usr/lib/swift -Xlinker -add_ast_path -Xlinker /Users/admin/builder/spi-builder-workspace/.derivedData/Build/Intermediates.noindex/swift-openapi-generator.build/Debug/_OpenAPIGeneratorCore.build/Objects-normal/arm64/_OpenAPIGeneratorCore.swiftmodule -o /Users/admin/builder/spi-builder-workspace/.derivedData/Build/Intermediates.noindex/swift-openapi-generator.build/Debug/_OpenAPIGeneratorCore.build/Objects-normal/arm64/Binary/_OpenAPIGeneratorCore.o
SwiftDriverJobDiscovery normal x86_64 Compiling GeneratorPipeline.swift, GeneratorPipelineStage.swift, DocumentFilter.swift, FilteredDocument.swift, ParsedOpenAPIRepresentation.swift, RenderedSwiftRepresentation.swift, StructuredSwiftRepresentation.swift, ParserProtocol.swift, YamsParser.swift, validateDoc.swift (in target '_OpenAPIGeneratorCore' from project 'swift-openapi-generator')
SwiftDriver\ Compilation _OpenAPIGeneratorCore normal x86_64 com.apple.xcode.tools.swift.compiler (in target '_OpenAPIGeneratorCore' from project 'swift-openapi-generator')
    cd /Users/admin/builder/spi-builder-workspace/.swiftpm/xcode
    builtin-Swift-Compilation -- /Applications/Xcode-16.3.0.app/Contents/Developer/Toolchains/XcodeDefault.xctoolchain/usr/bin/swiftc -module-name _OpenAPIGeneratorCore -Onone -enforce-exclusivity\=checked @/Users/admin/builder/spi-builder-workspace/.derivedData/Build/Intermediates.noindex/swift-openapi-generator.build/Debug/_OpenAPIGeneratorCore.build/Objects-normal/x86_64/_OpenAPIGeneratorCore.SwiftFileList -DSWIFT_PACKAGE -DDEBUG -DXcode -enable-upcoming-feature MemberImportVisibility -enable-upcoming-feature ExistentialAny -enable-upcoming-feature InternalImportsByDefault -plugin-path /Applications/Xcode-16.3.0.app/Contents/Developer/Toolchains/XcodeDefault.xctoolchain/usr/lib/swift/host/plugins/testing -enable-experimental-feature DebugDescriptionMacro -sdk /Applications/Xcode-16.3.0.app/Contents/Developer/Platforms/MacOSX.platform/Developer/SDKs/MacOSX15.4.sdk -target x86_64-apple-macos10.15 -g -module-cache-path /Users/admin/builder/spi-builder-workspace/.derivedData/ModuleCache.noindex -Xfrontend -serialize-debugging-options -profile-coverage-mapping -profile-generate -enable-testing -suppress-warnings -index-store-path /Users/admin/builder/spi-builder-workspace/.derivedData/Index.noindex/DataStore -swift-version 6 -I /Users/admin/builder/spi-builder-workspace/.derivedData/Build/Products/Debug -I /Applications/Xcode-16.3.0.app/Contents/Developer/Platforms/MacOSX.platform/Developer/usr/lib -F /Users/admin/builder/spi-builder-workspace/.derivedData/Build/Products/Debug/PackageFrameworks -F /Users/admin/builder/spi-builder-workspace/.derivedData/Build/Products/Debug/PackageFrameworks -F /Users/admin/builder/spi-builder-workspace/.derivedData/Build/Products/Debug/PackageFrameworks -F /Users/admin/builder/spi-builder-workspace/.derivedData/Build/Products/Debug/PackageFrameworks -F /Users/admin/builder/spi-builder-workspace/.derivedData/Build/Products/Debug/PackageFrameworks -F /Users/admin/builder/spi-builder-workspace/.derivedData/Build/Products/Debug/PackageFrameworks -F /Users/admin/builder/spi-builder-workspace/.derivedData/Build/Products/Debug/PackageFrameworks -F /Users/admin/builder/spi-builder-workspace/.derivedData/Build/Products/Debug/PackageFrameworks -F /Users/admin/builder/spi-builder-workspace/.derivedData/Build/Products/Debug/PackageFrameworks -F /Users/admin/builder/spi-builder-workspace/.derivedData/Build/Products/Debug -F /Applications/Xcode-16.3.0.app/Contents/Developer/Platforms/MacOSX.platform/Developer/Library/Frameworks -c -j10 -enable-batch-mode -incremental -Xcc -ivfsstatcache -Xcc /Users/admin/builder/spi-builder-workspace/.derivedData/SDKStatCaches.noindex/macosx15.4-24E241-8287b8f5db97e746a1562fbca0c9d29b.sdkstatcache -output-file-map /Users/admin/builder/spi-builder-workspace/.derivedData/Build/Intermediates.noindex/swift-openapi-generator.build/Debug/_OpenAPIGeneratorCore.build/Objects-normal/x86_64/_OpenAPIGeneratorCore-OutputFileMap.json -use-frontend-parseable-output -save-temps -no-color-diagnostics -serialize-diagnostics -emit-dependencies -emit-module -emit-module-path /Users/admin/builder/spi-builder-workspace/.derivedData/Build/Intermediates.noindex/swift-openapi-generator.build/Debug/_OpenAPIGeneratorCore.build/Objects-normal/x86_64/_OpenAPIGeneratorCore.swiftmodule -user-module-version 1.13.0 -validate-clang-modules-once -clang-build-session-file /Users/admin/builder/spi-builder-workspace/.derivedData/ModuleCache.noindex/Session.modulevalidation -package-name swift_openapi_generator -Xcc -I/Users/admin/builder/spi-builder-workspace/.derivedData/Build/Intermediates.noindex/swift-openapi-generator.build/Debug/_OpenAPIGeneratorCore.build/swift-overrides.hmap -emit-const-values -Xfrontend -const-gather-protocols-file -Xfrontend /Users/admin/builder/spi-builder-workspace/.derivedData/Build/Intermediates.noindex/swift-openapi-generator.build/Debug/_OpenAPIGeneratorCore.build/Objects-normal/x86_64/_OpenAPIGeneratorCore_const_extract_protocols.json -Xcc -I/Users/admin/builder/spi-builder-workspace/.dependencies/checkouts/swift-numerics/Sources/_NumericsShims/include -Xcc -I/Users/admin/builder/spi-builder-workspace/.dependencies/checkouts/Yams/Sources/CYaml/include -Xcc -I/Users/admin/builder/spi-builder-workspace/.derivedData/Build/Products/Debug/include -Xcc -I/Users/admin/builder/spi-builder-workspace/.derivedData/Build/Intermediates.noindex/swift-openapi-generator.build/Debug/_OpenAPIGeneratorCore.build/DerivedSources-normal/x86_64 -Xcc -I/Users/admin/builder/spi-builder-workspace/.derivedData/Build/Intermediates.noindex/swift-openapi-generator.build/Debug/_OpenAPIGeneratorCore.build/DerivedSources/x86_64 -Xcc -I/Users/admin/builder/spi-builder-workspace/.derivedData/Build/Intermediates.noindex/swift-openapi-generator.build/Debug/_OpenAPIGeneratorCore.build/DerivedSources -Xcc -DSWIFT_PACKAGE -Xcc -DDEBUG\=1 -emit-objc-header -emit-objc-header-path /Users/admin/builder/spi-builder-workspace/.derivedData/Build/Intermediates.noindex/swift-openapi-generator.build/Debug/_OpenAPIGeneratorCore.build/Objects-normal/x86_64/_OpenAPIGeneratorCore-Swift.h -working-directory /Users/admin/builder/spi-builder-workspace/.swiftpm/xcode -experimental-emit-module-separately -disable-cmo
Ld /Users/admin/builder/spi-builder-workspace/.derivedData/Build/Intermediates.noindex/swift-openapi-generator.build/Debug/_OpenAPIGeneratorCore.build/Objects-normal/x86_64/Binary/_OpenAPIGeneratorCore.o normal x86_64 (in target '_OpenAPIGeneratorCore' from project 'swift-openapi-generator')
    cd /Users/admin/builder/spi-builder-workspace/.dependencies/checkouts/swift-openapi-generator
    /Applications/Xcode-16.3.0.app/Contents/Developer/Toolchains/XcodeDefault.xctoolchain/usr/bin/clang -Xlinker -reproducible -target x86_64-apple-macos10.15 -r -isysroot /Applications/Xcode-16.3.0.app/Contents/Developer/Platforms/MacOSX.platform/Developer/SDKs/MacOSX15.4.sdk -O0 -w -L/Users/admin/builder/spi-builder-workspace/.derivedData/Build/Intermediates.noindex/EagerLinkingTBDs/Debug -L/Users/admin/builder/spi-builder-workspace/.derivedData/Build/Products/Debug -L/Applications/Xcode-16.3.0.app/Contents/Developer/Platforms/MacOSX.platform/Developer/usr/lib -F/Users/admin/builder/spi-builder-workspace/.derivedData/Build/Intermediates.noindex/EagerLinkingTBDs/Debug -F/Users/admin/builder/spi-builder-workspace/.derivedData/Build/Products/Debug/PackageFrameworks -F/Users/admin/builder/spi-builder-workspace/.derivedData/Build/Products/Debug/PackageFrameworks -F/Users/admin/builder/spi-builder-workspace/.derivedData/Build/Products/Debug/PackageFrameworks -F/Users/admin/builder/spi-builder-workspace/.derivedData/Build/Products/Debug/PackageFrameworks -F/Users/admin/builder/spi-builder-workspace/.derivedData/Build/Products/Debug/PackageFrameworks -F/Users/admin/builder/spi-builder-workspace/.derivedData/Build/Products/Debug/PackageFrameworks -F/Users/admin/builder/spi-builder-workspace/.derivedData/Build/Products/Debug/PackageFrameworks -F/Users/admin/builder/spi-builder-workspace/.derivedData/Build/Products/Debug/PackageFrameworks -F/Users/admin/builder/spi-builder-workspace/.derivedData/Build/Products/Debug/PackageFrameworks -F/Users/admin/builder/spi-builder-workspace/.derivedData/Build/Products/Debug -iframework /Applications/Xcode-16.3.0.app/Contents/Developer/Platforms/MacOSX.platform/Developer/Library/Frameworks -filelist /Users/admin/builder/spi-builder-workspace/.derivedData/Build/Intermediates.noindex/swift-openapi-generator.build/Debug/_OpenAPIGeneratorCore.build/Objects-normal/x86_64/_OpenAPIGeneratorCore.LinkFileList -nostdlib -Xlinker -object_path_lto -Xlinker /Users/admin/builder/spi-builder-workspace/.derivedData/Build/Intermediates.noindex/swift-openapi-generator.build/Debug/_OpenAPIGeneratorCore.build/Objects-normal/x86_64/_OpenAPIGeneratorCore_lto.o -rdynamic -Xlinker -no_deduplicate -Xlinker -debug_variant -Xlinker -dependency_info -Xlinker /Users/admin/builder/spi-builder-workspace/.derivedData/Build/Intermediates.noindex/swift-openapi-generator.build/Debug/_OpenAPIGeneratorCore.build/Objects-normal/x86_64/_OpenAPIGeneratorCore_dependency_info.dat -fobjc-link-runtime -L/Applications/Xcode-16.3.0.app/Contents/Developer/Toolchains/XcodeDefault.xctoolchain/usr/lib/swift/macosx -L/usr/lib/swift -Xlinker -add_ast_path -Xlinker /Users/admin/builder/spi-builder-workspace/.derivedData/Build/Intermediates.noindex/swift-openapi-generator.build/Debug/_OpenAPIGeneratorCore.build/Objects-normal/x86_64/_OpenAPIGeneratorCore.swiftmodule -o /Users/admin/builder/spi-builder-workspace/.derivedData/Build/Intermediates.noindex/swift-openapi-generator.build/Debug/_OpenAPIGeneratorCore.build/Objects-normal/x86_64/Binary/_OpenAPIGeneratorCore.o
CreateUniversalBinary /Users/admin/builder/spi-builder-workspace/.derivedData/Build/Products/Debug/_OpenAPIGeneratorCore.o normal arm64\ x86_64 (in target '_OpenAPIGeneratorCore' from project 'swift-openapi-generator')
    cd /Users/admin/builder/spi-builder-workspace/.dependencies/checkouts/swift-openapi-generator
    /Applications/Xcode-16.3.0.app/Contents/Developer/Toolchains/XcodeDefault.xctoolchain/usr/bin/lipo -create /Users/admin/builder/spi-builder-workspace/.derivedData/Build/Intermediates.noindex/swift-openapi-generator.build/Debug/_OpenAPIGeneratorCore.build/Objects-normal/arm64/Binary/_OpenAPIGeneratorCore.o /Users/admin/builder/spi-builder-workspace/.derivedData/Build/Intermediates.noindex/swift-openapi-generator.build/Debug/_OpenAPIGeneratorCore.build/Objects-normal/x86_64/Binary/_OpenAPIGeneratorCore.o -output /Users/admin/builder/spi-builder-workspace/.derivedData/Build/Products/Debug/_OpenAPIGeneratorCore.o
ExtractAppIntentsMetadata (in target '_OpenAPIGeneratorCore' from project 'swift-openapi-generator')
    cd /Users/admin/builder/spi-builder-workspace/.dependencies/checkouts/swift-openapi-generator
    /Applications/Xcode-16.3.0.app/Contents/Developer/Toolchains/XcodeDefault.xctoolchain/usr/bin/appintentsmetadataprocessor --toolchain-dir /Applications/Xcode-16.3.0.app/Contents/Developer/Toolchains/XcodeDefault.xctoolchain --module-name _OpenAPIGeneratorCore --sdk-root /Applications/Xcode-16.3.0.app/Contents/Developer/Platforms/MacOSX.platform/Developer/SDKs/MacOSX15.4.sdk --xcode-version 16E140 --platform-family macOS --deployment-target 10.15 --bundle-identifier swift-openapi-generator.-OpenAPIGeneratorCore --output /Users/admin/builder/spi-builder-workspace/.derivedData/Build/Products/Debug/_OpenAPIGeneratorCore.appintents --target-triple arm64-apple-macos10.15 --target-triple x86_64-apple-macos10.15 --binary-file /Users/admin/builder/spi-builder-workspace/.derivedData/Build/Products/Debug/_OpenAPIGeneratorCore.o --dependency-file /Users/admin/builder/spi-builder-workspace/.derivedData/Build/Intermediates.noindex/swift-openapi-generator.build/Debug/_OpenAPIGeneratorCore.build/Objects-normal/arm64/_OpenAPIGeneratorCore_dependency_info.dat --dependency-file /Users/admin/builder/spi-builder-workspace/.derivedData/Build/Intermediates.noindex/swift-openapi-generator.build/Debug/_OpenAPIGeneratorCore.build/Objects-normal/x86_64/_OpenAPIGeneratorCore_dependency_info.dat --stringsdata-file /Users/admin/builder/spi-builder-workspace/.derivedData/Build/Intermediates.noindex/swift-openapi-generator.build/Debug/_OpenAPIGeneratorCore.build/Objects-normal/arm64/ExtractedAppShortcutsMetadata.stringsdata --stringsdata-file /Users/admin/builder/spi-builder-workspace/.derivedData/Build/Intermediates.noindex/swift-openapi-generator.build/Debug/_OpenAPIGeneratorCore.build/Objects-normal/x86_64/ExtractedAppShortcutsMetadata.stringsdata --source-file-list /Users/admin/builder/spi-builder-workspace/.derivedData/Build/Intermediates.noindex/swift-openapi-generator.build/Debug/_OpenAPIGeneratorCore.build/Objects-normal/arm64/_OpenAPIGeneratorCore.SwiftFileList --source-file-list /Users/admin/builder/spi-builder-workspace/.derivedData/Build/Intermediates.noindex/swift-openapi-generator.build/Debug/_OpenAPIGeneratorCore.build/Objects-normal/x86_64/_OpenAPIGeneratorCore.SwiftFileList --metadata-file-list /Users/admin/builder/spi-builder-workspace/.derivedData/Build/Intermediates.noindex/swift-openapi-generator.build/Debug/_OpenAPIGeneratorCore.build/_OpenAPIGeneratorCore.DependencyMetadataFileList --static-metadata-file-list /Users/admin/builder/spi-builder-workspace/.derivedData/Build/Intermediates.noindex/swift-openapi-generator.build/Debug/_OpenAPIGeneratorCore.build/_OpenAPIGeneratorCore.DependencyStaticMetadataFileList --swift-const-vals-list /Users/admin/builder/spi-builder-workspace/.derivedData/Build/Intermediates.noindex/swift-openapi-generator.build/Debug/_OpenAPIGeneratorCore.build/Objects-normal/arm64/_OpenAPIGeneratorCore.SwiftConstValuesFileList --swift-const-vals-list /Users/admin/builder/spi-builder-workspace/.derivedData/Build/Intermediates.noindex/swift-openapi-generator.build/Debug/_OpenAPIGeneratorCore.build/Objects-normal/x86_64/_OpenAPIGeneratorCore.SwiftConstValuesFileList --force --compile-time-extraction --deployment-aware-processing --validate-assistant-intents --no-app-shortcuts-localization
2026-07-14 12:09:47.050 appintentsmetadataprocessor[2247:12445] Starting appintentsmetadataprocessor export
2026-07-14 12:09:47.086 appintentsmetadataprocessor[2247:12445] Extracted no relevant App Intents symbols, skipping writing output
RegisterExecutionPolicyException /Users/admin/builder/spi-builder-workspace/.derivedData/Build/Products/Debug/_OpenAPIGeneratorCore.o (in target '_OpenAPIGeneratorCore' from project 'swift-openapi-generator')
    cd /Users/admin/builder/spi-builder-workspace/.dependencies/checkouts/swift-openapi-generator
    builtin-RegisterExecutionPolicyException /Users/admin/builder/spi-builder-workspace/.derivedData/Build/Products/Debug/_OpenAPIGeneratorCore.o
Ld /Users/admin/builder/spi-builder-workspace/.derivedData/Build/Intermediates.noindex/swift-openapi-generator.build/Debug/swift-openapi-generator.build/Objects-normal/arm64/Binary/swift-openapi-generator normal arm64 (in target 'swift-openapi-generator' from project 'swift-openapi-generator')
    cd /Users/admin/builder/spi-builder-workspace/.dependencies/checkouts/swift-openapi-generator
    /Applications/Xcode-16.3.0.app/Contents/Developer/Toolchains/XcodeDefault.xctoolchain/usr/bin/clang -Xlinker -reproducible -target arm64-apple-macos10.15 -isysroot /Applications/Xcode-16.3.0.app/Contents/Developer/Platforms/MacOSX.platform/Developer/SDKs/MacOSX15.4.sdk -O0 -w -L/Users/admin/builder/spi-builder-workspace/.derivedData/Build/Intermediates.noindex/EagerLinkingTBDs/Debug -L/Users/admin/builder/spi-builder-workspace/.derivedData/Build/Products/Debug -L/Applications/Xcode-16.3.0.app/Contents/Developer/Platforms/MacOSX.platform/Developer/usr/lib -F/Users/admin/builder/spi-builder-workspace/.derivedData/Build/Intermediates.noindex/EagerLinkingTBDs/Debug -F/Users/admin/builder/spi-builder-workspace/.derivedData/Build/Products/Debug/PackageFrameworks -F/Users/admin/builder/spi-builder-workspace/.derivedData/Build/Products/Debug/PackageFrameworks -F/Users/admin/builder/spi-builder-workspace/.derivedData/Build/Products/Debug/PackageFrameworks -F/Users/admin/builder/spi-builder-workspace/.derivedData/Build/Products/Debug/PackageFrameworks -F/Users/admin/builder/spi-builder-workspace/.derivedData/Build/Products/Debug/PackageFrameworks -F/Users/admin/builder/spi-builder-workspace/.derivedData/Build/Products/Debug/PackageFrameworks -F/Users/admin/builder/spi-builder-workspace/.derivedData/Build/Products/Debug/PackageFrameworks -F/Users/admin/builder/spi-builder-workspace/.derivedData/Build/Products/Debug/PackageFrameworks -F/Users/admin/builder/spi-builder-workspace/.derivedData/Build/Products/Debug/PackageFrameworks -F/Users/admin/builder/spi-builder-workspace/.derivedData/Build/Products/Debug/PackageFrameworks -F/Users/admin/builder/spi-builder-workspace/.derivedData/Build/Products/Debug/PackageFrameworks -F/Users/admin/builder/spi-builder-workspace/.derivedData/Build/Products/Debug/PackageFrameworks -F/Users/admin/builder/spi-builder-workspace/.derivedData/Build/Products/Debug -iframework /Applications/Xcode-16.3.0.app/Contents/Developer/Platforms/MacOSX.platform/Developer/Library/Frameworks -filelist /Users/admin/builder/spi-builder-workspace/.derivedData/Build/Intermediates.noindex/swift-openapi-generator.build/Debug/swift-openapi-generator.build/Objects-normal/arm64/swift-openapi-generator.LinkFileList -Xlinker -rpath -Xlinker /usr/lib/swift -Xlinker -rpath -Xlinker /Users/admin/builder/spi-builder-workspace/.derivedData/Build/Products/Debug/PackageFrameworks -Xlinker -object_path_lto -Xlinker /Users/admin/builder/spi-builder-workspace/.derivedData/Build/Intermediates.noindex/swift-openapi-generator.build/Debug/swift-openapi-generator.build/Objects-normal/arm64/swift-openapi-generator_lto.o -rdynamic -Xlinker -no_deduplicate -Xlinker -debug_variant -Xlinker -dependency_info -Xlinker /Users/admin/builder/spi-builder-workspace/.derivedData/Build/Intermediates.noindex/swift-openapi-generator.build/Debug/swift-openapi-generator.build/Objects-normal/arm64/swift-openapi-generator_dependency_info.dat -fobjc-link-runtime -fprofile-instr-generate -L/Applications/Xcode-16.3.0.app/Contents/Developer/Toolchains/XcodeDefault.xctoolchain/usr/lib/swift/macosx -L/usr/lib/swift -Xlinker -add_ast_path -Xlinker /Users/admin/builder/spi-builder-workspace/.derivedData/Build/Intermediates.noindex/swift-openapi-generator.build/Debug/swift-openapi-generator.build/Objects-normal/arm64/swift_openapi_generator.swiftmodule -Wl,-no_warn_duplicate_libraries -Wl,-no_warn_duplicate_libraries -Wl,-no_warn_duplicate_libraries -Wl,-no_warn_duplicate_libraries -Wl,-no_warn_duplicate_libraries -Wl,-no_warn_duplicate_libraries -Wl,-no_warn_duplicate_libraries -Wl,-no_warn_duplicate_libraries -Wl,-no_warn_duplicate_libraries -Wl,-no_warn_duplicate_libraries -Wl,-no_warn_duplicate_libraries -Wl,-no_warn_duplicate_libraries -o /Users/admin/builder/spi-builder-workspace/.derivedData/Build/Intermediates.noindex/swift-openapi-generator.build/Debug/swift-openapi-generator.build/Objects-normal/arm64/Binary/swift-openapi-generator -Xlinker -add_ast_path -Xlinker /Users/admin/builder/spi-builder-workspace/.derivedData/Build/Intermediates.noindex/OpenAPIKit.build/Debug/OpenAPIKit.build/Objects-normal/arm64/OpenAPIKit.swiftmodule -Xlinker -add_ast_path -Xlinker /Users/admin/builder/spi-builder-workspace/.derivedData/Build/Intermediates.noindex/OpenAPIKit.build/Debug/OpenAPIKitCore.build/Objects-normal/arm64/OpenAPIKitCore.swiftmodule -Xlinker -add_ast_path -Xlinker /Users/admin/builder/spi-builder-workspace/.derivedData/Build/Intermediates.noindex/OpenAPIKit.build/Debug/OpenAPIKit30.build/Objects-normal/arm64/OpenAPIKit30.swiftmodule -Xlinker -add_ast_path -Xlinker /Users/admin/builder/spi-builder-workspace/.derivedData/Build/Intermediates.noindex/OpenAPIKit.build/Debug/OpenAPIKitCompat.build/Objects-normal/arm64/OpenAPIKitCompat.swiftmodule -Xlinker -add_ast_path -Xlinker /Users/admin/builder/spi-builder-workspace/.derivedData/Build/Intermediates.noindex/swift-algorithms.build/Debug/Algorithms.build/Objects-normal/arm64/Algorithms.swiftmodule -Xlinker -add_ast_path -Xlinker /Users/admin/builder/spi-builder-workspace/.derivedData/Build/Intermediates.noindex/swift-numerics.build/Debug/RealModule.build/Objects-normal/arm64/RealModule.swiftmodule -Xlinker -add_ast_path -Xlinker /Users/admin/builder/spi-builder-workspace/.derivedData/Build/Intermediates.noindex/Yams.build/Debug/Yams.build/Objects-normal/arm64/Yams.swiftmodule -Xlinker -add_ast_path -Xlinker /Users/admin/builder/spi-builder-workspace/.derivedData/Build/Intermediates.noindex/swift-openapi-generator.build/Debug/_OpenAPIGeneratorCore.build/Objects-normal/arm64/_OpenAPIGeneratorCore.swiftmodule -Xlinker -add_ast_path -Xlinker /Users/admin/builder/spi-builder-workspace/.derivedData/Build/Intermediates.noindex/swift-argument-parser.build/Debug/ArgumentParser.build/Objects-normal/arm64/ArgumentParser.swiftmodule -Xlinker -add_ast_path -Xlinker /Users/admin/builder/spi-builder-workspace/.derivedData/Build/Intermediates.noindex/swift-argument-parser.build/Debug/ArgumentParserToolInfo.build/Objects-normal/arm64/ArgumentParserToolInfo.swiftmodule
Ld /Users/admin/builder/spi-builder-workspace/.derivedData/Build/Intermediates.noindex/swift-openapi-generator.build/Debug/swift-openapi-generator.build/Objects-normal/x86_64/Binary/swift-openapi-generator normal x86_64 (in target 'swift-openapi-generator' from project 'swift-openapi-generator')
    cd /Users/admin/builder/spi-builder-workspace/.dependencies/checkouts/swift-openapi-generator
    /Applications/Xcode-16.3.0.app/Contents/Developer/Toolchains/XcodeDefault.xctoolchain/usr/bin/clang -Xlinker -reproducible -target x86_64-apple-macos10.15 -isysroot /Applications/Xcode-16.3.0.app/Contents/Developer/Platforms/MacOSX.platform/Developer/SDKs/MacOSX15.4.sdk -O0 -w -L/Users/admin/builder/spi-builder-workspace/.derivedData/Build/Intermediates.noindex/EagerLinkingTBDs/Debug -L/Users/admin/builder/spi-builder-workspace/.derivedData/Build/Products/Debug -L/Applications/Xcode-16.3.0.app/Contents/Developer/Platforms/MacOSX.platform/Developer/usr/lib -F/Users/admin/builder/spi-builder-workspace/.derivedData/Build/Intermediates.noindex/EagerLinkingTBDs/Debug -F/Users/admin/builder/spi-builder-workspace/.derivedData/Build/Products/Debug/PackageFrameworks -F/Users/admin/builder/spi-builder-workspace/.derivedData/Build/Products/Debug/PackageFrameworks -F/Users/admin/builder/spi-builder-workspace/.derivedData/Build/Products/Debug/PackageFrameworks -F/Users/admin/builder/spi-builder-workspace/.derivedData/Build/Products/Debug/PackageFrameworks -F/Users/admin/builder/spi-builder-workspace/.derivedData/Build/Products/Debug/PackageFrameworks -F/Users/admin/builder/spi-builder-workspace/.derivedData/Build/Products/Debug/PackageFrameworks -F/Users/admin/builder/spi-builder-workspace/.derivedData/Build/Products/Debug/PackageFrameworks -F/Users/admin/builder/spi-builder-workspace/.derivedData/Build/Products/Debug/PackageFrameworks -F/Users/admin/builder/spi-builder-workspace/.derivedData/Build/Products/Debug/PackageFrameworks -F/Users/admin/builder/spi-builder-workspace/.derivedData/Build/Products/Debug/PackageFrameworks -F/Users/admin/builder/spi-builder-workspace/.derivedData/Build/Products/Debug/PackageFrameworks -F/Users/admin/builder/spi-builder-workspace/.derivedData/Build/Products/Debug/PackageFrameworks -F/Users/admin/builder/spi-builder-workspace/.derivedData/Build/Products/Debug -iframework /Applications/Xcode-16.3.0.app/Contents/Developer/Platforms/MacOSX.platform/Developer/Library/Frameworks -filelist /Users/admin/builder/spi-builder-workspace/.derivedData/Build/Intermediates.noindex/swift-openapi-generator.build/Debug/swift-openapi-generator.build/Objects-normal/x86_64/swift-openapi-generator.LinkFileList -Xlinker -rpath -Xlinker /usr/lib/swift -Xlinker -rpath -Xlinker /Users/admin/builder/spi-builder-workspace/.derivedData/Build/Products/Debug/PackageFrameworks -Xlinker -object_path_lto -Xlinker /Users/admin/builder/spi-builder-workspace/.derivedData/Build/Intermediates.noindex/swift-openapi-generator.build/Debug/swift-openapi-generator.build/Objects-normal/x86_64/swift-openapi-generator_lto.o -rdynamic -Xlinker -no_deduplicate -Xlinker -debug_variant -Xlinker -dependency_info -Xlinker /Users/admin/builder/spi-builder-workspace/.derivedData/Build/Intermediates.noindex/swift-openapi-generator.build/Debug/swift-openapi-generator.build/Objects-normal/x86_64/swift-openapi-generator_dependency_info.dat -fobjc-link-runtime -fprofile-instr-generate -L/Applications/Xcode-16.3.0.app/Contents/Developer/Toolchains/XcodeDefault.xctoolchain/usr/lib/swift/macosx -L/usr/lib/swift -Xlinker -add_ast_path -Xlinker /Users/admin/builder/spi-builder-workspace/.derivedData/Build/Intermediates.noindex/swift-openapi-generator.build/Debug/swift-openapi-generator.build/Objects-normal/x86_64/swift_openapi_generator.swiftmodule -Wl,-no_warn_duplicate_libraries -Wl,-no_warn_duplicate_libraries -Wl,-no_warn_duplicate_libraries -Wl,-no_warn_duplicate_libraries -Wl,-no_warn_duplicate_libraries -Wl,-no_warn_duplicate_libraries -Wl,-no_warn_duplicate_libraries -Wl,-no_warn_duplicate_libraries -Wl,-no_warn_duplicate_libraries -Wl,-no_warn_duplicate_libraries -Wl,-no_warn_duplicate_libraries -Wl,-no_warn_duplicate_libraries -o /Users/admin/builder/spi-builder-workspace/.derivedData/Build/Intermediates.noindex/swift-openapi-generator.build/Debug/swift-openapi-generator.build/Objects-normal/x86_64/Binary/swift-openapi-generator -Xlinker -add_ast_path -Xlinker /Users/admin/builder/spi-builder-workspace/.derivedData/Build/Intermediates.noindex/OpenAPIKit.build/Debug/OpenAPIKit.build/Objects-normal/x86_64/OpenAPIKit.swiftmodule -Xlinker -add_ast_path -Xlinker /Users/admin/builder/spi-builder-workspace/.derivedData/Build/Intermediates.noindex/OpenAPIKit.build/Debug/OpenAPIKitCore.build/Objects-normal/x86_64/OpenAPIKitCore.swiftmodule -Xlinker -add_ast_path -Xlinker /Users/admin/builder/spi-builder-workspace/.derivedData/Build/Intermediates.noindex/OpenAPIKit.build/Debug/OpenAPIKit30.build/Objects-normal/x86_64/OpenAPIKit30.swiftmodule -Xlinker -add_ast_path -Xlinker /Users/admin/builder/spi-builder-workspace/.derivedData/Build/Intermediates.noindex/OpenAPIKit.build/Debug/OpenAPIKitCompat.build/Objects-normal/x86_64/OpenAPIKitCompat.swiftmodule -Xlinker -add_ast_path -Xlinker /Users/admin/builder/spi-builder-workspace/.derivedData/Build/Intermediates.noindex/swift-algorithms.build/Debug/Algorithms.build/Objects-normal/x86_64/Algorithms.swiftmodule -Xlinker -add_ast_path -Xlinker /Users/admin/builder/spi-builder-workspace/.derivedData/Build/Intermediates.noindex/swift-numerics.build/Debug/RealModule.build/Objects-normal/x86_64/RealModule.swiftmodule -Xlinker -add_ast_path -Xlinker /Users/admin/builder/spi-builder-workspace/.derivedData/Build/Intermediates.noindex/Yams.build/Debug/Yams.build/Objects-normal/x86_64/Yams.swiftmodule -Xlinker -add_ast_path -Xlinker /Users/admin/builder/spi-builder-workspace/.derivedData/Build/Intermediates.noindex/swift-openapi-generator.build/Debug/_OpenAPIGeneratorCore.build/Objects-normal/x86_64/_OpenAPIGeneratorCore.swiftmodule -Xlinker -add_ast_path -Xlinker /Users/admin/builder/spi-builder-workspace/.derivedData/Build/Intermediates.noindex/swift-argument-parser.build/Debug/ArgumentParser.build/Objects-normal/x86_64/ArgumentParser.swiftmodule -Xlinker -add_ast_path -Xlinker /Users/admin/builder/spi-builder-workspace/.derivedData/Build/Intermediates.noindex/swift-argument-parser.build/Debug/ArgumentParserToolInfo.build/Objects-normal/x86_64/ArgumentParserToolInfo.swiftmodule
CreateUniversalBinary /Users/admin/builder/spi-builder-workspace/.derivedData/Build/Products/Debug/swift-openapi-generator normal arm64\ x86_64 (in target 'swift-openapi-generator' from project 'swift-openapi-generator')
    cd /Users/admin/builder/spi-builder-workspace/.dependencies/checkouts/swift-openapi-generator
    /Applications/Xcode-16.3.0.app/Contents/Developer/Toolchains/XcodeDefault.xctoolchain/usr/bin/lipo -create /Users/admin/builder/spi-builder-workspace/.derivedData/Build/Intermediates.noindex/swift-openapi-generator.build/Debug/swift-openapi-generator.build/Objects-normal/arm64/Binary/swift-openapi-generator /Users/admin/builder/spi-builder-workspace/.derivedData/Build/Intermediates.noindex/swift-openapi-generator.build/Debug/swift-openapi-generator.build/Objects-normal/x86_64/Binary/swift-openapi-generator -output /Users/admin/builder/spi-builder-workspace/.derivedData/Build/Products/Debug/swift-openapi-generator
RegisterExecutionPolicyException /Users/admin/builder/spi-builder-workspace/.derivedData/Build/Products/Debug/swift-openapi-generator (in target 'swift-openapi-generator' from project 'swift-openapi-generator')
    cd /Users/admin/builder/spi-builder-workspace/.dependencies/checkouts/swift-openapi-generator
    builtin-RegisterExecutionPolicyException /Users/admin/builder/spi-builder-workspace/.derivedData/Build/Products/Debug/swift-openapi-generator
CustomTask Running\ swift-openapi-generator (in target 'LemmyKit' from project 'LemmyKit')
    cd /Users/admin/builder/spi-builder-workspace
    /usr/bin/sandbox-exec -p \(version\ 1\)'
'\(deny\ default\)'
'\(import\ \"system.sb\"\)'
'\(allow\ file-read\*\)'
'\(allow\ process\*\)'
'\(allow\ mach-lookup\ \(global-name\ \"com.apple.lsd.mapdb\"\)\)'
'\(allow\ file-write\*'
'\ \ \ \ \(subpath\ \"/private/tmp\"\)'
'\ \ \ \ \(subpath\ \"/private/var/folders/5k/5yc19ymj0jqd5v0zvgfqz0xw0000gn/T\"\)'
'\)'
'\(deny\ file-write\*'
'\ \ \ \ \(subpath\ \"/Users/admin/builder/spi-builder-workspace\"\)'
'\)'
'\(allow\ file-write\*'
'\ \ \ \ \(subpath\ \"/Users/admin/builder/spi-builder-workspace/.derivedData/Build/Intermediates.noindex/BuildToolPluginIntermediates/spi-builder-workspace.output/LemmyKit/OpenAPIGenerator\"\)'
'\ \ \ \ \(subpath\ \"/private/var/folders/5k/5yc19ymj0jqd5v0zvgfqz0xw0000gn/T/TemporaryItems\"\)'
'\)'
' //Users/admin/builder/spi-builder-workspace/.derivedData/Build/Products/Debug/swift-openapi-generator generate /Users/admin/builder/spi-builder-workspace/Sources/LemmyKit/openapi.yaml --config /Users/admin/builder/spi-builder-workspace/Sources/LemmyKit/openapi-generator-config.yaml --output-directory /Users/admin/builder/spi-builder-workspace/.derivedData/Build/Intermediates.noindex/BuildToolPluginIntermediates/spi-builder-workspace.output/LemmyKit/OpenAPIGenerator/GeneratedSources --plugin-source build
Swift OpenAPI Generator is running with the following configuration:
- OpenAPI document path: /Users/admin/builder/spi-builder-workspace/Sources/LemmyKit/openapi.yaml
- Configuration path: /Users/admin/builder/spi-builder-workspace/Sources/LemmyKit/openapi-generator-config.yaml
- Generator modes: types, client
- Access modifier: public
- Naming strategy: defensive
- Name overrides: <none>
- Type overrides: <none>
- Feature flags: <none>
- Output file names: Types.swift, Client.swift
- Output directory: /Users/admin/builder/spi-builder-workspace/.derivedData/Build/Intermediates.noindex/BuildToolPluginIntermediates/spi-builder-workspace.output/LemmyKit/OpenAPIGenerator/GeneratedSources
- Diagnostics output path: <none - logs to stderr>
- Current directory: /Users/admin/builder/spi-builder-workspace
- Plugin source: build
- Is dry run: false
- Additional imports: <none>
- Additional file comments: <none>LLVM Profile Error: Failed to write file "default.profraw": Operation not permitted
Writing data to file Client.swift...
Writing data to file Types.swift...
Writing data to file Server.swift...
SwiftDriver LemmyKit normal arm64 com.apple.xcode.tools.swift.compiler (in target 'LemmyKit' from project 'LemmyKit')
    cd /Users/admin/builder/spi-builder-workspace/.swiftpm/xcode
    builtin-SwiftDriver -- /Applications/Xcode-16.3.0.app/Contents/Developer/Toolchains/XcodeDefault.xctoolchain/usr/bin/swiftc -module-name LemmyKit -Onone -enforce-exclusivity\=checked @/Users/admin/builder/spi-builder-workspace/.derivedData/Build/Intermediates.noindex/LemmyKit.build/Debug-appletvos/LemmyKit.build/Objects-normal/arm64/LemmyKit.SwiftFileList -DSWIFT_PACKAGE -DDEBUG -DXcode -plugin-path /Applications/Xcode-16.3.0.app/Contents/Developer/Toolchains/XcodeDefault.xctoolchain/usr/lib/swift/host/plugins/testing -enable-experimental-feature DebugDescriptionMacro -sdk /Applications/Xcode-16.3.0.app/Contents/Developer/Platforms/AppleTVOS.platform/Developer/SDKs/AppleTVOS18.4.sdk -target arm64-apple-tvos15.0 -g -module-cache-path /Users/admin/builder/spi-builder-workspace/.derivedData/ModuleCache.noindex -Xfrontend -serialize-debugging-options -profile-coverage-mapping -profile-generate -enable-testing -index-store-path /Users/admin/builder/spi-builder-workspace/.derivedData/Index.noindex/DataStore -swift-version 6 -I /Users/admin/builder/spi-builder-workspace/.derivedData/Build/Products/Debug-appletvos -I /Applications/Xcode-16.3.0.app/Contents/Developer/Platforms/AppleTVOS.platform/Developer/usr/lib -F /Users/admin/builder/spi-builder-workspace/.derivedData/Build/Products/Debug-appletvos/PackageFrameworks -F /Users/admin/builder/spi-builder-workspace/.derivedData/Build/Products/Debug-appletvos/PackageFrameworks -F /Users/admin/builder/spi-builder-workspace/.derivedData/Build/Products/Debug-appletvos/PackageFrameworks -F /Users/admin/builder/spi-builder-workspace/.derivedData/Build/Products/Debug-appletvos/PackageFrameworks -F /Users/admin/builder/spi-builder-workspace/.derivedData/Build/Products/Debug-appletvos/PackageFrameworks -F /Users/admin/builder/spi-builder-workspace/.derivedData/Build/Products/Debug-appletvos/PackageFrameworks -F /Users/admin/builder/spi-builder-workspace/.derivedData/Build/Products/Debug-appletvos -F /Applications/Xcode-16.3.0.app/Contents/Developer/Platforms/AppleTVOS.platform/Developer/Library/Frameworks -F /Applications/Xcode-16.3.0.app/Contents/Developer/Platforms/AppleTVOS.platform/Developer/SDKs/AppleTVOS18.4.sdk/Developer/Library/Frameworks -c -j10 -enable-batch-mode -incremental -Xcc -ivfsstatcache -Xcc /Users/admin/builder/spi-builder-workspace/.derivedData/SDKStatCaches.noindex/appletvos18.4-22L251-271d326055c85f9856fa135c41255102.sdkstatcache -output-file-map /Users/admin/builder/spi-builder-workspace/.derivedData/Build/Intermediates.noindex/LemmyKit.build/Debug-appletvos/LemmyKit.build/Objects-normal/arm64/LemmyKit-OutputFileMap.json -use-frontend-parseable-output -save-temps -no-color-diagnostics -serialize-diagnostics -emit-dependencies -emit-module -emit-module-path /Users/admin/builder/spi-builder-workspace/.derivedData/Build/Intermediates.noindex/LemmyKit.build/Debug-appletvos/LemmyKit.build/Objects-normal/arm64/LemmyKit.swiftmodule -validate-clang-modules-once -clang-build-session-file /Users/admin/builder/spi-builder-workspace/.derivedData/ModuleCache.noindex/Session.modulevalidation -package-name spi_builder_workspace -Xcc -I/Users/admin/builder/spi-builder-workspace/.derivedData/Build/Intermediates.noindex/LemmyKit.build/Debug-appletvos/LemmyKit.build/swift-overrides.hmap -emit-const-values -Xfrontend -const-gather-protocols-file -Xfrontend /Users/admin/builder/spi-builder-workspace/.derivedData/Build/Intermediates.noindex/LemmyKit.build/Debug-appletvos/LemmyKit.build/Objects-normal/arm64/LemmyKit_const_extract_protocols.json -Xcc -I/Users/admin/builder/spi-builder-workspace/.derivedData/Build/Products/Debug-appletvos/include -Xcc -I/Users/admin/builder/spi-builder-workspace/.derivedData/Build/Intermediates.noindex/LemmyKit.build/Debug-appletvos/LemmyKit.build/DerivedSources-normal/arm64 -Xcc -I/Users/admin/builder/spi-builder-workspace/.derivedData/Build/Intermediates.noindex/LemmyKit.build/Debug-appletvos/LemmyKit.build/DerivedSources/arm64 -Xcc -I/Users/admin/builder/spi-builder-workspace/.derivedData/Build/Intermediates.noindex/LemmyKit.build/Debug-appletvos/LemmyKit.build/DerivedSources -Xcc -DSWIFT_PACKAGE -Xcc -DDEBUG\=1 -emit-objc-header -emit-objc-header-path /Users/admin/builder/spi-builder-workspace/.derivedData/Build/Intermediates.noindex/LemmyKit.build/Debug-appletvos/LemmyKit.build/Objects-normal/arm64/LemmyKit-Swift.h -working-directory /Users/admin/builder/spi-builder-workspace/.swiftpm/xcode -experimental-emit-module-separately -disable-cmo
SwiftCompile normal arm64 Compiling\ CommentSortType+Identifiable.swift,\ CommentSortType+allCases.swift,\ SortType+Identifiable.swift,\ SortType+allCases.swift,\ LemmyApi+AddAdmin.swift,\ LemmyApi+AddModToCommunity.swift,\ LemmyApi+ApproveRegistrationApplication.swift,\ LemmyApi+BanFromCommunity.swift,\ LemmyApi+BanPerson.swift,\ LemmyApi+BlockCommunity.swift,\ LemmyApi+BlockInstance.swift,\ LemmyApi+BlockPerson.swift,\ LemmyApi+ChangePassword.swift /Users/admin/builder/spi-builder-workspace/Sources/LemmyKit/Extensions/CommentSortType+Identifiable.swift /Users/admin/builder/spi-builder-workspace/Sources/LemmyKit/Extensions/CommentSortType+allCases.swift /Users/admin/builder/spi-builder-workspace/Sources/LemmyKit/Extensions/SortType+Identifiable.swift /Users/admin/builder/spi-builder-workspace/Sources/LemmyKit/Extensions/SortType+allCases.swift /Users/admin/builder/spi-builder-workspace/Sources/LemmyKit/LemmyApi+AddAdmin.swift /Users/admin/builder/spi-builder-workspace/Sources/LemmyKit/LemmyApi+AddModToCommunity.swift /Users/admin/builder/spi-builder-workspace/Sources/LemmyKit/LemmyApi+ApproveRegistrationApplication.swift /Users/admin/builder/spi-builder-workspace/Sources/LemmyKit/LemmyApi+BanFromCommunity.swift /Users/admin/builder/spi-builder-workspace/Sources/LemmyKit/LemmyApi+BanPerson.swift /Users/admin/builder/spi-builder-workspace/Sources/LemmyKit/LemmyApi+BlockCommunity.swift /Users/admin/builder/spi-builder-workspace/Sources/LemmyKit/LemmyApi+BlockInstance.swift /Users/admin/builder/spi-builder-workspace/Sources/LemmyKit/LemmyApi+BlockPerson.swift /Users/admin/builder/spi-builder-workspace/Sources/LemmyKit/LemmyApi+ChangePassword.swift (in target 'LemmyKit' from project 'LemmyKit')
SwiftCompile normal arm64 /Users/admin/builder/spi-builder-workspace/Sources/LemmyKit/Extensions/CommentSortType+Identifiable.swift (in target 'LemmyKit' from project 'LemmyKit')
    cd /Users/admin/builder/spi-builder-workspace/.swiftpm/xcode

SwiftCompile normal arm64 /Users/admin/builder/spi-builder-workspace/Sources/LemmyKit/Extensions/CommentSortType+allCases.swift (in target 'LemmyKit' from project 'LemmyKit')
    cd /Users/admin/builder/spi-builder-workspace/.swiftpm/xcode

SwiftCompile normal arm64 /Users/admin/builder/spi-builder-workspace/Sources/LemmyKit/Extensions/SortType+Identifiable.swift (in target 'LemmyKit' from project 'LemmyKit')
    cd /Users/admin/builder/spi-builder-workspace/.swiftpm/xcode

SwiftCompile normal arm64 /Users/admin/builder/spi-builder-workspace/Sources/LemmyKit/Extensions/SortType+allCases.swift (in target 'LemmyKit' from project 'LemmyKit')
    cd /Users/admin/builder/spi-builder-workspace/.swiftpm/xcode

SwiftCompile normal arm64 /Users/admin/builder/spi-builder-workspace/Sources/LemmyKit/LemmyApi+AddAdmin.swift (in target 'LemmyKit' from project 'LemmyKit')
    cd /Users/admin/builder/spi-builder-workspace/.swiftpm/xcode

SwiftCompile normal arm64 /Users/admin/builder/spi-builder-workspace/Sources/LemmyKit/LemmyApi+AddModToCommunity.swift (in target 'LemmyKit' from project 'LemmyKit')
    cd /Users/admin/builder/spi-builder-workspace/.swiftpm/xcode

SwiftCompile normal arm64 /Users/admin/builder/spi-builder-workspace/Sources/LemmyKit/LemmyApi+ApproveRegistrationApplication.swift (in target 'LemmyKit' from project 'LemmyKit')
    cd /Users/admin/builder/spi-builder-workspace/.swiftpm/xcode

SwiftCompile normal arm64 /Users/admin/builder/spi-builder-workspace/Sources/LemmyKit/LemmyApi+BanFromCommunity.swift (in target 'LemmyKit' from project 'LemmyKit')
    cd /Users/admin/builder/spi-builder-workspace/.swiftpm/xcode

SwiftCompile normal arm64 /Users/admin/builder/spi-builder-workspace/Sources/LemmyKit/LemmyApi+BanPerson.swift (in target 'LemmyKit' from project 'LemmyKit')
    cd /Users/admin/builder/spi-builder-workspace/.swiftpm/xcode

SwiftCompile normal arm64 /Users/admin/builder/spi-builder-workspace/Sources/LemmyKit/LemmyApi+BlockCommunity.swift (in target 'LemmyKit' from project 'LemmyKit')
    cd /Users/admin/builder/spi-builder-workspace/.swiftpm/xcode

SwiftCompile normal arm64 /Users/admin/builder/spi-builder-workspace/Sources/LemmyKit/LemmyApi+BlockInstance.swift (in target 'LemmyKit' from project 'LemmyKit')
    cd /Users/admin/builder/spi-builder-workspace/.swiftpm/xcode

SwiftCompile normal arm64 /Users/admin/builder/spi-builder-workspace/Sources/LemmyKit/LemmyApi+BlockPerson.swift (in target 'LemmyKit' from project 'LemmyKit')
    cd /Users/admin/builder/spi-builder-workspace/.swiftpm/xcode

SwiftCompile normal arm64 /Users/admin/builder/spi-builder-workspace/Sources/LemmyKit/LemmyApi+ChangePassword.swift (in target 'LemmyKit' from project 'LemmyKit')
    cd /Users/admin/builder/spi-builder-workspace/.swiftpm/xcode

SwiftCompile normal arm64 Compiling\ LemmyApi+PurgePerson.swift,\ LemmyApi+PurgePost.swift,\ LemmyApi+Register.swift,\ LemmyApi+RemoveComment.swift,\ LemmyApi+RemoveCommunity.swift,\ LemmyApi+RemovePost.swift,\ LemmyApi+ReportPrivateMessage.swift,\ LemmyApi+ResolveCommentReport.swift,\ LemmyApi+ResolveObject.swift,\ LemmyApi+ResolvePostReport.swift,\ LemmyApi+ResolvePrivateMessageReport.swift,\ LemmyApi+SaveComment.swift,\ LemmyApi+SavePost.swift /Users/admin/builder/spi-builder-workspace/Sources/LemmyKit/LemmyApi+PurgePerson.swift /Users/admin/builder/spi-builder-workspace/Sources/LemmyKit/LemmyApi+PurgePost.swift /Users/admin/builder/spi-builder-workspace/Sources/LemmyKit/LemmyApi+Register.swift /Users/admin/builder/spi-builder-workspace/Sources/LemmyKit/LemmyApi+RemoveComment.swift /Users/admin/builder/spi-builder-workspace/Sources/LemmyKit/LemmyApi+RemoveCommunity.swift /Users/admin/builder/spi-builder-workspace/Sources/LemmyKit/LemmyApi+RemovePost.swift /Users/admin/builder/spi-builder-workspace/Sources/LemmyKit/LemmyApi+ReportPrivateMessage.swift /Users/admin/builder/spi-builder-workspace/Sources/LemmyKit/LemmyApi+ResolveCommentReport.swift /Users/admin/builder/spi-builder-workspace/Sources/LemmyKit/LemmyApi+ResolveObject.swift /Users/admin/builder/spi-builder-workspace/Sources/LemmyKit/LemmyApi+ResolvePostReport.swift /Users/admin/builder/spi-builder-workspace/Sources/LemmyKit/LemmyApi+ResolvePrivateMessageReport.swift /Users/admin/builder/spi-builder-workspace/Sources/LemmyKit/LemmyApi+SaveComment.swift /Users/admin/builder/spi-builder-workspace/Sources/LemmyKit/LemmyApi+SavePost.swift (in target 'LemmyKit' from project 'LemmyKit')
SwiftCompile normal arm64 /Users/admin/builder/spi-builder-workspace/Sources/LemmyKit/LemmyApi+PurgePerson.swift (in target 'LemmyKit' from project 'LemmyKit')
    cd /Users/admin/builder/spi-builder-workspace/.swiftpm/xcode

SwiftCompile normal arm64 /Users/admin/builder/spi-builder-workspace/Sources/LemmyKit/LemmyApi+PurgePost.swift (in target 'LemmyKit' from project 'LemmyKit')
    cd /Users/admin/builder/spi-builder-workspace/.swiftpm/xcode

SwiftCompile normal arm64 /Users/admin/builder/spi-builder-workspace/Sources/LemmyKit/LemmyApi+Register.swift (in target 'LemmyKit' from project 'LemmyKit')
    cd /Users/admin/builder/spi-builder-workspace/.swiftpm/xcode

SwiftCompile normal arm64 /Users/admin/builder/spi-builder-workspace/Sources/LemmyKit/LemmyApi+RemoveComment.swift (in target 'LemmyKit' from project 'LemmyKit')
    cd /Users/admin/builder/spi-builder-workspace/.swiftpm/xcode

SwiftCompile normal arm64 /Users/admin/builder/spi-builder-workspace/Sources/LemmyKit/LemmyApi+RemoveCommunity.swift (in target 'LemmyKit' from project 'LemmyKit')
    cd /Users/admin/builder/spi-builder-workspace/.swiftpm/xcode

SwiftCompile normal arm64 /Users/admin/builder/spi-builder-workspace/Sources/LemmyKit/LemmyApi+RemovePost.swift (in target 'LemmyKit' from project 'LemmyKit')
    cd /Users/admin/builder/spi-builder-workspace/.swiftpm/xcode

SwiftCompile normal arm64 /Users/admin/builder/spi-builder-workspace/Sources/LemmyKit/LemmyApi+ReportPrivateMessage.swift (in target 'LemmyKit' from project 'LemmyKit')
    cd /Users/admin/builder/spi-builder-workspace/.swiftpm/xcode

SwiftCompile normal arm64 /Users/admin/builder/spi-builder-workspace/Sources/LemmyKit/LemmyApi+ResolveCommentReport.swift (in target 'LemmyKit' from project 'LemmyKit')
    cd /Users/admin/builder/spi-builder-workspace/.swiftpm/xcode

SwiftCompile normal arm64 /Users/admin/builder/spi-builder-workspace/Sources/LemmyKit/LemmyApi+ResolveObject.swift (in target 'LemmyKit' from project 'LemmyKit')
    cd /Users/admin/builder/spi-builder-workspace/.swiftpm/xcode

SwiftCompile normal arm64 /Users/admin/builder/spi-builder-workspace/Sources/LemmyKit/LemmyApi+ResolvePostReport.swift (in target 'LemmyKit' from project 'LemmyKit')
    cd /Users/admin/builder/spi-builder-workspace/.swiftpm/xcode

SwiftCompile normal arm64 /Users/admin/builder/spi-builder-workspace/Sources/LemmyKit/LemmyApi+ResolvePrivateMessageReport.swift (in target 'LemmyKit' from project 'LemmyKit')
    cd /Users/admin/builder/spi-builder-workspace/.swiftpm/xcode

SwiftCompile normal arm64 /Users/admin/builder/spi-builder-workspace/Sources/LemmyKit/LemmyApi+SaveComment.swift (in target 'LemmyKit' from project 'LemmyKit')
    cd /Users/admin/builder/spi-builder-workspace/.swiftpm/xcode

SwiftCompile normal arm64 /Users/admin/builder/spi-builder-workspace/Sources/LemmyKit/LemmyApi+SavePost.swift (in target 'LemmyKit' from project 'LemmyKit')
    cd /Users/admin/builder/spi-builder-workspace/.swiftpm/xcode

SwiftCompile normal arm64 Compiling\ LemmyApi+GetPersonDetails+username.swift,\ LemmyApi+GetPersonMentions.swift,\ LemmyApi+GetPost.swift,\ LemmyApi+GetPosts+Community.swift,\ LemmyApi+GetPosts+ListingType.swift,\ LemmyApi+GetPosts.swift,\ LemmyApi+GetPrivateMessages.swift,\ LemmyApi+GetRegistrationApplication.swift,\ LemmyApi+GetReplies.swift,\ LemmyApi+GetReportCount.swift,\ LemmyApi+GetSite.swift,\ LemmyApi+GetSiteMetadata.swift,\ LemmyApi+GetUnreadCount.swift /Users/admin/builder/spi-builder-workspace/Sources/LemmyKit/LemmyApi+GetPersonDetails+username.swift /Users/admin/builder/spi-builder-workspace/Sources/LemmyKit/LemmyApi+GetPersonMentions.swift /Users/admin/builder/spi-builder-workspace/Sources/LemmyKit/LemmyApi+GetPost.swift /Users/admin/builder/spi-builder-workspace/Sources/LemmyKit/LemmyApi+GetPosts+Community.swift /Users/admin/builder/spi-builder-workspace/Sources/LemmyKit/LemmyApi+GetPosts+ListingType.swift /Users/admin/builder/spi-builder-workspace/Sources/LemmyKit/LemmyApi+GetPosts.swift /Users/admin/builder/spi-builder-workspace/Sources/LemmyKit/LemmyApi+GetPrivateMessages.swift /Users/admin/builder/spi-builder-workspace/Sources/LemmyKit/LemmyApi+GetRegistrationApplication.swift /Users/admin/builder/spi-builder-workspace/Sources/LemmyKit/LemmyApi+GetReplies.swift /Users/admin/builder/spi-builder-workspace/Sources/LemmyKit/LemmyApi+GetReportCount.swift /Users/admin/builder/spi-builder-workspace/Sources/LemmyKit/LemmyApi+GetSite.swift /Users/admin/builder/spi-builder-workspace/Sources/LemmyKit/LemmyApi+GetSiteMetadata.swift /Users/admin/builder/spi-builder-workspace/Sources/LemmyKit/LemmyApi+GetUnreadCount.swift (in target 'LemmyKit' from project 'LemmyKit')
SwiftCompile normal arm64 /Users/admin/builder/spi-builder-workspace/Sources/LemmyKit/LemmyApi+GetPersonDetails+username.swift (in target 'LemmyKit' from project 'LemmyKit')
    cd /Users/admin/builder/spi-builder-workspace/.swiftpm/xcode

SwiftCompile normal arm64 /Users/admin/builder/spi-builder-workspace/Sources/LemmyKit/LemmyApi+GetPersonMentions.swift (in target 'LemmyKit' from project 'LemmyKit')
    cd /Users/admin/builder/spi-builder-workspace/.swiftpm/xcode

SwiftCompile normal arm64 /Users/admin/builder/spi-builder-workspace/Sources/LemmyKit/LemmyApi+GetPost.swift (in target 'LemmyKit' from project 'LemmyKit')
    cd /Users/admin/builder/spi-builder-workspace/.swiftpm/xcode

SwiftCompile normal arm64 /Users/admin/builder/spi-builder-workspace/Sources/LemmyKit/LemmyApi+GetPosts+Community.swift (in target 'LemmyKit' from project 'LemmyKit')
    cd /Users/admin/builder/spi-builder-workspace/.swiftpm/xcode

SwiftCompile normal arm64 /Users/admin/builder/spi-builder-workspace/Sources/LemmyKit/LemmyApi+GetPosts+ListingType.swift (in target 'LemmyKit' from project 'LemmyKit')
    cd /Users/admin/builder/spi-builder-workspace/.swiftpm/xcode

SwiftCompile normal arm64 /Users/admin/builder/spi-builder-workspace/Sources/LemmyKit/LemmyApi+GetPosts.swift (in target 'LemmyKit' from project 'LemmyKit')
    cd /Users/admin/builder/spi-builder-workspace/.swiftpm/xcode

SwiftCompile normal arm64 /Users/admin/builder/spi-builder-workspace/Sources/LemmyKit/LemmyApi+GetPrivateMessages.swift (in target 'LemmyKit' from project 'LemmyKit')
    cd /Users/admin/builder/spi-builder-workspace/.swiftpm/xcode

SwiftCompile normal arm64 /Users/admin/builder/spi-builder-workspace/Sources/LemmyKit/LemmyApi+GetRegistrationApplication.swift (in target 'LemmyKit' from project 'LemmyKit')
    cd /Users/admin/builder/spi-builder-workspace/.swiftpm/xcode

SwiftCompile normal arm64 /Users/admin/builder/spi-builder-workspace/Sources/LemmyKit/LemmyApi+GetReplies.swift (in target 'LemmyKit' from project 'LemmyKit')
    cd /Users/admin/builder/spi-builder-workspace/.swiftpm/xcode

SwiftCompile normal arm64 /Users/admin/builder/spi-builder-workspace/Sources/LemmyKit/LemmyApi+GetReportCount.swift (in target 'LemmyKit' from project 'LemmyKit')
    cd /Users/admin/builder/spi-builder-workspace/.swiftpm/xcode

SwiftCompile normal arm64 /Users/admin/builder/spi-builder-workspace/Sources/LemmyKit/LemmyApi+GetSite.swift (in target 'LemmyKit' from project 'LemmyKit')
    cd /Users/admin/builder/spi-builder-workspace/.swiftpm/xcode

SwiftCompile normal arm64 /Users/admin/builder/spi-builder-workspace/Sources/LemmyKit/LemmyApi+GetSiteMetadata.swift (in target 'LemmyKit' from project 'LemmyKit')
    cd /Users/admin/builder/spi-builder-workspace/.swiftpm/xcode

SwiftCompile normal arm64 /Users/admin/builder/spi-builder-workspace/Sources/LemmyKit/LemmyApi+GetUnreadCount.swift (in target 'LemmyKit' from project 'LemmyKit')
    cd /Users/admin/builder/spi-builder-workspace/.swiftpm/xcode

SwiftCompile normal arm64 Compiling\ LemmyApi+GetBannedPersons.swift,\ LemmyApi+GetCaptcha.swift,\ LemmyApi+GetComment.swift,\ LemmyApi+GetComments+Community.swift,\ LemmyApi+GetComments+ListingType.swift,\ LemmyApi+GetComments+Parent.swift,\ LemmyApi+GetComments+Post.swift,\ LemmyApi+GetComments.swift,\ LemmyApi+GetCommunity.swift,\ LemmyApi+GetFederatedInstances.swift,\ LemmyApi+GetImage.swift,\ LemmyApi+GetModlog.swift,\ LemmyApi+GetPersonDetails+id.swift /Users/admin/builder/spi-builder-workspace/Sources/LemmyKit/LemmyApi+GetBannedPersons.swift /Users/admin/builder/spi-builder-workspace/Sources/LemmyKit/LemmyApi+GetCaptcha.swift /Users/admin/builder/spi-builder-workspace/Sources/LemmyKit/LemmyApi+GetComment.swift /Users/admin/builder/spi-builder-workspace/Sources/LemmyKit/LemmyApi+GetComments+Community.swift /Users/admin/builder/spi-builder-workspace/Sources/LemmyKit/LemmyApi+GetComments+ListingType.swift /Users/admin/builder/spi-builder-workspace/Sources/LemmyKit/LemmyApi+GetComments+Parent.swift /Users/admin/builder/spi-builder-workspace/Sources/LemmyKit/LemmyApi+GetComments+Post.swift /Users/admin/builder/spi-builder-workspace/Sources/LemmyKit/LemmyApi+GetComments.swift /Users/admin/builder/spi-builder-workspace/Sources/LemmyKit/LemmyApi+GetCommunity.swift /Users/admin/builder/spi-builder-workspace/Sources/LemmyKit/LemmyApi+GetFederatedInstances.swift /Users/admin/builder/spi-builder-workspace/Sources/LemmyKit/LemmyApi+GetImage.swift /Users/admin/builder/spi-builder-workspace/Sources/LemmyKit/LemmyApi+GetModlog.swift /Users/admin/builder/spi-builder-workspace/Sources/LemmyKit/LemmyApi+GetPersonDetails+id.swift (in target 'LemmyKit' from project 'LemmyKit')
SwiftCompile normal arm64 /Users/admin/builder/spi-builder-workspace/Sources/LemmyKit/LemmyApi+GetBannedPersons.swift (in target 'LemmyKit' from project 'LemmyKit')
    cd /Users/admin/builder/spi-builder-workspace/.swiftpm/xcode

SwiftCompile normal arm64 /Users/admin/builder/spi-builder-workspace/Sources/LemmyKit/LemmyApi+GetCaptcha.swift (in target 'LemmyKit' from project 'LemmyKit')
    cd /Users/admin/builder/spi-builder-workspace/.swiftpm/xcode

SwiftCompile normal arm64 /Users/admin/builder/spi-builder-workspace/Sources/LemmyKit/LemmyApi+GetComment.swift (in target 'LemmyKit' from project 'LemmyKit')
    cd /Users/admin/builder/spi-builder-workspace/.swiftpm/xcode

SwiftCompile normal arm64 /Users/admin/builder/spi-builder-workspace/Sources/LemmyKit/LemmyApi+GetComments+Community.swift (in target 'LemmyKit' from project 'LemmyKit')
    cd /Users/admin/builder/spi-builder-workspace/.swiftpm/xcode

SwiftCompile normal arm64 /Users/admin/builder/spi-builder-workspace/Sources/LemmyKit/LemmyApi+GetComments+ListingType.swift (in target 'LemmyKit' from project 'LemmyKit')
    cd /Users/admin/builder/spi-builder-workspace/.swiftpm/xcode

SwiftCompile normal arm64 /Users/admin/builder/spi-builder-workspace/Sources/LemmyKit/LemmyApi+GetComments+Parent.swift (in target 'LemmyKit' from project 'LemmyKit')
    cd /Users/admin/builder/spi-builder-workspace/.swiftpm/xcode

SwiftCompile normal arm64 /Users/admin/builder/spi-builder-workspace/Sources/LemmyKit/LemmyApi+GetComments+Post.swift (in target 'LemmyKit' from project 'LemmyKit')
    cd /Users/admin/builder/spi-builder-workspace/.swiftpm/xcode

SwiftCompile normal arm64 /Users/admin/builder/spi-builder-workspace/Sources/LemmyKit/LemmyApi+GetComments.swift (in target 'LemmyKit' from project 'LemmyKit')
    cd /Users/admin/builder/spi-builder-workspace/.swiftpm/xcode

SwiftCompile normal arm64 /Users/admin/builder/spi-builder-workspace/Sources/LemmyKit/LemmyApi+GetCommunity.swift (in target 'LemmyKit' from project 'LemmyKit')
    cd /Users/admin/builder/spi-builder-workspace/.swiftpm/xcode

SwiftCompile normal arm64 /Users/admin/builder/spi-builder-workspace/Sources/LemmyKit/LemmyApi+GetFederatedInstances.swift (in target 'LemmyKit' from project 'LemmyKit')
    cd /Users/admin/builder/spi-builder-workspace/.swiftpm/xcode

SwiftCompile normal arm64 /Users/admin/builder/spi-builder-workspace/Sources/LemmyKit/LemmyApi+GetImage.swift (in target 'LemmyKit' from project 'LemmyKit')
    cd /Users/admin/builder/spi-builder-workspace/.swiftpm/xcode

SwiftCompile normal arm64 /Users/admin/builder/spi-builder-workspace/Sources/LemmyKit/LemmyApi+GetModlog.swift (in target 'LemmyKit' from project 'LemmyKit')
    cd /Users/admin/builder/spi-builder-workspace/.swiftpm/xcode

SwiftCompile normal arm64 /Users/admin/builder/spi-builder-workspace/Sources/LemmyKit/LemmyApi+GetPersonDetails+id.swift (in target 'LemmyKit' from project 'LemmyKit')
    cd /Users/admin/builder/spi-builder-workspace/.swiftpm/xcode

SwiftCompile normal arm64 Compiling\ LemmyApi+SaveUserSettings.swift,\ LemmyApi+Search.swift,\ LemmyApi+TransferCommunity.swift,\ LemmyApi+UpdateTotp.swift,\ LemmyApi+UploadImage.swift,\ LemmyApi+ValidateAuth.swift,\ LemmyApi+VerifyEmail.swift,\ LemmyApi.swift,\ LemmyApiError+fromClientError.swift,\ LemmyApiError.swift,\ LemmyCredential.swift,\ AuthorizationMiddleware.swift,\ CommentPath.swift /Users/admin/builder/spi-builder-workspace/Sources/LemmyKit/LemmyApi+SaveUserSettings.swift /Users/admin/builder/spi-builder-workspace/Sources/LemmyKit/LemmyApi+Search.swift /Users/admin/builder/spi-builder-workspace/Sources/LemmyKit/LemmyApi+TransferCommunity.swift /Users/admin/builder/spi-builder-workspace/Sources/LemmyKit/LemmyApi+UpdateTotp.swift /Users/admin/builder/spi-builder-workspace/Sources/LemmyKit/LemmyApi+UploadImage.swift /Users/admin/builder/spi-builder-workspace/Sources/LemmyKit/LemmyApi+ValidateAuth.swift /Users/admin/builder/spi-builder-workspace/Sources/LemmyKit/LemmyApi+VerifyEmail.swift /Users/admin/builder/spi-builder-workspace/Sources/LemmyKit/LemmyApi.swift /Users/admin/builder/spi-builder-workspace/Sources/LemmyKit/LemmyApiError+fromClientError.swift /Users/admin/builder/spi-builder-workspace/Sources/LemmyKit/LemmyApiError.swift /Users/admin/builder/spi-builder-workspace/Sources/LemmyKit/LemmyCredential.swift /Users/admin/builder/spi-builder-workspace/Sources/LemmyKit/Utils/AuthorizationMiddleware.swift /Users/admin/builder/spi-builder-workspace/Sources/LemmyKit/Utils/CommentPath.swift (in target 'LemmyKit' from project 'LemmyKit')
Failed frontend command:
/Applications/Xcode-16.3.0.app/Contents/Developer/Toolchains/XcodeDefault.xctoolchain/usr/bin/swift-frontend -frontend -c -filelist /Users/admin/builder/spi-builder-workspace/.derivedData/Build/Intermediates.noindex/LemmyKit.build/Debug-appletvos/LemmyKit.build/Objects-normal/arm64/sources-1 -primary-file /Users/admin/builder/spi-builder-workspace/Sources/LemmyKit/LemmyApi+SaveUserSettings.swift -primary-file /Users/admin/builder/spi-builder-workspace/Sources/LemmyKit/LemmyApi+Search.swift -primary-file /Users/admin/builder/spi-builder-workspace/Sources/LemmyKit/LemmyApi+TransferCommunity.swift -primary-file /Users/admin/builder/spi-builder-workspace/Sources/LemmyKit/LemmyApi+UpdateTotp.swift -primary-file /Users/admin/builder/spi-builder-workspace/Sources/LemmyKit/LemmyApi+UploadImage.swift -primary-file /Users/admin/builder/spi-builder-workspace/Sources/LemmyKit/LemmyApi+ValidateAuth.swift -primary-file /Users/admin/builder/spi-builder-workspace/Sources/LemmyKit/LemmyApi+VerifyEmail.swift -primary-file /Users/admin/builder/spi-builder-workspace/Sources/LemmyKit/LemmyApi.swift -primary-file /Users/admin/builder/spi-builder-workspace/Sources/LemmyKit/LemmyApiError+fromClientError.swift -primary-file /Users/admin/builder/spi-builder-workspace/Sources/LemmyKit/LemmyApiError.swift -primary-file /Users/admin/builder/spi-builder-workspace/Sources/LemmyKit/LemmyCredential.swift -primary-file /Users/admin/builder/spi-builder-workspace/Sources/LemmyKit/Utils/AuthorizationMiddleware.swift -primary-file /Users/admin/builder/spi-builder-workspace/Sources/LemmyKit/Utils/CommentPath.swift -supplementary-output-file-map /Users/admin/builder/spi-builder-workspace/.derivedData/Build/Intermediates.noindex/LemmyKit.build/Debug-appletvos/LemmyKit.build/Objects-normal/arm64/supplementaryOutputs-301 -target arm64-apple-tvos15.0 -Xllvm -aarch64-use-tbi -enable-objc-interop -stack-check -sdk /Applications/Xcode-16.3.0.app/Contents/Developer/Platforms/AppleTVOS.platform/Developer/SDKs/AppleTVOS18.4.sdk -I /Users/admin/builder/spi-builder-workspace/.derivedData/Build/Products/Debug-appletvos -I /Applications/Xcode-16.3.0.app/Contents/Developer/Platforms/AppleTVOS.platform/Developer/usr/lib -F /Users/admin/builder/spi-builder-workspace/.derivedData/Build/Products/Debug-appletvos/PackageFrameworks -F /Users/admin/builder/spi-builder-workspace/.derivedData/Build/Products/Debug-appletvos/PackageFrameworks -F /Users/admin/builder/spi-builder-workspace/.derivedData/Build/Products/Debug-appletvos/PackageFrameworks -F /Users/admin/builder/spi-builder-workspace/.derivedData/Build/Products/Debug-appletvos/PackageFrameworks -F /Users/admin/builder/spi-builder-workspace/.derivedData/Build/Products/Debug-appletvos/PackageFrameworks -F /Users/admin/builder/spi-builder-workspace/.derivedData/Build/Products/Debug-appletvos/PackageFrameworks -F /Users/admin/builder/spi-builder-workspace/.derivedData/Build/Products/Debug-appletvos -F /Applications/Xcode-16.3.0.app/Contents/Developer/Platforms/AppleTVOS.platform/Developer/Library/Frameworks -F /Applications/Xcode-16.3.0.app/Contents/Developer/Platforms/AppleTVOS.platform/Developer/SDKs/AppleTVOS18.4.sdk/Developer/Library/Frameworks -no-color-diagnostics -enable-testing -g -debug-info-format\=dwarf -dwarf-version\=4 -module-cache-path /Users/admin/builder/spi-builder-workspace/.derivedData/ModuleCache.noindex -profile-generate -profile-coverage-mapping -swift-version 6 -enforce-exclusivity\=checked -Onone -D SWIFT_PACKAGE -D DEBUG -D Xcode -serialize-debugging-options -const-gather-protocols-file /Users/admin/builder/spi-builder-workspace/.derivedData/Build/Intermediates.noindex/LemmyKit.build/Debug-appletvos/LemmyKit.build/Objects-normal/arm64/LemmyKit_const_extract_protocols.json -enable-experimental-feature DebugDescriptionMacro -empty-abi-descriptor -plugin-path /Applications/Xcode-16.3.0.app/Contents/Developer/Toolchains/XcodeDefault.xctoolchain/usr/lib/swift/host/plugins/testing -validate-clang-modules-once -clang-build-session-file /Users/admin/builder/spi-builder-workspace/.derivedData/ModuleCache.noindex/Session.modulevalidation -Xcc -working-directory -Xcc /Users/admin/builder/spi-builder-workspace/.swiftpm/xcode -resource-dir /Applications/Xcode-16.3.0.app/Contents/Developer/Toolchains/XcodeDefault.xctoolchain/usr/lib/swift -enable-anonymous-context-mangled-names -file-compilation-dir /Users/admin/builder/spi-builder-workspace/.swiftpm/xcode -Xcc -ivfsstatcache -Xcc /Users/admin/builder/spi-builder-workspace/.derivedData/SDKStatCaches.noindex/appletvos18.4-22L251-271d326055c85f9856fa135c41255102.sdkstatcache -Xcc -I/Users/admin/builder/spi-builder-workspace/.derivedData/Build/Intermediates.noindex/LemmyKit.build/Debug-appletvos/LemmyKit.build/swift-overrides.hmap -Xcc -I/Users/admin/builder/spi-builder-workspace/.derivedData/Build/Products/Debug-appletvos/include -Xcc -I/Users/admin/builder/spi-builder-workspace/.derivedData/Build/Intermediates.noindex/LemmyKit.build/Debug-appletvos/LemmyKit.build/DerivedSources-normal/arm64 -Xcc -I/Users/admin/builder/spi-builder-workspace/.derivedData/Build/Intermediates.noindex/LemmyKit.build/Debug-appletvos/LemmyKit.build/DerivedSources/arm64 -Xcc -I/Users/admin/builder/spi-builder-workspace/.derivedData/Build/Intermediates.noindex/LemmyKit.build/Debug-appletvos/LemmyKit.build/DerivedSources -Xcc -DSWIFT_PACKAGE -Xcc -DDEBUG\=1 -module-name LemmyKit -package-name spi_builder_workspace -frontend-parseable-output -disable-clang-spi -target-sdk-version 18.4 -target-sdk-name appletvos18.4 -external-plugin-path /Applications/Xcode-16.3.0.app/Contents/Developer/Platforms/AppleTVOS.platform/Developer/usr/lib/swift/host/plugins\#/Applications/Xcode-16.3.0.app/Contents/Developer/Platforms/AppleTVOS.platform/Developer/usr/bin/swift-plugin-server -external-plugin-path /Applications/Xcode-16.3.0.app/Contents/Developer/Platforms/AppleTVOS.platform/Developer/usr/local/lib/swift/host/plugins\#/Applications/Xcode-16.3.0.app/Contents/Developer/Platforms/AppleTVOS.platform/Developer/usr/bin/swift-plugin-server -in-process-plugin-server-path /Applications/Xcode-16.3.0.app/Contents/Developer/Toolchains/XcodeDefault.xctoolchain/usr/lib/swift/host/libSwiftInProcPluginServer.dylib -plugin-path /Applications/Xcode-16.3.0.app/Contents/Developer/Toolchains/XcodeDefault.xctoolchain/usr/lib/swift/host/plugins -plugin-path /Applications/Xcode-16.3.0.app/Contents/Developer/Toolchains/XcodeDefault.xctoolchain/usr/local/lib/swift/host/plugins -o /Users/admin/builder/spi-builder-workspace/.derivedData/Build/Intermediates.noindex/LemmyKit.build/Debug-appletvos/LemmyKit.build/Objects-normal/arm64/LemmyApi+SaveUserSettings.o -o /Users/admin/builder/spi-builder-workspace/.derivedData/Build/Intermediates.noindex/LemmyKit.build/Debug-appletvos/LemmyKit.build/Objects-normal/arm64/LemmyApi+Search.o -o /Users/admin/builder/spi-builder-workspace/.derivedData/Build/Intermediates.noindex/LemmyKit.build/Debug-appletvos/LemmyKit.build/Objects-normal/arm64/LemmyApi+TransferCommunity.o -o /Users/admin/builder/spi-builder-workspace/.derivedData/Build/Intermediates.noindex/LemmyKit.build/Debug-appletvos/LemmyKit.build/Objects-normal/arm64/LemmyApi+UpdateTotp.o -o /Users/admin/builder/spi-builder-workspace/.derivedData/Build/Intermediates.noindex/LemmyKit.build/Debug-appletvos/LemmyKit.build/Objects-normal/arm64/LemmyApi+UploadImage.o -o /Users/admin/builder/spi-builder-workspace/.derivedData/Build/Intermediates.noindex/LemmyKit.build/Debug-appletvos/LemmyKit.build/Objects-normal/arm64/LemmyApi+ValidateAuth.o -o /Users/admin/builder/spi-builder-workspace/.derivedData/Build/Intermediates.noindex/LemmyKit.build/Debug-appletvos/LemmyKit.build/Objects-normal/arm64/LemmyApi+VerifyEmail.o -o /Users/admin/builder/spi-builder-workspace/.derivedData/Build/Intermediates.noindex/LemmyKit.build/Debug-appletvos/LemmyKit.build/Objects-normal/arm64/LemmyApi.o -o /Users/admin/builder/spi-builder-workspace/.derivedData/Build/Intermediates.noindex/LemmyKit.build/Debug-appletvos/LemmyKit.build/Objects-normal/arm64/LemmyApiError+fromClientError.o -o /Users/admin/builder/spi-builder-workspace/.derivedData/Build/Intermediates.noindex/LemmyKit.build/Debug-appletvos/LemmyKit.build/Objects-normal/arm64/LemmyApiError.o -o /Users/admin/builder/spi-builder-workspace/.derivedData/Build/Intermediates.noindex/LemmyKit.build/Debug-appletvos/LemmyKit.build/Objects-normal/arm64/LemmyCredential.o -o /Users/admin/builder/spi-builder-workspace/.derivedData/Build/Intermediates.noindex/LemmyKit.build/Debug-appletvos/LemmyKit.build/Objects-normal/arm64/AuthorizationMiddleware.o -o /Users/admin/builder/spi-builder-workspace/.derivedData/Build/Intermediates.noindex/LemmyKit.build/Debug-appletvos/LemmyKit.build/Objects-normal/arm64/CommentPath.o -index-unit-output-path /LemmyKit.build/Debug-appletvos/LemmyKit.build/Objects-normal/arm64/LemmyApi+SaveUserSettings.o -index-unit-output-path /LemmyKit.build/Debug-appletvos/LemmyKit.build/Objects-normal/arm64/LemmyApi+Search.o -index-unit-output-path /LemmyKit.build/Debug-appletvos/LemmyKit.build/Objects-normal/arm64/LemmyApi+TransferCommunity.o -index-unit-output-path /LemmyKit.build/Debug-appletvos/LemmyKit.build/Objects-normal/arm64/LemmyApi+UpdateTotp.o -index-unit-output-path /LemmyKit.build/Debug-appletvos/LemmyKit.build/Objects-normal/arm64/LemmyApi+UploadImage.o -index-unit-output-path /LemmyKit.build/Debug-appletvos/LemmyKit.build/Objects-normal/arm64/LemmyApi+ValidateAuth.o -index-unit-output-path /LemmyKit.build/Debug-appletvos/LemmyKit.build/Objects-normal/arm64/LemmyApi+VerifyEmail.o -index-unit-output-path /LemmyKit.build/Debug-appletvos/LemmyKit.build/Objects-normal/arm64/LemmyApi.o -index-unit-output-path /LemmyKit.build/Debug-appletvos/LemmyKit.build/Objects-normal/arm64/LemmyApiError+fromClientError.o -index-unit-output-path /LemmyKit.build/Debug-appletvos/LemmyKit.build/Objects-normal/arm64/LemmyApiError.o -index-unit-output-path /LemmyKit.build/Debug-appletvos/LemmyKit.build/Objects-normal/arm64/LemmyCredential.o -index-unit-output-path /LemmyKit.build/Debug-appletvos/LemmyKit.build/Objects-normal/arm64/AuthorizationMiddleware.o -index-unit-output-path /LemmyKit.build/Debug-appletvos/LemmyKit.build/Objects-normal/arm64/CommentPath.o -index-store-path /Users/admin/builder/spi-builder-workspace/.derivedData/Index.noindex/DataStore -index-system-modules
SwiftCompile normal arm64 /Users/admin/builder/spi-builder-workspace/Sources/LemmyKit/LemmyApi+SaveUserSettings.swift (in target 'LemmyKit' from project 'LemmyKit')
    cd /Users/admin/builder/spi-builder-workspace/.swiftpm/xcode

SwiftCompile normal arm64 /Users/admin/builder/spi-builder-workspace/Sources/LemmyKit/LemmyApi+Search.swift (in target 'LemmyKit' from project 'LemmyKit')
    cd /Users/admin/builder/spi-builder-workspace/.swiftpm/xcode

SwiftCompile normal arm64 /Users/admin/builder/spi-builder-workspace/Sources/LemmyKit/LemmyApi+TransferCommunity.swift (in target 'LemmyKit' from project 'LemmyKit')
    cd /Users/admin/builder/spi-builder-workspace/.swiftpm/xcode

SwiftCompile normal arm64 /Users/admin/builder/spi-builder-workspace/Sources/LemmyKit/LemmyApi+UpdateTotp.swift (in target 'LemmyKit' from project 'LemmyKit')
    cd /Users/admin/builder/spi-builder-workspace/.swiftpm/xcode

SwiftCompile normal arm64 /Users/admin/builder/spi-builder-workspace/Sources/LemmyKit/LemmyApi+UploadImage.swift (in target 'LemmyKit' from project 'LemmyKit')
    cd /Users/admin/builder/spi-builder-workspace/.swiftpm/xcode

SwiftCompile normal arm64 /Users/admin/builder/spi-builder-workspace/Sources/LemmyKit/LemmyApi+ValidateAuth.swift (in target 'LemmyKit' from project 'LemmyKit')
    cd /Users/admin/builder/spi-builder-workspace/.swiftpm/xcode

SwiftCompile normal arm64 /Users/admin/builder/spi-builder-workspace/Sources/LemmyKit/LemmyApi+VerifyEmail.swift (in target 'LemmyKit' from project 'LemmyKit')
    cd /Users/admin/builder/spi-builder-workspace/.swiftpm/xcode

SwiftCompile normal arm64 /Users/admin/builder/spi-builder-workspace/Sources/LemmyKit/LemmyApi.swift (in target 'LemmyKit' from project 'LemmyKit')
    cd /Users/admin/builder/spi-builder-workspace/.swiftpm/xcode

/Users/admin/builder/spi-builder-workspace/Sources/LemmyKit/LemmyApi.swift:49:44: error: 'host(percentEncoded:)' is only available in tvOS 16.0 or newer
            instanceHostname = instanceUrl.host(percentEncoded: false)
                                           ^
/Users/admin/builder/spi-builder-workspace/Sources/LemmyKit/LemmyApi.swift:49:44: note: add 'if #available' version check
            instanceHostname = instanceUrl.host(percentEncoded: false)
                                           ^
/Users/admin/builder/spi-builder-workspace/Sources/LemmyKit/LemmyApi.swift:45:12: note: add @available attribute to enclosing initializer
    public init(instanceUrl: URL, credential: LemmyCredential?, userAgent: String = "LemmyKit") {
           ^
/Users/admin/builder/spi-builder-workspace/Sources/LemmyKit/LemmyApi.swift:16:14: note: add @available attribute to enclosing actor
public actor LemmyApi {
             ^
/Users/admin/builder/spi-builder-workspace/Sources/LemmyKit/LemmyApi.swift:88:44: error: 'host(percentEncoded:)' is only available in tvOS 16.0 or newer
            instanceHostname = instanceUrl.host(percentEncoded: false)
                                           ^
/Users/admin/builder/spi-builder-workspace/Sources/LemmyKit/LemmyApi.swift:88:44: note: add 'if #available' version check
            instanceHostname = instanceUrl.host(percentEncoded: false)
                                           ^
/Users/admin/builder/spi-builder-workspace/Sources/LemmyKit/LemmyApi.swift:79:12: note: add @available attribute to enclosing initializer
    public init(
           ^
/Users/admin/builder/spi-builder-workspace/Sources/LemmyKit/LemmyApi.swift:16:14: note: add @available attribute to enclosing actor
public actor LemmyApi {
             ^
SwiftCompile normal arm64 /Users/admin/builder/spi-builder-workspace/Sources/LemmyKit/LemmyApiError+fromClientError.swift (in target 'LemmyKit' from project 'LemmyKit')
    cd /Users/admin/builder/spi-builder-workspace/.swiftpm/xcode

SwiftCompile normal arm64 /Users/admin/builder/spi-builder-workspace/Sources/LemmyKit/LemmyApiError.swift (in target 'LemmyKit' from project 'LemmyKit')
    cd /Users/admin/builder/spi-builder-workspace/.swiftpm/xcode

SwiftCompile normal arm64 /Users/admin/builder/spi-builder-workspace/Sources/LemmyKit/LemmyCredential.swift (in target 'LemmyKit' from project 'LemmyKit')
    cd /Users/admin/builder/spi-builder-workspace/.swiftpm/xcode

SwiftCompile normal arm64 /Users/admin/builder/spi-builder-workspace/Sources/LemmyKit/Utils/AuthorizationMiddleware.swift (in target 'LemmyKit' from project 'LemmyKit')
    cd /Users/admin/builder/spi-builder-workspace/.swiftpm/xcode

SwiftCompile normal arm64 /Users/admin/builder/spi-builder-workspace/Sources/LemmyKit/Utils/CommentPath.swift (in target 'LemmyKit' from project 'LemmyKit')
    cd /Users/admin/builder/spi-builder-workspace/.swiftpm/xcode

SwiftCompile normal arm64 Compiling\ LemmyApi+ListPostLikes.swift,\ LemmyApi+ListPostReports.swift,\ LemmyApi+ListPrivateMessageReports.swift,\ LemmyApi+ListRegistrationApplications.swift,\ LemmyApi+LockPost.swift,\ LemmyApi+Login.swift,\ LemmyApi+Logout.swift,\ LemmyApi+MarkAsRead.swift,\ LemmyApi+MarkPostAsRead.swift,\ LemmyApi+PasswordChangeAfterReset.swift,\ LemmyApi+PasswordReset.swift,\ LemmyApi+PurgeComment.swift,\ LemmyApi+PurgeCommunity.swift /Users/admin/builder/spi-builder-workspace/Sources/LemmyKit/LemmyApi+ListPostLikes.swift /Users/admin/builder/spi-builder-workspace/Sources/LemmyKit/LemmyApi+ListPostReports.swift /Users/admin/builder/spi-builder-workspace/Sources/LemmyKit/LemmyApi+ListPrivateMessageReports.swift /Users/admin/builder/spi-builder-workspace/Sources/LemmyKit/LemmyApi+ListRegistrationApplications.swift /Users/admin/builder/spi-builder-workspace/Sources/LemmyKit/LemmyApi+LockPost.swift /Users/admin/builder/spi-builder-workspace/Sources/LemmyKit/LemmyApi+Login.swift /Users/admin/builder/spi-builder-workspace/Sources/LemmyKit/LemmyApi+Logout.swift /Users/admin/builder/spi-builder-workspace/Sources/LemmyKit/LemmyApi+MarkAsRead.swift /Users/admin/builder/spi-builder-workspace/Sources/LemmyKit/LemmyApi+MarkPostAsRead.swift /Users/admin/builder/spi-builder-workspace/Sources/LemmyKit/LemmyApi+PasswordChangeAfterReset.swift /Users/admin/builder/spi-builder-workspace/Sources/LemmyKit/LemmyApi+PasswordReset.swift /Users/admin/builder/spi-builder-workspace/Sources/LemmyKit/LemmyApi+PurgeComment.swift /Users/admin/builder/spi-builder-workspace/Sources/LemmyKit/LemmyApi+PurgeCommunity.swift (in target 'LemmyKit' from project 'LemmyKit')
SwiftCompile normal arm64 /Users/admin/builder/spi-builder-workspace/Sources/LemmyKit/LemmyApi+ListPostLikes.swift (in target 'LemmyKit' from project 'LemmyKit')
    cd /Users/admin/builder/spi-builder-workspace/.swiftpm/xcode

SwiftCompile normal arm64 /Users/admin/builder/spi-builder-workspace/Sources/LemmyKit/LemmyApi+ListPostReports.swift (in target 'LemmyKit' from project 'LemmyKit')
    cd /Users/admin/builder/spi-builder-workspace/.swiftpm/xcode

SwiftCompile normal arm64 /Users/admin/builder/spi-builder-workspace/Sources/LemmyKit/LemmyApi+ListPrivateMessageReports.swift (in target 'LemmyKit' from project 'LemmyKit')
    cd /Users/admin/builder/spi-builder-workspace/.swiftpm/xcode

SwiftCompile normal arm64 /Users/admin/builder/spi-builder-workspace/Sources/LemmyKit/LemmyApi+ListRegistrationApplications.swift (in target 'LemmyKit' from project 'LemmyKit')
    cd /Users/admin/builder/spi-builder-workspace/.swiftpm/xcode

SwiftCompile normal arm64 /Users/admin/builder/spi-builder-workspace/Sources/LemmyKit/LemmyApi+LockPost.swift (in target 'LemmyKit' from project 'LemmyKit')
    cd /Users/admin/builder/spi-builder-workspace/.swiftpm/xcode

SwiftCompile normal arm64 /Users/admin/builder/spi-builder-workspace/Sources/LemmyKit/LemmyApi+Login.swift (in target 'LemmyKit' from project 'LemmyKit')
    cd /Users/admin/builder/spi-builder-workspace/.swiftpm/xcode

SwiftCompile normal arm64 /Users/admin/builder/spi-builder-workspace/Sources/LemmyKit/LemmyApi+Logout.swift (in target 'LemmyKit' from project 'LemmyKit')
    cd /Users/admin/builder/spi-builder-workspace/.swiftpm/xcode

SwiftCompile normal arm64 /Users/admin/builder/spi-builder-workspace/Sources/LemmyKit/LemmyApi+MarkAsRead.swift (in target 'LemmyKit' from project 'LemmyKit')
    cd /Users/admin/builder/spi-builder-workspace/.swiftpm/xcode

SwiftCompile normal arm64 /Users/admin/builder/spi-builder-workspace/Sources/LemmyKit/LemmyApi+MarkPostAsRead.swift (in target 'LemmyKit' from project 'LemmyKit')
    cd /Users/admin/builder/spi-builder-workspace/.swiftpm/xcode

SwiftCompile normal arm64 /Users/admin/builder/spi-builder-workspace/Sources/LemmyKit/LemmyApi+PasswordChangeAfterReset.swift (in target 'LemmyKit' from project 'LemmyKit')
    cd /Users/admin/builder/spi-builder-workspace/.swiftpm/xcode

SwiftCompile normal arm64 /Users/admin/builder/spi-builder-workspace/Sources/LemmyKit/LemmyApi+PasswordReset.swift (in target 'LemmyKit' from project 'LemmyKit')
    cd /Users/admin/builder/spi-builder-workspace/.swiftpm/xcode

SwiftCompile normal arm64 /Users/admin/builder/spi-builder-workspace/Sources/LemmyKit/LemmyApi+PurgeComment.swift (in target 'LemmyKit' from project 'LemmyKit')
    cd /Users/admin/builder/spi-builder-workspace/.swiftpm/xcode

SwiftCompile normal arm64 /Users/admin/builder/spi-builder-workspace/Sources/LemmyKit/LemmyApi+PurgeCommunity.swift (in target 'LemmyKit' from project 'LemmyKit')
    cd /Users/admin/builder/spi-builder-workspace/.swiftpm/xcode

SwiftCompile normal arm64 Compiling\ LemmyApi+GetUnreadRegistrationApplicationCount.swift,\ LemmyApi+HideCommunity.swift,\ LemmyApi+HidePost.swift,\ LemmyApi+ImportSettings.swift,\ LemmyApi+LeaveAdmin.swift,\ LemmyApi+LikeComment.swift,\ LemmyApi+LikePost.swift,\ LemmyApi+ListAllMedia.swift,\ LemmyApi+ListCommentLikes.swift,\ LemmyApi+ListCommentReports.swift,\ LemmyApi+ListCommunities.swift,\ LemmyApi+ListLogins.swift,\ LemmyApi+ListMedia.swift /Users/admin/builder/spi-builder-workspace/Sources/LemmyKit/LemmyApi+GetUnreadRegistrationApplicationCount.swift /Users/admin/builder/spi-builder-workspace/Sources/LemmyKit/LemmyApi+HideCommunity.swift /Users/admin/builder/spi-builder-workspace/Sources/LemmyKit/LemmyApi+HidePost.swift /Users/admin/builder/spi-builder-workspace/Sources/LemmyKit/LemmyApi+ImportSettings.swift /Users/admin/builder/spi-builder-workspace/Sources/LemmyKit/LemmyApi+LeaveAdmin.swift /Users/admin/builder/spi-builder-workspace/Sources/LemmyKit/LemmyApi+LikeComment.swift /Users/admin/builder/spi-builder-workspace/Sources/LemmyKit/LemmyApi+LikePost.swift /Users/admin/builder/spi-builder-workspace/Sources/LemmyKit/LemmyApi+ListAllMedia.swift /Users/admin/builder/spi-builder-workspace/Sources/LemmyKit/LemmyApi+ListCommentLikes.swift /Users/admin/builder/spi-builder-workspace/Sources/LemmyKit/LemmyApi+ListCommentReports.swift /Users/admin/builder/spi-builder-workspace/Sources/LemmyKit/LemmyApi+ListCommunities.swift /Users/admin/builder/spi-builder-workspace/Sources/LemmyKit/LemmyApi+ListLogins.swift /Users/admin/builder/spi-builder-workspace/Sources/LemmyKit/LemmyApi+ListMedia.swift (in target 'LemmyKit' from project 'LemmyKit')
SwiftCompile normal arm64 /Users/admin/builder/spi-builder-workspace/Sources/LemmyKit/LemmyApi+GetUnreadRegistrationApplicationCount.swift (in target 'LemmyKit' from project 'LemmyKit')
    cd /Users/admin/builder/spi-builder-workspace/.swiftpm/xcode

SwiftCompile normal arm64 /Users/admin/builder/spi-builder-workspace/Sources/LemmyKit/LemmyApi+HideCommunity.swift (in target 'LemmyKit' from project 'LemmyKit')
    cd /Users/admin/builder/spi-builder-workspace/.swiftpm/xcode

SwiftCompile normal arm64 /Users/admin/builder/spi-builder-workspace/Sources/LemmyKit/LemmyApi+HidePost.swift (in target 'LemmyKit' from project 'LemmyKit')
    cd /Users/admin/builder/spi-builder-workspace/.swiftpm/xcode

SwiftCompile normal arm64 /Users/admin/builder/spi-builder-workspace/Sources/LemmyKit/LemmyApi+ImportSettings.swift (in target 'LemmyKit' from project 'LemmyKit')
    cd /Users/admin/builder/spi-builder-workspace/.swiftpm/xcode

SwiftCompile normal arm64 /Users/admin/builder/spi-builder-workspace/Sources/LemmyKit/LemmyApi+LeaveAdmin.swift (in target 'LemmyKit' from project 'LemmyKit')
    cd /Users/admin/builder/spi-builder-workspace/.swiftpm/xcode

SwiftCompile normal arm64 /Users/admin/builder/spi-builder-workspace/Sources/LemmyKit/LemmyApi+LikeComment.swift (in target 'LemmyKit' from project 'LemmyKit')
    cd /Users/admin/builder/spi-builder-workspace/.swiftpm/xcode

SwiftCompile normal arm64 /Users/admin/builder/spi-builder-workspace/Sources/LemmyKit/LemmyApi+LikePost.swift (in target 'LemmyKit' from project 'LemmyKit')
    cd /Users/admin/builder/spi-builder-workspace/.swiftpm/xcode

SwiftCompile normal arm64 /Users/admin/builder/spi-builder-workspace/Sources/LemmyKit/LemmyApi+ListAllMedia.swift (in target 'LemmyKit' from project 'LemmyKit')
    cd /Users/admin/builder/spi-builder-workspace/.swiftpm/xcode

SwiftCompile normal arm64 /Users/admin/builder/spi-builder-workspace/Sources/LemmyKit/LemmyApi+ListCommentLikes.swift (in target 'LemmyKit' from project 'LemmyKit')
    cd /Users/admin/builder/spi-builder-workspace/.swiftpm/xcode

SwiftCompile normal arm64 /Users/admin/builder/spi-builder-workspace/Sources/LemmyKit/LemmyApi+ListCommentReports.swift (in target 'LemmyKit' from project 'LemmyKit')
    cd /Users/admin/builder/spi-builder-workspace/.swiftpm/xcode

SwiftCompile normal arm64 /Users/admin/builder/spi-builder-workspace/Sources/LemmyKit/LemmyApi+ListCommunities.swift (in target 'LemmyKit' from project 'LemmyKit')
    cd /Users/admin/builder/spi-builder-workspace/.swiftpm/xcode

SwiftCompile normal arm64 /Users/admin/builder/spi-builder-workspace/Sources/LemmyKit/LemmyApi+ListLogins.swift (in target 'LemmyKit' from project 'LemmyKit')
    cd /Users/admin/builder/spi-builder-workspace/.swiftpm/xcode

SwiftCompile normal arm64 /Users/admin/builder/spi-builder-workspace/Sources/LemmyKit/LemmyApi+ListMedia.swift (in target 'LemmyKit' from project 'LemmyKit')
    cd /Users/admin/builder/spi-builder-workspace/.swiftpm/xcode

SwiftCompile normal arm64 Compiling\ LemmyApi+CreateComment.swift,\ LemmyApi+CreateCommentReport.swift,\ LemmyApi+CreateCommunity.swift,\ LemmyApi+CreateCustomEmoji.swift,\ LemmyApi+CreatePost.swift,\ LemmyApi+CreatePostReport.swift,\ LemmyApi+CreatePrivateMessage.swift,\ LemmyApi+CreateSite.swift,\ LemmyApi+DeleteAccount.swift,\ LemmyApi+DeleteComment.swift,\ LemmyApi+DeleteCommunity.swift,\ LemmyApi+DeleteCustomEmoji.swift,\ LemmyApi+DeleteImage.swift /Users/admin/builder/spi-builder-workspace/Sources/LemmyKit/LemmyApi+CreateComment.swift /Users/admin/builder/spi-builder-workspace/Sources/LemmyKit/LemmyApi+CreateCommentReport.swift /Users/admin/builder/spi-builder-workspace/Sources/LemmyKit/LemmyApi+CreateCommunity.swift /Users/admin/builder/spi-builder-workspace/Sources/LemmyKit/LemmyApi+CreateCustomEmoji.swift /Users/admin/builder/spi-builder-workspace/Sources/LemmyKit/LemmyApi+CreatePost.swift /Users/admin/builder/spi-builder-workspace/Sources/LemmyKit/LemmyApi+CreatePostReport.swift /Users/admin/builder/spi-builder-workspace/Sources/LemmyKit/LemmyApi+CreatePrivateMessage.swift /Users/admin/builder/spi-builder-workspace/Sources/LemmyKit/LemmyApi+CreateSite.swift /Users/admin/builder/spi-builder-workspace/Sources/LemmyKit/LemmyApi+DeleteAccount.swift /Users/admin/builder/spi-builder-workspace/Sources/LemmyKit/LemmyApi+DeleteComment.swift /Users/admin/builder/spi-builder-workspace/Sources/LemmyKit/LemmyApi+DeleteCommunity.swift /Users/admin/builder/spi-builder-workspace/Sources/LemmyKit/LemmyApi+DeleteCustomEmoji.swift /Users/admin/builder/spi-builder-workspace/Sources/LemmyKit/LemmyApi+DeleteImage.swift (in target 'LemmyKit' from project 'LemmyKit')
SwiftCompile normal arm64 /Users/admin/builder/spi-builder-workspace/Sources/LemmyKit/LemmyApi+CreateComment.swift (in target 'LemmyKit' from project 'LemmyKit')
    cd /Users/admin/builder/spi-builder-workspace/.swiftpm/xcode

SwiftCompile normal arm64 /Users/admin/builder/spi-builder-workspace/Sources/LemmyKit/LemmyApi+CreateCommentReport.swift (in target 'LemmyKit' from project 'LemmyKit')
    cd /Users/admin/builder/spi-builder-workspace/.swiftpm/xcode

SwiftCompile normal arm64 /Users/admin/builder/spi-builder-workspace/Sources/LemmyKit/LemmyApi+CreateCommunity.swift (in target 'LemmyKit' from project 'LemmyKit')
    cd /Users/admin/builder/spi-builder-workspace/.swiftpm/xcode

SwiftCompile normal arm64 /Users/admin/builder/spi-builder-workspace/Sources/LemmyKit/LemmyApi+CreateCustomEmoji.swift (in target 'LemmyKit' from project 'LemmyKit')
    cd /Users/admin/builder/spi-builder-workspace/.swiftpm/xcode

SwiftCompile normal arm64 /Users/admin/builder/spi-builder-workspace/Sources/LemmyKit/LemmyApi+CreatePost.swift (in target 'LemmyKit' from project 'LemmyKit')
    cd /Users/admin/builder/spi-builder-workspace/.swiftpm/xcode

SwiftCompile normal arm64 /Users/admin/builder/spi-builder-workspace/Sources/LemmyKit/LemmyApi+CreatePostReport.swift (in target 'LemmyKit' from project 'LemmyKit')
    cd /Users/admin/builder/spi-builder-workspace/.swiftpm/xcode

SwiftCompile normal arm64 /Users/admin/builder/spi-builder-workspace/Sources/LemmyKit/LemmyApi+CreatePrivateMessage.swift (in target 'LemmyKit' from project 'LemmyKit')
    cd /Users/admin/builder/spi-builder-workspace/.swiftpm/xcode

SwiftCompile normal arm64 /Users/admin/builder/spi-builder-workspace/Sources/LemmyKit/LemmyApi+CreateSite.swift (in target 'LemmyKit' from project 'LemmyKit')
    cd /Users/admin/builder/spi-builder-workspace/.swiftpm/xcode

SwiftCompile normal arm64 /Users/admin/builder/spi-builder-workspace/Sources/LemmyKit/LemmyApi+DeleteAccount.swift (in target 'LemmyKit' from project 'LemmyKit')
    cd /Users/admin/builder/spi-builder-workspace/.swiftpm/xcode

SwiftCompile normal arm64 /Users/admin/builder/spi-builder-workspace/Sources/LemmyKit/LemmyApi+DeleteComment.swift (in target 'LemmyKit' from project 'LemmyKit')
    cd /Users/admin/builder/spi-builder-workspace/.swiftpm/xcode

SwiftCompile normal arm64 /Users/admin/builder/spi-builder-workspace/Sources/LemmyKit/LemmyApi+DeleteCommunity.swift (in target 'LemmyKit' from project 'LemmyKit')
    cd /Users/admin/builder/spi-builder-workspace/.swiftpm/xcode

SwiftCompile normal arm64 /Users/admin/builder/spi-builder-workspace/Sources/LemmyKit/LemmyApi+DeleteCustomEmoji.swift (in target 'LemmyKit' from project 'LemmyKit')
    cd /Users/admin/builder/spi-builder-workspace/.swiftpm/xcode

SwiftCompile normal arm64 /Users/admin/builder/spi-builder-workspace/Sources/LemmyKit/LemmyApi+DeleteImage.swift (in target 'LemmyKit' from project 'LemmyKit')
    cd /Users/admin/builder/spi-builder-workspace/.swiftpm/xcode

SwiftCompile normal arm64 Compiling\ LemmyApi+DeletePost.swift,\ LemmyApi+DeletePrivateMessage.swift,\ LemmyApi+DistinguishComment.swift,\ LemmyApi+EditComment.swift,\ LemmyApi+EditCommunity.swift,\ LemmyApi+EditCustomEmoji.swift,\ LemmyApi+EditPost.swift,\ LemmyApi+EditPrivateMessage.swift,\ LemmyApi+EditSite.swift,\ LemmyApi+ExportSettings.swift,\ LemmyApi+FeaturePost.swift,\ LemmyApi+FollowCommunity.swift,\ LemmyApi+GenerateTotpSecret.swift /Users/admin/builder/spi-builder-workspace/Sources/LemmyKit/LemmyApi+DeletePost.swift /Users/admin/builder/spi-builder-workspace/Sources/LemmyKit/LemmyApi+DeletePrivateMessage.swift /Users/admin/builder/spi-builder-workspace/Sources/LemmyKit/LemmyApi+DistinguishComment.swift /Users/admin/builder/spi-builder-workspace/Sources/LemmyKit/LemmyApi+EditComment.swift /Users/admin/builder/spi-builder-workspace/Sources/LemmyKit/LemmyApi+EditCommunity.swift /Users/admin/builder/spi-builder-workspace/Sources/LemmyKit/LemmyApi+EditCustomEmoji.swift /Users/admin/builder/spi-builder-workspace/Sources/LemmyKit/LemmyApi+EditPost.swift /Users/admin/builder/spi-builder-workspace/Sources/LemmyKit/LemmyApi+EditPrivateMessage.swift /Users/admin/builder/spi-builder-workspace/Sources/LemmyKit/LemmyApi+EditSite.swift /Users/admin/builder/spi-builder-workspace/Sources/LemmyKit/LemmyApi+ExportSettings.swift /Users/admin/builder/spi-builder-workspace/Sources/LemmyKit/LemmyApi+FeaturePost.swift /Users/admin/builder/spi-builder-workspace/Sources/LemmyKit/LemmyApi+FollowCommunity.swift /Users/admin/builder/spi-builder-workspace/Sources/LemmyKit/LemmyApi+GenerateTotpSecret.swift (in target 'LemmyKit' from project 'LemmyKit')
SwiftCompile normal arm64 /Users/admin/builder/spi-builder-workspace/Sources/LemmyKit/LemmyApi+DeletePost.swift (in target 'LemmyKit' from project 'LemmyKit')
    cd /Users/admin/builder/spi-builder-workspace/.swiftpm/xcode

SwiftCompile normal arm64 /Users/admin/builder/spi-builder-workspace/Sources/LemmyKit/LemmyApi+DeletePrivateMessage.swift (in target 'LemmyKit' from project 'LemmyKit')
    cd /Users/admin/builder/spi-builder-workspace/.swiftpm/xcode

SwiftCompile normal arm64 /Users/admin/builder/spi-builder-workspace/Sources/LemmyKit/LemmyApi+DistinguishComment.swift (in target 'LemmyKit' from project 'LemmyKit')
    cd /Users/admin/builder/spi-builder-workspace/.swiftpm/xcode

SwiftCompile normal arm64 /Users/admin/builder/spi-builder-workspace/Sources/LemmyKit/LemmyApi+EditComment.swift (in target 'LemmyKit' from project 'LemmyKit')
    cd /Users/admin/builder/spi-builder-workspace/.swiftpm/xcode

SwiftCompile normal arm64 /Users/admin/builder/spi-builder-workspace/Sources/LemmyKit/LemmyApi+EditCommunity.swift (in target 'LemmyKit' from project 'LemmyKit')
    cd /Users/admin/builder/spi-builder-workspace/.swiftpm/xcode

SwiftCompile normal arm64 /Users/admin/builder/spi-builder-workspace/Sources/LemmyKit/LemmyApi+EditCustomEmoji.swift (in target 'LemmyKit' from project 'LemmyKit')
    cd /Users/admin/builder/spi-builder-workspace/.swiftpm/xcode

SwiftCompile normal arm64 /Users/admin/builder/spi-builder-workspace/Sources/LemmyKit/LemmyApi+EditPost.swift (in target 'LemmyKit' from project 'LemmyKit')
    cd /Users/admin/builder/spi-builder-workspace/.swiftpm/xcode

SwiftCompile normal arm64 /Users/admin/builder/spi-builder-workspace/Sources/LemmyKit/LemmyApi+EditPrivateMessage.swift (in target 'LemmyKit' from project 'LemmyKit')
    cd /Users/admin/builder/spi-builder-workspace/.swiftpm/xcode

SwiftCompile normal arm64 /Users/admin/builder/spi-builder-workspace/Sources/LemmyKit/LemmyApi+EditSite.swift (in target 'LemmyKit' from project 'LemmyKit')
    cd /Users/admin/builder/spi-builder-workspace/.swiftpm/xcode

SwiftCompile normal arm64 /Users/admin/builder/spi-builder-workspace/Sources/LemmyKit/LemmyApi+ExportSettings.swift (in target 'LemmyKit' from project 'LemmyKit')
    cd /Users/admin/builder/spi-builder-workspace/.swiftpm/xcode

SwiftCompile normal arm64 /Users/admin/builder/spi-builder-workspace/Sources/LemmyKit/LemmyApi+FeaturePost.swift (in target 'LemmyKit' from project 'LemmyKit')
    cd /Users/admin/builder/spi-builder-workspace/.swiftpm/xcode

SwiftCompile normal arm64 /Users/admin/builder/spi-builder-workspace/Sources/LemmyKit/LemmyApi+FollowCommunity.swift (in target 'LemmyKit' from project 'LemmyKit')
    cd /Users/admin/builder/spi-builder-workspace/.swiftpm/xcode

SwiftCompile normal arm64 /Users/admin/builder/spi-builder-workspace/Sources/LemmyKit/LemmyApi+GenerateTotpSecret.swift (in target 'LemmyKit' from project 'LemmyKit')
    cd /Users/admin/builder/spi-builder-workspace/.swiftpm/xcode

SwiftCompile normal arm64 Compiling\ CommunityFilter.swift,\ ContentFilter.swift,\ Date+lemmyFormat.swift,\ ImageFormat.swift,\ LemmyDateTranscoder.swift,\ LenientUrl.swift,\ LikeStatus.swift,\ MultipartFormData.swift,\ URL+lenientString.swift,\ UserAgentMiddleware.swift,\ Types.swift,\ Client.swift,\ Server.swift /Users/admin/builder/spi-builder-workspace/Sources/LemmyKit/Utils/CommunityFilter.swift /Users/admin/builder/spi-builder-workspace/Sources/LemmyKit/Utils/ContentFilter.swift /Users/admin/builder/spi-builder-workspace/Sources/LemmyKit/Utils/Date+lemmyFormat.swift /Users/admin/builder/spi-builder-workspace/Sources/LemmyKit/Utils/ImageFormat.swift /Users/admin/builder/spi-builder-workspace/Sources/LemmyKit/Utils/LemmyDateTranscoder.swift /Users/admin/builder/spi-builder-workspace/Sources/LemmyKit/Utils/LenientUrl.swift /Users/admin/builder/spi-builder-workspace/Sources/LemmyKit/Utils/LikeStatus.swift /Users/admin/builder/spi-builder-workspace/Sources/LemmyKit/Utils/MultipartFormData.swift /Users/admin/builder/spi-builder-workspace/Sources/LemmyKit/Utils/URL+lenientString.swift /Users/admin/builder/spi-builder-workspace/Sources/LemmyKit/Utils/UserAgentMiddleware.swift /Users/admin/builder/spi-builder-workspace/.derivedData/Build/Intermediates.noindex/BuildToolPluginIntermediates/spi-builder-workspace.output/LemmyKit/OpenAPIGenerator/GeneratedSources/Types.swift /Users/admin/builder/spi-builder-workspace/.derivedData/Build/Intermediates.noindex/BuildToolPluginIntermediates/spi-builder-workspace.output/LemmyKit/OpenAPIGenerator/GeneratedSources/Client.swift /Users/admin/builder/spi-builder-workspace/.derivedData/Build/Intermediates.noindex/BuildToolPluginIntermediates/spi-builder-workspace.output/LemmyKit/OpenAPIGenerator/GeneratedSources/Server.swift (in target 'LemmyKit' from project 'LemmyKit')
SwiftCompile normal arm64 /Users/admin/builder/spi-builder-workspace/Sources/LemmyKit/Utils/CommunityFilter.swift (in target 'LemmyKit' from project 'LemmyKit')
    cd /Users/admin/builder/spi-builder-workspace/.swiftpm/xcode

SwiftCompile normal arm64 /Users/admin/builder/spi-builder-workspace/Sources/LemmyKit/Utils/ContentFilter.swift (in target 'LemmyKit' from project 'LemmyKit')
    cd /Users/admin/builder/spi-builder-workspace/.swiftpm/xcode

SwiftCompile normal arm64 /Users/admin/builder/spi-builder-workspace/Sources/LemmyKit/Utils/Date+lemmyFormat.swift (in target 'LemmyKit' from project 'LemmyKit')
    cd /Users/admin/builder/spi-builder-workspace/.swiftpm/xcode

SwiftCompile normal arm64 /Users/admin/builder/spi-builder-workspace/Sources/LemmyKit/Utils/ImageFormat.swift (in target 'LemmyKit' from project 'LemmyKit')
    cd /Users/admin/builder/spi-builder-workspace/.swiftpm/xcode

SwiftCompile normal arm64 /Users/admin/builder/spi-builder-workspace/Sources/LemmyKit/Utils/LemmyDateTranscoder.swift (in target 'LemmyKit' from project 'LemmyKit')
    cd /Users/admin/builder/spi-builder-workspace/.swiftpm/xcode

SwiftCompile normal arm64 /Users/admin/builder/spi-builder-workspace/Sources/LemmyKit/Utils/LenientUrl.swift (in target 'LemmyKit' from project 'LemmyKit')
    cd /Users/admin/builder/spi-builder-workspace/.swiftpm/xcode

SwiftCompile normal arm64 /Users/admin/builder/spi-builder-workspace/Sources/LemmyKit/Utils/LikeStatus.swift (in target 'LemmyKit' from project 'LemmyKit')
    cd /Users/admin/builder/spi-builder-workspace/.swiftpm/xcode

SwiftCompile normal arm64 /Users/admin/builder/spi-builder-workspace/Sources/LemmyKit/Utils/MultipartFormData.swift (in target 'LemmyKit' from project 'LemmyKit')
    cd /Users/admin/builder/spi-builder-workspace/.swiftpm/xcode

SwiftCompile normal arm64 /Users/admin/builder/spi-builder-workspace/Sources/LemmyKit/Utils/URL+lenientString.swift (in target 'LemmyKit' from project 'LemmyKit')
    cd /Users/admin/builder/spi-builder-workspace/.swiftpm/xcode

SwiftCompile normal arm64 /Users/admin/builder/spi-builder-workspace/Sources/LemmyKit/Utils/UserAgentMiddleware.swift (in target 'LemmyKit' from project 'LemmyKit')
    cd /Users/admin/builder/spi-builder-workspace/.swiftpm/xcode

SwiftCompile normal arm64 /Users/admin/builder/spi-builder-workspace/.derivedData/Build/Intermediates.noindex/BuildToolPluginIntermediates/spi-builder-workspace.output/LemmyKit/OpenAPIGenerator/GeneratedSources/Types.swift (in target 'LemmyKit' from project 'LemmyKit')
    cd /Users/admin/builder/spi-builder-workspace/.swiftpm/xcode

SwiftCompile normal arm64 /Users/admin/builder/spi-builder-workspace/.derivedData/Build/Intermediates.noindex/BuildToolPluginIntermediates/spi-builder-workspace.output/LemmyKit/OpenAPIGenerator/GeneratedSources/Client.swift (in target 'LemmyKit' from project 'LemmyKit')
    cd /Users/admin/builder/spi-builder-workspace/.swiftpm/xcode

SwiftCompile normal arm64 /Users/admin/builder/spi-builder-workspace/.derivedData/Build/Intermediates.noindex/BuildToolPluginIntermediates/spi-builder-workspace.output/LemmyKit/OpenAPIGenerator/GeneratedSources/Server.swift (in target 'LemmyKit' from project 'LemmyKit')
    cd /Users/admin/builder/spi-builder-workspace/.swiftpm/xcode

SwiftEmitModule normal arm64 Emitting\ module\ for\ LemmyKit (in target 'LemmyKit' from project 'LemmyKit')
Command SwiftEmitModule failed with a nonzero exit code
** BUILD FAILED **
The following build commands failed:
	SwiftCompile normal arm64 Compiling\ LemmyApi+SaveUserSettings.swift,\ LemmyApi+Search.swift,\ LemmyApi+TransferCommunity.swift,\ LemmyApi+UpdateTotp.swift,\ LemmyApi+UploadImage.swift,\ LemmyApi+ValidateAuth.swift,\ LemmyApi+VerifyEmail.swift,\ LemmyApi.swift,\ LemmyApiError+fromClientError.swift,\ LemmyApiError.swift,\ LemmyCredential.swift,\ AuthorizationMiddleware.swift,\ CommentPath.swift /Users/admin/builder/spi-builder-workspace/Sources/LemmyKit/LemmyApi+SaveUserSettings.swift /Users/admin/builder/spi-builder-workspace/Sources/LemmyKit/LemmyApi+Search.swift /Users/admin/builder/spi-builder-workspace/Sources/LemmyKit/LemmyApi+TransferCommunity.swift /Users/admin/builder/spi-builder-workspace/Sources/LemmyKit/LemmyApi+UpdateTotp.swift /Users/admin/builder/spi-builder-workspace/Sources/LemmyKit/LemmyApi+UploadImage.swift /Users/admin/builder/spi-builder-workspace/Sources/LemmyKit/LemmyApi+ValidateAuth.swift /Users/admin/builder/spi-builder-workspace/Sources/LemmyKit/LemmyApi+VerifyEmail.swift /Users/admin/builder/spi-builder-workspace/Sources/LemmyKit/LemmyApi.swift /Users/admin/builder/spi-builder-workspace/Sources/LemmyKit/LemmyApiError+fromClientError.swift /Users/admin/builder/spi-builder-workspace/Sources/LemmyKit/LemmyApiError.swift /Users/admin/builder/spi-builder-workspace/Sources/LemmyKit/LemmyCredential.swift /Users/admin/builder/spi-builder-workspace/Sources/LemmyKit/Utils/AuthorizationMiddleware.swift /Users/admin/builder/spi-builder-workspace/Sources/LemmyKit/Utils/CommentPath.swift (in target 'LemmyKit' from project 'LemmyKit')
	SwiftCompile normal arm64 /Users/admin/builder/spi-builder-workspace/Sources/LemmyKit/LemmyApi.swift (in target 'LemmyKit' from project 'LemmyKit')
	SwiftEmitModule normal arm64 Emitting\ module\ for\ LemmyKit (in target 'LemmyKit' from project 'LemmyKit')
	Building workspace spi-builder-workspace with scheme LemmyKit
(4 failures)
BUILD FAILURE 6.1 tvOS