Build Information
Failed to build PryntTrimmerView, reference master (6abd91), with Swift 6.1 for watchOS using Xcode 16.3 on 28 Sep 2026 09:34:46 UTC.
Build Command
env DEVELOPER_DIR=/Applications/Xcode-16.3.0.app xcrun xcodebuild -IDEClonedSourcePackagesDirPathOverride=$PWD/.dependencies -skipMacroValidation -skipPackagePluginValidation -derivedDataPath $PWD/.derivedData build -scheme PryntTrimmerView -destination generic/platform=watchOSBuild Log
========================================
RunAll
========================================
Builder version: 5.1.0
Interrupt handler set up.
========================================
Checkout
========================================
Clone URL: https://github.com/HHK1/PryntTrimmerView.git
Reference: master
Initialized empty Git repository in /Users/admin/builder/spi-builder-workspace/.git/
From https://github.com/HHK1/PryntTrimmerView
* branch master -> FETCH_HEAD
* [new branch] master -> origin/master
HEAD is now at 6abd91b Merge pull request #95 from rafa-e1/fix-typo
Cloned https://github.com/HHK1/PryntTrimmerView.git
Revision (git rev-parse @):
6abd91b68b69ede226093ebb7f847045d7f4c34b
SUCCESS checkout https://github.com/HHK1/PryntTrimmerView.git at master
========================================
Build
========================================
Selected platform: watchOS
Swift version: 6.1
Building package at path: $PWD
https://github.com/HHK1/PryntTrimmerView.git
https://github.com/HHK1/PryntTrimmerView.git
{
"dependencies" : [
],
"manifest_display_name" : "PryntTrimmerView",
"name" : "PryntTrimmerView",
"path" : "/Users/admin/builder/spi-builder-workspace",
"platforms" : [
{
"name" : "ios",
"version" : "9.0"
}
],
"products" : [
{
"name" : "PryntTrimmerView",
"targets" : [
"PryntTrimmerView"
],
"type" : {
"library" : [
"automatic"
]
}
}
],
"swift_languages_versions" : [
"5"
],
"targets" : [
{
"c99name" : "PryntTrimmerView",
"module_type" : "SwiftTarget",
"name" : "PryntTrimmerView",
"path" : "Sources/PryntTrimmerView",
"product_memberships" : [
"PryntTrimmerView"
],
"sources" : [
"Cropper/CropMaskView.swift",
"Cropper/VideoCropView.swift",
"Cropper/VideoScrollView.swift",
"Parents/AVAssetTimeSelector.swift",
"Parents/AssetVideoScrollView.swift",
"ThumbSelectorView.swift",
"Trimmer/HandlerView.swift",
"Trimmer/PryntTrimmerView.swift"
],
"type" : "library"
}
],
"tools_version" : "5.0"
}
Command line invocation:
/Applications/Xcode-16.3.0.app/Contents/Developer/usr/bin/xcodebuild -IDEClonedSourcePackagesDirPathOverride=/Users/admin/builder/spi-builder-workspace/.dependencies -resolvePackageDependencies
resolved source packages:
{
"dependencies" : [
],
"manifest_display_name" : "PryntTrimmerView",
"name" : "PryntTrimmerView",
"path" : "/Users/admin/builder/spi-builder-workspace",
"platforms" : [
{
"name" : "ios",
"version" : "9.0"
}
],
"products" : [
{
"name" : "PryntTrimmerView",
"targets" : [
"PryntTrimmerView"
],
"type" : {
"library" : [
"automatic"
]
}
}
],
"swift_languages_versions" : [
"5"
],
"targets" : [
{
"c99name" : "PryntTrimmerView",
"module_type" : "SwiftTarget",
"name" : "PryntTrimmerView",
"path" : "Sources/PryntTrimmerView",
"product_memberships" : [
"PryntTrimmerView"
],
"sources" : [
"Cropper/CropMaskView.swift",
"Cropper/VideoCropView.swift",
"Cropper/VideoScrollView.swift",
"Parents/AVAssetTimeSelector.swift",
"Parents/AssetVideoScrollView.swift",
"ThumbSelectorView.swift",
"Trimmer/HandlerView.swift",
"Trimmer/PryntTrimmerView.swift"
],
"type" : "library"
}
],
"tools_version" : "5.0"
}
{
"project" : {
"configurations" : [
"Debug",
"Release"
],
"name" : "PryntTrimmerViewExample",
"schemes" : [
"PryntTrimmerView",
"PryntTrimmerViewExample"
],
"targets" : [
"PryntTrimmerViewExample",
"PryntTrimmerView"
]
}
}
{
"workspace" : {
"name" : "spi-builder-workspace",
"schemes" : [
"PryntTrimmerView"
]
}
}
Running build ...
env DEVELOPER_DIR=/Applications/Xcode-16.3.0.app xcrun xcodebuild -IDEClonedSourcePackagesDirPathOverride=$PWD/.dependencies -skipMacroValidation -skipPackagePluginValidation -derivedDataPath $PWD/.derivedData build -scheme PryntTrimmerView -destination generic/platform=watchOS OTHER_SWIFT_FLAGS=-stats-output-dir .stats -strict-concurrency=complete -enable-upcoming-feature StrictConcurrency -enable-upcoming-feature DisableOutwardActorInference -enable-upcoming-feature GlobalActorIsolatedTypesUsability -enable-upcoming-feature InferSendableFromCaptures
Command line invocation:
/Applications/Xcode-16.3.0.app/Contents/Developer/usr/bin/xcodebuild -IDEClonedSourcePackagesDirPathOverride=/Users/admin/builder/spi-builder-workspace/.dependencies -skipMacroValidation -skipPackagePluginValidation -derivedDataPath /Users/admin/builder/spi-builder-workspace/.derivedData build -scheme PryntTrimmerView -destination generic/platform=watchOS "OTHER_SWIFT_FLAGS=-stats-output-dir .stats -strict-concurrency=complete -enable-upcoming-feature StrictConcurrency -enable-upcoming-feature DisableOutwardActorInference -enable-upcoming-feature GlobalActorIsolatedTypesUsability -enable-upcoming-feature InferSendableFromCaptures"
Build settings from command line:
OTHER_SWIFT_FLAGS = -stats-output-dir .stats -strict-concurrency=complete -enable-upcoming-feature StrictConcurrency -enable-upcoming-feature DisableOutwardActorInference -enable-upcoming-feature GlobalActorIsolatedTypesUsability -enable-upcoming-feature InferSendableFromCaptures
Resolve Package Graph
Resolved source packages:
PryntTrimmerView: /Users/admin/builder/spi-builder-workspace
ComputePackagePrebuildTargetDependencyGraph
Prepare packages
CreateBuildRequest
SendProjectDescription
CreateBuildOperation
ComputeTargetDependencyGraph
note: Building targets in dependency order
note: Target dependency graph (2 targets)
Target 'PryntTrimmerView' in project 'PryntTrimmerView'
➜ Explicit dependency on target 'PryntTrimmerView' in project 'PryntTrimmerView'
Target 'PryntTrimmerView' in project 'PryntTrimmerView' (no dependencies)
GatherProvisioningInputs
CreateBuildDescription
ExecuteExternalTool /Applications/Xcode-16.3.0.app/Contents/Developer/Toolchains/XcodeDefault.xctoolchain/usr/bin/clang -v -E -dM -isysroot /Applications/Xcode-16.3.0.app/Contents/Developer/Platforms/WatchOS.platform/Developer/SDKs/WatchOS11.4.sdk -x c -c /dev/null
ExecuteExternalTool /Applications/Xcode-16.3.0.app/Contents/Developer/Toolchains/XcodeDefault.xctoolchain/usr/bin/swiftc --version
ExecuteExternalTool /Applications/Xcode-16.3.0.app/Contents/Developer/Toolchains/XcodeDefault.xctoolchain/usr/bin/ld -version_details
Build description signature: f4aa31d2aa9bd51849d267e9fa95b5da
Build description path: /Users/admin/builder/spi-builder-workspace/.derivedData/Build/Intermediates.noindex/XCBuildData/f4aa31d2aa9bd51849d267e9fa95b5da.xcbuilddata
CreateBuildDirectory /Users/admin/builder/spi-builder-workspace/.derivedData/Build/Products
cd /Users/admin/builder/spi-builder-workspace/.swiftpm/xcode
builtin-create-build-directory /Users/admin/builder/spi-builder-workspace/.derivedData/Build/Products
CreateBuildDirectory /Users/admin/builder/spi-builder-workspace/.derivedData/Build/Intermediates.noindex
cd /Users/admin/builder/spi-builder-workspace/.swiftpm/xcode
builtin-create-build-directory /Users/admin/builder/spi-builder-workspace/.derivedData/Build/Intermediates.noindex
ClangStatCache /Applications/Xcode-16.3.0.app/Contents/Developer/Toolchains/XcodeDefault.xctoolchain/usr/bin/clang-stat-cache /Applications/Xcode-16.3.0.app/Contents/Developer/Platforms/WatchOS.platform/Developer/SDKs/WatchOS11.4.sdk /Users/admin/builder/spi-builder-workspace/.derivedData/SDKStatCaches.noindex/watchos11.4-22T246-43efb940ff07ba2497b70ec94253f576.sdkstatcache
cd /Users/admin/builder/spi-builder-workspace/.swiftpm/xcode
/Applications/Xcode-16.3.0.app/Contents/Developer/Toolchains/XcodeDefault.xctoolchain/usr/bin/clang-stat-cache /Applications/Xcode-16.3.0.app/Contents/Developer/Platforms/WatchOS.platform/Developer/SDKs/WatchOS11.4.sdk -o /Users/admin/builder/spi-builder-workspace/.derivedData/SDKStatCaches.noindex/watchos11.4-22T246-43efb940ff07ba2497b70ec94253f576.sdkstatcache
CreateBuildDirectory /Users/admin/builder/spi-builder-workspace/.derivedData/Build/Products/Debug-watchos
cd /Users/admin/builder/spi-builder-workspace/.swiftpm/xcode
builtin-create-build-directory /Users/admin/builder/spi-builder-workspace/.derivedData/Build/Products/Debug-watchos
CreateBuildDirectory /Users/admin/builder/spi-builder-workspace/.derivedData/Build/Intermediates.noindex/EagerLinkingTBDs/Debug-watchos
cd /Users/admin/builder/spi-builder-workspace/.swiftpm/xcode
builtin-create-build-directory /Users/admin/builder/spi-builder-workspace/.derivedData/Build/Intermediates.noindex/EagerLinkingTBDs/Debug-watchos
CreateBuildDirectory /Users/admin/builder/spi-builder-workspace/.derivedData/Build/Products/Debug-watchos/PackageFrameworks
cd /Users/admin/builder/spi-builder-workspace/.swiftpm/xcode
builtin-create-build-directory /Users/admin/builder/spi-builder-workspace/.derivedData/Build/Products/Debug-watchos/PackageFrameworks
WriteAuxiliaryFile /Users/admin/builder/spi-builder-workspace/.derivedData/Build/Intermediates.noindex/PryntTrimmerView.build/Debug-watchos/PryntTrimmerView.build/PryntTrimmerView.DependencyMetadataFileList (in target 'PryntTrimmerView' from project 'PryntTrimmerView')
cd /Users/admin/builder/spi-builder-workspace
write-file /Users/admin/builder/spi-builder-workspace/.derivedData/Build/Intermediates.noindex/PryntTrimmerView.build/Debug-watchos/PryntTrimmerView.build/PryntTrimmerView.DependencyMetadataFileList
WriteAuxiliaryFile /Users/admin/builder/spi-builder-workspace/.derivedData/Build/Intermediates.noindex/PryntTrimmerView.build/Debug-watchos/PryntTrimmerView.build/PryntTrimmerView.DependencyStaticMetadataFileList (in target 'PryntTrimmerView' from project 'PryntTrimmerView')
cd /Users/admin/builder/spi-builder-workspace
write-file /Users/admin/builder/spi-builder-workspace/.derivedData/Build/Intermediates.noindex/PryntTrimmerView.build/Debug-watchos/PryntTrimmerView.build/PryntTrimmerView.DependencyStaticMetadataFileList
WriteAuxiliaryFile /Users/admin/builder/spi-builder-workspace/.derivedData/Build/Intermediates.noindex/PryntTrimmerView.build/Debug-watchos/PryntTrimmerView.build/PryntTrimmerView.modulemap (in target 'PryntTrimmerView' from project 'PryntTrimmerView')
cd /Users/admin/builder/spi-builder-workspace
write-file /Users/admin/builder/spi-builder-workspace/.derivedData/Build/Intermediates.noindex/PryntTrimmerView.build/Debug-watchos/PryntTrimmerView.build/PryntTrimmerView.modulemap
WriteAuxiliaryFile /Users/admin/builder/spi-builder-workspace/.derivedData/Build/Intermediates.noindex/PryntTrimmerView.build/Debug-watchos/PryntTrimmerView.build/Objects-normal/armv7k/PryntTrimmerView.SwiftFileList (in target 'PryntTrimmerView' from project 'PryntTrimmerView')
cd /Users/admin/builder/spi-builder-workspace
write-file /Users/admin/builder/spi-builder-workspace/.derivedData/Build/Intermediates.noindex/PryntTrimmerView.build/Debug-watchos/PryntTrimmerView.build/Objects-normal/armv7k/PryntTrimmerView.SwiftFileList
WriteAuxiliaryFile /Users/admin/builder/spi-builder-workspace/.derivedData/Build/Intermediates.noindex/PryntTrimmerView.build/Debug-watchos/PryntTrimmerView.build/Objects-normal/armv7k/PryntTrimmerView.LinkFileList (in target 'PryntTrimmerView' from project 'PryntTrimmerView')
cd /Users/admin/builder/spi-builder-workspace
write-file /Users/admin/builder/spi-builder-workspace/.derivedData/Build/Intermediates.noindex/PryntTrimmerView.build/Debug-watchos/PryntTrimmerView.build/Objects-normal/armv7k/PryntTrimmerView.LinkFileList
WriteAuxiliaryFile /Users/admin/builder/spi-builder-workspace/.derivedData/Build/Intermediates.noindex/PryntTrimmerView.build/Debug-watchos/PryntTrimmerView.build/Objects-normal/armv7k/PryntTrimmerView_const_extract_protocols.json (in target 'PryntTrimmerView' from project 'PryntTrimmerView')
cd /Users/admin/builder/spi-builder-workspace
write-file /Users/admin/builder/spi-builder-workspace/.derivedData/Build/Intermediates.noindex/PryntTrimmerView.build/Debug-watchos/PryntTrimmerView.build/Objects-normal/armv7k/PryntTrimmerView_const_extract_protocols.json
WriteAuxiliaryFile /Users/admin/builder/spi-builder-workspace/.derivedData/Build/Intermediates.noindex/PryntTrimmerView.build/Debug-watchos/PryntTrimmerView.build/Objects-normal/armv7k/PryntTrimmerView.SwiftConstValuesFileList (in target 'PryntTrimmerView' from project 'PryntTrimmerView')
cd /Users/admin/builder/spi-builder-workspace
write-file /Users/admin/builder/spi-builder-workspace/.derivedData/Build/Intermediates.noindex/PryntTrimmerView.build/Debug-watchos/PryntTrimmerView.build/Objects-normal/armv7k/PryntTrimmerView.SwiftConstValuesFileList
WriteAuxiliaryFile /Users/admin/builder/spi-builder-workspace/.derivedData/Build/Intermediates.noindex/PryntTrimmerView.build/Debug-watchos/PryntTrimmerView.build/Objects-normal/armv7k/PryntTrimmerView-OutputFileMap.json (in target 'PryntTrimmerView' from project 'PryntTrimmerView')
cd /Users/admin/builder/spi-builder-workspace
write-file /Users/admin/builder/spi-builder-workspace/.derivedData/Build/Intermediates.noindex/PryntTrimmerView.build/Debug-watchos/PryntTrimmerView.build/Objects-normal/armv7k/PryntTrimmerView-OutputFileMap.json
WriteAuxiliaryFile /Users/admin/builder/spi-builder-workspace/.derivedData/Build/Intermediates.noindex/PryntTrimmerView.build/Debug-watchos/PryntTrimmerView.build/Objects-normal/arm64_32/PryntTrimmerView_const_extract_protocols.json (in target 'PryntTrimmerView' from project 'PryntTrimmerView')
cd /Users/admin/builder/spi-builder-workspace
write-file /Users/admin/builder/spi-builder-workspace/.derivedData/Build/Intermediates.noindex/PryntTrimmerView.build/Debug-watchos/PryntTrimmerView.build/Objects-normal/arm64_32/PryntTrimmerView_const_extract_protocols.json
WriteAuxiliaryFile /Users/admin/builder/spi-builder-workspace/.derivedData/Build/Intermediates.noindex/PryntTrimmerView.build/Debug-watchos/PryntTrimmerView.build/Objects-normal/arm64_32/PryntTrimmerView.SwiftFileList (in target 'PryntTrimmerView' from project 'PryntTrimmerView')
cd /Users/admin/builder/spi-builder-workspace
write-file /Users/admin/builder/spi-builder-workspace/.derivedData/Build/Intermediates.noindex/PryntTrimmerView.build/Debug-watchos/PryntTrimmerView.build/Objects-normal/arm64_32/PryntTrimmerView.SwiftFileList
WriteAuxiliaryFile /Users/admin/builder/spi-builder-workspace/.derivedData/Build/Intermediates.noindex/PryntTrimmerView.build/Debug-watchos/PryntTrimmerView.build/Objects-normal/arm64_32/PryntTrimmerView.SwiftConstValuesFileList (in target 'PryntTrimmerView' from project 'PryntTrimmerView')
cd /Users/admin/builder/spi-builder-workspace
write-file /Users/admin/builder/spi-builder-workspace/.derivedData/Build/Intermediates.noindex/PryntTrimmerView.build/Debug-watchos/PryntTrimmerView.build/Objects-normal/arm64_32/PryntTrimmerView.SwiftConstValuesFileList
WriteAuxiliaryFile /Users/admin/builder/spi-builder-workspace/.derivedData/Build/Intermediates.noindex/PryntTrimmerView.build/Debug-watchos/PryntTrimmerView.build/Objects-normal/arm64_32/PryntTrimmerView.LinkFileList (in target 'PryntTrimmerView' from project 'PryntTrimmerView')
cd /Users/admin/builder/spi-builder-workspace
write-file /Users/admin/builder/spi-builder-workspace/.derivedData/Build/Intermediates.noindex/PryntTrimmerView.build/Debug-watchos/PryntTrimmerView.build/Objects-normal/arm64_32/PryntTrimmerView.LinkFileList
WriteAuxiliaryFile /Users/admin/builder/spi-builder-workspace/.derivedData/Build/Intermediates.noindex/PryntTrimmerView.build/Debug-watchos/PryntTrimmerView.build/Objects-normal/arm64_32/PryntTrimmerView-OutputFileMap.json (in target 'PryntTrimmerView' from project 'PryntTrimmerView')
cd /Users/admin/builder/spi-builder-workspace
write-file /Users/admin/builder/spi-builder-workspace/.derivedData/Build/Intermediates.noindex/PryntTrimmerView.build/Debug-watchos/PryntTrimmerView.build/Objects-normal/arm64_32/PryntTrimmerView-OutputFileMap.json
WriteAuxiliaryFile /Users/admin/builder/spi-builder-workspace/.derivedData/Build/Intermediates.noindex/PryntTrimmerView.build/Debug-watchos/PryntTrimmerView.build/Objects-normal/arm64/PryntTrimmerView.LinkFileList (in target 'PryntTrimmerView' from project 'PryntTrimmerView')
cd /Users/admin/builder/spi-builder-workspace
write-file /Users/admin/builder/spi-builder-workspace/.derivedData/Build/Intermediates.noindex/PryntTrimmerView.build/Debug-watchos/PryntTrimmerView.build/Objects-normal/arm64/PryntTrimmerView.LinkFileList
WriteAuxiliaryFile /Users/admin/builder/spi-builder-workspace/.derivedData/Build/Intermediates.noindex/PryntTrimmerView.build/Debug-watchos/PryntTrimmerView.build/Objects-normal/arm64/PryntTrimmerView.SwiftConstValuesFileList (in target 'PryntTrimmerView' from project 'PryntTrimmerView')
cd /Users/admin/builder/spi-builder-workspace
write-file /Users/admin/builder/spi-builder-workspace/.derivedData/Build/Intermediates.noindex/PryntTrimmerView.build/Debug-watchos/PryntTrimmerView.build/Objects-normal/arm64/PryntTrimmerView.SwiftConstValuesFileList
WriteAuxiliaryFile /Users/admin/builder/spi-builder-workspace/.derivedData/Build/Intermediates.noindex/PryntTrimmerView.build/Debug-watchos/PryntTrimmerView.build/Objects-normal/arm64/PryntTrimmerView_const_extract_protocols.json (in target 'PryntTrimmerView' from project 'PryntTrimmerView')
cd /Users/admin/builder/spi-builder-workspace
write-file /Users/admin/builder/spi-builder-workspace/.derivedData/Build/Intermediates.noindex/PryntTrimmerView.build/Debug-watchos/PryntTrimmerView.build/Objects-normal/arm64/PryntTrimmerView_const_extract_protocols.json
WriteAuxiliaryFile /Users/admin/builder/spi-builder-workspace/.derivedData/Build/Intermediates.noindex/PryntTrimmerView.build/Debug-watchos/PryntTrimmerView.build/Objects-normal/arm64/PryntTrimmerView.SwiftFileList (in target 'PryntTrimmerView' from project 'PryntTrimmerView')
cd /Users/admin/builder/spi-builder-workspace
write-file /Users/admin/builder/spi-builder-workspace/.derivedData/Build/Intermediates.noindex/PryntTrimmerView.build/Debug-watchos/PryntTrimmerView.build/Objects-normal/arm64/PryntTrimmerView.SwiftFileList
WriteAuxiliaryFile /Users/admin/builder/spi-builder-workspace/.derivedData/Build/Intermediates.noindex/PryntTrimmerView.build/Debug-watchos/PryntTrimmerView.build/Objects-normal/arm64/PryntTrimmerView-OutputFileMap.json (in target 'PryntTrimmerView' from project 'PryntTrimmerView')
cd /Users/admin/builder/spi-builder-workspace
write-file /Users/admin/builder/spi-builder-workspace/.derivedData/Build/Intermediates.noindex/PryntTrimmerView.build/Debug-watchos/PryntTrimmerView.build/Objects-normal/arm64/PryntTrimmerView-OutputFileMap.json
Copy /Users/admin/builder/spi-builder-workspace/.derivedData/Build/Intermediates.noindex/GeneratedModuleMaps-watchos/PryntTrimmerView.modulemap /Users/admin/builder/spi-builder-workspace/.derivedData/Build/Intermediates.noindex/PryntTrimmerView.build/Debug-watchos/PryntTrimmerView.build/PryntTrimmerView.modulemap (in target 'PryntTrimmerView' from project 'PryntTrimmerView')
cd /Users/admin/builder/spi-builder-workspace
builtin-copy -exclude .DS_Store -exclude CVS -exclude .svn -exclude .git -exclude .hg -resolve-src-symlinks /Users/admin/builder/spi-builder-workspace/.derivedData/Build/Intermediates.noindex/PryntTrimmerView.build/Debug-watchos/PryntTrimmerView.build/PryntTrimmerView.modulemap /Users/admin/builder/spi-builder-workspace/.derivedData/Build/Intermediates.noindex/GeneratedModuleMaps-watchos
SwiftDriver PryntTrimmerView normal armv7k com.apple.xcode.tools.swift.compiler (in target 'PryntTrimmerView' from project 'PryntTrimmerView')
cd /Users/admin/builder/spi-builder-workspace/.swiftpm/xcode
builtin-SwiftDriver -- /Applications/Xcode-16.3.0.app/Contents/Developer/Toolchains/XcodeDefault.xctoolchain/usr/bin/swiftc -module-name PryntTrimmerView -Onone -enforce-exclusivity\=checked @/Users/admin/builder/spi-builder-workspace/.derivedData/Build/Intermediates.noindex/PryntTrimmerView.build/Debug-watchos/PryntTrimmerView.build/Objects-normal/armv7k/PryntTrimmerView.SwiftFileList -DSWIFT_PACKAGE -DDEBUG -stats-output-dir .stats -strict-concurrency\=complete -enable-upcoming-feature StrictConcurrency -enable-upcoming-feature DisableOutwardActorInference -enable-upcoming-feature GlobalActorIsolatedTypesUsability -enable-upcoming-feature InferSendableFromCaptures -plugin-path /Applications/Xcode-16.3.0.app/Contents/Developer/Toolchains/XcodeDefault.xctoolchain/usr/lib/swift/host/plugins/testing -enable-experimental-feature DebugDescriptionMacro -sdk /Applications/Xcode-16.3.0.app/Contents/Developer/Platforms/WatchOS.platform/Developer/SDKs/WatchOS11.4.sdk -target armv7k-apple-watchos5.0 -g -module-cache-path /Users/admin/builder/spi-builder-workspace/.derivedData/ModuleCache.noindex -Xfrontend -serialize-debugging-options -enable-testing -index-store-path /Users/admin/builder/spi-builder-workspace/.derivedData/Index.noindex/DataStore -swift-version 5 -I /Users/admin/builder/spi-builder-workspace/.derivedData/Build/Products/Debug-watchos -I /Applications/Xcode-16.3.0.app/Contents/Developer/Platforms/WatchOS.platform/Developer/usr/lib -F /Users/admin/builder/spi-builder-workspace/.derivedData/Build/Products/Debug-watchos -F /Applications/Xcode-16.3.0.app/Contents/Developer/Platforms/WatchOS.platform/Developer/Library/Frameworks -F /Applications/Xcode-16.3.0.app/Contents/Developer/Platforms/WatchOS.platform/Developer/SDKs/WatchOS11.4.sdk/Developer/Library/Frameworks -c -j10 -enable-batch-mode -incremental -Xcc -ivfsstatcache -Xcc /Users/admin/builder/spi-builder-workspace/.derivedData/SDKStatCaches.noindex/watchos11.4-22T246-43efb940ff07ba2497b70ec94253f576.sdkstatcache -output-file-map /Users/admin/builder/spi-builder-workspace/.derivedData/Build/Intermediates.noindex/PryntTrimmerView.build/Debug-watchos/PryntTrimmerView.build/Objects-normal/armv7k/PryntTrimmerView-OutputFileMap.json -use-frontend-parseable-output -save-temps -no-color-diagnostics -serialize-diagnostics -emit-dependencies -emit-module -emit-module-path /Users/admin/builder/spi-builder-workspace/.derivedData/Build/Intermediates.noindex/PryntTrimmerView.build/Debug-watchos/PryntTrimmerView.build/Objects-normal/armv7k/PryntTrimmerView.swiftmodule -validate-clang-modules-once -clang-build-session-file /Users/admin/builder/spi-builder-workspace/.derivedData/ModuleCache.noindex/Session.modulevalidation -Xcc -I/Users/admin/builder/spi-builder-workspace/.derivedData/Build/Intermediates.noindex/PryntTrimmerView.build/Debug-watchos/PryntTrimmerView.build/swift-overrides.hmap -emit-const-values -Xfrontend -const-gather-protocols-file -Xfrontend /Users/admin/builder/spi-builder-workspace/.derivedData/Build/Intermediates.noindex/PryntTrimmerView.build/Debug-watchos/PryntTrimmerView.build/Objects-normal/armv7k/PryntTrimmerView_const_extract_protocols.json -Xcc -I/Users/admin/builder/spi-builder-workspace/.derivedData/Build/Products/Debug-watchos/include -Xcc -I/Users/admin/builder/spi-builder-workspace/.derivedData/Build/Intermediates.noindex/PryntTrimmerView.build/Debug-watchos/PryntTrimmerView.build/DerivedSources-normal/armv7k -Xcc -I/Users/admin/builder/spi-builder-workspace/.derivedData/Build/Intermediates.noindex/PryntTrimmerView.build/Debug-watchos/PryntTrimmerView.build/DerivedSources/armv7k -Xcc -I/Users/admin/builder/spi-builder-workspace/.derivedData/Build/Intermediates.noindex/PryntTrimmerView.build/Debug-watchos/PryntTrimmerView.build/DerivedSources -Xcc -DSWIFT_PACKAGE -Xcc -DDEBUG\=1 -emit-objc-header -emit-objc-header-path /Users/admin/builder/spi-builder-workspace/.derivedData/Build/Intermediates.noindex/PryntTrimmerView.build/Debug-watchos/PryntTrimmerView.build/Objects-normal/armv7k/PryntTrimmerView-Swift.h -working-directory /Users/admin/builder/spi-builder-workspace/.swiftpm/xcode -experimental-emit-module-separately -disable-cmo
SwiftDriver PryntTrimmerView normal arm64_32 com.apple.xcode.tools.swift.compiler (in target 'PryntTrimmerView' from project 'PryntTrimmerView')
cd /Users/admin/builder/spi-builder-workspace/.swiftpm/xcode
builtin-SwiftDriver -- /Applications/Xcode-16.3.0.app/Contents/Developer/Toolchains/XcodeDefault.xctoolchain/usr/bin/swiftc -module-name PryntTrimmerView -Onone -enforce-exclusivity\=checked @/Users/admin/builder/spi-builder-workspace/.derivedData/Build/Intermediates.noindex/PryntTrimmerView.build/Debug-watchos/PryntTrimmerView.build/Objects-normal/arm64_32/PryntTrimmerView.SwiftFileList -DSWIFT_PACKAGE -DDEBUG -stats-output-dir .stats -strict-concurrency\=complete -enable-upcoming-feature StrictConcurrency -enable-upcoming-feature DisableOutwardActorInference -enable-upcoming-feature GlobalActorIsolatedTypesUsability -enable-upcoming-feature InferSendableFromCaptures -plugin-path /Applications/Xcode-16.3.0.app/Contents/Developer/Toolchains/XcodeDefault.xctoolchain/usr/lib/swift/host/plugins/testing -enable-experimental-feature DebugDescriptionMacro -sdk /Applications/Xcode-16.3.0.app/Contents/Developer/Platforms/WatchOS.platform/Developer/SDKs/WatchOS11.4.sdk -target arm64_32-apple-watchos5.0 -g -module-cache-path /Users/admin/builder/spi-builder-workspace/.derivedData/ModuleCache.noindex -Xfrontend -serialize-debugging-options -enable-testing -index-store-path /Users/admin/builder/spi-builder-workspace/.derivedData/Index.noindex/DataStore -swift-version 5 -I /Users/admin/builder/spi-builder-workspace/.derivedData/Build/Products/Debug-watchos -I /Applications/Xcode-16.3.0.app/Contents/Developer/Platforms/WatchOS.platform/Developer/usr/lib -F /Users/admin/builder/spi-builder-workspace/.derivedData/Build/Products/Debug-watchos -F /Applications/Xcode-16.3.0.app/Contents/Developer/Platforms/WatchOS.platform/Developer/Library/Frameworks -F /Applications/Xcode-16.3.0.app/Contents/Developer/Platforms/WatchOS.platform/Developer/SDKs/WatchOS11.4.sdk/Developer/Library/Frameworks -c -j10 -enable-batch-mode -incremental -Xcc -ivfsstatcache -Xcc /Users/admin/builder/spi-builder-workspace/.derivedData/SDKStatCaches.noindex/watchos11.4-22T246-43efb940ff07ba2497b70ec94253f576.sdkstatcache -output-file-map /Users/admin/builder/spi-builder-workspace/.derivedData/Build/Intermediates.noindex/PryntTrimmerView.build/Debug-watchos/PryntTrimmerView.build/Objects-normal/arm64_32/PryntTrimmerView-OutputFileMap.json -use-frontend-parseable-output -save-temps -no-color-diagnostics -serialize-diagnostics -emit-dependencies -emit-module -emit-module-path /Users/admin/builder/spi-builder-workspace/.derivedData/Build/Intermediates.noindex/PryntTrimmerView.build/Debug-watchos/PryntTrimmerView.build/Objects-normal/arm64_32/PryntTrimmerView.swiftmodule -validate-clang-modules-once -clang-build-session-file /Users/admin/builder/spi-builder-workspace/.derivedData/ModuleCache.noindex/Session.modulevalidation -Xcc -I/Users/admin/builder/spi-builder-workspace/.derivedData/Build/Intermediates.noindex/PryntTrimmerView.build/Debug-watchos/PryntTrimmerView.build/swift-overrides.hmap -emit-const-values -Xfrontend -const-gather-protocols-file -Xfrontend /Users/admin/builder/spi-builder-workspace/.derivedData/Build/Intermediates.noindex/PryntTrimmerView.build/Debug-watchos/PryntTrimmerView.build/Objects-normal/arm64_32/PryntTrimmerView_const_extract_protocols.json -Xcc -I/Users/admin/builder/spi-builder-workspace/.derivedData/Build/Products/Debug-watchos/include -Xcc -I/Users/admin/builder/spi-builder-workspace/.derivedData/Build/Intermediates.noindex/PryntTrimmerView.build/Debug-watchos/PryntTrimmerView.build/DerivedSources-normal/arm64_32 -Xcc -I/Users/admin/builder/spi-builder-workspace/.derivedData/Build/Intermediates.noindex/PryntTrimmerView.build/Debug-watchos/PryntTrimmerView.build/DerivedSources/arm64_32 -Xcc -I/Users/admin/builder/spi-builder-workspace/.derivedData/Build/Intermediates.noindex/PryntTrimmerView.build/Debug-watchos/PryntTrimmerView.build/DerivedSources -Xcc -DSWIFT_PACKAGE -Xcc -DDEBUG\=1 -emit-objc-header -emit-objc-header-path /Users/admin/builder/spi-builder-workspace/.derivedData/Build/Intermediates.noindex/PryntTrimmerView.build/Debug-watchos/PryntTrimmerView.build/Objects-normal/arm64_32/PryntTrimmerView-Swift.h -working-directory /Users/admin/builder/spi-builder-workspace/.swiftpm/xcode -experimental-emit-module-separately -disable-cmo
SwiftDriver PryntTrimmerView normal arm64 com.apple.xcode.tools.swift.compiler (in target 'PryntTrimmerView' from project 'PryntTrimmerView')
cd /Users/admin/builder/spi-builder-workspace/.swiftpm/xcode
builtin-SwiftDriver -- /Applications/Xcode-16.3.0.app/Contents/Developer/Toolchains/XcodeDefault.xctoolchain/usr/bin/swiftc -module-name PryntTrimmerView -Onone -enforce-exclusivity\=checked @/Users/admin/builder/spi-builder-workspace/.derivedData/Build/Intermediates.noindex/PryntTrimmerView.build/Debug-watchos/PryntTrimmerView.build/Objects-normal/arm64/PryntTrimmerView.SwiftFileList -DSWIFT_PACKAGE -DDEBUG -stats-output-dir .stats -strict-concurrency\=complete -enable-upcoming-feature StrictConcurrency -enable-upcoming-feature DisableOutwardActorInference -enable-upcoming-feature GlobalActorIsolatedTypesUsability -enable-upcoming-feature InferSendableFromCaptures -plugin-path /Applications/Xcode-16.3.0.app/Contents/Developer/Toolchains/XcodeDefault.xctoolchain/usr/lib/swift/host/plugins/testing -enable-experimental-feature DebugDescriptionMacro -sdk /Applications/Xcode-16.3.0.app/Contents/Developer/Platforms/WatchOS.platform/Developer/SDKs/WatchOS11.4.sdk -target arm64-apple-watchos5.0 -g -module-cache-path /Users/admin/builder/spi-builder-workspace/.derivedData/ModuleCache.noindex -Xfrontend -serialize-debugging-options -enable-testing -index-store-path /Users/admin/builder/spi-builder-workspace/.derivedData/Index.noindex/DataStore -swift-version 5 -I /Users/admin/builder/spi-builder-workspace/.derivedData/Build/Products/Debug-watchos -I /Applications/Xcode-16.3.0.app/Contents/Developer/Platforms/WatchOS.platform/Developer/usr/lib -F /Users/admin/builder/spi-builder-workspace/.derivedData/Build/Products/Debug-watchos -F /Applications/Xcode-16.3.0.app/Contents/Developer/Platforms/WatchOS.platform/Developer/Library/Frameworks -F /Applications/Xcode-16.3.0.app/Contents/Developer/Platforms/WatchOS.platform/Developer/SDKs/WatchOS11.4.sdk/Developer/Library/Frameworks -c -j10 -enable-batch-mode -incremental -Xcc -ivfsstatcache -Xcc /Users/admin/builder/spi-builder-workspace/.derivedData/SDKStatCaches.noindex/watchos11.4-22T246-43efb940ff07ba2497b70ec94253f576.sdkstatcache -output-file-map /Users/admin/builder/spi-builder-workspace/.derivedData/Build/Intermediates.noindex/PryntTrimmerView.build/Debug-watchos/PryntTrimmerView.build/Objects-normal/arm64/PryntTrimmerView-OutputFileMap.json -use-frontend-parseable-output -save-temps -no-color-diagnostics -serialize-diagnostics -emit-dependencies -emit-module -emit-module-path /Users/admin/builder/spi-builder-workspace/.derivedData/Build/Intermediates.noindex/PryntTrimmerView.build/Debug-watchos/PryntTrimmerView.build/Objects-normal/arm64/PryntTrimmerView.swiftmodule -validate-clang-modules-once -clang-build-session-file /Users/admin/builder/spi-builder-workspace/.derivedData/ModuleCache.noindex/Session.modulevalidation -Xcc -I/Users/admin/builder/spi-builder-workspace/.derivedData/Build/Intermediates.noindex/PryntTrimmerView.build/Debug-watchos/PryntTrimmerView.build/swift-overrides.hmap -emit-const-values -Xfrontend -const-gather-protocols-file -Xfrontend /Users/admin/builder/spi-builder-workspace/.derivedData/Build/Intermediates.noindex/PryntTrimmerView.build/Debug-watchos/PryntTrimmerView.build/Objects-normal/arm64/PryntTrimmerView_const_extract_protocols.json -Xcc -I/Users/admin/builder/spi-builder-workspace/.derivedData/Build/Products/Debug-watchos/include -Xcc -I/Users/admin/builder/spi-builder-workspace/.derivedData/Build/Intermediates.noindex/PryntTrimmerView.build/Debug-watchos/PryntTrimmerView.build/DerivedSources-normal/arm64 -Xcc -I/Users/admin/builder/spi-builder-workspace/.derivedData/Build/Intermediates.noindex/PryntTrimmerView.build/Debug-watchos/PryntTrimmerView.build/DerivedSources/arm64 -Xcc -I/Users/admin/builder/spi-builder-workspace/.derivedData/Build/Intermediates.noindex/PryntTrimmerView.build/Debug-watchos/PryntTrimmerView.build/DerivedSources -Xcc -DSWIFT_PACKAGE -Xcc -DDEBUG\=1 -emit-objc-header -emit-objc-header-path /Users/admin/builder/spi-builder-workspace/.derivedData/Build/Intermediates.noindex/PryntTrimmerView.build/Debug-watchos/PryntTrimmerView.build/Objects-normal/arm64/PryntTrimmerView-Swift.h -working-directory /Users/admin/builder/spi-builder-workspace/.swiftpm/xcode -experimental-emit-module-separately -disable-cmo
SwiftEmitModule normal armv7k Emitting\ module\ for\ PryntTrimmerView (in target 'PryntTrimmerView' from project 'PryntTrimmerView')
EmitSwiftModule normal armv7k (in target 'PryntTrimmerView' from project 'PryntTrimmerView')
cd /Users/admin/builder/spi-builder-workspace/.swiftpm/xcode
SwiftCompile normal armv7k Compiling\ AVAssetTimeSelector.swift /Users/admin/builder/spi-builder-workspace/Sources/PryntTrimmerView/Parents/AVAssetTimeSelector.swift (in target 'PryntTrimmerView' from project 'PryntTrimmerView')
SwiftCompile normal armv7k /Users/admin/builder/spi-builder-workspace/Sources/PryntTrimmerView/Parents/AVAssetTimeSelector.swift (in target 'PryntTrimmerView' from project 'PryntTrimmerView')
cd /Users/admin/builder/spi-builder-workspace/.swiftpm/xcode
SwiftEmitModule normal arm64_32 Emitting\ module\ for\ PryntTrimmerView (in target 'PryntTrimmerView' from project 'PryntTrimmerView')
Failed frontend command:
/Applications/Xcode-16.3.0.app/Contents/Developer/Toolchains/XcodeDefault.xctoolchain/usr/bin/swift-frontend -frontend -emit-module -experimental-skip-non-inlinable-function-bodies-without-types /Users/admin/builder/spi-builder-workspace/Sources/PryntTrimmerView/Cropper/CropMaskView.swift /Users/admin/builder/spi-builder-workspace/Sources/PryntTrimmerView/Cropper/VideoCropView.swift /Users/admin/builder/spi-builder-workspace/Sources/PryntTrimmerView/Cropper/VideoScrollView.swift /Users/admin/builder/spi-builder-workspace/Sources/PryntTrimmerView/Parents/AVAssetTimeSelector.swift /Users/admin/builder/spi-builder-workspace/Sources/PryntTrimmerView/Parents/AssetVideoScrollView.swift /Users/admin/builder/spi-builder-workspace/Sources/PryntTrimmerView/ThumbSelectorView.swift /Users/admin/builder/spi-builder-workspace/Sources/PryntTrimmerView/Trimmer/HandlerView.swift /Users/admin/builder/spi-builder-workspace/Sources/PryntTrimmerView/Trimmer/PryntTrimmerView.swift -target arm64_32-apple-watchos5.0 -enable-objc-interop -sdk /Applications/Xcode-16.3.0.app/Contents/Developer/Platforms/WatchOS.platform/Developer/SDKs/WatchOS11.4.sdk -I /Users/admin/builder/spi-builder-workspace/.derivedData/Build/Products/Debug-watchos -I /Applications/Xcode-16.3.0.app/Contents/Developer/Platforms/WatchOS.platform/Developer/usr/lib -F /Users/admin/builder/spi-builder-workspace/.derivedData/Build/Products/Debug-watchos -F /Applications/Xcode-16.3.0.app/Contents/Developer/Platforms/WatchOS.platform/Developer/Library/Frameworks -F /Applications/Xcode-16.3.0.app/Contents/Developer/Platforms/WatchOS.platform/Developer/SDKs/WatchOS11.4.sdk/Developer/Library/Frameworks -no-color-diagnostics -enable-testing -g -debug-info-format\=dwarf -dwarf-version\=4 -module-cache-path /Users/admin/builder/spi-builder-workspace/.derivedData/ModuleCache.noindex -swift-version 5 -enforce-exclusivity\=checked -stats-output-dir /Users/admin/builder/spi-builder-workspace/.swiftpm/xcode/.stats -Onone -D SWIFT_PACKAGE -D DEBUG -serialize-debugging-options -const-gather-protocols-file /Users/admin/builder/spi-builder-workspace/.derivedData/Build/Intermediates.noindex/PryntTrimmerView.build/Debug-watchos/PryntTrimmerView.build/Objects-normal/arm64_32/PryntTrimmerView_const_extract_protocols.json -enable-upcoming-feature StrictConcurrency -enable-upcoming-feature DisableOutwardActorInference -enable-upcoming-feature GlobalActorIsolatedTypesUsability -enable-upcoming-feature InferSendableFromCaptures -enable-experimental-feature DebugDescriptionMacro -strict-concurrency\=complete -empty-abi-descriptor -plugin-path /Applications/Xcode-16.3.0.app/Contents/Developer/Toolchains/XcodeDefault.xctoolchain/usr/lib/swift/host/plugins/testing -validate-clang-modules-once -clang-build-session-file /Users/admin/builder/spi-builder-workspace/.derivedData/ModuleCache.noindex/Session.modulevalidation -Xcc -working-directory -Xcc /Users/admin/builder/spi-builder-workspace/.swiftpm/xcode -resource-dir /Applications/Xcode-16.3.0.app/Contents/Developer/Toolchains/XcodeDefault.xctoolchain/usr/lib/swift -enable-anonymous-context-mangled-names -file-compilation-dir /Users/admin/builder/spi-builder-workspace/.swiftpm/xcode -Xcc -ivfsstatcache -Xcc /Users/admin/builder/spi-builder-workspace/.derivedData/SDKStatCaches.noindex/watchos11.4-22T246-43efb940ff07ba2497b70ec94253f576.sdkstatcache -Xcc -I/Users/admin/builder/spi-builder-workspace/.derivedData/Build/Intermediates.noindex/PryntTrimmerView.build/Debug-watchos/PryntTrimmerView.build/swift-overrides.hmap -Xcc -I/Users/admin/builder/spi-builder-workspace/.derivedData/Build/Products/Debug-watchos/include -Xcc -I/Users/admin/builder/spi-builder-workspace/.derivedData/Build/Intermediates.noindex/PryntTrimmerView.build/Debug-watchos/PryntTrimmerView.build/DerivedSources-normal/arm64_32 -Xcc -I/Users/admin/builder/spi-builder-workspace/.derivedData/Build/Intermediates.noindex/PryntTrimmerView.build/Debug-watchos/PryntTrimmerView.build/DerivedSources/arm64_32 -Xcc -I/Users/admin/builder/spi-builder-workspace/.derivedData/Build/Intermediates.noindex/PryntTrimmerView.build/Debug-watchos/PryntTrimmerView.build/DerivedSources -Xcc -DSWIFT_PACKAGE -Xcc -DDEBUG\=1 -module-name PryntTrimmerView -frontend-parseable-output -disable-clang-spi -target-sdk-version 11.4 -target-sdk-name watchos11.4 -external-plugin-path /Applications/Xcode-16.3.0.app/Contents/Developer/Platforms/WatchOS.platform/Developer/usr/lib/swift/host/plugins\#/Applications/Xcode-16.3.0.app/Contents/Developer/Platforms/WatchOS.platform/Developer/usr/bin/swift-plugin-server -external-plugin-path /Applications/Xcode-16.3.0.app/Contents/Developer/Platforms/WatchOS.platform/Developer/usr/local/lib/swift/host/plugins\#/Applications/Xcode-16.3.0.app/Contents/Developer/Platforms/WatchOS.platform/Developer/usr/bin/swift-plugin-server -in-process-plugin-server-path /Applications/Xcode-16.3.0.app/Contents/Developer/Toolchains/XcodeDefault.xctoolchain/usr/lib/swift/host/libSwiftInProcPluginServer.dylib -plugin-path /Applications/Xcode-16.3.0.app/Contents/Developer/Toolchains/XcodeDefault.xctoolchain/usr/lib/swift/host/plugins -plugin-path /Applications/Xcode-16.3.0.app/Contents/Developer/Toolchains/XcodeDefault.xctoolchain/usr/local/lib/swift/host/plugins -emit-module-doc-path /Users/admin/builder/spi-builder-workspace/.derivedData/Build/Intermediates.noindex/PryntTrimmerView.build/Debug-watchos/PryntTrimmerView.build/Objects-normal/arm64_32/PryntTrimmerView.swiftdoc -emit-module-source-info-path /Users/admin/builder/spi-builder-workspace/.derivedData/Build/Intermediates.noindex/PryntTrimmerView.build/Debug-watchos/PryntTrimmerView.build/Objects-normal/arm64_32/PryntTrimmerView.swiftsourceinfo -emit-objc-header-path /Users/admin/builder/spi-builder-workspace/.derivedData/Build/Intermediates.noindex/PryntTrimmerView.build/Debug-watchos/PryntTrimmerView.build/Objects-normal/arm64_32/PryntTrimmerView-Swift.h -serialize-diagnostics-path /Users/admin/builder/spi-builder-workspace/.derivedData/Build/Intermediates.noindex/PryntTrimmerView.build/Debug-watchos/PryntTrimmerView.build/Objects-normal/arm64_32/PryntTrimmerView-master-emit-module.dia -emit-dependencies-path /Users/admin/builder/spi-builder-workspace/.derivedData/Build/Intermediates.noindex/PryntTrimmerView.build/Debug-watchos/PryntTrimmerView.build/Objects-normal/arm64_32/PryntTrimmerView-master-emit-module.d -o /Users/admin/builder/spi-builder-workspace/.derivedData/Build/Intermediates.noindex/PryntTrimmerView.build/Debug-watchos/PryntTrimmerView.build/Objects-normal/arm64_32/PryntTrimmerView.swiftmodule -emit-abi-descriptor-path /Users/admin/builder/spi-builder-workspace/.derivedData/Build/Intermediates.noindex/PryntTrimmerView.build/Debug-watchos/PryntTrimmerView.build/Objects-normal/arm64_32/PryntTrimmerView.abi.json
EmitSwiftModule normal arm64_32 (in target 'PryntTrimmerView' from project 'PryntTrimmerView')
cd /Users/admin/builder/spi-builder-workspace/.swiftpm/xcode
/Users/admin/builder/spi-builder-workspace/Sources/PryntTrimmerView/Cropper/CropMaskView.swift:11:21: error: cannot find type 'UIView' in scope
class CropMaskView: UIView {
^~~~~~
/Applications/Xcode-16.3.0.app/Contents/Developer/Platforms/WatchOS.platform/Developer/SDKs/WatchOS11.4.sdk/System/Library/Frameworks/UIKit.framework/Headers/NSTextAttachment.h:23:1: note: interface 'UIView' forward declared here
@class UIView;
^
/Users/admin/builder/spi-builder-workspace/Sources/PryntTrimmerView/Cropper/CropMaskView.swift:13:23: error: cannot find 'UIView' in scope
let cropBoxView = UIView()
^~~~~~
/Applications/Xcode-16.3.0.app/Contents/Developer/Platforms/WatchOS.platform/Developer/SDKs/WatchOS11.4.sdk/System/Library/Frameworks/UIKit.framework/Headers/NSTextAttachment.h:23:1: note: interface 'UIView' forward declared here
@class UIView;
^
/Users/admin/builder/spi-builder-workspace/Sources/PryntTrimmerView/Cropper/CropMaskView.swift:14:21: error: cannot find 'UIView' in scope
let frameView = UIView()
^~~~~~
/Applications/Xcode-16.3.0.app/Contents/Developer/Platforms/WatchOS.platform/Developer/SDKs/WatchOS11.4.sdk/System/Library/Frameworks/UIKit.framework/Headers/NSTextAttachment.h:23:1: note: interface 'UIView' forward declared here
@class UIView;
^
/Users/admin/builder/spi-builder-workspace/Sources/PryntTrimmerView/Cropper/CropMaskView.swift:15:21: error: cannot find 'CAShapeLayer' in scope
let maskLayer = CAShapeLayer()
^~~~~~~~~~~~
/Users/admin/builder/spi-builder-workspace/Sources/PryntTrimmerView/Cropper/CropMaskView.swift:16:22: error: cannot find 'CAShapeLayer' in scope
let frameLayer = CAShapeLayer()
^~~~~~~~~~~~
/Users/admin/builder/spi-builder-workspace/Sources/PryntTrimmerView/Cropper/CropMaskView.swift:21:14: error: initializer does not override a designated initializer from its superclass
override init(frame: CGRect) {
~~~~~~~~ ^
/Users/admin/builder/spi-builder-workspace/Sources/PryntTrimmerView/Cropper/CropMaskView.swift:54:19: error: method does not override any method from its superclass
override func layoutSubviews() {
~~~~~~~~ ^
/Users/admin/builder/spi-builder-workspace/Sources/PryntTrimmerView/Cropper/CropMaskView.swift:103:57: error: cannot find type 'CABasicAnimation' in scope
private func getPathAnimation(with path: CGPath) -> CABasicAnimation {
^~~~~~~~~~~~~~~~
/Users/admin/builder/spi-builder-workspace/Sources/PryntTrimmerView/Cropper/VideoCropView.swift:19:43: error: missing argument for parameter 'frame' in call
let videoScrollView = VideoScrollView()
^
frame: <#CGRect#>
/Users/admin/builder/spi-builder-workspace/Sources/PryntTrimmerView/Cropper/VideoScrollView.swift:22:14: note: 'init(frame:)' declared here
override init(frame: CGRect) {
^
/Users/admin/builder/spi-builder-workspace/Sources/PryntTrimmerView/Cropper/VideoCropView.swift:20:37: error: missing argument for parameter 'frame' in call
let cropMaskView = CropMaskView()
^
frame: <#CGRect#>
/Users/admin/builder/spi-builder-workspace/Sources/PryntTrimmerView/Cropper/CropMaskView.swift:21:14: note: 'init(frame:)' declared here
override init(frame: CGRect) {
^
/Users/admin/builder/spi-builder-workspace/Sources/PryntTrimmerView/Cropper/VideoCropView.swift:41:14: error: initializer does not override a designated initializer from its superclass
override init(frame: CGRect) {
~~~~~~~~ ^
/Users/admin/builder/spi-builder-workspace/Sources/PryntTrimmerView/Cropper/VideoCropView.swift:17:29: error: cannot find type 'UIView' in scope
public class VideoCropView: UIView {
^~~~~~
/Applications/Xcode-16.3.0.app/Contents/Developer/Platforms/WatchOS.platform/Developer/SDKs/WatchOS11.4.sdk/System/Library/Frameworks/UIKit.framework/Headers/NSTextAttachment.h:23:1: note: interface 'UIView' forward declared here
@class UIView;
^
/Users/admin/builder/spi-builder-workspace/Sources/PryntTrimmerView/Cropper/VideoScrollView.swift:12:24: error: cannot find type 'UIView' in scope
class VideoScrollView: UIView {
^~~~~~
/Applications/Xcode-16.3.0.app/Contents/Developer/Platforms/WatchOS.platform/Developer/SDKs/WatchOS11.4.sdk/System/Library/Frameworks/UIKit.framework/Headers/NSTextAttachment.h:23:1: note: interface 'UIView' forward declared here
@class UIView;
^
/Users/admin/builder/spi-builder-workspace/Sources/PryntTrimmerView/Cropper/VideoScrollView.swift:14:22: error: cannot find 'UIScrollView' in scope
let scrollView = UIScrollView()
^~~~~~~~~~~~
/Users/admin/builder/spi-builder-workspace/Sources/PryntTrimmerView/Cropper/VideoScrollView.swift:15:23: error: cannot find 'UIView' in scope
var contentView = UIView()
^~~~~~
/Applications/Xcode-16.3.0.app/Contents/Developer/Platforms/WatchOS.platform/Developer/SDKs/WatchOS11.4.sdk/System/Library/Frameworks/UIKit.framework/Headers/NSTextAttachment.h:23:1: note: interface 'UIView' forward declared here
@class UIView;
^
/Users/admin/builder/spi-builder-workspace/Sources/PryntTrimmerView/Cropper/VideoScrollView.swift:20:22: error: 'AVPlayerLayer' is unavailable in watchOS
var playerLayer: AVPlayerLayer?
^~~~~~~~~~~~~
/Applications/Xcode-16.3.0.app/Contents/Developer/Platforms/WatchOS.platform/Developer/SDKs/WatchOS11.4.sdk/System/Library/Frameworks/AVFoundation.framework/Headers/AVPlayerLayer.h:52:12: note: 'AVPlayerLayer' has been explicitly marked unavailable here
@interface AVPlayerLayer : CALayer
^
/Users/admin/builder/spi-builder-workspace/Sources/PryntTrimmerView/Cropper/VideoScrollView.swift:22:14: error: initializer does not override a designated initializer from its superclass
override init(frame: CGRect) {
~~~~~~~~ ^
/Users/admin/builder/spi-builder-workspace/Sources/PryntTrimmerView/Cropper/VideoScrollView.swift:93:28: error: cannot find type 'UIScrollViewDelegate' in scope
extension VideoScrollView: UIScrollViewDelegate {
^~~~~~~~~~~~~~~~~~~~
/Users/admin/builder/spi-builder-workspace/Sources/PryntTrimmerView/Cropper/VideoScrollView.swift:95:57: error: cannot find type 'UIView' in scope
func viewForZooming(in scrollView: UIScrollView) -> UIView? {
^~~~~~
/Applications/Xcode-16.3.0.app/Contents/Developer/Platforms/WatchOS.platform/Developer/SDKs/WatchOS11.4.sdk/System/Library/Frameworks/UIKit.framework/Headers/NSTextAttachment.h:23:1: note: interface 'UIView' forward declared here
@class UIView;
^
/Users/admin/builder/spi-builder-workspace/Sources/PryntTrimmerView/Cropper/VideoScrollView.swift:95:40: error: cannot find type 'UIScrollView' in scope
func viewForZooming(in scrollView: UIScrollView) -> UIView? {
^~~~~~~~~~~~
/Users/admin/builder/spi-builder-workspace/Sources/PryntTrimmerView/Cropper/VideoScrollView.swift:99:48: error: cannot find type 'UIScrollView' in scope
func scrollViewDidEndZooming(_ scrollView: UIScrollView, with view: UIView?, atScale scale: CGFloat) {
^~~~~~~~~~~~
/Users/admin/builder/spi-builder-workspace/Sources/PryntTrimmerView/Cropper/VideoScrollView.swift:99:73: error: cannot find type 'UIView' in scope
func scrollViewDidEndZooming(_ scrollView: UIScrollView, with view: UIView?, atScale scale: CGFloat) {
^~~~~~
/Applications/Xcode-16.3.0.app/Contents/Developer/Platforms/WatchOS.platform/Developer/SDKs/WatchOS11.4.sdk/System/Library/Frameworks/UIKit.framework/Headers/NSTextAttachment.h:23:1: note: interface 'UIView' forward declared here
@class UIView;
^
/Users/admin/builder/spi-builder-workspace/Sources/PryntTrimmerView/Parents/AVAssetTimeSelector.swift:16:45: error: missing argument for parameter 'frame' in call
let assetPreview = AssetVideoScrollView()
^
frame: <#CGRect#>
/Users/admin/builder/spi-builder-workspace/Sources/PryntTrimmerView/Parents/AssetVideoScrollView.swift:20:14: note: 'init(frame:)' declared here
override init(frame: CGRect) {
^
/Users/admin/builder/spi-builder-workspace/Sources/PryntTrimmerView/Parents/AVAssetTimeSelector.swift:32:14: error: initializer does not override a designated initializer from its superclass
override init(frame: CGRect) {
~~~~~~~~ ^
/Users/admin/builder/spi-builder-workspace/Sources/PryntTrimmerView/Parents/AVAssetTimeSelector.swift:81:45: error: 'CMTime' is only available in watchOS 6.0 or newer
func getTime(from position: CGFloat) -> CMTime? {
^
/Users/admin/builder/spi-builder-workspace/Sources/PryntTrimmerView/Parents/AVAssetTimeSelector.swift:81:10: note: add @available attribute to enclosing instance method
func getTime(from position: CGFloat) -> CMTime? {
^
/Users/admin/builder/spi-builder-workspace/Sources/PryntTrimmerView/Parents/AVAssetTimeSelector.swift:14:14: note: add @available attribute to enclosing class
public class AVAssetTimeSelector: UIView, UIScrollViewDelegate {
^
/Users/admin/builder/spi-builder-workspace/Sources/PryntTrimmerView/Parents/AVAssetTimeSelector.swift:90:33: error: 'CMTime' is only available in watchOS 6.0 or newer
func getPosition(from time: CMTime) -> CGFloat? {
^
/Users/admin/builder/spi-builder-workspace/Sources/PryntTrimmerView/Parents/AVAssetTimeSelector.swift:90:10: note: add @available attribute to enclosing instance method
func getPosition(from time: CMTime) -> CGFloat? {
^
/Users/admin/builder/spi-builder-workspace/Sources/PryntTrimmerView/Parents/AVAssetTimeSelector.swift:14:14: note: add @available attribute to enclosing class
public class AVAssetTimeSelector: UIView, UIScrollViewDelegate {
^
/Users/admin/builder/spi-builder-workspace/Sources/PryntTrimmerView/Parents/AVAssetTimeSelector.swift:14:35: error: cannot find type 'UIView' in scope
public class AVAssetTimeSelector: UIView, UIScrollViewDelegate {
^~~~~~
/Applications/Xcode-16.3.0.app/Contents/Developer/Platforms/WatchOS.platform/Developer/SDKs/WatchOS11.4.sdk/System/Library/Frameworks/UIKit.framework/Headers/NSTextAttachment.h:23:1: note: interface 'UIView' forward declared here
@class UIView;
^
/Users/admin/builder/spi-builder-workspace/Sources/PryntTrimmerView/Parents/AVAssetTimeSelector.swift:14:43: error: cannot find type 'UIScrollViewDelegate' in scope
public class AVAssetTimeSelector: UIView, UIScrollViewDelegate {
^~~~~~~~~~~~~~~~~~~~
/Users/admin/builder/spi-builder-workspace/Sources/PryntTrimmerView/Parents/AssetVideoScrollView.swift:12:29: error: cannot find type 'UIScrollView' in scope
class AssetVideoScrollView: UIScrollView {
^~~~~~~~~~~~
/Users/admin/builder/spi-builder-workspace/Sources/PryntTrimmerView/Parents/AssetVideoScrollView.swift:14:34: error: cannot find type 'NSLayoutConstraint' in scope
private var widthConstraint: NSLayoutConstraint?
^~~~~~~~~~~~~~~~~~
/Users/admin/builder/spi-builder-workspace/Sources/PryntTrimmerView/Parents/AssetVideoScrollView.swift:16:23: error: cannot find 'UIView' in scope
let contentView = UIView()
^~~~~~
/Applications/Xcode-16.3.0.app/Contents/Developer/Platforms/WatchOS.platform/Developer/SDKs/WatchOS11.4.sdk/System/Library/Frameworks/UIKit.framework/Headers/NSTextAttachment.h:23:1: note: interface 'UIView' forward declared here
@class UIView;
^
/Users/admin/builder/spi-builder-workspace/Sources/PryntTrimmerView/Parents/AssetVideoScrollView.swift:18:28: error: 'AVAssetImageGenerator' is unavailable in watchOS
private var generator: AVAssetImageGenerator?
^~~~~~~~~~~~~~~~~~~~~
/Applications/Xcode-16.3.0.app/Contents/Developer/Platforms/WatchOS.platform/Developer/SDKs/WatchOS11.4.sdk/System/Library/Frameworks/AVFoundation.framework/Headers/AVAssetImageGenerator.h:87:12: note: 'AVAssetImageGenerator' has been explicitly marked unavailable here
@interface AVAssetImageGenerator : NSObject
^
/Users/admin/builder/spi-builder-workspace/Sources/PryntTrimmerView/Parents/AssetVideoScrollView.swift:20:14: error: initializer does not override a designated initializer from its superclass
override init(frame: CGRect) {
~~~~~~~~ ^
/Users/admin/builder/spi-builder-workspace/Sources/PryntTrimmerView/Parents/AssetVideoScrollView.swift:49:19: error: method does not override any method from its superclass
override func layoutSubviews() {
~~~~~~~~ ^
/Users/admin/builder/spi-builder-workspace/Sources/PryntTrimmerView/ThumbSelectorView.swift:15:46: error: 'CMTime' is only available in watchOS 6.0 or newer
func didChangeThumbPosition(_ imageTime: CMTime)
^
/Users/admin/builder/spi-builder-workspace/Sources/PryntTrimmerView/ThumbSelectorView.swift:15:10: note: add @available attribute to enclosing instance method
func didChangeThumbPosition(_ imageTime: CMTime)
^
/Users/admin/builder/spi-builder-workspace/Sources/PryntTrimmerView/ThumbSelectorView.swift:14:17: note: add @available attribute to enclosing protocol
public protocol ThumbSelectorViewDelegate: AnyObject {
^
/Users/admin/builder/spi-builder-workspace/Sources/PryntTrimmerView/ThumbSelectorView.swift:29:29: error: cannot find 'UIImageView' in scope
private let thumbView = UIImageView()
^~~~~~~~~~~
/Users/admin/builder/spi-builder-workspace/Sources/PryntTrimmerView/ThumbSelectorView.swift:30:31: error: cannot find 'UIView' in scope
private let dimmingView = UIView()
^~~~~~
/Applications/Xcode-16.3.0.app/Contents/Developer/Platforms/WatchOS.platform/Developer/SDKs/WatchOS11.4.sdk/System/Library/Frameworks/UIKit.framework/Headers/NSTextAttachment.h:23:1: note: interface 'UIView' forward declared here
@class UIView;
^
/Users/admin/builder/spi-builder-workspace/Sources/PryntTrimmerView/ThumbSelectorView.swift:32:38: error: cannot find type 'NSLayoutConstraint' in scope
private var leftThumbConstraint: NSLayoutConstraint?
^~~~~~~~~~~~~~~~~~
/Users/admin/builder/spi-builder-workspace/Sources/PryntTrimmerView/ThumbSelectorView.swift:35:28: error: 'AVAssetImageGenerator' is unavailable in watchOS
private var generator: AVAssetImageGenerator?
^~~~~~~~~~~~~~~~~~~~~
/Applications/Xcode-16.3.0.app/Contents/Developer/Platforms/WatchOS.platform/Developer/SDKs/WatchOS11.4.sdk/System/Library/Frameworks/AVFoundation.framework/Headers/AVAssetImageGenerator.h:87:12: note: 'AVAssetImageGenerator' has been explicitly marked unavailable here
@interface AVAssetImageGenerator : NSObject
^
/Users/admin/builder/spi-builder-workspace/Sources/PryntTrimmerView/ThumbSelectorView.swift:81:54: error: cannot find type 'UIPanGestureRecognizer' in scope
@objc func handlePanGesture(_ gestureRecognizer: UIPanGestureRecognizer) {
^~~~~~~~~~~~~~~~~~~~~~
/Users/admin/builder/spi-builder-workspace/Sources/PryntTrimmerView/ThumbSelectorView.swift:139:51: error: 'CMTime' is only available in watchOS 6.0 or newer
private func generateThumbnailImage(for time: CMTime) {
^
/Users/admin/builder/spi-builder-workspace/Sources/PryntTrimmerView/ThumbSelectorView.swift:139:18: note: add @available attribute to enclosing instance method
private func generateThumbnailImage(for time: CMTime) {
^
/Users/admin/builder/spi-builder-workspace/Sources/PryntTrimmerView/ThumbSelectorView.swift:21:14: note: add @available attribute to enclosing class
public class ThumbSelectorView: AVAssetTimeSelector {
^
/Users/admin/builder/spi-builder-workspace/Sources/PryntTrimmerView/ThumbSelectorView.swift:161:30: error: 'CMTime' is only available in watchOS 6.0 or newer
public var selectedTime: CMTime? {
^
/Users/admin/builder/spi-builder-workspace/Sources/PryntTrimmerView/ThumbSelectorView.swift:161:16: note: add @available attribute to enclosing property
public var selectedTime: CMTime? {
^
/Users/admin/builder/spi-builder-workspace/Sources/PryntTrimmerView/ThumbSelectorView.swift:21:14: note: add @available attribute to enclosing class
public class ThumbSelectorView: AVAssetTimeSelector {
^
/Users/admin/builder/spi-builder-workspace/Sources/PryntTrimmerView/ThumbSelectorView.swift:175:51: error: cannot find type 'UIScrollView' in scope
public func scrollViewDidScroll(_ scrollView: UIScrollView) {
^~~~~~~~~~~~
/Users/admin/builder/spi-builder-workspace/Sources/PryntTrimmerView/Trimmer/HandlerView.swift:12:20: error: cannot find type 'UIView' in scope
class HandlerView: UIView {
^~~~~~
/Applications/Xcode-16.3.0.app/Contents/Developer/Platforms/WatchOS.platform/Developer/SDKs/WatchOS11.4.sdk/System/Library/Frameworks/UIKit.framework/Headers/NSTextAttachment.h:23:1: note: interface 'UIView' forward declared here
@class UIView;
^
/Users/admin/builder/spi-builder-workspace/Sources/PryntTrimmerView/Trimmer/HandlerView.swift:14:70: error: cannot find type 'UIView' in scope
override func hitTest(_ point: CGPoint, with event: UIEvent?) -> UIView? {
^~~~~~
/Applications/Xcode-16.3.0.app/Contents/Developer/Platforms/WatchOS.platform/Developer/SDKs/WatchOS11.4.sdk/System/Library/Frameworks/UIKit.framework/Headers/NSTextAttachment.h:23:1: note: interface 'UIView' forward declared here
@class UIView;
^
/Users/admin/builder/spi-builder-workspace/Sources/PryntTrimmerView/Trimmer/HandlerView.swift:14:57: error: cannot find type 'UIEvent' in scope
override func hitTest(_ point: CGPoint, with event: UIEvent?) -> UIView? {
^~~~~~~
/Users/admin/builder/spi-builder-workspace/Sources/PryntTrimmerView/Trimmer/HandlerView.swift:18:60: error: cannot find type 'UIEvent' in scope
override func point(inside point: CGPoint, with event: UIEvent?) -> Bool {
^~~~~~~
/Users/admin/builder/spi-builder-workspace/Sources/PryntTrimmerView/Trimmer/PryntTrimmerView.swift:13:45: error: 'CMTime' is only available in watchOS 6.0 or newer
func didChangePositionBar(_ playerTime: CMTime)
^
/Users/admin/builder/spi-builder-workspace/Sources/PryntTrimmerView/Trimmer/PryntTrimmerView.swift:13:10: note: add @available attribute to enclosing instance method
func didChangePositionBar(_ playerTime: CMTime)
^
/Users/admin/builder/spi-builder-workspace/Sources/PryntTrimmerView/Trimmer/PryntTrimmerView.swift:12:17: note: add @available attribute to enclosing protocol
public protocol TrimmerViewDelegate: AnyObject {
^
/Users/admin/builder/spi-builder-workspace/Sources/PryntTrimmerView/Trimmer/PryntTrimmerView.swift:14:49: error: 'CMTime' is only available in watchOS 6.0 or newer
func positionBarStoppedMoving(_ playerTime: CMTime)
^
/Users/admin/builder/spi-builder-workspace/Sources/PryntTrimmerView/Trimmer/PryntTrimmerView.swift:14:10: note: add @available attribute to enclosing instance method
func positionBarStoppedMoving(_ playerTime: CMTime)
^
/Users/admin/builder/spi-builder-workspace/Sources/PryntTrimmerView/Trimmer/PryntTrimmerView.swift:12:17: note: add @available attribute to enclosing protocol
public protocol TrimmerViewDelegate: AnyObject {
^
/Users/admin/builder/spi-builder-workspace/Sources/PryntTrimmerView/Trimmer/PryntTrimmerView.swift:66:31: error: cannot find 'UIView' in scope
private let positionBar = UIView()
^~~~~~
/Applications/Xcode-16.3.0.app/Contents/Developer/Platforms/WatchOS.platform/Developer/SDKs/WatchOS11.4.sdk/System/Library/Frameworks/UIKit.framework/Headers/NSTextAttachment.h:23:1: note: interface 'UIView' forward declared here
@class UIView;
^
/Users/admin/builder/spi-builder-workspace/Sources/PryntTrimmerView/Trimmer/PryntTrimmerView.swift:69:32: error: cannot find 'UIView' in scope
private let leftMaskView = UIView()
^~~~~~
/Applications/Xcode-16.3.0.app/Contents/Developer/Platforms/WatchOS.platform/Developer/SDKs/WatchOS11.4.sdk/System/Library/Frameworks/UIKit.framework/Headers/NSTextAttachment.h:23:1: note: interface 'UIView' forward declared here
@class UIView;
^
/Users/admin/builder/spi-builder-workspace/Sources/PryntTrimmerView/Trimmer/PryntTrimmerView.swift:70:33: error: cannot find 'UIView' in scope
private let rightMaskView = UIView()
^~~~~~
/Applications/Xcode-16.3.0.app/Contents/Developer/Platforms/WatchOS.platform/Developer/SDKs/WatchOS11.4.sdk/System/Library/Frameworks/UIKit.framework/Headers/NSTextAttachment.h:23:1: note: interface 'UIView' forward declared here
@class UIView;
^
/Users/admin/builder/spi-builder-workspace/Sources/PryntTrimmerView/Trimmer/PryntTrimmerView.swift:63:28: error: cannot find 'UIView' in scope
private let trimView = UIView()
^~~~~~
/Applications/Xcode-16.3.0.app/Contents/Developer/Platforms/WatchOS.platform/Developer/SDKs/WatchOS11.4.sdk/System/Library/Frameworks/UIKit.framework/Headers/NSTextAttachment.h:23:1: note: interface 'UIView' forward declared here
@class UIView;
^
/Users/admin/builder/spi-builder-workspace/Sources/PryntTrimmerView/Trimmer/PryntTrimmerView.swift:67:34: error: cannot find 'UIView' in scope
private let leftHandleKnob = UIView()
^~~~~~
/Applications/Xcode-16.3.0.app/Contents/Developer/Platforms/WatchOS.platform/Developer/SDKs/WatchOS11.4.sdk/System/Library/Frameworks/UIKit.framework/Headers/NSTextAttachment.h:23:1: note: interface 'UIView' forward declared here
@class UIView;
^
/Users/admin/builder/spi-builder-workspace/Sources/PryntTrimmerView/Trimmer/PryntTrimmerView.swift:68:35: error: cannot find 'UIView' in scope
private let rightHandleKnob = UIView()
^~~~~~
/Applications/Xcode-16.3.0.app/Contents/Developer/Platforms/WatchOS.platform/Developer/SDKs/WatchOS11.4.sdk/System/Library/Frameworks/UIKit.framework/Headers/NSTextAttachment.h:23:1: note: interface 'UIView' forward declared here
@class UIView;
^
/Users/admin/builder/spi-builder-workspace/Sources/PryntTrimmerView/Trimmer/PryntTrimmerView.swift:76:33: error: cannot find type 'NSLayoutConstraint' in scope
private var leftConstraint: NSLayoutConstraint?
^~~~~~~~~~~~~~~~~~
/Users/admin/builder/spi-builder-workspace/Sources/PryntTrimmerView/Trimmer/PryntTrimmerView.swift:77:34: error: cannot find type 'NSLayoutConstraint' in scope
private var rightConstraint: NSLayoutConstraint?
^~~~~~~~~~~~~~~~~~
/Users/admin/builder/spi-builder-workspace/Sources/PryntTrimmerView/Trimmer/PryntTrimmerView.swift:78:37: error: cannot find type 'NSLayoutConstraint' in scope
private var positionConstraint: NSLayoutConstraint?
^~~~~~~~~~~~~~~~~~
/Users/admin/builder/spi-builder-workspace/Sources/PryntTrimmerView/Trimmer/PryntTrimmerView.swift:226:54: error: cannot find type 'UIPanGestureRecognizer' in scope
@objc func handlePanGesture(_ gestureRecognizer: UIPanGestureRecognizer) {
^~~~~~~~~~~~~~~~~~~~~~
/Users/admin/builder/spi-builder-workspace/Sources/PryntTrimmerView/Trimmer/PryntTrimmerView.swift:287:31: error: 'CMTime' is only available in watchOS 6.0 or newer
public func seek(to time: CMTime) {
^
/Users/admin/builder/spi-builder-workspace/Sources/PryntTrimmerView/Trimmer/PryntTrimmerView.swift:287:17: note: add @available attribute to enclosing instance method
public func seek(to time: CMTime) {
^
/Users/admin/builder/spi-builder-workspace/Sources/PryntTrimmerView/Trimmer/PryntTrimmerView.swift:22:28: note: add @available attribute to enclosing class
@IBDesignable public class TrimmerView: AVAssetTimeSelector {
^
/Users/admin/builder/spi-builder-workspace/Sources/PryntTrimmerView/Trimmer/PryntTrimmerView.swift:300:27: error: 'CMTime' is only available in watchOS 6.0 or newer
public var startTime: CMTime? {
^
/Users/admin/builder/spi-builder-workspace/Sources/PryntTrimmerView/Trimmer/PryntTrimmerView.swift:300:16: note: add @available attribute to enclosing property
public var startTime: CMTime? {
^
/Users/admin/builder/spi-builder-workspace/Sources/PryntTrimmerView/Trimmer/PryntTrimmerView.swift:22:28: note: add @available attribute to enclosing class
@IBDesignable public class TrimmerView: AVAssetTimeSelector {
^
/Users/admin/builder/spi-builder-workspace/Sources/PryntTrimmerView/Trimmer/PryntTrimmerView.swift:306:25: error: 'CMTime' is only available in watchOS 6.0 or newer
public var endTime: CMTime? {
^
/Users/admin/builder/spi-builder-workspace/Sources/PryntTrimmerView/Trimmer/PryntTrimmerView.swift:306:16: note: add @available attribute to enclosing property
public var endTime: CMTime? {
^
/Users/admin/builder/spi-builder-workspace/Sources/PryntTrimmerView/Trimmer/PryntTrimmerView.swift:22:28: note: add @available attribute to enclosing class
@IBDesignable public class TrimmerView: AVAssetTimeSelector {
^
/Users/admin/builder/spi-builder-workspace/Sources/PryntTrimmerView/Trimmer/PryntTrimmerView.swift:322:34: error: 'CMTime' is only available in watchOS 6.0 or newer
private var positionBarTime: CMTime? {
^
/Users/admin/builder/spi-builder-workspace/Sources/PryntTrimmerView/Trimmer/PryntTrimmerView.swift:322:17: note: add @available attribute to enclosing property
private var positionBarTime: CMTime? {
^
/Users/admin/builder/spi-builder-workspace/Sources/PryntTrimmerView/Trimmer/PryntTrimmerView.swift:22:28: note: add @available attribute to enclosing class
@IBDesignable public class TrimmerView: AVAssetTimeSelector {
^
/Users/admin/builder/spi-builder-workspace/Sources/PryntTrimmerView/Trimmer/PryntTrimmerView.swift:334:60: error: cannot find type 'UIScrollView' in scope
public func scrollViewDidEndDecelerating(_ scrollView: UIScrollView) {
^~~~~~~~~~~~
/Users/admin/builder/spi-builder-workspace/Sources/PryntTrimmerView/Trimmer/PryntTrimmerView.swift:338:56: error: cannot find type 'UIScrollView' in scope
public func scrollViewDidEndDragging(_ scrollView: UIScrollView, willDecelerate decelerate: Bool) {
^~~~~~~~~~~~
/Users/admin/builder/spi-builder-workspace/Sources/PryntTrimmerView/Trimmer/PryntTrimmerView.swift:343:51: error: cannot find type 'UIScrollView' in scope
public func scrollViewDidScroll(_ scrollView: UIScrollView) {
^~~~~~~~~~~~
SwiftCompile normal armv7k Compiling\ ThumbSelectorView.swift /Users/admin/builder/spi-builder-workspace/Sources/PryntTrimmerView/ThumbSelectorView.swift (in target 'PryntTrimmerView' from project 'PryntTrimmerView')
SwiftCompile normal armv7k /Users/admin/builder/spi-builder-workspace/Sources/PryntTrimmerView/ThumbSelectorView.swift (in target 'PryntTrimmerView' from project 'PryntTrimmerView')
cd /Users/admin/builder/spi-builder-workspace/.swiftpm/xcode
SwiftCompile normal arm64_32 Compiling\ VideoScrollView.swift /Users/admin/builder/spi-builder-workspace/Sources/PryntTrimmerView/Cropper/VideoScrollView.swift (in target 'PryntTrimmerView' from project 'PryntTrimmerView')
SwiftCompile normal arm64_32 /Users/admin/builder/spi-builder-workspace/Sources/PryntTrimmerView/Cropper/VideoScrollView.swift (in target 'PryntTrimmerView' from project 'PryntTrimmerView')
cd /Users/admin/builder/spi-builder-workspace/.swiftpm/xcode
SwiftCompile normal armv7k Compiling\ AssetVideoScrollView.swift /Users/admin/builder/spi-builder-workspace/Sources/PryntTrimmerView/Parents/AssetVideoScrollView.swift (in target 'PryntTrimmerView' from project 'PryntTrimmerView')
SwiftCompile normal armv7k /Users/admin/builder/spi-builder-workspace/Sources/PryntTrimmerView/Parents/AssetVideoScrollView.swift (in target 'PryntTrimmerView' from project 'PryntTrimmerView')
cd /Users/admin/builder/spi-builder-workspace/.swiftpm/xcode
SwiftCompile normal arm64 Compiling\ CropMaskView.swift /Users/admin/builder/spi-builder-workspace/Sources/PryntTrimmerView/Cropper/CropMaskView.swift (in target 'PryntTrimmerView' from project 'PryntTrimmerView')
SwiftCompile normal arm64 /Users/admin/builder/spi-builder-workspace/Sources/PryntTrimmerView/Cropper/CropMaskView.swift (in target 'PryntTrimmerView' from project 'PryntTrimmerView')
cd /Users/admin/builder/spi-builder-workspace/.swiftpm/xcode
SwiftCompile normal arm64_32 Compiling\ PryntTrimmerView.swift /Users/admin/builder/spi-builder-workspace/Sources/PryntTrimmerView/Trimmer/PryntTrimmerView.swift (in target 'PryntTrimmerView' from project 'PryntTrimmerView')
SwiftCompile normal arm64_32 /Users/admin/builder/spi-builder-workspace/Sources/PryntTrimmerView/Trimmer/PryntTrimmerView.swift (in target 'PryntTrimmerView' from project 'PryntTrimmerView')
cd /Users/admin/builder/spi-builder-workspace/.swiftpm/xcode
SwiftCompile normal armv7k Compiling\ VideoScrollView.swift /Users/admin/builder/spi-builder-workspace/Sources/PryntTrimmerView/Cropper/VideoScrollView.swift (in target 'PryntTrimmerView' from project 'PryntTrimmerView')
SwiftCompile normal armv7k /Users/admin/builder/spi-builder-workspace/Sources/PryntTrimmerView/Cropper/VideoScrollView.swift (in target 'PryntTrimmerView' from project 'PryntTrimmerView')
cd /Users/admin/builder/spi-builder-workspace/.swiftpm/xcode
SwiftCompile normal armv7k Compiling\ HandlerView.swift /Users/admin/builder/spi-builder-workspace/Sources/PryntTrimmerView/Trimmer/HandlerView.swift (in target 'PryntTrimmerView' from project 'PryntTrimmerView')
SwiftCompile normal armv7k /Users/admin/builder/spi-builder-workspace/Sources/PryntTrimmerView/Trimmer/HandlerView.swift (in target 'PryntTrimmerView' from project 'PryntTrimmerView')
cd /Users/admin/builder/spi-builder-workspace/.swiftpm/xcode
SwiftEmitModule normal arm64 Emitting\ module\ for\ PryntTrimmerView (in target 'PryntTrimmerView' from project 'PryntTrimmerView')
Command SwiftEmitModule failed with a nonzero exit code
** BUILD FAILED **
The following build commands failed:
SwiftEmitModule normal arm64_32 Emitting\ module\ for\ PryntTrimmerView (in target 'PryntTrimmerView' from project 'PryntTrimmerView')
EmitSwiftModule normal arm64_32 (in target 'PryntTrimmerView' from project 'PryntTrimmerView')
SwiftEmitModule normal arm64 Emitting\ module\ for\ PryntTrimmerView (in target 'PryntTrimmerView' from project 'PryntTrimmerView')
Building workspace spi-builder-workspace with scheme PryntTrimmerView
(4 failures)
Command line invocation:
/Applications/Xcode-16.3.0.app/Contents/Developer/usr/bin/xcodebuild -IDEClonedSourcePackagesDirPathOverride=/Users/admin/builder/spi-builder-workspace/.dependencies -resolvePackageDependencies
Resolve Package Graph
Resolved source packages:
PryntTrimmerView: /Users/admin/builder/spi-builder-workspace
resolved source packages: PryntTrimmerView
{
"dependencies" : [
],
"manifest_display_name" : "PryntTrimmerView",
"name" : "PryntTrimmerView",
"path" : "/Users/admin/builder/spi-builder-workspace",
"platforms" : [
{
"name" : "ios",
"version" : "9.0"
}
],
"products" : [
{
"name" : "PryntTrimmerView",
"targets" : [
"PryntTrimmerView"
],
"type" : {
"library" : [
"automatic"
]
}
}
],
"swift_languages_versions" : [
"5"
],
"targets" : [
{
"c99name" : "PryntTrimmerView",
"module_type" : "SwiftTarget",
"name" : "PryntTrimmerView",
"path" : "Sources/PryntTrimmerView",
"product_memberships" : [
"PryntTrimmerView"
],
"sources" : [
"Cropper/CropMaskView.swift",
"Cropper/VideoCropView.swift",
"Cropper/VideoScrollView.swift",
"Parents/AVAssetTimeSelector.swift",
"Parents/AssetVideoScrollView.swift",
"ThumbSelectorView.swift",
"Trimmer/HandlerView.swift",
"Trimmer/PryntTrimmerView.swift"
],
"type" : "library"
}
],
"tools_version" : "5.0"
}
{
"workspace" : {
"name" : "spi-builder-workspace",
"schemes" : [
"PryntTrimmerView"
]
}
}
Running build ...
env DEVELOPER_DIR=/Applications/Xcode-16.3.0.app xcrun xcodebuild -IDEClonedSourcePackagesDirPathOverride=$PWD/.dependencies -skipMacroValidation -skipPackagePluginValidation -derivedDataPath $PWD/.derivedData build -scheme PryntTrimmerView -destination generic/platform=watchOS
Command line invocation:
/Applications/Xcode-16.3.0.app/Contents/Developer/usr/bin/xcodebuild -IDEClonedSourcePackagesDirPathOverride=/Users/admin/builder/spi-builder-workspace/.dependencies -skipMacroValidation -skipPackagePluginValidation -derivedDataPath /Users/admin/builder/spi-builder-workspace/.derivedData build -scheme PryntTrimmerView -destination generic/platform=watchOS
Resolve Package Graph
Resolved source packages:
PryntTrimmerView: /Users/admin/builder/spi-builder-workspace
ComputePackagePrebuildTargetDependencyGraph
Prepare packages
CreateBuildRequest
SendProjectDescription
CreateBuildOperation
ComputeTargetDependencyGraph
note: Building targets in dependency order
note: Target dependency graph (2 targets)
Target 'PryntTrimmerView' in project 'PryntTrimmerView'
➜ Explicit dependency on target 'PryntTrimmerView' in project 'PryntTrimmerView'
Target 'PryntTrimmerView' in project 'PryntTrimmerView' (no dependencies)
GatherProvisioningInputs
CreateBuildDescription
ExecuteExternalTool /Applications/Xcode-16.3.0.app/Contents/Developer/Toolchains/XcodeDefault.xctoolchain/usr/bin/clang -v -E -dM -isysroot /Applications/Xcode-16.3.0.app/Contents/Developer/Platforms/WatchOS.platform/Developer/SDKs/WatchOS11.4.sdk -x c -c /dev/null
ExecuteExternalTool /Applications/Xcode-16.3.0.app/Contents/Developer/Toolchains/XcodeDefault.xctoolchain/usr/bin/swiftc --version
ExecuteExternalTool /Applications/Xcode-16.3.0.app/Contents/Developer/Toolchains/XcodeDefault.xctoolchain/usr/bin/ld -version_details
Build description signature: a5a46c0ce3042a03c4b0b2a55899c020
Build description path: /Users/admin/builder/spi-builder-workspace/.derivedData/Build/Intermediates.noindex/XCBuildData/a5a46c0ce3042a03c4b0b2a55899c020.xcbuilddata
ClangStatCache /Applications/Xcode-16.3.0.app/Contents/Developer/Toolchains/XcodeDefault.xctoolchain/usr/bin/clang-stat-cache /Applications/Xcode-16.3.0.app/Contents/Developer/Platforms/WatchOS.platform/Developer/SDKs/WatchOS11.4.sdk /Users/admin/builder/spi-builder-workspace/.derivedData/SDKStatCaches.noindex/watchos11.4-22T246-43efb940ff07ba2497b70ec94253f576.sdkstatcache
cd /Users/admin/builder/spi-builder-workspace/.swiftpm/xcode
/Applications/Xcode-16.3.0.app/Contents/Developer/Toolchains/XcodeDefault.xctoolchain/usr/bin/clang-stat-cache /Applications/Xcode-16.3.0.app/Contents/Developer/Platforms/WatchOS.platform/Developer/SDKs/WatchOS11.4.sdk -o /Users/admin/builder/spi-builder-workspace/.derivedData/SDKStatCaches.noindex/watchos11.4-22T246-43efb940ff07ba2497b70ec94253f576.sdkstatcache
SwiftDriver PryntTrimmerView normal armv7k com.apple.xcode.tools.swift.compiler (in target 'PryntTrimmerView' from project 'PryntTrimmerView')
cd /Users/admin/builder/spi-builder-workspace/.swiftpm/xcode
builtin-SwiftDriver -- /Applications/Xcode-16.3.0.app/Contents/Developer/Toolchains/XcodeDefault.xctoolchain/usr/bin/swiftc -module-name PryntTrimmerView -Onone -enforce-exclusivity\=checked @/Users/admin/builder/spi-builder-workspace/.derivedData/Build/Intermediates.noindex/PryntTrimmerView.build/Debug-watchos/PryntTrimmerView.build/Objects-normal/armv7k/PryntTrimmerView.SwiftFileList -DSWIFT_PACKAGE -DDEBUG -DXcode -plugin-path /Applications/Xcode-16.3.0.app/Contents/Developer/Toolchains/XcodeDefault.xctoolchain/usr/lib/swift/host/plugins/testing -enable-experimental-feature DebugDescriptionMacro -sdk /Applications/Xcode-16.3.0.app/Contents/Developer/Platforms/WatchOS.platform/Developer/SDKs/WatchOS11.4.sdk -target armv7k-apple-watchos5.0 -g -module-cache-path /Users/admin/builder/spi-builder-workspace/.derivedData/ModuleCache.noindex -Xfrontend -serialize-debugging-options -enable-testing -index-store-path /Users/admin/builder/spi-builder-workspace/.derivedData/Index.noindex/DataStore -swift-version 5 -I /Users/admin/builder/spi-builder-workspace/.derivedData/Build/Products/Debug-watchos -I /Applications/Xcode-16.3.0.app/Contents/Developer/Platforms/WatchOS.platform/Developer/usr/lib -F /Users/admin/builder/spi-builder-workspace/.derivedData/Build/Products/Debug-watchos -F /Applications/Xcode-16.3.0.app/Contents/Developer/Platforms/WatchOS.platform/Developer/Library/Frameworks -F /Applications/Xcode-16.3.0.app/Contents/Developer/Platforms/WatchOS.platform/Developer/SDKs/WatchOS11.4.sdk/Developer/Library/Frameworks -c -j10 -enable-batch-mode -incremental -Xcc -ivfsstatcache -Xcc /Users/admin/builder/spi-builder-workspace/.derivedData/SDKStatCaches.noindex/watchos11.4-22T246-43efb940ff07ba2497b70ec94253f576.sdkstatcache -output-file-map /Users/admin/builder/spi-builder-workspace/.derivedData/Build/Intermediates.noindex/PryntTrimmerView.build/Debug-watchos/PryntTrimmerView.build/Objects-normal/armv7k/PryntTrimmerView-OutputFileMap.json -use-frontend-parseable-output -save-temps -no-color-diagnostics -serialize-diagnostics -emit-dependencies -emit-module -emit-module-path /Users/admin/builder/spi-builder-workspace/.derivedData/Build/Intermediates.noindex/PryntTrimmerView.build/Debug-watchos/PryntTrimmerView.build/Objects-normal/armv7k/PryntTrimmerView.swiftmodule -validate-clang-modules-once -clang-build-session-file /Users/admin/builder/spi-builder-workspace/.derivedData/ModuleCache.noindex/Session.modulevalidation -Xcc -I/Users/admin/builder/spi-builder-workspace/.derivedData/Build/Intermediates.noindex/PryntTrimmerView.build/Debug-watchos/PryntTrimmerView.build/swift-overrides.hmap -emit-const-values -Xfrontend -const-gather-protocols-file -Xfrontend /Users/admin/builder/spi-builder-workspace/.derivedData/Build/Intermediates.noindex/PryntTrimmerView.build/Debug-watchos/PryntTrimmerView.build/Objects-normal/armv7k/PryntTrimmerView_const_extract_protocols.json -Xcc -I/Users/admin/builder/spi-builder-workspace/.derivedData/Build/Products/Debug-watchos/include -Xcc -I/Users/admin/builder/spi-builder-workspace/.derivedData/Build/Intermediates.noindex/PryntTrimmerView.build/Debug-watchos/PryntTrimmerView.build/DerivedSources-normal/armv7k -Xcc -I/Users/admin/builder/spi-builder-workspace/.derivedData/Build/Intermediates.noindex/PryntTrimmerView.build/Debug-watchos/PryntTrimmerView.build/DerivedSources/armv7k -Xcc -I/Users/admin/builder/spi-builder-workspace/.derivedData/Build/Intermediates.noindex/PryntTrimmerView.build/Debug-watchos/PryntTrimmerView.build/DerivedSources -Xcc -DSWIFT_PACKAGE -Xcc -DDEBUG\=1 -emit-objc-header -emit-objc-header-path /Users/admin/builder/spi-builder-workspace/.derivedData/Build/Intermediates.noindex/PryntTrimmerView.build/Debug-watchos/PryntTrimmerView.build/Objects-normal/armv7k/PryntTrimmerView-Swift.h -working-directory /Users/admin/builder/spi-builder-workspace/.swiftpm/xcode -experimental-emit-module-separately -disable-cmo
SwiftDriver PryntTrimmerView normal arm64 com.apple.xcode.tools.swift.compiler (in target 'PryntTrimmerView' from project 'PryntTrimmerView')
cd /Users/admin/builder/spi-builder-workspace/.swiftpm/xcode
builtin-SwiftDriver -- /Applications/Xcode-16.3.0.app/Contents/Developer/Toolchains/XcodeDefault.xctoolchain/usr/bin/swiftc -module-name PryntTrimmerView -Onone -enforce-exclusivity\=checked @/Users/admin/builder/spi-builder-workspace/.derivedData/Build/Intermediates.noindex/PryntTrimmerView.build/Debug-watchos/PryntTrimmerView.build/Objects-normal/arm64/PryntTrimmerView.SwiftFileList -DSWIFT_PACKAGE -DDEBUG -DXcode -plugin-path /Applications/Xcode-16.3.0.app/Contents/Developer/Toolchains/XcodeDefault.xctoolchain/usr/lib/swift/host/plugins/testing -enable-experimental-feature DebugDescriptionMacro -sdk /Applications/Xcode-16.3.0.app/Contents/Developer/Platforms/WatchOS.platform/Developer/SDKs/WatchOS11.4.sdk -target arm64-apple-watchos5.0 -g -module-cache-path /Users/admin/builder/spi-builder-workspace/.derivedData/ModuleCache.noindex -Xfrontend -serialize-debugging-options -enable-testing -index-store-path /Users/admin/builder/spi-builder-workspace/.derivedData/Index.noindex/DataStore -swift-version 5 -I /Users/admin/builder/spi-builder-workspace/.derivedData/Build/Products/Debug-watchos -I /Applications/Xcode-16.3.0.app/Contents/Developer/Platforms/WatchOS.platform/Developer/usr/lib -F /Users/admin/builder/spi-builder-workspace/.derivedData/Build/Products/Debug-watchos -F /Applications/Xcode-16.3.0.app/Contents/Developer/Platforms/WatchOS.platform/Developer/Library/Frameworks -F /Applications/Xcode-16.3.0.app/Contents/Developer/Platforms/WatchOS.platform/Developer/SDKs/WatchOS11.4.sdk/Developer/Library/Frameworks -c -j10 -enable-batch-mode -incremental -Xcc -ivfsstatcache -Xcc /Users/admin/builder/spi-builder-workspace/.derivedData/SDKStatCaches.noindex/watchos11.4-22T246-43efb940ff07ba2497b70ec94253f576.sdkstatcache -output-file-map /Users/admin/builder/spi-builder-workspace/.derivedData/Build/Intermediates.noindex/PryntTrimmerView.build/Debug-watchos/PryntTrimmerView.build/Objects-normal/arm64/PryntTrimmerView-OutputFileMap.json -use-frontend-parseable-output -save-temps -no-color-diagnostics -serialize-diagnostics -emit-dependencies -emit-module -emit-module-path /Users/admin/builder/spi-builder-workspace/.derivedData/Build/Intermediates.noindex/PryntTrimmerView.build/Debug-watchos/PryntTrimmerView.build/Objects-normal/arm64/PryntTrimmerView.swiftmodule -validate-clang-modules-once -clang-build-session-file /Users/admin/builder/spi-builder-workspace/.derivedData/ModuleCache.noindex/Session.modulevalidation -Xcc -I/Users/admin/builder/spi-builder-workspace/.derivedData/Build/Intermediates.noindex/PryntTrimmerView.build/Debug-watchos/PryntTrimmerView.build/swift-overrides.hmap -emit-const-values -Xfrontend -const-gather-protocols-file -Xfrontend /Users/admin/builder/spi-builder-workspace/.derivedData/Build/Intermediates.noindex/PryntTrimmerView.build/Debug-watchos/PryntTrimmerView.build/Objects-normal/arm64/PryntTrimmerView_const_extract_protocols.json -Xcc -I/Users/admin/builder/spi-builder-workspace/.derivedData/Build/Products/Debug-watchos/include -Xcc -I/Users/admin/builder/spi-builder-workspace/.derivedData/Build/Intermediates.noindex/PryntTrimmerView.build/Debug-watchos/PryntTrimmerView.build/DerivedSources-normal/arm64 -Xcc -I/Users/admin/builder/spi-builder-workspace/.derivedData/Build/Intermediates.noindex/PryntTrimmerView.build/Debug-watchos/PryntTrimmerView.build/DerivedSources/arm64 -Xcc -I/Users/admin/builder/spi-builder-workspace/.derivedData/Build/Intermediates.noindex/PryntTrimmerView.build/Debug-watchos/PryntTrimmerView.build/DerivedSources -Xcc -DSWIFT_PACKAGE -Xcc -DDEBUG\=1 -emit-objc-header -emit-objc-header-path /Users/admin/builder/spi-builder-workspace/.derivedData/Build/Intermediates.noindex/PryntTrimmerView.build/Debug-watchos/PryntTrimmerView.build/Objects-normal/arm64/PryntTrimmerView-Swift.h -working-directory /Users/admin/builder/spi-builder-workspace/.swiftpm/xcode -experimental-emit-module-separately -disable-cmo
SwiftDriver PryntTrimmerView normal arm64_32 com.apple.xcode.tools.swift.compiler (in target 'PryntTrimmerView' from project 'PryntTrimmerView')
cd /Users/admin/builder/spi-builder-workspace/.swiftpm/xcode
builtin-SwiftDriver -- /Applications/Xcode-16.3.0.app/Contents/Developer/Toolchains/XcodeDefault.xctoolchain/usr/bin/swiftc -module-name PryntTrimmerView -Onone -enforce-exclusivity\=checked @/Users/admin/builder/spi-builder-workspace/.derivedData/Build/Intermediates.noindex/PryntTrimmerView.build/Debug-watchos/PryntTrimmerView.build/Objects-normal/arm64_32/PryntTrimmerView.SwiftFileList -DSWIFT_PACKAGE -DDEBUG -DXcode -plugin-path /Applications/Xcode-16.3.0.app/Contents/Developer/Toolchains/XcodeDefault.xctoolchain/usr/lib/swift/host/plugins/testing -enable-experimental-feature DebugDescriptionMacro -sdk /Applications/Xcode-16.3.0.app/Contents/Developer/Platforms/WatchOS.platform/Developer/SDKs/WatchOS11.4.sdk -target arm64_32-apple-watchos5.0 -g -module-cache-path /Users/admin/builder/spi-builder-workspace/.derivedData/ModuleCache.noindex -Xfrontend -serialize-debugging-options -enable-testing -index-store-path /Users/admin/builder/spi-builder-workspace/.derivedData/Index.noindex/DataStore -swift-version 5 -I /Users/admin/builder/spi-builder-workspace/.derivedData/Build/Products/Debug-watchos -I /Applications/Xcode-16.3.0.app/Contents/Developer/Platforms/WatchOS.platform/Developer/usr/lib -F /Users/admin/builder/spi-builder-workspace/.derivedData/Build/Products/Debug-watchos -F /Applications/Xcode-16.3.0.app/Contents/Developer/Platforms/WatchOS.platform/Developer/Library/Frameworks -F /Applications/Xcode-16.3.0.app/Contents/Developer/Platforms/WatchOS.platform/Developer/SDKs/WatchOS11.4.sdk/Developer/Library/Frameworks -c -j10 -enable-batch-mode -incremental -Xcc -ivfsstatcache -Xcc /Users/admin/builder/spi-builder-workspace/.derivedData/SDKStatCaches.noindex/watchos11.4-22T246-43efb940ff07ba2497b70ec94253f576.sdkstatcache -output-file-map /Users/admin/builder/spi-builder-workspace/.derivedData/Build/Intermediates.noindex/PryntTrimmerView.build/Debug-watchos/PryntTrimmerView.build/Objects-normal/arm64_32/PryntTrimmerView-OutputFileMap.json -use-frontend-parseable-output -save-temps -no-color-diagnostics -serialize-diagnostics -emit-dependencies -emit-module -emit-module-path /Users/admin/builder/spi-builder-workspace/.derivedData/Build/Intermediates.noindex/PryntTrimmerView.build/Debug-watchos/PryntTrimmerView.build/Objects-normal/arm64_32/PryntTrimmerView.swiftmodule -validate-clang-modules-once -clang-build-session-file /Users/admin/builder/spi-builder-workspace/.derivedData/ModuleCache.noindex/Session.modulevalidation -Xcc -I/Users/admin/builder/spi-builder-workspace/.derivedData/Build/Intermediates.noindex/PryntTrimmerView.build/Debug-watchos/PryntTrimmerView.build/swift-overrides.hmap -emit-const-values -Xfrontend -const-gather-protocols-file -Xfrontend /Users/admin/builder/spi-builder-workspace/.derivedData/Build/Intermediates.noindex/PryntTrimmerView.build/Debug-watchos/PryntTrimmerView.build/Objects-normal/arm64_32/PryntTrimmerView_const_extract_protocols.json -Xcc -I/Users/admin/builder/spi-builder-workspace/.derivedData/Build/Products/Debug-watchos/include -Xcc -I/Users/admin/builder/spi-builder-workspace/.derivedData/Build/Intermediates.noindex/PryntTrimmerView.build/Debug-watchos/PryntTrimmerView.build/DerivedSources-normal/arm64_32 -Xcc -I/Users/admin/builder/spi-builder-workspace/.derivedData/Build/Intermediates.noindex/PryntTrimmerView.build/Debug-watchos/PryntTrimmerView.build/DerivedSources/arm64_32 -Xcc -I/Users/admin/builder/spi-builder-workspace/.derivedData/Build/Intermediates.noindex/PryntTrimmerView.build/Debug-watchos/PryntTrimmerView.build/DerivedSources -Xcc -DSWIFT_PACKAGE -Xcc -DDEBUG\=1 -emit-objc-header -emit-objc-header-path /Users/admin/builder/spi-builder-workspace/.derivedData/Build/Intermediates.noindex/PryntTrimmerView.build/Debug-watchos/PryntTrimmerView.build/Objects-normal/arm64_32/PryntTrimmerView-Swift.h -working-directory /Users/admin/builder/spi-builder-workspace/.swiftpm/xcode -experimental-emit-module-separately -disable-cmo
SwiftEmitModule normal armv7k Emitting\ module\ for\ PryntTrimmerView (in target 'PryntTrimmerView' from project 'PryntTrimmerView')
EmitSwiftModule normal armv7k (in target 'PryntTrimmerView' from project 'PryntTrimmerView')
cd /Users/admin/builder/spi-builder-workspace/.swiftpm/xcode
/Users/admin/builder/spi-builder-workspace/Sources/PryntTrimmerView/Cropper/CropMaskView.swift:11:21: error: cannot find type 'UIView' in scope
class CropMaskView: UIView {
^~~~~~
/Applications/Xcode-16.3.0.app/Contents/Developer/Platforms/WatchOS.platform/Developer/SDKs/WatchOS11.4.sdk/System/Library/Frameworks/UIKit.framework/Headers/NSTextAttachment.h:23:1: note: interface 'UIView' forward declared here
@class UIView;
^
/Users/admin/builder/spi-builder-workspace/Sources/PryntTrimmerView/Cropper/CropMaskView.swift:13:23: error: cannot find 'UIView' in scope
let cropBoxView = UIView()
^~~~~~
/Applications/Xcode-16.3.0.app/Contents/Developer/Platforms/WatchOS.platform/Developer/SDKs/WatchOS11.4.sdk/System/Library/Frameworks/UIKit.framework/Headers/NSTextAttachment.h:23:1: note: interface 'UIView' forward declared here
@class UIView;
^
/Users/admin/builder/spi-builder-workspace/Sources/PryntTrimmerView/Cropper/CropMaskView.swift:14:21: error: cannot find 'UIView' in scope
let frameView = UIView()
^~~~~~
/Applications/Xcode-16.3.0.app/Contents/Developer/Platforms/WatchOS.platform/Developer/SDKs/WatchOS11.4.sdk/System/Library/Frameworks/UIKit.framework/Headers/NSTextAttachment.h:23:1: note: interface 'UIView' forward declared here
@class UIView;
^
/Users/admin/builder/spi-builder-workspace/Sources/PryntTrimmerView/Cropper/CropMaskView.swift:15:21: error: cannot find 'CAShapeLayer' in scope
let maskLayer = CAShapeLayer()
^~~~~~~~~~~~
/Users/admin/builder/spi-builder-workspace/Sources/PryntTrimmerView/Cropper/CropMaskView.swift:16:22: error: cannot find 'CAShapeLayer' in scope
let frameLayer = CAShapeLayer()
^~~~~~~~~~~~
/Users/admin/builder/spi-builder-workspace/Sources/PryntTrimmerView/Cropper/CropMaskView.swift:21:14: error: initializer does not override a designated initializer from its superclass
override init(frame: CGRect) {
~~~~~~~~ ^
/Users/admin/builder/spi-builder-workspace/Sources/PryntTrimmerView/Cropper/CropMaskView.swift:54:19: error: method does not override any method from its superclass
override func layoutSubviews() {
~~~~~~~~ ^
/Users/admin/builder/spi-builder-workspace/Sources/PryntTrimmerView/Cropper/CropMaskView.swift:103:57: error: cannot find type 'CABasicAnimation' in scope
private func getPathAnimation(with path: CGPath) -> CABasicAnimation {
^~~~~~~~~~~~~~~~
/Users/admin/builder/spi-builder-workspace/Sources/PryntTrimmerView/Cropper/VideoCropView.swift:19:43: error: missing argument for parameter 'frame' in call
let videoScrollView = VideoScrollView()
^
frame: <#CGRect#>
/Users/admin/builder/spi-builder-workspace/Sources/PryntTrimmerView/Cropper/VideoScrollView.swift:22:14: note: 'init(frame:)' declared here
override init(frame: CGRect) {
^
/Users/admin/builder/spi-builder-workspace/Sources/PryntTrimmerView/Cropper/VideoCropView.swift:20:37: error: missing argument for parameter 'frame' in call
let cropMaskView = CropMaskView()
^
frame: <#CGRect#>
/Users/admin/builder/spi-builder-workspace/Sources/PryntTrimmerView/Cropper/CropMaskView.swift:21:14: note: 'init(frame:)' declared here
override init(frame: CGRect) {
^
/Users/admin/builder/spi-builder-workspace/Sources/PryntTrimmerView/Cropper/VideoCropView.swift:41:14: error: initializer does not override a designated initializer from its superclass
override init(frame: CGRect) {
~~~~~~~~ ^
/Users/admin/builder/spi-builder-workspace/Sources/PryntTrimmerView/Cropper/VideoCropView.swift:17:29: error: cannot find type 'UIView' in scope
public class VideoCropView: UIView {
^~~~~~
/Applications/Xcode-16.3.0.app/Contents/Developer/Platforms/WatchOS.platform/Developer/SDKs/WatchOS11.4.sdk/System/Library/Frameworks/UIKit.framework/Headers/NSTextAttachment.h:23:1: note: interface 'UIView' forward declared here
@class UIView;
^
/Users/admin/builder/spi-builder-workspace/Sources/PryntTrimmerView/Cropper/VideoScrollView.swift:12:24: error: cannot find type 'UIView' in scope
class VideoScrollView: UIView {
^~~~~~
/Applications/Xcode-16.3.0.app/Contents/Developer/Platforms/WatchOS.platform/Developer/SDKs/WatchOS11.4.sdk/System/Library/Frameworks/UIKit.framework/Headers/NSTextAttachment.h:23:1: note: interface 'UIView' forward declared here
@class UIView;
^
/Users/admin/builder/spi-builder-workspace/Sources/PryntTrimmerView/Cropper/VideoScrollView.swift:14:22: error: cannot find 'UIScrollView' in scope
let scrollView = UIScrollView()
^~~~~~~~~~~~
/Users/admin/builder/spi-builder-workspace/Sources/PryntTrimmerView/Cropper/VideoScrollView.swift:15:23: error: cannot find 'UIView' in scope
var contentView = UIView()
^~~~~~
/Applications/Xcode-16.3.0.app/Contents/Developer/Platforms/WatchOS.platform/Developer/SDKs/WatchOS11.4.sdk/System/Library/Frameworks/UIKit.framework/Headers/NSTextAttachment.h:23:1: note: interface 'UIView' forward declared here
@class UIView;
^
/Users/admin/builder/spi-builder-workspace/Sources/PryntTrimmerView/Cropper/VideoScrollView.swift:20:22: error: 'AVPlayerLayer' is unavailable in watchOS
var playerLayer: AVPlayerLayer?
^~~~~~~~~~~~~
/Applications/Xcode-16.3.0.app/Contents/Developer/Platforms/WatchOS.platform/Developer/SDKs/WatchOS11.4.sdk/System/Library/Frameworks/AVFoundation.framework/Headers/AVPlayerLayer.h:52:12: note: 'AVPlayerLayer' has been explicitly marked unavailable here
@interface AVPlayerLayer : CALayer
^
/Users/admin/builder/spi-builder-workspace/Sources/PryntTrimmerView/Cropper/VideoScrollView.swift:22:14: error: initializer does not override a designated initializer from its superclass
override init(frame: CGRect) {
~~~~~~~~ ^
/Users/admin/builder/spi-builder-workspace/Sources/PryntTrimmerView/Cropper/VideoScrollView.swift:93:28: error: cannot find type 'UIScrollViewDelegate' in scope
extension VideoScrollView: UIScrollViewDelegate {
^~~~~~~~~~~~~~~~~~~~
/Users/admin/builder/spi-builder-workspace/Sources/PryntTrimmerView/Cropper/VideoScrollView.swift:95:57: error: cannot find type 'UIView' in scope
func viewForZooming(in scrollView: UIScrollView) -> UIView? {
^~~~~~
/Applications/Xcode-16.3.0.app/Contents/Developer/Platforms/WatchOS.platform/Developer/SDKs/WatchOS11.4.sdk/System/Library/Frameworks/UIKit.framework/Headers/NSTextAttachment.h:23:1: note: interface 'UIView' forward declared here
@class UIView;
^
/Users/admin/builder/spi-builder-workspace/Sources/PryntTrimmerView/Cropper/VideoScrollView.swift:95:40: error: cannot find type 'UIScrollView' in scope
func viewForZooming(in scrollView: UIScrollView) -> UIView? {
^~~~~~~~~~~~
/Users/admin/builder/spi-builder-workspace/Sources/PryntTrimmerView/Cropper/VideoScrollView.swift:99:48: error: cannot find type 'UIScrollView' in scope
func scrollViewDidEndZooming(_ scrollView: UIScrollView, with view: UIView?, atScale scale: CGFloat) {
^~~~~~~~~~~~
/Users/admin/builder/spi-builder-workspace/Sources/PryntTrimmerView/Cropper/VideoScrollView.swift:99:73: error: cannot find type 'UIView' in scope
func scrollViewDidEndZooming(_ scrollView: UIScrollView, with view: UIView?, atScale scale: CGFloat) {
^~~~~~
/Applications/Xcode-16.3.0.app/Contents/Developer/Platforms/WatchOS.platform/Developer/SDKs/WatchOS11.4.sdk/System/Library/Frameworks/UIKit.framework/Headers/NSTextAttachment.h:23:1: note: interface 'UIView' forward declared here
@class UIView;
^
/Users/admin/builder/spi-builder-workspace/Sources/PryntTrimmerView/Parents/AVAssetTimeSelector.swift:16:45: error: missing argument for parameter 'frame' in call
let assetPreview = AssetVideoScrollView()
^
frame: <#CGRect#>
/Users/admin/builder/spi-builder-workspace/Sources/PryntTrimmerView/Parents/AssetVideoScrollView.swift:20:14: note: 'init(frame:)' declared here
override init(frame: CGRect) {
^
/Users/admin/builder/spi-builder-workspace/Sources/PryntTrimmerView/Parents/AVAssetTimeSelector.swift:32:14: error: initializer does not override a designated initializer from its superclass
override init(frame: CGRect) {
~~~~~~~~ ^
/Users/admin/builder/spi-builder-workspace/Sources/PryntTrimmerView/Parents/AVAssetTimeSelector.swift:81:45: error: 'CMTime' is only available in watchOS 6.0 or newer
func getTime(from position: CGFloat) -> CMTime? {
^
/Users/admin/builder/spi-builder-workspace/Sources/PryntTrimmerView/Parents/AVAssetTimeSelector.swift:81:10: note: add @available attribute to enclosing instance method
func getTime(from position: CGFloat) -> CMTime? {
^
/Users/admin/builder/spi-builder-workspace/Sources/PryntTrimmerView/Parents/AVAssetTimeSelector.swift:14:14: note: add @available attribute to enclosing class
public class AVAssetTimeSelector: UIView, UIScrollViewDelegate {
^
/Users/admin/builder/spi-builder-workspace/Sources/PryntTrimmerView/Parents/AVAssetTimeSelector.swift:90:33: error: 'CMTime' is only available in watchOS 6.0 or newer
func getPosition(from time: CMTime) -> CGFloat? {
^
/Users/admin/builder/spi-builder-workspace/Sources/PryntTrimmerView/Parents/AVAssetTimeSelector.swift:90:10: note: add @available attribute to enclosing instance method
func getPosition(from time: CMTime) -> CGFloat? {
^
/Users/admin/builder/spi-builder-workspace/Sources/PryntTrimmerView/Parents/AVAssetTimeSelector.swift:14:14: note: add @available attribute to enclosing class
public class AVAssetTimeSelector: UIView, UIScrollViewDelegate {
^
/Users/admin/builder/spi-builder-workspace/Sources/PryntTrimmerView/Parents/AVAssetTimeSelector.swift:14:35: error: cannot find type 'UIView' in scope
public class AVAssetTimeSelector: UIView, UIScrollViewDelegate {
^~~~~~
/Applications/Xcode-16.3.0.app/Contents/Developer/Platforms/WatchOS.platform/Developer/SDKs/WatchOS11.4.sdk/System/Library/Frameworks/UIKit.framework/Headers/NSTextAttachment.h:23:1: note: interface 'UIView' forward declared here
@class UIView;
^
/Users/admin/builder/spi-builder-workspace/Sources/PryntTrimmerView/Parents/AVAssetTimeSelector.swift:14:43: error: cannot find type 'UIScrollViewDelegate' in scope
public class AVAssetTimeSelector: UIView, UIScrollViewDelegate {
^~~~~~~~~~~~~~~~~~~~
/Users/admin/builder/spi-builder-workspace/Sources/PryntTrimmerView/Parents/AssetVideoScrollView.swift:12:29: error: cannot find type 'UIScrollView' in scope
class AssetVideoScrollView: UIScrollView {
^~~~~~~~~~~~
/Users/admin/builder/spi-builder-workspace/Sources/PryntTrimmerView/Parents/AssetVideoScrollView.swift:14:34: error: cannot find type 'NSLayoutConstraint' in scope
private var widthConstraint: NSLayoutConstraint?
^~~~~~~~~~~~~~~~~~
/Users/admin/builder/spi-builder-workspace/Sources/PryntTrimmerView/Parents/AssetVideoScrollView.swift:16:23: error: cannot find 'UIView' in scope
let contentView = UIView()
^~~~~~
/Applications/Xcode-16.3.0.app/Contents/Developer/Platforms/WatchOS.platform/Developer/SDKs/WatchOS11.4.sdk/System/Library/Frameworks/UIKit.framework/Headers/NSTextAttachment.h:23:1: note: interface 'UIView' forward declared here
@class UIView;
^
/Users/admin/builder/spi-builder-workspace/Sources/PryntTrimmerView/Parents/AssetVideoScrollView.swift:18:28: error: 'AVAssetImageGenerator' is unavailable in watchOS
private var generator: AVAssetImageGenerator?
^~~~~~~~~~~~~~~~~~~~~
/Applications/Xcode-16.3.0.app/Contents/Developer/Platforms/WatchOS.platform/Developer/SDKs/WatchOS11.4.sdk/System/Library/Frameworks/AVFoundation.framework/Headers/AVAssetImageGenerator.h:87:12: note: 'AVAssetImageGenerator' has been explicitly marked unavailable here
@interface AVAssetImageGenerator : NSObject
^
/Users/admin/builder/spi-builder-workspace/Sources/PryntTrimmerView/Parents/AssetVideoScrollView.swift:20:14: error: initializer does not override a designated initializer from its superclass
override init(frame: CGRect) {
~~~~~~~~ ^
/Users/admin/builder/spi-builder-workspace/Sources/PryntTrimmerView/Parents/AssetVideoScrollView.swift:49:19: error: method does not override any method from its superclass
override func layoutSubviews() {
~~~~~~~~ ^
/Users/admin/builder/spi-builder-workspace/Sources/PryntTrimmerView/ThumbSelectorView.swift:15:46: error: 'CMTime' is only available in watchOS 6.0 or newer
func didChangeThumbPosition(_ imageTime: CMTime)
^
/Users/admin/builder/spi-builder-workspace/Sources/PryntTrimmerView/ThumbSelectorView.swift:15:10: note: add @available attribute to enclosing instance method
func didChangeThumbPosition(_ imageTime: CMTime)
^
/Users/admin/builder/spi-builder-workspace/Sources/PryntTrimmerView/ThumbSelectorView.swift:14:17: note: add @available attribute to enclosing protocol
public protocol ThumbSelectorViewDelegate: AnyObject {
^
/Users/admin/builder/spi-builder-workspace/Sources/PryntTrimmerView/ThumbSelectorView.swift:29:29: error: cannot find 'UIImageView' in scope
private let thumbView = UIImageView()
^~~~~~~~~~~
/Users/admin/builder/spi-builder-workspace/Sources/PryntTrimmerView/ThumbSelectorView.swift:30:31: error: cannot find 'UIView' in scope
private let dimmingView = UIView()
^~~~~~
/Applications/Xcode-16.3.0.app/Contents/Developer/Platforms/WatchOS.platform/Developer/SDKs/WatchOS11.4.sdk/System/Library/Frameworks/UIKit.framework/Headers/NSTextAttachment.h:23:1: note: interface 'UIView' forward declared here
@class UIView;
^
/Users/admin/builder/spi-builder-workspace/Sources/PryntTrimmerView/ThumbSelectorView.swift:32:38: error: cannot find type 'NSLayoutConstraint' in scope
private var leftThumbConstraint: NSLayoutConstraint?
^~~~~~~~~~~~~~~~~~
/Users/admin/builder/spi-builder-workspace/Sources/PryntTrimmerView/ThumbSelectorView.swift:35:28: error: 'AVAssetImageGenerator' is unavailable in watchOS
private var generator: AVAssetImageGenerator?
^~~~~~~~~~~~~~~~~~~~~
/Applications/Xcode-16.3.0.app/Contents/Developer/Platforms/WatchOS.platform/Developer/SDKs/WatchOS11.4.sdk/System/Library/Frameworks/AVFoundation.framework/Headers/AVAssetImageGenerator.h:87:12: note: 'AVAssetImageGenerator' has been explicitly marked unavailable here
@interface AVAssetImageGenerator : NSObject
^
/Users/admin/builder/spi-builder-workspace/Sources/PryntTrimmerView/ThumbSelectorView.swift:81:54: error: cannot find type 'UIPanGestureRecognizer' in scope
@objc func handlePanGesture(_ gestureRecognizer: UIPanGestureRecognizer) {
^~~~~~~~~~~~~~~~~~~~~~
/Users/admin/builder/spi-builder-workspace/Sources/PryntTrimmerView/ThumbSelectorView.swift:139:51: error: 'CMTime' is only available in watchOS 6.0 or newer
private func generateThumbnailImage(for time: CMTime) {
^
/Users/admin/builder/spi-builder-workspace/Sources/PryntTrimmerView/ThumbSelectorView.swift:139:18: note: add @available attribute to enclosing instance method
private func generateThumbnailImage(for time: CMTime) {
^
/Users/admin/builder/spi-builder-workspace/Sources/PryntTrimmerView/ThumbSelectorView.swift:21:14: note: add @available attribute to enclosing class
public class ThumbSelectorView: AVAssetTimeSelector {
^
/Users/admin/builder/spi-builder-workspace/Sources/PryntTrimmerView/ThumbSelectorView.swift:161:30: error: 'CMTime' is only available in watchOS 6.0 or newer
public var selectedTime: CMTime? {
^
/Users/admin/builder/spi-builder-workspace/Sources/PryntTrimmerView/ThumbSelectorView.swift:161:16: note: add @available attribute to enclosing property
public var selectedTime: CMTime? {
^
/Users/admin/builder/spi-builder-workspace/Sources/PryntTrimmerView/ThumbSelectorView.swift:21:14: note: add @available attribute to enclosing class
public class ThumbSelectorView: AVAssetTimeSelector {
^
/Users/admin/builder/spi-builder-workspace/Sources/PryntTrimmerView/ThumbSelectorView.swift:175:51: error: cannot find type 'UIScrollView' in scope
public func scrollViewDidScroll(_ scrollView: UIScrollView) {
^~~~~~~~~~~~
/Users/admin/builder/spi-builder-workspace/Sources/PryntTrimmerView/Trimmer/HandlerView.swift:12:20: error: cannot find type 'UIView' in scope
class HandlerView: UIView {
^~~~~~
/Applications/Xcode-16.3.0.app/Contents/Developer/Platforms/WatchOS.platform/Developer/SDKs/WatchOS11.4.sdk/System/Library/Frameworks/UIKit.framework/Headers/NSTextAttachment.h:23:1: note: interface 'UIView' forward declared here
@class UIView;
^
/Users/admin/builder/spi-builder-workspace/Sources/PryntTrimmerView/Trimmer/HandlerView.swift:14:70: error: cannot find type 'UIView' in scope
override func hitTest(_ point: CGPoint, with event: UIEvent?) -> UIView? {
^~~~~~
/Applications/Xcode-16.3.0.app/Contents/Developer/Platforms/WatchOS.platform/Developer/SDKs/WatchOS11.4.sdk/System/Library/Frameworks/UIKit.framework/Headers/NSTextAttachment.h:23:1: note: interface 'UIView' forward declared here
@class UIView;
^
/Users/admin/builder/spi-builder-workspace/Sources/PryntTrimmerView/Trimmer/HandlerView.swift:14:57: error: cannot find type 'UIEvent' in scope
override func hitTest(_ point: CGPoint, with event: UIEvent?) -> UIView? {
^~~~~~~
/Users/admin/builder/spi-builder-workspace/Sources/PryntTrimmerView/Trimmer/HandlerView.swift:18:60: error: cannot find type 'UIEvent' in scope
override func point(inside point: CGPoint, with event: UIEvent?) -> Bool {
^~~~~~~
/Users/admin/builder/spi-builder-workspace/Sources/PryntTrimmerView/Trimmer/PryntTrimmerView.swift:13:45: error: 'CMTime' is only available in watchOS 6.0 or newer
func didChangePositionBar(_ playerTime: CMTime)
^
/Users/admin/builder/spi-builder-workspace/Sources/PryntTrimmerView/Trimmer/PryntTrimmerView.swift:13:10: note: add @available attribute to enclosing instance method
func didChangePositionBar(_ playerTime: CMTime)
^
/Users/admin/builder/spi-builder-workspace/Sources/PryntTrimmerView/Trimmer/PryntTrimmerView.swift:12:17: note: add @available attribute to enclosing protocol
public protocol TrimmerViewDelegate: AnyObject {
^
/Users/admin/builder/spi-builder-workspace/Sources/PryntTrimmerView/Trimmer/PryntTrimmerView.swift:14:49: error: 'CMTime' is only available in watchOS 6.0 or newer
func positionBarStoppedMoving(_ playerTime: CMTime)
^
/Users/admin/builder/spi-builder-workspace/Sources/PryntTrimmerView/Trimmer/PryntTrimmerView.swift:14:10: note: add @available attribute to enclosing instance method
func positionBarStoppedMoving(_ playerTime: CMTime)
^
/Users/admin/builder/spi-builder-workspace/Sources/PryntTrimmerView/Trimmer/PryntTrimmerView.swift:12:17: note: add @available attribute to enclosing protocol
public protocol TrimmerViewDelegate: AnyObject {
^
/Users/admin/builder/spi-builder-workspace/Sources/PryntTrimmerView/Trimmer/PryntTrimmerView.swift:66:31: error: cannot find 'UIView' in scope
private let positionBar = UIView()
^~~~~~
/Applications/Xcode-16.3.0.app/Contents/Developer/Platforms/WatchOS.platform/Developer/SDKs/WatchOS11.4.sdk/System/Library/Frameworks/UIKit.framework/Headers/NSTextAttachment.h:23:1: note: interface 'UIView' forward declared here
@class UIView;
^
/Users/admin/builder/spi-builder-workspace/Sources/PryntTrimmerView/Trimmer/PryntTrimmerView.swift:69:32: error: cannot find 'UIView' in scope
private let leftMaskView = UIView()
^~~~~~
/Applications/Xcode-16.3.0.app/Contents/Developer/Platforms/WatchOS.platform/Developer/SDKs/WatchOS11.4.sdk/System/Library/Frameworks/UIKit.framework/Headers/NSTextAttachment.h:23:1: note: interface 'UIView' forward declared here
@class UIView;
^
/Users/admin/builder/spi-builder-workspace/Sources/PryntTrimmerView/Trimmer/PryntTrimmerView.swift:70:33: error: cannot find 'UIView' in scope
private let rightMaskView = UIView()
^~~~~~
/Applications/Xcode-16.3.0.app/Contents/Developer/Platforms/WatchOS.platform/Developer/SDKs/WatchOS11.4.sdk/System/Library/Frameworks/UIKit.framework/Headers/NSTextAttachment.h:23:1: note: interface 'UIView' forward declared here
@class UIView;
^
/Users/admin/builder/spi-builder-workspace/Sources/PryntTrimmerView/Trimmer/PryntTrimmerView.swift:63:28: error: cannot find 'UIView' in scope
private let trimView = UIView()
^~~~~~
/Applications/Xcode-16.3.0.app/Contents/Developer/Platforms/WatchOS.platform/Developer/SDKs/WatchOS11.4.sdk/System/Library/Frameworks/UIKit.framework/Headers/NSTextAttachment.h:23:1: note: interface 'UIView' forward declared here
@class UIView;
^
/Users/admin/builder/spi-builder-workspace/Sources/PryntTrimmerView/Trimmer/PryntTrimmerView.swift:67:34: error: cannot find 'UIView' in scope
private let leftHandleKnob = UIView()
^~~~~~
/Applications/Xcode-16.3.0.app/Contents/Developer/Platforms/WatchOS.platform/Developer/SDKs/WatchOS11.4.sdk/System/Library/Frameworks/UIKit.framework/Headers/NSTextAttachment.h:23:1: note: interface 'UIView' forward declared here
@class UIView;
^
/Users/admin/builder/spi-builder-workspace/Sources/PryntTrimmerView/Trimmer/PryntTrimmerView.swift:68:35: error: cannot find 'UIView' in scope
private let rightHandleKnob = UIView()
^~~~~~
/Applications/Xcode-16.3.0.app/Contents/Developer/Platforms/WatchOS.platform/Developer/SDKs/WatchOS11.4.sdk/System/Library/Frameworks/UIKit.framework/Headers/NSTextAttachment.h:23:1: note: interface 'UIView' forward declared here
@class UIView;
^
/Users/admin/builder/spi-builder-workspace/Sources/PryntTrimmerView/Trimmer/PryntTrimmerView.swift:76:33: error: cannot find type 'NSLayoutConstraint' in scope
private var leftConstraint: NSLayoutConstraint?
^~~~~~~~~~~~~~~~~~
/Users/admin/builder/spi-builder-workspace/Sources/PryntTrimmerView/Trimmer/PryntTrimmerView.swift:77:34: error: cannot find type 'NSLayoutConstraint' in scope
private var rightConstraint: NSLayoutConstraint?
^~~~~~~~~~~~~~~~~~
/Users/admin/builder/spi-builder-workspace/Sources/PryntTrimmerView/Trimmer/PryntTrimmerView.swift:78:37: error: cannot find type 'NSLayoutConstraint' in scope
private var positionConstraint: NSLayoutConstraint?
^~~~~~~~~~~~~~~~~~
/Users/admin/builder/spi-builder-workspace/Sources/PryntTrimmerView/Trimmer/PryntTrimmerView.swift:226:54: error: cannot find type 'UIPanGestureRecognizer' in scope
@objc func handlePanGesture(_ gestureRecognizer: UIPanGestureRecognizer) {
^~~~~~~~~~~~~~~~~~~~~~
/Users/admin/builder/spi-builder-workspace/Sources/PryntTrimmerView/Trimmer/PryntTrimmerView.swift:287:31: error: 'CMTime' is only available in watchOS 6.0 or newer
public func seek(to time: CMTime) {
^
/Users/admin/builder/spi-builder-workspace/Sources/PryntTrimmerView/Trimmer/PryntTrimmerView.swift:287:17: note: add @available attribute to enclosing instance method
public func seek(to time: CMTime) {
^
/Users/admin/builder/spi-builder-workspace/Sources/PryntTrimmerView/Trimmer/PryntTrimmerView.swift:22:28: note: add @available attribute to enclosing class
@IBDesignable public class TrimmerView: AVAssetTimeSelector {
^
/Users/admin/builder/spi-builder-workspace/Sources/PryntTrimmerView/Trimmer/PryntTrimmerView.swift:300:27: error: 'CMTime' is only available in watchOS 6.0 or newer
public var startTime: CMTime? {
^
/Users/admin/builder/spi-builder-workspace/Sources/PryntTrimmerView/Trimmer/PryntTrimmerView.swift:300:16: note: add @available attribute to enclosing property
public var startTime: CMTime? {
^
/Users/admin/builder/spi-builder-workspace/Sources/PryntTrimmerView/Trimmer/PryntTrimmerView.swift:22:28: note: add @available attribute to enclosing class
@IBDesignable public class TrimmerView: AVAssetTimeSelector {
^
/Users/admin/builder/spi-builder-workspace/Sources/PryntTrimmerView/Trimmer/PryntTrimmerView.swift:306:25: error: 'CMTime' is only available in watchOS 6.0 or newer
public var endTime: CMTime? {
^
/Users/admin/builder/spi-builder-workspace/Sources/PryntTrimmerView/Trimmer/PryntTrimmerView.swift:306:16: note: add @available attribute to enclosing property
public var endTime: CMTime? {
^
/Users/admin/builder/spi-builder-workspace/Sources/PryntTrimmerView/Trimmer/PryntTrimmerView.swift:22:28: note: add @available attribute to enclosing class
@IBDesignable public class TrimmerView: AVAssetTimeSelector {
^
/Users/admin/builder/spi-builder-workspace/Sources/PryntTrimmerView/Trimmer/PryntTrimmerView.swift:322:34: error: 'CMTime' is only available in watchOS 6.0 or newer
private var positionBarTime: CMTime? {
^
/Users/admin/builder/spi-builder-workspace/Sources/PryntTrimmerView/Trimmer/PryntTrimmerView.swift:322:17: note: add @available attribute to enclosing property
private var positionBarTime: CMTime? {
^
/Users/admin/builder/spi-builder-workspace/Sources/PryntTrimmerView/Trimmer/PryntTrimmerView.swift:22:28: note: add @available attribute to enclosing class
@IBDesignable public class TrimmerView: AVAssetTimeSelector {
^
/Users/admin/builder/spi-builder-workspace/Sources/PryntTrimmerView/Trimmer/PryntTrimmerView.swift:334:60: error: cannot find type 'UIScrollView' in scope
public func scrollViewDidEndDecelerating(_ scrollView: UIScrollView) {
^~~~~~~~~~~~
/Users/admin/builder/spi-builder-workspace/Sources/PryntTrimmerView/Trimmer/PryntTrimmerView.swift:338:56: error: cannot find type 'UIScrollView' in scope
public func scrollViewDidEndDragging(_ scrollView: UIScrollView, willDecelerate decelerate: Bool) {
^~~~~~~~~~~~
/Users/admin/builder/spi-builder-workspace/Sources/PryntTrimmerView/Trimmer/PryntTrimmerView.swift:343:51: error: cannot find type 'UIScrollView' in scope
public func scrollViewDidScroll(_ scrollView: UIScrollView) {
^~~~~~~~~~~~
Failed frontend command:
/Applications/Xcode-16.3.0.app/Contents/Developer/Toolchains/XcodeDefault.xctoolchain/usr/bin/swift-frontend -frontend -emit-module -experimental-skip-non-inlinable-function-bodies-without-types /Users/admin/builder/spi-builder-workspace/Sources/PryntTrimmerView/Cropper/CropMaskView.swift /Users/admin/builder/spi-builder-workspace/Sources/PryntTrimmerView/Cropper/VideoCropView.swift /Users/admin/builder/spi-builder-workspace/Sources/PryntTrimmerView/Cropper/VideoScrollView.swift /Users/admin/builder/spi-builder-workspace/Sources/PryntTrimmerView/Parents/AVAssetTimeSelector.swift /Users/admin/builder/spi-builder-workspace/Sources/PryntTrimmerView/Parents/AssetVideoScrollView.swift /Users/admin/builder/spi-builder-workspace/Sources/PryntTrimmerView/ThumbSelectorView.swift /Users/admin/builder/spi-builder-workspace/Sources/PryntTrimmerView/Trimmer/HandlerView.swift /Users/admin/builder/spi-builder-workspace/Sources/PryntTrimmerView/Trimmer/PryntTrimmerView.swift -target armv7k-apple-watchos5.0 -enable-objc-interop -sdk /Applications/Xcode-16.3.0.app/Contents/Developer/Platforms/WatchOS.platform/Developer/SDKs/WatchOS11.4.sdk -I /Users/admin/builder/spi-builder-workspace/.derivedData/Build/Products/Debug-watchos -I /Applications/Xcode-16.3.0.app/Contents/Developer/Platforms/WatchOS.platform/Developer/usr/lib -F /Users/admin/builder/spi-builder-workspace/.derivedData/Build/Products/Debug-watchos -F /Applications/Xcode-16.3.0.app/Contents/Developer/Platforms/WatchOS.platform/Developer/Library/Frameworks -F /Applications/Xcode-16.3.0.app/Contents/Developer/Platforms/WatchOS.platform/Developer/SDKs/WatchOS11.4.sdk/Developer/Library/Frameworks -no-color-diagnostics -enable-testing -g -debug-info-format\=dwarf -dwarf-version\=4 -module-cache-path /Users/admin/builder/spi-builder-workspace/.derivedData/ModuleCache.noindex -swift-version 5 -enforce-exclusivity\=checked -Onone -D SWIFT_PACKAGE -D DEBUG -D Xcode -serialize-debugging-options -const-gather-protocols-file /Users/admin/builder/spi-builder-workspace/.derivedData/Build/Intermediates.noindex/PryntTrimmerView.build/Debug-watchos/PryntTrimmerView.build/Objects-normal/armv7k/PryntTrimmerView_const_extract_protocols.json -enable-experimental-feature DebugDescriptionMacro -empty-abi-descriptor -plugin-path /Applications/Xcode-16.3.0.app/Contents/Developer/Toolchains/XcodeDefault.xctoolchain/usr/lib/swift/host/plugins/testing -validate-clang-modules-once -clang-build-session-file /Users/admin/builder/spi-builder-workspace/.derivedData/ModuleCache.noindex/Session.modulevalidation -Xcc -working-directory -Xcc /Users/admin/builder/spi-builder-workspace/.swiftpm/xcode -resource-dir /Applications/Xcode-16.3.0.app/Contents/Developer/Toolchains/XcodeDefault.xctoolchain/usr/lib/swift -enable-anonymous-context-mangled-names -file-compilation-dir /Users/admin/builder/spi-builder-workspace/.swiftpm/xcode -Xcc -ivfsstatcache -Xcc /Users/admin/builder/spi-builder-workspace/.derivedData/SDKStatCaches.noindex/watchos11.4-22T246-43efb940ff07ba2497b70ec94253f576.sdkstatcache -Xcc -I/Users/admin/builder/spi-builder-workspace/.derivedData/Build/Intermediates.noindex/PryntTrimmerView.build/Debug-watchos/PryntTrimmerView.build/swift-overrides.hmap -Xcc -I/Users/admin/builder/spi-builder-workspace/.derivedData/Build/Products/Debug-watchos/include -Xcc -I/Users/admin/builder/spi-builder-workspace/.derivedData/Build/Intermediates.noindex/PryntTrimmerView.build/Debug-watchos/PryntTrimmerView.build/DerivedSources-normal/armv7k -Xcc -I/Users/admin/builder/spi-builder-workspace/.derivedData/Build/Intermediates.noindex/PryntTrimmerView.build/Debug-watchos/PryntTrimmerView.build/DerivedSources/armv7k -Xcc -I/Users/admin/builder/spi-builder-workspace/.derivedData/Build/Intermediates.noindex/PryntTrimmerView.build/Debug-watchos/PryntTrimmerView.build/DerivedSources -Xcc -DSWIFT_PACKAGE -Xcc -DDEBUG\=1 -module-name PryntTrimmerView -frontend-parseable-output -disable-clang-spi -target-sdk-version 11.4 -target-sdk-name watchos11.4 -external-plugin-path /Applications/Xcode-16.3.0.app/Contents/Developer/Platforms/WatchOS.platform/Developer/usr/lib/swift/host/plugins\#/Applications/Xcode-16.3.0.app/Contents/Developer/Platforms/WatchOS.platform/Developer/usr/bin/swift-plugin-server -external-plugin-path /Applications/Xcode-16.3.0.app/Contents/Developer/Platforms/WatchOS.platform/Developer/usr/local/lib/swift/host/plugins\#/Applications/Xcode-16.3.0.app/Contents/Developer/Platforms/WatchOS.platform/Developer/usr/bin/swift-plugin-server -in-process-plugin-server-path /Applications/Xcode-16.3.0.app/Contents/Developer/Toolchains/XcodeDefault.xctoolchain/usr/lib/swift/host/libSwiftInProcPluginServer.dylib -plugin-path /Applications/Xcode-16.3.0.app/Contents/Developer/Toolchains/XcodeDefault.xctoolchain/usr/lib/swift/host/plugins -plugin-path /Applications/Xcode-16.3.0.app/Contents/Developer/Toolchains/XcodeDefault.xctoolchain/usr/local/lib/swift/host/plugins -emit-module-doc-path /Users/admin/builder/spi-builder-workspace/.derivedData/Build/Intermediates.noindex/PryntTrimmerView.build/Debug-watchos/PryntTrimmerView.build/Objects-normal/armv7k/PryntTrimmerView.swiftdoc -emit-module-source-info-path /Users/admin/builder/spi-builder-workspace/.derivedData/Build/Intermediates.noindex/PryntTrimmerView.build/Debug-watchos/PryntTrimmerView.build/Objects-normal/armv7k/PryntTrimmerView.swiftsourceinfo -emit-objc-header-path /Users/admin/builder/spi-builder-workspace/.derivedData/Build/Intermediates.noindex/PryntTrimmerView.build/Debug-watchos/PryntTrimmerView.build/Objects-normal/armv7k/PryntTrimmerView-Swift.h -serialize-diagnostics-path /Users/admin/builder/spi-builder-workspace/.derivedData/Build/Intermediates.noindex/PryntTrimmerView.build/Debug-watchos/PryntTrimmerView.build/Objects-normal/armv7k/PryntTrimmerView-master-emit-module.dia -emit-dependencies-path /Users/admin/builder/spi-builder-workspace/.derivedData/Build/Intermediates.noindex/PryntTrimmerView.build/Debug-watchos/PryntTrimmerView.build/Objects-normal/armv7k/PryntTrimmerView-master-emit-module.d -o /Users/admin/builder/spi-builder-workspace/.derivedData/Build/Intermediates.noindex/PryntTrimmerView.build/Debug-watchos/PryntTrimmerView.build/Objects-normal/armv7k/PryntTrimmerView.swiftmodule -emit-abi-descriptor-path /Users/admin/builder/spi-builder-workspace/.derivedData/Build/Intermediates.noindex/PryntTrimmerView.build/Debug-watchos/PryntTrimmerView.build/Objects-normal/armv7k/PryntTrimmerView.abi.json
SwiftCompile normal armv7k Compiling\ CropMaskView.swift /Users/admin/builder/spi-builder-workspace/Sources/PryntTrimmerView/Cropper/CropMaskView.swift (in target 'PryntTrimmerView' from project 'PryntTrimmerView')
SwiftCompile normal armv7k /Users/admin/builder/spi-builder-workspace/Sources/PryntTrimmerView/Cropper/CropMaskView.swift (in target 'PryntTrimmerView' from project 'PryntTrimmerView')
cd /Users/admin/builder/spi-builder-workspace/.swiftpm/xcode
SwiftCompile normal armv7k Compiling\ AVAssetTimeSelector.swift /Users/admin/builder/spi-builder-workspace/Sources/PryntTrimmerView/Parents/AVAssetTimeSelector.swift (in target 'PryntTrimmerView' from project 'PryntTrimmerView')
SwiftCompile normal armv7k /Users/admin/builder/spi-builder-workspace/Sources/PryntTrimmerView/Parents/AVAssetTimeSelector.swift (in target 'PryntTrimmerView' from project 'PryntTrimmerView')
cd /Users/admin/builder/spi-builder-workspace/.swiftpm/xcode
SwiftCompile normal armv7k Compiling\ AssetVideoScrollView.swift /Users/admin/builder/spi-builder-workspace/Sources/PryntTrimmerView/Parents/AssetVideoScrollView.swift (in target 'PryntTrimmerView' from project 'PryntTrimmerView')
SwiftCompile normal armv7k /Users/admin/builder/spi-builder-workspace/Sources/PryntTrimmerView/Parents/AssetVideoScrollView.swift (in target 'PryntTrimmerView' from project 'PryntTrimmerView')
cd /Users/admin/builder/spi-builder-workspace/.swiftpm/xcode
SwiftCompile normal armv7k Compiling\ HandlerView.swift /Users/admin/builder/spi-builder-workspace/Sources/PryntTrimmerView/Trimmer/HandlerView.swift (in target 'PryntTrimmerView' from project 'PryntTrimmerView')
SwiftCompile normal armv7k /Users/admin/builder/spi-builder-workspace/Sources/PryntTrimmerView/Trimmer/HandlerView.swift (in target 'PryntTrimmerView' from project 'PryntTrimmerView')
cd /Users/admin/builder/spi-builder-workspace/.swiftpm/xcode
SwiftCompile normal armv7k Compiling\ VideoCropView.swift /Users/admin/builder/spi-builder-workspace/Sources/PryntTrimmerView/Cropper/VideoCropView.swift (in target 'PryntTrimmerView' from project 'PryntTrimmerView')
SwiftCompile normal armv7k /Users/admin/builder/spi-builder-workspace/Sources/PryntTrimmerView/Cropper/VideoCropView.swift (in target 'PryntTrimmerView' from project 'PryntTrimmerView')
cd /Users/admin/builder/spi-builder-workspace/.swiftpm/xcode
SwiftEmitModule normal arm64_32 Emitting\ module\ for\ PryntTrimmerView (in target 'PryntTrimmerView' from project 'PryntTrimmerView')
EmitSwiftModule normal arm64_32 (in target 'PryntTrimmerView' from project 'PryntTrimmerView')
cd /Users/admin/builder/spi-builder-workspace/.swiftpm/xcode
SwiftCompile normal arm64_32 Compiling\ CropMaskView.swift /Users/admin/builder/spi-builder-workspace/Sources/PryntTrimmerView/Cropper/CropMaskView.swift (in target 'PryntTrimmerView' from project 'PryntTrimmerView')
SwiftCompile normal arm64_32 /Users/admin/builder/spi-builder-workspace/Sources/PryntTrimmerView/Cropper/CropMaskView.swift (in target 'PryntTrimmerView' from project 'PryntTrimmerView')
cd /Users/admin/builder/spi-builder-workspace/.swiftpm/xcode
SwiftCompile normal arm64_32 Compiling\ VideoCropView.swift /Users/admin/builder/spi-builder-workspace/Sources/PryntTrimmerView/Cropper/VideoCropView.swift (in target 'PryntTrimmerView' from project 'PryntTrimmerView')
SwiftCompile normal arm64_32 /Users/admin/builder/spi-builder-workspace/Sources/PryntTrimmerView/Cropper/VideoCropView.swift (in target 'PryntTrimmerView' from project 'PryntTrimmerView')
cd /Users/admin/builder/spi-builder-workspace/.swiftpm/xcode
SwiftEmitModule normal arm64 Emitting\ module\ for\ PryntTrimmerView (in target 'PryntTrimmerView' from project 'PryntTrimmerView')
EmitSwiftModule normal arm64 (in target 'PryntTrimmerView' from project 'PryntTrimmerView')
cd /Users/admin/builder/spi-builder-workspace/.swiftpm/xcode
SwiftCompile normal arm64 Compiling\ VideoScrollView.swift /Users/admin/builder/spi-builder-workspace/Sources/PryntTrimmerView/Cropper/VideoScrollView.swift (in target 'PryntTrimmerView' from project 'PryntTrimmerView')
Command SwiftCompile failed with a nonzero exit code
** BUILD FAILED **
The following build commands failed:
EmitSwiftModule normal armv7k (in target 'PryntTrimmerView' from project 'PryntTrimmerView')
SwiftEmitModule normal armv7k Emitting\ module\ for\ PryntTrimmerView (in target 'PryntTrimmerView' from project 'PryntTrimmerView')
SwiftCompile normal arm64 Compiling\ VideoScrollView.swift /Users/admin/builder/spi-builder-workspace/Sources/PryntTrimmerView/Cropper/VideoScrollView.swift (in target 'PryntTrimmerView' from project 'PryntTrimmerView')
Building workspace spi-builder-workspace with scheme PryntTrimmerView
(4 failures)
BUILD FAILURE 6.1 watchOS