Build Information
Failed to build SYButton, reference main (e6e955), with Swift 6.4 for visionOS using Xcode 27.0 on 21 Sep 2026 17:31:23 UTC.
Build Command
env DEVELOPER_DIR=/Applications/Xcode-27.0.0-Release.Candidate.app xcrun xcodebuild -IDEClonedSourcePackagesDirPathOverride=$PWD/.dependencies -skipMacroValidation -skipPackagePluginValidation -derivedDataPath $PWD/.derivedData build -scheme SYButton -destination generic/platform=xrOSBuild Log
========================================
RunAll
========================================
Builder version: 5.1.0
Interrupt handler set up.
========================================
Checkout
========================================
Clone URL: https://github.com/emrearmagan/SYButton.git
Reference: main
Initialized empty Git repository in /Users/admin/builder/spi-builder-workspace/.git/
From https://github.com/emrearmagan/SYButton
* branch main -> FETCH_HEAD
* [new branch] main -> origin/main
HEAD is now at e6e955c update workflow
Cloned https://github.com/emrearmagan/SYButton.git
Revision (git rev-parse @):
e6e955cfa13e250ded6298def1edf0cf2f196fac
SUCCESS checkout https://github.com/emrearmagan/SYButton.git at main
========================================
Build
========================================
Selected platform: visionOS
Swift version: 6.4
Building package at path: $PWD
https://github.com/emrearmagan/SYButton.git
Command line invocation:
/Applications/Xcode-27.0.0-Release.Candidate.app/Contents/Developer/usr/bin/xcodebuild -IDEClonedSourcePackagesDirPathOverride=/Users/admin/builder/spi-builder-workspace/.dependencies -resolvePackageDependencies
Resolve Package Graph
Resolve Package Graph
Resolved source packages:
SYButton: /Users/admin/builder/spi-builder-workspace
resolved source packages: SYButton
2026-09-21 13:30:38.133 xcodebuild[528:3044] [MT] IDERunDestination: Supported platforms for the buildables in the current scheme is empty.
{
"dependencies" : [
],
"manifest_display_name" : "SYButton",
"name" : "SYButton",
"path" : "/Users/admin/builder/spi-builder-workspace",
"platforms" : [
{
"name" : "ios",
"version" : "12.0"
}
],
"products" : [
{
"name" : "SYButton",
"targets" : [
"SYButton"
],
"type" : {
"library" : [
"automatic"
]
}
}
],
"swift_languages_versions" : [
"5"
],
"targets" : [
{
"c99name" : "SYButtonTests",
"module_type" : "SwiftTarget",
"name" : "SYButtonTests",
"path" : "Tests/SYButtonTests",
"sources" : [
"SYButtonTests.swift"
],
"target_dependencies" : [
"SYButton"
],
"type" : "test"
},
{
"c99name" : "SYButton",
"module_type" : "SwiftTarget",
"name" : "SYButton",
"path" : "Sources",
"product_memberships" : [
"SYButton"
],
"sources" : [
"SYButton/Components/Background/SYButtonBackgroundView+CornerRadius.swift",
"SYButton/Components/Background/SYButtonBackgroundView+GradientDirection.swift",
"SYButton/Components/Background/SYButtonBackgroundView.swift",
"SYButton/Components/Background/SYGradientLayer.swift",
"SYButton/Components/Highlighter/SYButtonHighlighter.swift",
"SYButton/Components/Highlighter/SYRippleHighlighter.swift",
"SYButton/Components/Highlighter/SYScaleHighlighter.swift",
"SYButton/Components/LoadingIndicator/SYBallPulseIndicator.swift",
"SYButton/Components/LoadingIndicator/SYLoadingIndicator.swift",
"SYButton/Components/LoadingIndicator/SYLoadingSpinner.swift",
"SYButton/SYButton+Feedback.swift",
"SYButton/SYButton+Icon.swift",
"SYButton/SYButton+ImagePlacement.swift",
"SYButton/SYButton.swift"
],
"type" : "library"
}
],
"tools_version" : "5.10"
}
{
"workspace" : {
"name" : "SYButton",
"schemes" : [
"SYButton"
]
}
}
2026-09-21 13:31:10.838 xcodebuild[625:3849] [MT] IDERunDestination: Supported platforms for the buildables in the current scheme is empty.
Running build ...
env DEVELOPER_DIR=/Applications/Xcode-27.0.0-Release.Candidate.app xcrun xcodebuild -IDEClonedSourcePackagesDirPathOverride=$PWD/.dependencies -skipMacroValidation -skipPackagePluginValidation -derivedDataPath $PWD/.derivedData build -scheme SYButton -destination generic/platform=xrOS
Command line invocation:
/Applications/Xcode-27.0.0-Release.Candidate.app/Contents/Developer/usr/bin/xcodebuild -IDEClonedSourcePackagesDirPathOverride=/Users/admin/builder/spi-builder-workspace/.dependencies -skipMacroValidation -skipPackagePluginValidation -derivedDataPath /Users/admin/builder/spi-builder-workspace/.derivedData build -scheme SYButton -destination generic/platform=xrOS
Resolve Package Graph
Resolve Package Graph
Resolved source packages:
SYButton: /Users/admin/builder/spi-builder-workspace
ComputePackagePrebuildTargetDependencyGraph
Prepare packages
CreateBuildRequest
SendProjectDescription
CreateBuildOperation
ComputeTargetDependencyGraph
note: Building targets in dependency order
note: Target dependency graph (2 targets)
Target 'SYButton-product' in project 'SYButton'
➜ Explicit dependency on target 'SYButton' in project 'SYButton'
Target 'SYButton' in project 'SYButton' (no dependencies)
GatherProvisioningInputs
CreateBuildDescription
ExecuteExternalTool /Applications/Xcode-27.0.0-Release.Candidate.app/Contents/Developer/Toolchains/XcodeDefault.xctoolchain/usr/bin/clang -v -E -dM -isysroot /Applications/Xcode-27.0.0-Release.Candidate.app/Contents/Developer/Platforms/XROS.platform/Developer/SDKs/XROS27.0.sdk -x c -c /dev/null
ExecuteExternalTool /Applications/Xcode-27.0.0-Release.Candidate.app/Contents/Developer/Toolchains/XcodeDefault.xctoolchain/usr/bin/swiftc --version
ExecuteExternalTool /Applications/Xcode-27.0.0-Release.Candidate.app/Contents/Developer/Toolchains/XcodeDefault.xctoolchain/usr/bin/ld -version_details
Build description signature: 179b5ee4b37c62037d615e2f966863d2
Build description path: /Users/admin/builder/spi-builder-workspace/.derivedData/Build/Intermediates.noindex/XCBuildData/179b5ee4b37c62037d615e2f966863d2.xcbuilddata
CreateBuildDirectory /Users/admin/builder/spi-builder-workspace/.derivedData/SDKExplicitPrecompiledModules
cd /Users/admin/builder/spi-builder-workspace/.swiftpm/xcode
builtin-create-build-directory /Users/admin/builder/spi-builder-workspace/.derivedData/SDKExplicitPrecompiledModules
CreateBuildDirectory /Users/admin/builder/spi-builder-workspace/.derivedData/ModuleCache.noindex
cd /Users/admin/builder/spi-builder-workspace/.swiftpm/xcode
builtin-create-build-directory /Users/admin/builder/spi-builder-workspace/.derivedData/ModuleCache.noindex
CreateBuildDirectory /Users/admin/builder/spi-builder-workspace/.derivedData/CompilationCache.noindex
cd /Users/admin/builder/spi-builder-workspace/.swiftpm/xcode
builtin-create-build-directory /Users/admin/builder/spi-builder-workspace/.derivedData/CompilationCache.noindex
CreateBuildDirectory /Users/admin/builder/spi-builder-workspace/.derivedData/Build/Products
cd /Users/admin/builder/spi-builder-workspace/.swiftpm/xcode
builtin-create-build-directory /Users/admin/builder/spi-builder-workspace/.derivedData/Build/Products
CreateBuildDirectory /Users/admin/builder/spi-builder-workspace/.derivedData/Build/Intermediates.noindex
cd /Users/admin/builder/spi-builder-workspace/.swiftpm/xcode
builtin-create-build-directory /Users/admin/builder/spi-builder-workspace/.derivedData/Build/Intermediates.noindex
ClangStatCache /Applications/Xcode-27.0.0-Release.Candidate.app/Contents/Developer/Toolchains/XcodeDefault.xctoolchain/usr/bin/clang-stat-cache /Applications/Xcode-27.0.0-Release.Candidate.app/Contents/Developer/Platforms/XROS.platform/Developer/SDKs/XROS27.0.sdk /Users/admin/builder/spi-builder-workspace/.derivedData/SDKStatCaches.noindex/xros27.0-24M361-e829b21a6f8c9b70876ba0858053c044735bd543db762f57723cac368afd1ce4.sdkstatcache
cd /Users/admin/builder/spi-builder-workspace/.swiftpm/xcode
/Applications/Xcode-27.0.0-Release.Candidate.app/Contents/Developer/Toolchains/XcodeDefault.xctoolchain/usr/bin/clang-stat-cache /Applications/Xcode-27.0.0-Release.Candidate.app/Contents/Developer/Platforms/XROS.platform/Developer/SDKs/XROS27.0.sdk -o /Users/admin/builder/spi-builder-workspace/.derivedData/SDKStatCaches.noindex/xros27.0-24M361-e829b21a6f8c9b70876ba0858053c044735bd543db762f57723cac368afd1ce4.sdkstatcache
CreateBuildDirectory /Users/admin/builder/spi-builder-workspace/.derivedData/Build/Intermediates.noindex/PrecompiledHeaders
cd /Users/admin/builder/spi-builder-workspace/.swiftpm/xcode
builtin-create-build-directory /Users/admin/builder/spi-builder-workspace/.derivedData/Build/Intermediates.noindex/PrecompiledHeaders
CreateBuildDirectory /Users/admin/builder/spi-builder-workspace/.derivedData/Build/Intermediates.noindex/ExplicitPrecompiledModules
cd /Users/admin/builder/spi-builder-workspace/.swiftpm/xcode
builtin-create-build-directory /Users/admin/builder/spi-builder-workspace/.derivedData/Build/Intermediates.noindex/ExplicitPrecompiledModules
CreateBuildDirectory /Users/admin/builder/spi-builder-workspace/.derivedData/Build/Intermediates.noindex/SwiftExplicitPrecompiledModules
cd /Users/admin/builder/spi-builder-workspace/.swiftpm/xcode
builtin-create-build-directory /Users/admin/builder/spi-builder-workspace/.derivedData/Build/Intermediates.noindex/SwiftExplicitPrecompiledModules
CreateBuildDirectory /Users/admin/builder/spi-builder-workspace/.derivedData/Build/Products/Debug-xros
cd /Users/admin/builder/spi-builder-workspace/.swiftpm/xcode
builtin-create-build-directory /Users/admin/builder/spi-builder-workspace/.derivedData/Build/Products/Debug-xros
CreateBuildDirectory /Users/admin/builder/spi-builder-workspace/.derivedData/Build/Intermediates.noindex/EagerLinkingTBDs/Debug-xros
cd /Users/admin/builder/spi-builder-workspace/.swiftpm/xcode
builtin-create-build-directory /Users/admin/builder/spi-builder-workspace/.derivedData/Build/Intermediates.noindex/EagerLinkingTBDs/Debug-xros
CreateBuildDirectory /Users/admin/builder/spi-builder-workspace/.derivedData/Build/Products/Debug-xros/PackageFrameworks
cd /Users/admin/builder/spi-builder-workspace/.swiftpm/xcode
builtin-create-build-directory /Users/admin/builder/spi-builder-workspace/.derivedData/Build/Products/Debug-xros/PackageFrameworks
WriteAuxiliaryFile /Users/admin/builder/spi-builder-workspace/.derivedData/Build/Intermediates.noindex/SYButton.build/Debug-xros/SYButton-t.build/SYButton.DependencyMetadataFileList (in target 'SYButton' from project 'SYButton')
cd /Users/admin/builder/spi-builder-workspace
write-file /Users/admin/builder/spi-builder-workspace/.derivedData/Build/Intermediates.noindex/SYButton.build/Debug-xros/SYButton-t.build/SYButton.DependencyMetadataFileList
WriteAuxiliaryFile /Users/admin/builder/spi-builder-workspace/.derivedData/Build/Intermediates.noindex/SYButton.build/Debug-xros/SYButton-t.build/SYButton.DependencyStaticMetadataFileList (in target 'SYButton' from project 'SYButton')
cd /Users/admin/builder/spi-builder-workspace
write-file /Users/admin/builder/spi-builder-workspace/.derivedData/Build/Intermediates.noindex/SYButton.build/Debug-xros/SYButton-t.build/SYButton.DependencyStaticMetadataFileList
WriteAuxiliaryFile /Users/admin/builder/spi-builder-workspace/.derivedData/Build/Intermediates.noindex/SYButton.build/Debug-xros/SYButton-t.build/SYButton.modulemap (in target 'SYButton' from project 'SYButton')
cd /Users/admin/builder/spi-builder-workspace
write-file /Users/admin/builder/spi-builder-workspace/.derivedData/Build/Intermediates.noindex/SYButton.build/Debug-xros/SYButton-t.build/SYButton.modulemap
WriteAuxiliaryFile /Users/admin/builder/spi-builder-workspace/.derivedData/Build/Intermediates.noindex/SYButton.build/Debug-xros/SYButton-t.build/Objects-normal/arm64/SYButton_const_extract_protocols.json (in target 'SYButton' from project 'SYButton')
cd /Users/admin/builder/spi-builder-workspace
write-file /Users/admin/builder/spi-builder-workspace/.derivedData/Build/Intermediates.noindex/SYButton.build/Debug-xros/SYButton-t.build/Objects-normal/arm64/SYButton_const_extract_protocols.json
WriteAuxiliaryFile /Users/admin/builder/spi-builder-workspace/.derivedData/Build/Intermediates.noindex/SYButton.build/Debug-xros/SYButton-t.build/Objects-normal/arm64/SYButton.LinkFileList (in target 'SYButton' from project 'SYButton')
cd /Users/admin/builder/spi-builder-workspace
write-file /Users/admin/builder/spi-builder-workspace/.derivedData/Build/Intermediates.noindex/SYButton.build/Debug-xros/SYButton-t.build/Objects-normal/arm64/SYButton.LinkFileList
WriteAuxiliaryFile /Users/admin/builder/spi-builder-workspace/.derivedData/Build/Intermediates.noindex/SYButton.build/Debug-xros/SYButton-t.build/Objects-normal/arm64/SYButton.SwiftConstValuesFileList (in target 'SYButton' from project 'SYButton')
cd /Users/admin/builder/spi-builder-workspace
write-file /Users/admin/builder/spi-builder-workspace/.derivedData/Build/Intermediates.noindex/SYButton.build/Debug-xros/SYButton-t.build/Objects-normal/arm64/SYButton.SwiftConstValuesFileList
WriteAuxiliaryFile /Users/admin/builder/spi-builder-workspace/.derivedData/Build/Intermediates.noindex/SYButton.build/Debug-xros/SYButton-t.build/Objects-normal/arm64/SYButton-OutputFileMap.json (in target 'SYButton' from project 'SYButton')
cd /Users/admin/builder/spi-builder-workspace
write-file /Users/admin/builder/spi-builder-workspace/.derivedData/Build/Intermediates.noindex/SYButton.build/Debug-xros/SYButton-t.build/Objects-normal/arm64/SYButton-OutputFileMap.json
WriteAuxiliaryFile /Users/admin/builder/spi-builder-workspace/.derivedData/Build/Intermediates.noindex/SYButton.build/Debug-xros/SYButton-t.build/Objects-normal/arm64/SYButton.SwiftFileList (in target 'SYButton' from project 'SYButton')
cd /Users/admin/builder/spi-builder-workspace
write-file /Users/admin/builder/spi-builder-workspace/.derivedData/Build/Intermediates.noindex/SYButton.build/Debug-xros/SYButton-t.build/Objects-normal/arm64/SYButton.SwiftFileList
Copy /Users/admin/builder/spi-builder-workspace/.derivedData/Build/Intermediates.noindex/GeneratedModuleMaps-xros/SYButton.modulemap /Users/admin/builder/spi-builder-workspace/.derivedData/Build/Intermediates.noindex/SYButton.build/Debug-xros/SYButton-t.build/SYButton.modulemap (in target 'SYButton' from project 'SYButton')
cd /Users/admin/builder/spi-builder-workspace
builtin-copy -exclude .DS_Store -exclude CVS -exclude .svn -exclude .git -exclude .hg -resolve-src-symlinks /Users/admin/builder/spi-builder-workspace/.derivedData/Build/Intermediates.noindex/SYButton.build/Debug-xros/SYButton-t.build/SYButton.modulemap /Users/admin/builder/spi-builder-workspace/.derivedData/Build/Intermediates.noindex/GeneratedModuleMaps-xros
SwiftDriver SYButton normal arm64 com.apple.xcode.tools.swift.compiler (in target 'SYButton' from project 'SYButton')
cd /Users/admin/builder/spi-builder-workspace/.swiftpm/xcode
builtin-SwiftDriver -- /Applications/Xcode-27.0.0-Release.Candidate.app/Contents/Developer/Toolchains/XcodeDefault.xctoolchain/usr/bin/swiftc -parse-as-library -module-name SYButton -Onone @/Users/admin/builder/spi-builder-workspace/.derivedData/Build/Intermediates.noindex/SYButton.build/Debug-xros/SYButton-t.build/Objects-normal/arm64/SYButton.SwiftFileList -DSWIFT_PACKAGE -DDEBUG -DSWIFT_MODULE_RESOURCE_BUNDLE_UNAVAILABLE -DXcode -plugin-path /Applications/Xcode-27.0.0-Release.Candidate.app/Contents/Developer/Toolchains/XcodeDefault.xctoolchain/usr/lib/swift/host/plugins/testing -enable-experimental-feature DebugDescriptionMacro -sdk /Applications/Xcode-27.0.0-Release.Candidate.app/Contents/Developer/Platforms/XROS.platform/Developer/SDKs/XROS27.0.sdk -target arm64-apple-xros1.0 -g -module-cache-path /Users/admin/builder/spi-builder-workspace/.derivedData/ModuleCache.noindex -Xfrontend -serialize-debugging-options -profile-coverage-mapping -profile-generate -enable-testing -index-store-path /Users/admin/builder/spi-builder-workspace/.derivedData/Index.noindex/DataStore -Xcc -D_LIBCPP_HARDENING_MODE\=_LIBCPP_HARDENING_MODE_DEBUG -swift-version 5 -I /Users/admin/builder/spi-builder-workspace/.derivedData/Build/Products/Debug-xros -Isystem /Applications/Xcode-27.0.0-Release.Candidate.app/Contents/Developer/Platforms/XROS.platform/Developer/usr/lib -F /Users/admin/builder/spi-builder-workspace/.derivedData/Build/Products/Debug-xros -F /Applications/Xcode-27.0.0-Release.Candidate.app/Contents/Developer/Platforms/XROS.platform/Developer/Library/Frameworks -F /Applications/Xcode-27.0.0-Release.Candidate.app/Contents/Developer/Platforms/XROS.platform/Developer/SDKs/XROS27.0.sdk/Developer/Library/Frameworks -c -j10 -enable-batch-mode -incremental -Xcc -ivfsstatcache -Xcc /Users/admin/builder/spi-builder-workspace/.derivedData/SDKStatCaches.noindex/xros27.0-24M361-e829b21a6f8c9b70876ba0858053c044735bd543db762f57723cac368afd1ce4.sdkstatcache -output-file-map /Users/admin/builder/spi-builder-workspace/.derivedData/Build/Intermediates.noindex/SYButton.build/Debug-xros/SYButton-t.build/Objects-normal/arm64/SYButton-OutputFileMap.json -save-temps -no-color-diagnostics -explicit-module-build -module-cache-path /Users/admin/builder/spi-builder-workspace/.derivedData/Build/Intermediates.noindex/SwiftExplicitPrecompiledModules -clang-scanner-module-cache-path /Users/admin/builder/spi-builder-workspace/.derivedData/ModuleCache.noindex -sdk-module-cache-path /Users/admin/builder/spi-builder-workspace/.derivedData/SDKExplicitPrecompiledModules -emit-dependencies -emit-module -emit-module-path /Users/admin/builder/spi-builder-workspace/.derivedData/Build/Intermediates.noindex/SYButton.build/Debug-xros/SYButton-t.build/Objects-normal/arm64/SYButton.swiftmodule -serialize-diagnostics -dependency-scan-serialize-diagnostics-path /Users/admin/builder/spi-builder-workspace/.derivedData/Build/Intermediates.noindex/SYButton.build/Debug-xros/SYButton-t.build/Objects-normal/arm64/SYButton-dependency-scan.dia -validate-clang-modules-once -clang-build-session-file /Users/admin/builder/spi-builder-workspace/.derivedData/ModuleCache.noindex/Session.modulevalidation -Xcc -fmodules-prune-interval\=86400 -Xcc -fmodules-prune-after\=345600 -package-name spi_builder_workspace -emit-const-values -const-gather-protocols-list /Users/admin/builder/spi-builder-workspace/.derivedData/Build/Intermediates.noindex/SYButton.build/Debug-xros/SYButton-t.build/Objects-normal/arm64/SYButton_const_extract_protocols.json -Xcc -I/Users/admin/builder/spi-builder-workspace/.derivedData/Build/Products/Debug-xros/include -Xcc -I/Users/admin/builder/spi-builder-workspace/.derivedData/Build/Intermediates.noindex/SYButton.build/Debug-xros/SYButton-t.build/DerivedSources-normal/arm64 -Xcc -I/Users/admin/builder/spi-builder-workspace/.derivedData/Build/Intermediates.noindex/SYButton.build/Debug-xros/SYButton-t.build/DerivedSources/arm64 -Xcc -I/Users/admin/builder/spi-builder-workspace/.derivedData/Build/Intermediates.noindex/SYButton.build/Debug-xros/SYButton-t.build/DerivedSources -Xcc -DSWIFT_PACKAGE -Xcc -DDEBUG\=1 -emit-objc-header -emit-objc-header-path /Users/admin/builder/spi-builder-workspace/.derivedData/Build/Intermediates.noindex/SYButton.build/Debug-xros/SYButton-t.build/Objects-normal/arm64/SYButton-Swift.h -working-directory /Users/admin/builder/spi-builder-workspace/.swiftpm/xcode -experimental-emit-module-separately -disable-cmo
SwiftExplicitDependencyGeneratePcm arm64 /Users/admin/builder/spi-builder-workspace/.derivedData/SDKExplicitPrecompiledModules/_Builtin_stdbool-5BU2ADS7JXQMYENKQHW9X8XOU.pcm
SwiftExplicitDependencyGeneratePcm arm64 /Users/admin/builder/spi-builder-workspace/.derivedData/SDKExplicitPrecompiledModules/_Builtin_float-6WKHNW5S40U2QGHXXGETUDIRA.pcm
SwiftExplicitDependencyGeneratePcm arm64 /Users/admin/builder/spi-builder-workspace/.derivedData/SDKExplicitPrecompiledModules/_Builtin_stddef-5NQ9Z1GV07GBSRQGAQCGXGVRI.pcm
SwiftExplicitDependencyGeneratePcm arm64 /Users/admin/builder/spi-builder-workspace/.derivedData/SDKExplicitPrecompiledModules/_SwiftConcurrencyShims-C8XHKSHX96D5YYALNM4W70Z0O.pcm
SwiftExplicitDependencyGeneratePcm arm64 /Users/admin/builder/spi-builder-workspace/.derivedData/SDKExplicitPrecompiledModules/SwiftShims-CI4H5RO9IYFFWQ2COB512Q2S9.pcm
SwiftExplicitDependencyGeneratePcm arm64 /Users/admin/builder/spi-builder-workspace/.derivedData/SDKExplicitPrecompiledModules/_Builtin_stdarg-CDA349K2K4US766844K8E0PVA.pcm
SwiftExplicitDependencyGeneratePcm arm64 /Users/admin/builder/spi-builder-workspace/.derivedData/SDKExplicitPrecompiledModules/DeveloperToolsSupport-46GOQP8J1QTHLYQSJW81T8UZ3.pcm
SwiftExplicitDependencyGeneratePcm arm64 /Users/admin/builder/spi-builder-workspace/.derivedData/SDKExplicitPrecompiledModules/ptrcheck-BXA97MNLI4BB0HF5I8MJE403D.pcm
SwiftExplicitDependencyGeneratePcm arm64 /Users/admin/builder/spi-builder-workspace/.derivedData/SDKExplicitPrecompiledModules/_AvailabilityInternal-1Q8IQP6M38UWSGZ95UCEY2M44.pcm
SwiftExplicitDependencyGeneratePcm arm64 /Users/admin/builder/spi-builder-workspace/.derivedData/SDKExplicitPrecompiledModules/ptrauth-1WBA714DZSVUL5JQDJ08CLKZ.pcm
SwiftExplicitDependencyGeneratePcm arm64 /Users/admin/builder/spi-builder-workspace/.derivedData/SDKExplicitPrecompiledModules/_DarwinFoundation1-5RGRVV2TZ6WC4WZW5IXF8NQ04.pcm
SwiftExplicitDependencyGeneratePcm arm64 /Users/admin/builder/spi-builder-workspace/.derivedData/SDKExplicitPrecompiledModules/_DarwinFoundation2-ENTECK156YEWITZRRBTOCE4KR.pcm
SwiftExplicitDependencyGeneratePcm arm64 /Users/admin/builder/spi-builder-workspace/.derivedData/SDKExplicitPrecompiledModules/_Builtin_limits-425JDMN5HPM3D0UEI8LEHP6NM.pcm
SwiftExplicitDependencyGeneratePcm arm64 /Users/admin/builder/spi-builder-workspace/.derivedData/SDKExplicitPrecompiledModules/_Builtin_stdint-8OR6T47OOYJA90ZBO3N1USDE.pcm
SwiftExplicitDependencyGeneratePcm arm64 /Users/admin/builder/spi-builder-workspace/.derivedData/SDKExplicitPrecompiledModules/_Builtin_tgmath-BPYSMHWI520EQRL2HW519ZY7Z.pcm
SwiftExplicitDependencyGeneratePcm arm64 /Users/admin/builder/spi-builder-workspace/.derivedData/SDKExplicitPrecompiledModules/string_h-2GT67HHHHK5CF1V1S31LH0PU2.pcm
SwiftExplicitDependencyGeneratePcm arm64 /Users/admin/builder/spi-builder-workspace/.derivedData/SDKExplicitPrecompiledModules/sys_types-AYM0BHR77VKMWZCO2T0XGV2HF.pcm
SwiftExplicitDependencyGeneratePcm arm64 /Users/admin/builder/spi-builder-workspace/.derivedData/SDKExplicitPrecompiledModules/_DarwinFoundation3-9ZHN6JKBS40BBA81RQMV8H0IC.pcm
SwiftExplicitDependencyGeneratePcm arm64 /Users/admin/builder/spi-builder-workspace/.derivedData/SDKExplicitPrecompiledModules/_Builtin_stdatomic-1VUZPM79PNCAHXVBERD53WRSF.pcm
SwiftExplicitDependencyGeneratePcm arm64 /Users/admin/builder/spi-builder-workspace/.derivedData/SDKExplicitPrecompiledModules/_Builtin_intrinsics-BC5IJI3YI34RQ61ZNVDRDZ6RN.pcm
SwiftExplicitDependencyGeneratePcm arm64 /Users/admin/builder/spi-builder-workspace/.derivedData/SDKExplicitPrecompiledModules/_Builtin_inttypes-11B64KJD36B3YOHBR1BBXBJY8.pcm
SwiftExplicitDependencyGeneratePcm arm64 /Users/admin/builder/spi-builder-workspace/.derivedData/SDKExplicitPrecompiledModules/Darwin-60P5LVNQO3ESRRM5DCJ05PFNK.pcm
SwiftExplicitDependencyGeneratePcm arm64 /Users/admin/builder/spi-builder-workspace/.derivedData/SDKExplicitPrecompiledModules/simd-9XXAB17Y6E4BBPQADD61NZ23.pcm
SwiftExplicitDependencyGeneratePcm arm64 /Users/admin/builder/spi-builder-workspace/.derivedData/SDKExplicitPrecompiledModules/MachO-3XTHY7HWV6RF3KXKYQVHUBUXK.pcm
SwiftExplicitDependencyGeneratePcm arm64 /Users/admin/builder/spi-builder-workspace/.derivedData/SDKExplicitPrecompiledModules/ObjectiveC-26TIBFYCEJZVP216ZZAU1X8KN.pcm
SwiftExplicitDependencyGeneratePcm arm64 /Users/admin/builder/spi-builder-workspace/.derivedData/SDKExplicitPrecompiledModules/os_object-692CJ8BG6RE5H04487EJJOVXW.pcm
SwiftExplicitDependencyGeneratePcm arm64 /Users/admin/builder/spi-builder-workspace/.derivedData/SDKExplicitPrecompiledModules/os_workgroup-4U1VXMWIZD80E7PRUQF2G7P9X.pcm
SwiftExplicitDependencyGeneratePcm arm64 /Users/admin/builder/spi-builder-workspace/.derivedData/SDKExplicitPrecompiledModules/Dispatch-CLT3466HKC22GCKAWSCNG0H7T.pcm
SwiftExplicitDependencyGeneratePcm arm64 /Users/admin/builder/spi-builder-workspace/.derivedData/SDKExplicitPrecompiledModules/Spatial-5E0I2846LO3ZE24CSVR2O57TI.pcm
SwiftExplicitDependencyGeneratePcm arm64 /Users/admin/builder/spi-builder-workspace/.derivedData/SDKExplicitPrecompiledModules/CoreFoundation-AVLTZVCXBU2TO75JCN4AGU8XJ.pcm
SwiftExplicitDependencyGeneratePcm arm64 /Users/admin/builder/spi-builder-workspace/.derivedData/SDKExplicitPrecompiledModules/XPC-EP5EU7FNGP4VOA3EDM18P1KHO.pcm
SwiftExplicitDependencyGeneratePcm arm64 /Users/admin/builder/spi-builder-workspace/.derivedData/SDKExplicitPrecompiledModules/os-1004XEJ3IXOOAU0KL58SM3D0K.pcm
SwiftExplicitDependencyGeneratePcm arm64 /Users/admin/builder/spi-builder-workspace/.derivedData/SDKExplicitPrecompiledModules/Security-8TH2M8WJIQMET4SADWX0N8372.pcm
SwiftExplicitDependencyGeneratePcm arm64 /Users/admin/builder/spi-builder-workspace/.derivedData/SDKExplicitPrecompiledModules/CoreGraphics-BFUJ177R223UT2ZI327ZTZY91.pcm
SwiftExplicitDependencyGeneratePcm arm64 /Users/admin/builder/spi-builder-workspace/.derivedData/SDKExplicitPrecompiledModules/CFNetwork-5MI70N1VLDQSWTX4COWLMSIRO.pcm
SwiftExplicitDependencyGeneratePcm arm64 /Users/admin/builder/spi-builder-workspace/.derivedData/SDKExplicitPrecompiledModules/Foundation-8GON1KVEKRN3NOQI8RETBRWJP.pcm
SwiftExplicitDependencyGeneratePcm arm64 /Users/admin/builder/spi-builder-workspace/.derivedData/SDKExplicitPrecompiledModules/ImageIO-5CC6COR9KJYI1UBL7CSHLU2OG.pcm
SwiftExplicitDependencyGeneratePcm arm64 /Users/admin/builder/spi-builder-workspace/.derivedData/SDKExplicitPrecompiledModules/CoreText-6F9TY5TEPCCZ1K2KYM4GMEGHD.pcm
SwiftExplicitDependencyGeneratePcm arm64 /Users/admin/builder/spi-builder-workspace/.derivedData/SDKExplicitPrecompiledModules/IOSurface-5FE9U89GVFF9A7X7AGO2R8ENI.pcm
SwiftExplicitDependencyGeneratePcm arm64 /Users/admin/builder/spi-builder-workspace/.derivedData/SDKExplicitPrecompiledModules/Symbols-8G2XC01RPQ5HYIZE6JNUT864I.pcm
SwiftExplicitDependencyGeneratePcm arm64 /Users/admin/builder/spi-builder-workspace/.derivedData/SDKExplicitPrecompiledModules/UniformTypeIdentifiers-E5KMWDZEKS4QW9RO1KBRDEXV6.pcm
SwiftExplicitDependencyGeneratePcm arm64 /Users/admin/builder/spi-builder-workspace/.derivedData/SDKExplicitPrecompiledModules/_LocationEssentials-8GQGFVARUE99D8VJX3TINY0VP.pcm
SwiftExplicitDependencyGeneratePcm arm64 /Users/admin/builder/spi-builder-workspace/.derivedData/SDKExplicitPrecompiledModules/Accessibility-1DR4J4YDVDGAYQTZ0FKZ1PU09.pcm
SwiftExplicitDependencyGeneratePcm arm64 /Users/admin/builder/spi-builder-workspace/.derivedData/SDKExplicitPrecompiledModules/OSLog-BNGT87TS0GMBFF7TY70HHB69.pcm
SwiftExplicitDependencyGeneratePcm arm64 /Users/admin/builder/spi-builder-workspace/.derivedData/SDKExplicitPrecompiledModules/UIUtilities-AOVGLUWEAN6CG2UZFNESGSP6C.pcm
SwiftExplicitDependencyGeneratePcm arm64 /Users/admin/builder/spi-builder-workspace/.derivedData/SDKExplicitPrecompiledModules/DataDetection-BANTQ3WXXGKZJYC0LLB3MD9K0.pcm
SwiftExplicitDependencyGeneratePcm arm64 /Users/admin/builder/spi-builder-workspace/.derivedData/SDKExplicitPrecompiledModules/UserNotifications-8IIV1V1FPNAPA4LY1Y23LOM2N.pcm
SwiftExplicitDependencyGeneratePcm arm64 /Users/admin/builder/spi-builder-workspace/.derivedData/SDKExplicitPrecompiledModules/CoreTransferable-8TBYAKHCX6UC8QQSS7BD8GQK5.pcm
SwiftExplicitDependencyGeneratePcm arm64 /Users/admin/builder/spi-builder-workspace/.derivedData/SDKExplicitPrecompiledModules/FileProvider-C9I28SI56F2SEVH1BCWTKGODO.pcm
SwiftExplicitDependencyGeneratePcm arm64 /Users/admin/builder/spi-builder-workspace/.derivedData/SDKExplicitPrecompiledModules/CoreLocation-1SN37095DAPVJ068LLP9TBDQX.pcm
SwiftExplicitDependencyGeneratePcm arm64 /Users/admin/builder/spi-builder-workspace/.derivedData/SDKExplicitPrecompiledModules/Metal-EKNUM9P3PRIBHZK1ZBD6BA2T7.pcm
SwiftExplicitDependencyGeneratePcm arm64 /Users/admin/builder/spi-builder-workspace/.derivedData/SDKExplicitPrecompiledModules/OpenGLES-56BKSYXNVAP91BYZRWAKQZKGI.pcm
SwiftExplicitDependencyGeneratePcm arm64 /Users/admin/builder/spi-builder-workspace/.derivedData/SDKExplicitPrecompiledModules/CoreMotion-10LV922UPGE28QX2SOIO7ALIZ.pcm
SwiftExplicitDependencyGeneratePcm arm64 /Users/admin/builder/spi-builder-workspace/.derivedData/SDKExplicitPrecompiledModules/CoreVideo-E12HJSJSLO0YKWYBES11UKJ02.pcm
SwiftExplicitDependencyGeneratePcm arm64 /Users/admin/builder/spi-builder-workspace/.derivedData/SDKExplicitPrecompiledModules/CoreImage-8WF1P230U10QM666EQMNV7OF1.pcm
SwiftExplicitDependencyGeneratePcm arm64 /Users/admin/builder/spi-builder-workspace/.derivedData/SDKExplicitPrecompiledModules/QuartzCore-12T8WVKUNCL1N7VXH87MM4YOB.pcm
SwiftExplicitDependencyGeneratePcm arm64 /Users/admin/builder/spi-builder-workspace/.derivedData/SDKExplicitPrecompiledModules/SwiftUICore-6OBBMA39VFD4CB6SG2PE41FAP.pcm
SwiftExplicitDependencyGeneratePcm arm64 /Users/admin/builder/spi-builder-workspace/.derivedData/SDKExplicitPrecompiledModules/UIKit-2D2PMAAE45TMO6S28UCGCO5BR.pcm
SwiftCompile normal arm64 Compiling\ SYButton+Icon.swift /Users/admin/builder/spi-builder-workspace/Sources/SYButton/SYButton+Icon.swift (in target 'SYButton' from project 'SYButton')
SwiftCompile normal arm64 /Users/admin/builder/spi-builder-workspace/Sources/SYButton/SYButton+Icon.swift (in target 'SYButton' from project 'SYButton')
cd /Users/admin/builder/spi-builder-workspace/.swiftpm/xcode
builtin-SwiftPerFileCompile SYButton+Icon.swift
SwiftEmitModule normal arm64 Emitting\ module\ for\ SYButton (in target 'SYButton' from project 'SYButton')
/Users/admin/builder/spi-builder-workspace/Sources/SYButton/SYButton+Feedback.swift:20:28: error: 'UIImpactFeedbackGenerator' is unavailable in visionOS
18 | /// Triggers an impact feedback with the specified style.
19 | /// - Parameter style: The style of impact feedback, such as `.light`, `.medium`, or `.heavy`.
20 | case impact(style: UIImpactFeedbackGenerator.FeedbackStyle)
| `- error: 'UIImpactFeedbackGenerator' is unavailable in visionOS
21 |
22 | /// Triggers a notification feedback with the specified type.
/Applications/Xcode-27.0.0-Release.Candidate.app/Contents/Developer/Platforms/XROS.platform/Developer/SDKs/XROS27.0.sdk/System/Library/Frameworks/UIKit.framework/Headers/UIImpactFeedbackGenerator.h:25:12: note: 'UIImpactFeedbackGenerator' has been explicitly marked unavailable here
23 | // UIImpactFeedbackGenerator is used to give user feedback when an impact between UI elements occurs
24 | UIKIT_EXTERN API_AVAILABLE(ios(10.0)) API_UNAVAILABLE(visionos, tvos) API_UNAVAILABLE(watchos) NS_SWIFT_UI_ACTOR
25 | @interface UIImpactFeedbackGenerator : UIFeedbackGenerator
| `- note: 'UIImpactFeedbackGenerator' has been explicitly marked unavailable here
26 |
27 | /// set a style on the feedback generator and attach it to the provided view as an interaction.
/Users/admin/builder/spi-builder-workspace/Sources/SYButton/SYButton+Feedback.swift:24:34: error: 'UINotificationFeedbackGenerator' is unavailable in visionOS
22 | /// Triggers a notification feedback with the specified type.
23 | /// - Parameter style: The type of notification feedback, such as `.success`, `.warning`, or `.error`.
24 | case notification(style: UINotificationFeedbackGenerator.FeedbackType)
| `- error: 'UINotificationFeedbackGenerator' is unavailable in visionOS
25 | }
26 | }
/Applications/Xcode-27.0.0-Release.Candidate.app/Contents/Developer/Platforms/XROS.platform/Developer/SDKs/XROS27.0.sdk/System/Library/Frameworks/UIKit.framework/Headers/UINotificationFeedbackGenerator.h:21:12: note: 'UINotificationFeedbackGenerator' has been explicitly marked unavailable here
19 | // UINotificationFeedbackGenerator is used to give user feedback when an notification is displayed
20 | UIKIT_EXTERN API_AVAILABLE(ios(10.0)) API_UNAVAILABLE(visionos, tvos) API_UNAVAILABLE(watchos) NS_SWIFT_UI_ACTOR
21 | @interface UINotificationFeedbackGenerator : UIFeedbackGenerator
| `- note: 'UINotificationFeedbackGenerator' has been explicitly marked unavailable here
22 |
23 | /// call when a notification is displayed, passing the corresponding type
Failed frontend command:
/Applications/Xcode-27.0.0-Release.Candidate.app/Contents/Developer/Toolchains/XcodeDefault.xctoolchain/usr/bin/swift-frontend -frontend -emit-module -experimental-skip-non-inlinable-function-bodies-without-types /Users/admin/builder/spi-builder-workspace/Sources/SYButton/Components/Background/SYButtonBackgroundView+CornerRadius.swift /Users/admin/builder/spi-builder-workspace/Sources/SYButton/Components/Background/SYButtonBackgroundView+GradientDirection.swift /Users/admin/builder/spi-builder-workspace/Sources/SYButton/Components/Background/SYButtonBackgroundView.swift /Users/admin/builder/spi-builder-workspace/Sources/SYButton/Components/Background/SYGradientLayer.swift /Users/admin/builder/spi-builder-workspace/Sources/SYButton/Components/Highlighter/SYButtonHighlighter.swift /Users/admin/builder/spi-builder-workspace/Sources/SYButton/Components/Highlighter/SYRippleHighlighter.swift /Users/admin/builder/spi-builder-workspace/Sources/SYButton/Components/Highlighter/SYScaleHighlighter.swift /Users/admin/builder/spi-builder-workspace/Sources/SYButton/Components/LoadingIndicator/SYBallPulseIndicator.swift /Users/admin/builder/spi-builder-workspace/Sources/SYButton/Components/LoadingIndicator/SYLoadingIndicator.swift /Users/admin/builder/spi-builder-workspace/Sources/SYButton/Components/LoadingIndicator/SYLoadingSpinner.swift /Users/admin/builder/spi-builder-workspace/Sources/SYButton/SYButton+Feedback.swift /Users/admin/builder/spi-builder-workspace/Sources/SYButton/SYButton+Icon.swift /Users/admin/builder/spi-builder-workspace/Sources/SYButton/SYButton+ImagePlacement.swift /Users/admin/builder/spi-builder-workspace/Sources/SYButton/SYButton.swift -target arm64-apple-xros1.0 -disable-cross-import-overlay-search -load-resolved-plugin /Applications/Xcode-27.0.0-Release.Candidate.app/Contents/Developer/Platforms/XROS.platform/Developer/usr/lib/swift/host/plugins/libFoundationMacros.dylib\#/Applications/Xcode-27.0.0-Release.Candidate.app/Contents/Developer/Platforms/XROS.platform/Developer/usr/bin/swift-plugin-server\#FoundationMacros -load-resolved-plugin /Applications/Xcode-27.0.0-Release.Candidate.app/Contents/Developer/Platforms/XROS.platform/Developer/usr/lib/swift/host/plugins/libObservationMacros.dylib\#/Applications/Xcode-27.0.0-Release.Candidate.app/Contents/Developer/Platforms/XROS.platform/Developer/usr/bin/swift-plugin-server\#ObservationMacros -load-resolved-plugin /Applications/Xcode-27.0.0-Release.Candidate.app/Contents/Developer/Platforms/XROS.platform/Developer/usr/lib/swift/host/plugins/libPreviewsMacros.dylib\#/Applications/Xcode-27.0.0-Release.Candidate.app/Contents/Developer/Platforms/XROS.platform/Developer/usr/bin/swift-plugin-server\#PreviewsMacros -load-resolved-plugin /Applications/Xcode-27.0.0-Release.Candidate.app/Contents/Developer/Platforms/XROS.platform/Developer/usr/lib/swift/host/plugins/libSwiftMacros.dylib\#/Applications/Xcode-27.0.0-Release.Candidate.app/Contents/Developer/Platforms/XROS.platform/Developer/usr/bin/swift-plugin-server\#SwiftMacros -load-resolved-plugin /Applications/Xcode-27.0.0-Release.Candidate.app/Contents/Developer/Platforms/XROS.platform/Developer/usr/lib/swift/host/plugins/libSwiftUIMacros.dylib\#/Applications/Xcode-27.0.0-Release.Candidate.app/Contents/Developer/Platforms/XROS.platform/Developer/usr/bin/swift-plugin-server\#SwiftUIMacros -disable-implicit-swift-modules -Xcc -fno-implicit-modules -Xcc -fno-implicit-module-maps -explicit-swift-module-map-file /Users/admin/builder/spi-builder-workspace/.derivedData/Build/Intermediates.noindex/SYButton.build/Debug-xros/SYButton-t.build/Objects-normal/arm64/SYButton-dependencies-1.json -Xllvm -aarch64-use-tbi -enable-objc-interop -stack-check -sdk /Applications/Xcode-27.0.0-Release.Candidate.app/Contents/Developer/Platforms/XROS.platform/Developer/SDKs/XROS27.0.sdk -I /Users/admin/builder/spi-builder-workspace/.derivedData/Build/Products/Debug-xros -Isystem /Applications/Xcode-27.0.0-Release.Candidate.app/Contents/Developer/Platforms/XROS.platform/Developer/usr/lib -F /Users/admin/builder/spi-builder-workspace/.derivedData/Build/Products/Debug-xros -F /Applications/Xcode-27.0.0-Release.Candidate.app/Contents/Developer/Platforms/XROS.platform/Developer/Library/Frameworks -F /Applications/Xcode-27.0.0-Release.Candidate.app/Contents/Developer/Platforms/XROS.platform/Developer/SDKs/XROS27.0.sdk/Developer/Library/Frameworks -module-cache-path /Users/admin/builder/spi-builder-workspace/.derivedData/Build/Intermediates.noindex/SwiftExplicitPrecompiledModules -no-color-diagnostics -Xcc -fno-color-diagnostics -enable-testing -g -debug-info-format\=dwarf -dwarf-version\=4 -profile-generate -profile-coverage-mapping -swift-version 5 -Onone -D SWIFT_PACKAGE -D DEBUG -D SWIFT_MODULE_RESOURCE_BUNDLE_UNAVAILABLE -D Xcode -serialize-debugging-options -enable-experimental-feature DebugDescriptionMacro -empty-abi-descriptor -validate-clang-modules-once -clang-build-session-file /Users/admin/builder/spi-builder-workspace/.derivedData/ModuleCache.noindex/Session.modulevalidation -Xcc -working-directory -Xcc /Users/admin/builder/spi-builder-workspace/.swiftpm/xcode -enable-anonymous-context-mangled-names -file-compilation-dir /Users/admin/builder/spi-builder-workspace/.swiftpm/xcode -Xcc -D_LIBCPP_HARDENING_MODE\=_LIBCPP_HARDENING_MODE_DEBUG -Xcc -ivfsstatcache -Xcc /Users/admin/builder/spi-builder-workspace/.derivedData/SDKStatCaches.noindex/xros27.0-24M361-e829b21a6f8c9b70876ba0858053c044735bd543db762f57723cac368afd1ce4.sdkstatcache -Xcc -fmodules-prune-interval\=86400 -Xcc -fmodules-prune-after\=345600 -Xcc -I/Users/admin/builder/spi-builder-workspace/.derivedData/Build/Products/Debug-xros/include -Xcc -I/Users/admin/builder/spi-builder-workspace/.derivedData/Build/Intermediates.noindex/SYButton.build/Debug-xros/SYButton-t.build/DerivedSources-normal/arm64 -Xcc -I/Users/admin/builder/spi-builder-workspace/.derivedData/Build/Intermediates.noindex/SYButton.build/Debug-xros/SYButton-t.build/DerivedSources/arm64 -Xcc -I/Users/admin/builder/spi-builder-workspace/.derivedData/Build/Intermediates.noindex/SYButton.build/Debug-xros/SYButton-t.build/DerivedSources -Xcc -DSWIFT_PACKAGE -Xcc -DDEBUG\=1 -no-auto-bridging-header-chaining -module-name SYButton -package-name spi_builder_workspace -const-gather-protocols-file /Users/admin/builder/spi-builder-workspace/.derivedData/Build/Intermediates.noindex/SYButton.build/Debug-xros/SYButton-t.build/Objects-normal/arm64/SYButton_const_extract_protocols.json -disable-clang-spi -clang-target arm64-apple-xros27.0 -target-sdk-version 27.0 -target-sdk-name xros27.0 -in-process-plugin-server-path /Applications/Xcode-27.0.0-Release.Candidate.app/Contents/Developer/Toolchains/XcodeDefault.xctoolchain/usr/lib/swift/host/libSwiftInProcPluginServer.dylib -emit-module-doc-path /Users/admin/builder/spi-builder-workspace/.derivedData/Build/Intermediates.noindex/SYButton.build/Debug-xros/SYButton-t.build/Objects-normal/arm64/SYButton.swiftdoc -emit-module-source-info-path /Users/admin/builder/spi-builder-workspace/.derivedData/Build/Intermediates.noindex/SYButton.build/Debug-xros/SYButton-t.build/Objects-normal/arm64/SYButton.swiftsourceinfo -emit-objc-header-path /Users/admin/builder/spi-builder-workspace/.derivedData/Build/Intermediates.noindex/SYButton.build/Debug-xros/SYButton-t.build/Objects-normal/arm64/SYButton-Swift.h -serialize-diagnostics-path /Users/admin/builder/spi-builder-workspace/.derivedData/Build/Intermediates.noindex/SYButton.build/Debug-xros/SYButton-t.build/Objects-normal/arm64/SYButton-primary-emit-module.dia -emit-dependencies-path /Users/admin/builder/spi-builder-workspace/.derivedData/Build/Intermediates.noindex/SYButton.build/Debug-xros/SYButton-t.build/Objects-normal/arm64/SYButton-primary-emit-module.d -parse-as-library -o /Users/admin/builder/spi-builder-workspace/.derivedData/Build/Intermediates.noindex/SYButton.build/Debug-xros/SYButton-t.build/Objects-normal/arm64/SYButton.swiftmodule -emit-abi-descriptor-path /Users/admin/builder/spi-builder-workspace/.derivedData/Build/Intermediates.noindex/SYButton.build/Debug-xros/SYButton-t.build/Objects-normal/arm64/SYButton.abi.json
SwiftCompile normal arm64 (in target 'SYButton' from project 'SYButton')
cd /Users/admin/builder/spi-builder-workspace/.swiftpm/xcode
SwiftCompile normal arm64 Compiling\ SYLoadingSpinner.swift /Users/admin/builder/spi-builder-workspace/Sources/SYButton/Components/LoadingIndicator/SYLoadingSpinner.swift (in target 'SYButton' from project 'SYButton')
SwiftCompile normal arm64 /Users/admin/builder/spi-builder-workspace/Sources/SYButton/Components/LoadingIndicator/SYLoadingSpinner.swift (in target 'SYButton' from project 'SYButton')
cd /Users/admin/builder/spi-builder-workspace/.swiftpm/xcode
builtin-SwiftPerFileCompile SYLoadingSpinner.swift
SwiftCompile normal arm64 Compiling\ SYButton.swift /Users/admin/builder/spi-builder-workspace/Sources/SYButton/SYButton.swift (in target 'SYButton' from project 'SYButton')
SwiftCompile normal arm64 /Users/admin/builder/spi-builder-workspace/Sources/SYButton/SYButton.swift (in target 'SYButton' from project 'SYButton')
cd /Users/admin/builder/spi-builder-workspace/.swiftpm/xcode
builtin-SwiftPerFileCompile SYButton.swift
SwiftCompile normal arm64 Compiling\ SYButton+Feedback.swift /Users/admin/builder/spi-builder-workspace/Sources/SYButton/SYButton+Feedback.swift (in target 'SYButton' from project 'SYButton')
/Users/admin/builder/spi-builder-workspace/Sources/SYButton/SYButton+Feedback.swift:20:28: error: 'UIImpactFeedbackGenerator' is unavailable in visionOS
18 | /// Triggers an impact feedback with the specified style.
19 | /// - Parameter style: The style of impact feedback, such as `.light`, `.medium`, or `.heavy`.
20 | case impact(style: UIImpactFeedbackGenerator.FeedbackStyle)
| `- error: 'UIImpactFeedbackGenerator' is unavailable in visionOS
21 |
22 | /// Triggers a notification feedback with the specified type.
/Applications/Xcode-27.0.0-Release.Candidate.app/Contents/Developer/Platforms/XROS.platform/Developer/SDKs/XROS27.0.sdk/System/Library/Frameworks/UIKit.framework/Headers/UIImpactFeedbackGenerator.h:25:12: note: 'UIImpactFeedbackGenerator' has been explicitly marked unavailable here
23 | // UIImpactFeedbackGenerator is used to give user feedback when an impact between UI elements occurs
24 | UIKIT_EXTERN API_AVAILABLE(ios(10.0)) API_UNAVAILABLE(visionos, tvos) API_UNAVAILABLE(watchos) NS_SWIFT_UI_ACTOR
25 | @interface UIImpactFeedbackGenerator : UIFeedbackGenerator
| `- note: 'UIImpactFeedbackGenerator' has been explicitly marked unavailable here
26 |
27 | /// set a style on the feedback generator and attach it to the provided view as an interaction.
SwiftCompile normal arm64 /Users/admin/builder/spi-builder-workspace/Sources/SYButton/SYButton+Feedback.swift (in target 'SYButton' from project 'SYButton')
cd /Users/admin/builder/spi-builder-workspace/.swiftpm/xcode
builtin-SwiftPerFileCompile SYButton+Feedback.swift
SwiftCompile normal arm64 Compiling\ SYButtonHighlighter.swift,\ SYRippleHighlighter.swift /Users/admin/builder/spi-builder-workspace/Sources/SYButton/Components/Highlighter/SYButtonHighlighter.swift /Users/admin/builder/spi-builder-workspace/Sources/SYButton/Components/Highlighter/SYRippleHighlighter.swift (in target 'SYButton' from project 'SYButton')
SwiftCompile normal arm64 /Users/admin/builder/spi-builder-workspace/Sources/SYButton/Components/Highlighter/SYButtonHighlighter.swift (in target 'SYButton' from project 'SYButton')
cd /Users/admin/builder/spi-builder-workspace/.swiftpm/xcode
builtin-SwiftPerFileCompile SYButtonHighlighter.swift
SwiftCompile normal arm64 /Users/admin/builder/spi-builder-workspace/Sources/SYButton/Components/Highlighter/SYRippleHighlighter.swift (in target 'SYButton' from project 'SYButton')
cd /Users/admin/builder/spi-builder-workspace/.swiftpm/xcode
builtin-SwiftPerFileCompile SYRippleHighlighter.swift
SwiftCompile normal arm64 Compiling\ SYLoadingIndicator.swift /Users/admin/builder/spi-builder-workspace/Sources/SYButton/Components/LoadingIndicator/SYLoadingIndicator.swift (in target 'SYButton' from project 'SYButton')
SwiftCompile normal arm64 /Users/admin/builder/spi-builder-workspace/Sources/SYButton/Components/LoadingIndicator/SYLoadingIndicator.swift (in target 'SYButton' from project 'SYButton')
cd /Users/admin/builder/spi-builder-workspace/.swiftpm/xcode
builtin-SwiftPerFileCompile SYLoadingIndicator.swift
SwiftCompile normal arm64 Compiling\ SYButtonBackgroundView+CornerRadius.swift,\ SYButtonBackgroundView+GradientDirection.swift /Users/admin/builder/spi-builder-workspace/Sources/SYButton/Components/Background/SYButtonBackgroundView+CornerRadius.swift /Users/admin/builder/spi-builder-workspace/Sources/SYButton/Components/Background/SYButtonBackgroundView+GradientDirection.swift (in target 'SYButton' from project 'SYButton')
SwiftCompile normal arm64 /Users/admin/builder/spi-builder-workspace/Sources/SYButton/Components/Background/SYButtonBackgroundView+CornerRadius.swift (in target 'SYButton' from project 'SYButton')
cd /Users/admin/builder/spi-builder-workspace/.swiftpm/xcode
builtin-SwiftPerFileCompile SYButtonBackgroundView+CornerRadius.swift
SwiftCompile normal arm64 /Users/admin/builder/spi-builder-workspace/Sources/SYButton/Components/Background/SYButtonBackgroundView+GradientDirection.swift (in target 'SYButton' from project 'SYButton')
cd /Users/admin/builder/spi-builder-workspace/.swiftpm/xcode
builtin-SwiftPerFileCompile SYButtonBackgroundView+GradientDirection.swift
SwiftCompile normal arm64 Compiling\ SYButtonBackgroundView.swift,\ SYGradientLayer.swift /Users/admin/builder/spi-builder-workspace/Sources/SYButton/Components/Background/SYButtonBackgroundView.swift /Users/admin/builder/spi-builder-workspace/Sources/SYButton/Components/Background/SYGradientLayer.swift (in target 'SYButton' from project 'SYButton')
SwiftCompile normal arm64 /Users/admin/builder/spi-builder-workspace/Sources/SYButton/Components/Background/SYButtonBackgroundView.swift (in target 'SYButton' from project 'SYButton')
cd /Users/admin/builder/spi-builder-workspace/.swiftpm/xcode
builtin-SwiftPerFileCompile SYButtonBackgroundView.swift
SwiftCompile normal arm64 /Users/admin/builder/spi-builder-workspace/Sources/SYButton/Components/Background/SYGradientLayer.swift (in target 'SYButton' from project 'SYButton')
cd /Users/admin/builder/spi-builder-workspace/.swiftpm/xcode
builtin-SwiftPerFileCompile SYGradientLayer.swift
SwiftCompile normal arm64 Compiling\ SYScaleHighlighter.swift,\ SYBallPulseIndicator.swift /Users/admin/builder/spi-builder-workspace/Sources/SYButton/Components/Highlighter/SYScaleHighlighter.swift /Users/admin/builder/spi-builder-workspace/Sources/SYButton/Components/LoadingIndicator/SYBallPulseIndicator.swift (in target 'SYButton' from project 'SYButton')
SwiftCompile normal arm64 /Users/admin/builder/spi-builder-workspace/Sources/SYButton/Components/Highlighter/SYScaleHighlighter.swift (in target 'SYButton' from project 'SYButton')
cd /Users/admin/builder/spi-builder-workspace/.swiftpm/xcode
builtin-SwiftPerFileCompile SYScaleHighlighter.swift
SwiftCompile normal arm64 /Users/admin/builder/spi-builder-workspace/Sources/SYButton/Components/LoadingIndicator/SYBallPulseIndicator.swift (in target 'SYButton' from project 'SYButton')
cd /Users/admin/builder/spi-builder-workspace/.swiftpm/xcode
builtin-SwiftPerFileCompile SYBallPulseIndicator.swift
SwiftCompile normal arm64 Compiling\ SYButton+ImagePlacement.swift /Users/admin/builder/spi-builder-workspace/Sources/SYButton/SYButton+ImagePlacement.swift (in target 'SYButton' from project 'SYButton')
SwiftCompile normal arm64 /Users/admin/builder/spi-builder-workspace/Sources/SYButton/SYButton+ImagePlacement.swift (in target 'SYButton' from project 'SYButton')
cd /Users/admin/builder/spi-builder-workspace/.swiftpm/xcode
builtin-SwiftPerFileCompile SYButton+ImagePlacement.swift
PruneExplicitPrecompiledModules /Users/admin/builder/spi-builder-workspace/.derivedData/Build/Intermediates.noindex/SwiftExplicitPrecompiledModules
PruneExplicitPrecompiledModules /Users/admin/builder/spi-builder-workspace/.derivedData/SDKExplicitPrecompiledModules
PruneExplicitPrecompiledModules /Users/admin/builder/spi-builder-workspace/.derivedData/Build/Intermediates.noindex/ExplicitPrecompiledModules
2026-09-21 13:31:12.675 xcodebuild[627:3911] [MT] IDERunDestination: Supported platforms for the buildables in the current scheme is empty.
** BUILD FAILED **
The following build commands failed:
SwiftEmitModule normal arm64 Emitting\ module\ for\ SYButton (in target 'SYButton' from project 'SYButton')
SwiftCompile normal arm64 (in target 'SYButton' from project 'SYButton')
Building workspace SYButton with scheme SYButton
(3 failures)
Command line invocation:
/Applications/Xcode-27.0.0-Release.Candidate.app/Contents/Developer/usr/bin/xcodebuild -IDEClonedSourcePackagesDirPathOverride=/Users/admin/builder/spi-builder-workspace/.dependencies -resolvePackageDependencies
Resolve Package Graph
Resolved source packages:
SYButton: /Users/admin/builder/spi-builder-workspace
resolved source packages: SYButton
2026-09-21 13:31:20.021 xcodebuild[762:4567] [MT] IDERunDestination: Supported platforms for the buildables in the current scheme is empty.
{
"dependencies" : [
],
"manifest_display_name" : "SYButton",
"name" : "SYButton",
"path" : "/Users/admin/builder/spi-builder-workspace",
"platforms" : [
{
"name" : "ios",
"version" : "12.0"
}
],
"products" : [
{
"name" : "SYButton",
"targets" : [
"SYButton"
],
"type" : {
"library" : [
"automatic"
]
}
}
],
"swift_languages_versions" : [
"5"
],
"targets" : [
{
"c99name" : "SYButtonTests",
"module_type" : "SwiftTarget",
"name" : "SYButtonTests",
"path" : "Tests/SYButtonTests",
"sources" : [
"SYButtonTests.swift"
],
"target_dependencies" : [
"SYButton"
],
"type" : "test"
},
{
"c99name" : "SYButton",
"module_type" : "SwiftTarget",
"name" : "SYButton",
"path" : "Sources",
"product_memberships" : [
"SYButton"
],
"sources" : [
"SYButton/Components/Background/SYButtonBackgroundView+CornerRadius.swift",
"SYButton/Components/Background/SYButtonBackgroundView+GradientDirection.swift",
"SYButton/Components/Background/SYButtonBackgroundView.swift",
"SYButton/Components/Background/SYGradientLayer.swift",
"SYButton/Components/Highlighter/SYButtonHighlighter.swift",
"SYButton/Components/Highlighter/SYRippleHighlighter.swift",
"SYButton/Components/Highlighter/SYScaleHighlighter.swift",
"SYButton/Components/LoadingIndicator/SYBallPulseIndicator.swift",
"SYButton/Components/LoadingIndicator/SYLoadingIndicator.swift",
"SYButton/Components/LoadingIndicator/SYLoadingSpinner.swift",
"SYButton/SYButton+Feedback.swift",
"SYButton/SYButton+Icon.swift",
"SYButton/SYButton+ImagePlacement.swift",
"SYButton/SYButton.swift"
],
"type" : "library"
}
],
"tools_version" : "5.10"
}
{
"workspace" : {
"name" : "SYButton",
"schemes" : [
"SYButton"
]
}
}
2026-09-21 13:31:21.246 xcodebuild[770:4639] [MT] IDERunDestination: Supported platforms for the buildables in the current scheme is empty.
Running build ...
env DEVELOPER_DIR=/Applications/Xcode-27.0.0-Release.Candidate.app xcrun xcodebuild -IDEClonedSourcePackagesDirPathOverride=$PWD/.dependencies -skipMacroValidation -skipPackagePluginValidation -derivedDataPath $PWD/.derivedData build -scheme SYButton -destination generic/platform=xrOS
Command line invocation:
/Applications/Xcode-27.0.0-Release.Candidate.app/Contents/Developer/usr/bin/xcodebuild -IDEClonedSourcePackagesDirPathOverride=/Users/admin/builder/spi-builder-workspace/.dependencies -skipMacroValidation -skipPackagePluginValidation -derivedDataPath /Users/admin/builder/spi-builder-workspace/.derivedData build -scheme SYButton -destination generic/platform=xrOS
Resolve Package Graph
Resolved source packages:
SYButton: /Users/admin/builder/spi-builder-workspace
ComputePackagePrebuildTargetDependencyGraph
Prepare packages
CreateBuildRequest
SendProjectDescription
CreateBuildOperation
ComputeTargetDependencyGraph
note: Building targets in dependency order
note: Target dependency graph (2 targets)
Target 'SYButton-product' in project 'SYButton'
➜ Explicit dependency on target 'SYButton' in project 'SYButton'
Target 'SYButton' in project 'SYButton' (no dependencies)
GatherProvisioningInputs
CreateBuildDescription
ClangStatCache /Applications/Xcode-27.0.0-Release.Candidate.app/Contents/Developer/Toolchains/XcodeDefault.xctoolchain/usr/bin/clang-stat-cache /Applications/Xcode-27.0.0-Release.Candidate.app/Contents/Developer/Platforms/XROS.platform/Developer/SDKs/XROS27.0.sdk /Users/admin/builder/spi-builder-workspace/.derivedData/SDKStatCaches.noindex/xros27.0-24M361-e829b21a6f8c9b70876ba0858053c044735bd543db762f57723cac368afd1ce4.sdkstatcache
cd /Users/admin/builder/spi-builder-workspace/.swiftpm/xcode
/Applications/Xcode-27.0.0-Release.Candidate.app/Contents/Developer/Toolchains/XcodeDefault.xctoolchain/usr/bin/clang-stat-cache /Applications/Xcode-27.0.0-Release.Candidate.app/Contents/Developer/Platforms/XROS.platform/Developer/SDKs/XROS27.0.sdk -o /Users/admin/builder/spi-builder-workspace/.derivedData/SDKStatCaches.noindex/xros27.0-24M361-e829b21a6f8c9b70876ba0858053c044735bd543db762f57723cac368afd1ce4.sdkstatcache
SwiftDriver SYButton normal arm64 com.apple.xcode.tools.swift.compiler (in target 'SYButton' from project 'SYButton')
cd /Users/admin/builder/spi-builder-workspace/.swiftpm/xcode
builtin-SwiftDriver -- /Applications/Xcode-27.0.0-Release.Candidate.app/Contents/Developer/Toolchains/XcodeDefault.xctoolchain/usr/bin/swiftc -parse-as-library -module-name SYButton -Onone @/Users/admin/builder/spi-builder-workspace/.derivedData/Build/Intermediates.noindex/SYButton.build/Debug-xros/SYButton-t.build/Objects-normal/arm64/SYButton.SwiftFileList -DSWIFT_PACKAGE -DDEBUG -DSWIFT_MODULE_RESOURCE_BUNDLE_UNAVAILABLE -DXcode -plugin-path /Applications/Xcode-27.0.0-Release.Candidate.app/Contents/Developer/Toolchains/XcodeDefault.xctoolchain/usr/lib/swift/host/plugins/testing -enable-experimental-feature DebugDescriptionMacro -sdk /Applications/Xcode-27.0.0-Release.Candidate.app/Contents/Developer/Platforms/XROS.platform/Developer/SDKs/XROS27.0.sdk -target arm64-apple-xros1.0 -g -module-cache-path /Users/admin/builder/spi-builder-workspace/.derivedData/ModuleCache.noindex -Xfrontend -serialize-debugging-options -profile-coverage-mapping -profile-generate -enable-testing -index-store-path /Users/admin/builder/spi-builder-workspace/.derivedData/Index.noindex/DataStore -Xcc -D_LIBCPP_HARDENING_MODE\=_LIBCPP_HARDENING_MODE_DEBUG -swift-version 5 -I /Users/admin/builder/spi-builder-workspace/.derivedData/Build/Products/Debug-xros -Isystem /Applications/Xcode-27.0.0-Release.Candidate.app/Contents/Developer/Platforms/XROS.platform/Developer/usr/lib -F /Users/admin/builder/spi-builder-workspace/.derivedData/Build/Products/Debug-xros -F /Applications/Xcode-27.0.0-Release.Candidate.app/Contents/Developer/Platforms/XROS.platform/Developer/Library/Frameworks -F /Applications/Xcode-27.0.0-Release.Candidate.app/Contents/Developer/Platforms/XROS.platform/Developer/SDKs/XROS27.0.sdk/Developer/Library/Frameworks -c -j10 -enable-batch-mode -incremental -Xcc -ivfsstatcache -Xcc /Users/admin/builder/spi-builder-workspace/.derivedData/SDKStatCaches.noindex/xros27.0-24M361-e829b21a6f8c9b70876ba0858053c044735bd543db762f57723cac368afd1ce4.sdkstatcache -output-file-map /Users/admin/builder/spi-builder-workspace/.derivedData/Build/Intermediates.noindex/SYButton.build/Debug-xros/SYButton-t.build/Objects-normal/arm64/SYButton-OutputFileMap.json -save-temps -no-color-diagnostics -explicit-module-build -module-cache-path /Users/admin/builder/spi-builder-workspace/.derivedData/Build/Intermediates.noindex/SwiftExplicitPrecompiledModules -clang-scanner-module-cache-path /Users/admin/builder/spi-builder-workspace/.derivedData/ModuleCache.noindex -sdk-module-cache-path /Users/admin/builder/spi-builder-workspace/.derivedData/SDKExplicitPrecompiledModules -emit-dependencies -emit-module -emit-module-path /Users/admin/builder/spi-builder-workspace/.derivedData/Build/Intermediates.noindex/SYButton.build/Debug-xros/SYButton-t.build/Objects-normal/arm64/SYButton.swiftmodule -serialize-diagnostics -dependency-scan-serialize-diagnostics-path /Users/admin/builder/spi-builder-workspace/.derivedData/Build/Intermediates.noindex/SYButton.build/Debug-xros/SYButton-t.build/Objects-normal/arm64/SYButton-dependency-scan.dia -validate-clang-modules-once -clang-build-session-file /Users/admin/builder/spi-builder-workspace/.derivedData/ModuleCache.noindex/Session.modulevalidation -Xcc -fmodules-prune-interval\=86400 -Xcc -fmodules-prune-after\=345600 -package-name spi_builder_workspace -emit-const-values -const-gather-protocols-list /Users/admin/builder/spi-builder-workspace/.derivedData/Build/Intermediates.noindex/SYButton.build/Debug-xros/SYButton-t.build/Objects-normal/arm64/SYButton_const_extract_protocols.json -Xcc -I/Users/admin/builder/spi-builder-workspace/.derivedData/Build/Products/Debug-xros/include -Xcc -I/Users/admin/builder/spi-builder-workspace/.derivedData/Build/Intermediates.noindex/SYButton.build/Debug-xros/SYButton-t.build/DerivedSources-normal/arm64 -Xcc -I/Users/admin/builder/spi-builder-workspace/.derivedData/Build/Intermediates.noindex/SYButton.build/Debug-xros/SYButton-t.build/DerivedSources/arm64 -Xcc -I/Users/admin/builder/spi-builder-workspace/.derivedData/Build/Intermediates.noindex/SYButton.build/Debug-xros/SYButton-t.build/DerivedSources -Xcc -DSWIFT_PACKAGE -Xcc -DDEBUG\=1 -emit-objc-header -emit-objc-header-path /Users/admin/builder/spi-builder-workspace/.derivedData/Build/Intermediates.noindex/SYButton.build/Debug-xros/SYButton-t.build/Objects-normal/arm64/SYButton-Swift.h -working-directory /Users/admin/builder/spi-builder-workspace/.swiftpm/xcode -experimental-emit-module-separately -disable-cmo
SwiftCompile normal arm64 Compiling\ SYButtonBackgroundView+CornerRadius.swift,\ SYButtonBackgroundView+GradientDirection.swift /Users/admin/builder/spi-builder-workspace/Sources/SYButton/Components/Background/SYButtonBackgroundView+CornerRadius.swift /Users/admin/builder/spi-builder-workspace/Sources/SYButton/Components/Background/SYButtonBackgroundView+GradientDirection.swift (in target 'SYButton' from project 'SYButton')
SwiftCompile normal arm64 /Users/admin/builder/spi-builder-workspace/Sources/SYButton/Components/Background/SYButtonBackgroundView+CornerRadius.swift (in target 'SYButton' from project 'SYButton')
cd /Users/admin/builder/spi-builder-workspace/.swiftpm/xcode
builtin-SwiftPerFileCompile SYButtonBackgroundView+CornerRadius.swift
SwiftCompile normal arm64 /Users/admin/builder/spi-builder-workspace/Sources/SYButton/Components/Background/SYButtonBackgroundView+GradientDirection.swift (in target 'SYButton' from project 'SYButton')
cd /Users/admin/builder/spi-builder-workspace/.swiftpm/xcode
builtin-SwiftPerFileCompile SYButtonBackgroundView+GradientDirection.swift
SwiftCompile normal arm64 Compiling\ SYButtonHighlighter.swift,\ SYRippleHighlighter.swift /Users/admin/builder/spi-builder-workspace/Sources/SYButton/Components/Highlighter/SYButtonHighlighter.swift /Users/admin/builder/spi-builder-workspace/Sources/SYButton/Components/Highlighter/SYRippleHighlighter.swift (in target 'SYButton' from project 'SYButton')
SwiftCompile normal arm64 /Users/admin/builder/spi-builder-workspace/Sources/SYButton/Components/Highlighter/SYButtonHighlighter.swift (in target 'SYButton' from project 'SYButton')
cd /Users/admin/builder/spi-builder-workspace/.swiftpm/xcode
builtin-SwiftPerFileCompile SYButtonHighlighter.swift
SwiftCompile normal arm64 /Users/admin/builder/spi-builder-workspace/Sources/SYButton/Components/Highlighter/SYRippleHighlighter.swift (in target 'SYButton' from project 'SYButton')
cd /Users/admin/builder/spi-builder-workspace/.swiftpm/xcode
builtin-SwiftPerFileCompile SYRippleHighlighter.swift
SwiftEmitModule normal arm64 Emitting\ module\ for\ SYButton (in target 'SYButton' from project 'SYButton')
/Users/admin/builder/spi-builder-workspace/Sources/SYButton/SYButton+Feedback.swift:20:28: error: 'UIImpactFeedbackGenerator' is unavailable in visionOS
18 | /// Triggers an impact feedback with the specified style.
19 | /// - Parameter style: The style of impact feedback, such as `.light`, `.medium`, or `.heavy`.
20 | case impact(style: UIImpactFeedbackGenerator.FeedbackStyle)
| `- error: 'UIImpactFeedbackGenerator' is unavailable in visionOS
21 |
22 | /// Triggers a notification feedback with the specified type.
/Applications/Xcode-27.0.0-Release.Candidate.app/Contents/Developer/Platforms/XROS.platform/Developer/SDKs/XROS27.0.sdk/System/Library/Frameworks/UIKit.framework/Headers/UIImpactFeedbackGenerator.h:25:12: note: 'UIImpactFeedbackGenerator' has been explicitly marked unavailable here
23 | // UIImpactFeedbackGenerator is used to give user feedback when an impact between UI elements occurs
24 | UIKIT_EXTERN API_AVAILABLE(ios(10.0)) API_UNAVAILABLE(visionos, tvos) API_UNAVAILABLE(watchos) NS_SWIFT_UI_ACTOR
25 | @interface UIImpactFeedbackGenerator : UIFeedbackGenerator
| `- note: 'UIImpactFeedbackGenerator' has been explicitly marked unavailable here
26 |
27 | /// set a style on the feedback generator and attach it to the provided view as an interaction.
/Users/admin/builder/spi-builder-workspace/Sources/SYButton/SYButton+Feedback.swift:24:34: error: 'UINotificationFeedbackGenerator' is unavailable in visionOS
22 | /// Triggers a notification feedback with the specified type.
23 | /// - Parameter style: The type of notification feedback, such as `.success`, `.warning`, or `.error`.
24 | case notification(style: UINotificationFeedbackGenerator.FeedbackType)
| `- error: 'UINotificationFeedbackGenerator' is unavailable in visionOS
25 | }
26 | }
/Applications/Xcode-27.0.0-Release.Candidate.app/Contents/Developer/Platforms/XROS.platform/Developer/SDKs/XROS27.0.sdk/System/Library/Frameworks/UIKit.framework/Headers/UINotificationFeedbackGenerator.h:21:12: note: 'UINotificationFeedbackGenerator' has been explicitly marked unavailable here
19 | // UINotificationFeedbackGenerator is used to give user feedback when an notification is displayed
20 | UIKIT_EXTERN API_AVAILABLE(ios(10.0)) API_UNAVAILABLE(visionos, tvos) API_UNAVAILABLE(watchos) NS_SWIFT_UI_ACTOR
21 | @interface UINotificationFeedbackGenerator : UIFeedbackGenerator
| `- note: 'UINotificationFeedbackGenerator' has been explicitly marked unavailable here
22 |
23 | /// call when a notification is displayed, passing the corresponding type
Failed frontend command:
/Applications/Xcode-27.0.0-Release.Candidate.app/Contents/Developer/Toolchains/XcodeDefault.xctoolchain/usr/bin/swift-frontend -frontend -emit-module -experimental-skip-non-inlinable-function-bodies-without-types /Users/admin/builder/spi-builder-workspace/Sources/SYButton/Components/Background/SYButtonBackgroundView+CornerRadius.swift /Users/admin/builder/spi-builder-workspace/Sources/SYButton/Components/Background/SYButtonBackgroundView+GradientDirection.swift /Users/admin/builder/spi-builder-workspace/Sources/SYButton/Components/Background/SYButtonBackgroundView.swift /Users/admin/builder/spi-builder-workspace/Sources/SYButton/Components/Background/SYGradientLayer.swift /Users/admin/builder/spi-builder-workspace/Sources/SYButton/Components/Highlighter/SYButtonHighlighter.swift /Users/admin/builder/spi-builder-workspace/Sources/SYButton/Components/Highlighter/SYRippleHighlighter.swift /Users/admin/builder/spi-builder-workspace/Sources/SYButton/Components/Highlighter/SYScaleHighlighter.swift /Users/admin/builder/spi-builder-workspace/Sources/SYButton/Components/LoadingIndicator/SYBallPulseIndicator.swift /Users/admin/builder/spi-builder-workspace/Sources/SYButton/Components/LoadingIndicator/SYLoadingIndicator.swift /Users/admin/builder/spi-builder-workspace/Sources/SYButton/Components/LoadingIndicator/SYLoadingSpinner.swift /Users/admin/builder/spi-builder-workspace/Sources/SYButton/SYButton+Feedback.swift /Users/admin/builder/spi-builder-workspace/Sources/SYButton/SYButton+Icon.swift /Users/admin/builder/spi-builder-workspace/Sources/SYButton/SYButton+ImagePlacement.swift /Users/admin/builder/spi-builder-workspace/Sources/SYButton/SYButton.swift -target arm64-apple-xros1.0 -disable-cross-import-overlay-search -load-resolved-plugin /Applications/Xcode-27.0.0-Release.Candidate.app/Contents/Developer/Platforms/XROS.platform/Developer/usr/lib/swift/host/plugins/libFoundationMacros.dylib\#/Applications/Xcode-27.0.0-Release.Candidate.app/Contents/Developer/Platforms/XROS.platform/Developer/usr/bin/swift-plugin-server\#FoundationMacros -load-resolved-plugin /Applications/Xcode-27.0.0-Release.Candidate.app/Contents/Developer/Platforms/XROS.platform/Developer/usr/lib/swift/host/plugins/libObservationMacros.dylib\#/Applications/Xcode-27.0.0-Release.Candidate.app/Contents/Developer/Platforms/XROS.platform/Developer/usr/bin/swift-plugin-server\#ObservationMacros -load-resolved-plugin /Applications/Xcode-27.0.0-Release.Candidate.app/Contents/Developer/Platforms/XROS.platform/Developer/usr/lib/swift/host/plugins/libPreviewsMacros.dylib\#/Applications/Xcode-27.0.0-Release.Candidate.app/Contents/Developer/Platforms/XROS.platform/Developer/usr/bin/swift-plugin-server\#PreviewsMacros -load-resolved-plugin /Applications/Xcode-27.0.0-Release.Candidate.app/Contents/Developer/Platforms/XROS.platform/Developer/usr/lib/swift/host/plugins/libSwiftMacros.dylib\#/Applications/Xcode-27.0.0-Release.Candidate.app/Contents/Developer/Platforms/XROS.platform/Developer/usr/bin/swift-plugin-server\#SwiftMacros -load-resolved-plugin /Applications/Xcode-27.0.0-Release.Candidate.app/Contents/Developer/Platforms/XROS.platform/Developer/usr/lib/swift/host/plugins/libSwiftUIMacros.dylib\#/Applications/Xcode-27.0.0-Release.Candidate.app/Contents/Developer/Platforms/XROS.platform/Developer/usr/bin/swift-plugin-server\#SwiftUIMacros -disable-implicit-swift-modules -Xcc -fno-implicit-modules -Xcc -fno-implicit-module-maps -explicit-swift-module-map-file /Users/admin/builder/spi-builder-workspace/.derivedData/Build/Intermediates.noindex/SYButton.build/Debug-xros/SYButton-t.build/Objects-normal/arm64/SYButton-dependencies-1.json -Xllvm -aarch64-use-tbi -enable-objc-interop -stack-check -sdk /Applications/Xcode-27.0.0-Release.Candidate.app/Contents/Developer/Platforms/XROS.platform/Developer/SDKs/XROS27.0.sdk -I /Users/admin/builder/spi-builder-workspace/.derivedData/Build/Products/Debug-xros -Isystem /Applications/Xcode-27.0.0-Release.Candidate.app/Contents/Developer/Platforms/XROS.platform/Developer/usr/lib -F /Users/admin/builder/spi-builder-workspace/.derivedData/Build/Products/Debug-xros -F /Applications/Xcode-27.0.0-Release.Candidate.app/Contents/Developer/Platforms/XROS.platform/Developer/Library/Frameworks -F /Applications/Xcode-27.0.0-Release.Candidate.app/Contents/Developer/Platforms/XROS.platform/Developer/SDKs/XROS27.0.sdk/Developer/Library/Frameworks -module-cache-path /Users/admin/builder/spi-builder-workspace/.derivedData/Build/Intermediates.noindex/SwiftExplicitPrecompiledModules -no-color-diagnostics -Xcc -fno-color-diagnostics -enable-testing -g -debug-info-format\=dwarf -dwarf-version\=4 -profile-generate -profile-coverage-mapping -swift-version 5 -Onone -D SWIFT_PACKAGE -D DEBUG -D SWIFT_MODULE_RESOURCE_BUNDLE_UNAVAILABLE -D Xcode -serialize-debugging-options -enable-experimental-feature DebugDescriptionMacro -empty-abi-descriptor -validate-clang-modules-once -clang-build-session-file /Users/admin/builder/spi-builder-workspace/.derivedData/ModuleCache.noindex/Session.modulevalidation -Xcc -working-directory -Xcc /Users/admin/builder/spi-builder-workspace/.swiftpm/xcode -enable-anonymous-context-mangled-names -file-compilation-dir /Users/admin/builder/spi-builder-workspace/.swiftpm/xcode -Xcc -D_LIBCPP_HARDENING_MODE\=_LIBCPP_HARDENING_MODE_DEBUG -Xcc -ivfsstatcache -Xcc /Users/admin/builder/spi-builder-workspace/.derivedData/SDKStatCaches.noindex/xros27.0-24M361-e829b21a6f8c9b70876ba0858053c044735bd543db762f57723cac368afd1ce4.sdkstatcache -Xcc -fmodules-prune-interval\=86400 -Xcc -fmodules-prune-after\=345600 -Xcc -I/Users/admin/builder/spi-builder-workspace/.derivedData/Build/Products/Debug-xros/include -Xcc -I/Users/admin/builder/spi-builder-workspace/.derivedData/Build/Intermediates.noindex/SYButton.build/Debug-xros/SYButton-t.build/DerivedSources-normal/arm64 -Xcc -I/Users/admin/builder/spi-builder-workspace/.derivedData/Build/Intermediates.noindex/SYButton.build/Debug-xros/SYButton-t.build/DerivedSources/arm64 -Xcc -I/Users/admin/builder/spi-builder-workspace/.derivedData/Build/Intermediates.noindex/SYButton.build/Debug-xros/SYButton-t.build/DerivedSources -Xcc -DSWIFT_PACKAGE -Xcc -DDEBUG\=1 -no-auto-bridging-header-chaining -module-name SYButton -package-name spi_builder_workspace -const-gather-protocols-file /Users/admin/builder/spi-builder-workspace/.derivedData/Build/Intermediates.noindex/SYButton.build/Debug-xros/SYButton-t.build/Objects-normal/arm64/SYButton_const_extract_protocols.json -disable-clang-spi -clang-target arm64-apple-xros27.0 -target-sdk-version 27.0 -target-sdk-name xros27.0 -in-process-plugin-server-path /Applications/Xcode-27.0.0-Release.Candidate.app/Contents/Developer/Toolchains/XcodeDefault.xctoolchain/usr/lib/swift/host/libSwiftInProcPluginServer.dylib -emit-module-doc-path /Users/admin/builder/spi-builder-workspace/.derivedData/Build/Intermediates.noindex/SYButton.build/Debug-xros/SYButton-t.build/Objects-normal/arm64/SYButton.swiftdoc -emit-module-source-info-path /Users/admin/builder/spi-builder-workspace/.derivedData/Build/Intermediates.noindex/SYButton.build/Debug-xros/SYButton-t.build/Objects-normal/arm64/SYButton.swiftsourceinfo -emit-objc-header-path /Users/admin/builder/spi-builder-workspace/.derivedData/Build/Intermediates.noindex/SYButton.build/Debug-xros/SYButton-t.build/Objects-normal/arm64/SYButton-Swift.h -serialize-diagnostics-path /Users/admin/builder/spi-builder-workspace/.derivedData/Build/Intermediates.noindex/SYButton.build/Debug-xros/SYButton-t.build/Objects-normal/arm64/SYButton-primary-emit-module.dia -emit-dependencies-path /Users/admin/builder/spi-builder-workspace/.derivedData/Build/Intermediates.noindex/SYButton.build/Debug-xros/SYButton-t.build/Objects-normal/arm64/SYButton-primary-emit-module.d -parse-as-library -o /Users/admin/builder/spi-builder-workspace/.derivedData/Build/Intermediates.noindex/SYButton.build/Debug-xros/SYButton-t.build/Objects-normal/arm64/SYButton.swiftmodule -emit-abi-descriptor-path /Users/admin/builder/spi-builder-workspace/.derivedData/Build/Intermediates.noindex/SYButton.build/Debug-xros/SYButton-t.build/Objects-normal/arm64/SYButton.abi.json
SwiftCompile normal arm64 (in target 'SYButton' from project 'SYButton')
cd /Users/admin/builder/spi-builder-workspace/.swiftpm/xcode
SwiftCompile normal arm64 Compiling\ SYButton.swift /Users/admin/builder/spi-builder-workspace/Sources/SYButton/SYButton.swift (in target 'SYButton' from project 'SYButton')
SwiftCompile normal arm64 /Users/admin/builder/spi-builder-workspace/Sources/SYButton/SYButton.swift (in target 'SYButton' from project 'SYButton')
cd /Users/admin/builder/spi-builder-workspace/.swiftpm/xcode
builtin-SwiftPerFileCompile SYButton.swift
SwiftCompile normal arm64 Compiling\ SYButton+Icon.swift /Users/admin/builder/spi-builder-workspace/Sources/SYButton/SYButton+Icon.swift (in target 'SYButton' from project 'SYButton')
SwiftCompile normal arm64 /Users/admin/builder/spi-builder-workspace/Sources/SYButton/SYButton+Icon.swift (in target 'SYButton' from project 'SYButton')
cd /Users/admin/builder/spi-builder-workspace/.swiftpm/xcode
builtin-SwiftPerFileCompile SYButton+Icon.swift
SwiftCompile normal arm64 Compiling\ SYButton+Feedback.swift /Users/admin/builder/spi-builder-workspace/Sources/SYButton/SYButton+Feedback.swift (in target 'SYButton' from project 'SYButton')
/Users/admin/builder/spi-builder-workspace/Sources/SYButton/SYButton+Feedback.swift:20:28: error: 'UIImpactFeedbackGenerator' is unavailable in visionOS
18 | /// Triggers an impact feedback with the specified style.
19 | /// - Parameter style: The style of impact feedback, such as `.light`, `.medium`, or `.heavy`.
20 | case impact(style: UIImpactFeedbackGenerator.FeedbackStyle)
| `- error: 'UIImpactFeedbackGenerator' is unavailable in visionOS
21 |
22 | /// Triggers a notification feedback with the specified type.
/Applications/Xcode-27.0.0-Release.Candidate.app/Contents/Developer/Platforms/XROS.platform/Developer/SDKs/XROS27.0.sdk/System/Library/Frameworks/UIKit.framework/Headers/UIImpactFeedbackGenerator.h:25:12: note: 'UIImpactFeedbackGenerator' has been explicitly marked unavailable here
23 | // UIImpactFeedbackGenerator is used to give user feedback when an impact between UI elements occurs
24 | UIKIT_EXTERN API_AVAILABLE(ios(10.0)) API_UNAVAILABLE(visionos, tvos) API_UNAVAILABLE(watchos) NS_SWIFT_UI_ACTOR
25 | @interface UIImpactFeedbackGenerator : UIFeedbackGenerator
| `- note: 'UIImpactFeedbackGenerator' has been explicitly marked unavailable here
26 |
27 | /// set a style on the feedback generator and attach it to the provided view as an interaction.
SwiftCompile normal arm64 /Users/admin/builder/spi-builder-workspace/Sources/SYButton/SYButton+Feedback.swift (in target 'SYButton' from project 'SYButton')
cd /Users/admin/builder/spi-builder-workspace/.swiftpm/xcode
builtin-SwiftPerFileCompile SYButton+Feedback.swift
SwiftCompile normal arm64 Compiling\ SYButton+ImagePlacement.swift /Users/admin/builder/spi-builder-workspace/Sources/SYButton/SYButton+ImagePlacement.swift (in target 'SYButton' from project 'SYButton')
SwiftCompile normal arm64 /Users/admin/builder/spi-builder-workspace/Sources/SYButton/SYButton+ImagePlacement.swift (in target 'SYButton' from project 'SYButton')
cd /Users/admin/builder/spi-builder-workspace/.swiftpm/xcode
builtin-SwiftPerFileCompile SYButton+ImagePlacement.swift
SwiftCompile normal arm64 Compiling\ SYLoadingSpinner.swift /Users/admin/builder/spi-builder-workspace/Sources/SYButton/Components/LoadingIndicator/SYLoadingSpinner.swift (in target 'SYButton' from project 'SYButton')
SwiftCompile normal arm64 /Users/admin/builder/spi-builder-workspace/Sources/SYButton/Components/LoadingIndicator/SYLoadingSpinner.swift (in target 'SYButton' from project 'SYButton')
cd /Users/admin/builder/spi-builder-workspace/.swiftpm/xcode
builtin-SwiftPerFileCompile SYLoadingSpinner.swift
SwiftCompile normal arm64 Compiling\ SYButtonBackgroundView.swift,\ SYGradientLayer.swift /Users/admin/builder/spi-builder-workspace/Sources/SYButton/Components/Background/SYButtonBackgroundView.swift /Users/admin/builder/spi-builder-workspace/Sources/SYButton/Components/Background/SYGradientLayer.swift (in target 'SYButton' from project 'SYButton')
SwiftCompile normal arm64 /Users/admin/builder/spi-builder-workspace/Sources/SYButton/Components/Background/SYButtonBackgroundView.swift (in target 'SYButton' from project 'SYButton')
cd /Users/admin/builder/spi-builder-workspace/.swiftpm/xcode
builtin-SwiftPerFileCompile SYButtonBackgroundView.swift
SwiftCompile normal arm64 /Users/admin/builder/spi-builder-workspace/Sources/SYButton/Components/Background/SYGradientLayer.swift (in target 'SYButton' from project 'SYButton')
cd /Users/admin/builder/spi-builder-workspace/.swiftpm/xcode
builtin-SwiftPerFileCompile SYGradientLayer.swift
SwiftCompile normal arm64 Compiling\ SYScaleHighlighter.swift,\ SYBallPulseIndicator.swift /Users/admin/builder/spi-builder-workspace/Sources/SYButton/Components/Highlighter/SYScaleHighlighter.swift /Users/admin/builder/spi-builder-workspace/Sources/SYButton/Components/LoadingIndicator/SYBallPulseIndicator.swift (in target 'SYButton' from project 'SYButton')
SwiftCompile normal arm64 /Users/admin/builder/spi-builder-workspace/Sources/SYButton/Components/Highlighter/SYScaleHighlighter.swift (in target 'SYButton' from project 'SYButton')
cd /Users/admin/builder/spi-builder-workspace/.swiftpm/xcode
builtin-SwiftPerFileCompile SYScaleHighlighter.swift
SwiftCompile normal arm64 /Users/admin/builder/spi-builder-workspace/Sources/SYButton/Components/LoadingIndicator/SYBallPulseIndicator.swift (in target 'SYButton' from project 'SYButton')
cd /Users/admin/builder/spi-builder-workspace/.swiftpm/xcode
builtin-SwiftPerFileCompile SYBallPulseIndicator.swift
SwiftCompile normal arm64 Compiling\ SYLoadingIndicator.swift /Users/admin/builder/spi-builder-workspace/Sources/SYButton/Components/LoadingIndicator/SYLoadingIndicator.swift (in target 'SYButton' from project 'SYButton')
SwiftCompile normal arm64 /Users/admin/builder/spi-builder-workspace/Sources/SYButton/Components/LoadingIndicator/SYLoadingIndicator.swift (in target 'SYButton' from project 'SYButton')
cd /Users/admin/builder/spi-builder-workspace/.swiftpm/xcode
builtin-SwiftPerFileCompile SYLoadingIndicator.swift
PruneExplicitPrecompiledModules /Users/admin/builder/spi-builder-workspace/.derivedData/Build/Intermediates.noindex/ExplicitPrecompiledModules
PruneExplicitPrecompiledModules /Users/admin/builder/spi-builder-workspace/.derivedData/Build/Intermediates.noindex/SwiftExplicitPrecompiledModules
PruneExplicitPrecompiledModules /Users/admin/builder/spi-builder-workspace/.derivedData/SDKExplicitPrecompiledModules
2026-09-21 13:31:22.215 xcodebuild[771:4668] [MT] IDERunDestination: Supported platforms for the buildables in the current scheme is empty.
** BUILD FAILED **
The following build commands failed:
SwiftEmitModule normal arm64 Emitting\ module\ for\ SYButton (in target 'SYButton' from project 'SYButton')
SwiftCompile normal arm64 (in target 'SYButton' from project 'SYButton')
Building workspace SYButton with scheme SYButton
(3 failures)
BUILD FAILURE 6.4 visionOS