Build Information
Failed to build TextTruncationEffect, reference main (c0d202), with Swift 6.2 for macOS (SPM) on 17 Jul 2026 06:51:35 UTC.
Build Command
env DEVELOPER_DIR=/Applications/Xcode-26.3.0.app xcrun swift build --arch arm64Build Log
========================================
RunAll
========================================
Builder version: undefined version: run 'make version' to update
Interrupt handler set up.
========================================
Checkout
========================================
Clone URL: https://github.com/telhawasim/text-truncation-effect.git
Reference: main
Initialized empty Git repository in /Users/admin/builder/spi-builder-workspace/.git/
From https://github.com/telhawasim/text-truncation-effect
* branch main -> FETCH_HEAD
* [new branch] main -> origin/main
HEAD is now at c0d2020 Update README.md
Cloned https://github.com/telhawasim/text-truncation-effect.git
Revision (git rev-parse @):
c0d202077a265237254f7cf49d8a64342a31dca3
SUCCESS checkout https://github.com/telhawasim/text-truncation-effect.git at main
========================================
Build
========================================
Selected platform: macosSpm
Swift version: 6.2
Building package at path: $PWD
https://github.com/telhawasim/text-truncation-effect.git
Running build ...
env DEVELOPER_DIR=/Applications/Xcode-26.3.0.app xcrun swift build --arch arm64
Building for debugging...
[0/2] Write sources
[1/2] Write swift-version--3CB7CFEC50E0D141.txt
error: emit-module command failed with exit code 1 (use -v to see invocation)
[3/4] Emitting module TextTruncationEffect
/Users/admin/builder/spi-builder-workspace/Sources/TextTruncationEffect/TextTruncationEffect.swift:5:8: error: no such module 'UIKit'
3 |
4 | import SwiftUI
5 | import UIKit
| `- error: no such module 'UIKit'
6 |
7 | public extension Text {
[4/4] Compiling TextTruncationEffect TextTruncationEffect.swift
/Users/admin/builder/spi-builder-workspace/Sources/TextTruncationEffect/TextTruncationEffect.swift:5:8: error: no such module 'UIKit'
3 |
4 | import SwiftUI
5 | import UIKit
| `- error: no such module 'UIKit'
6 |
7 | public extension Text {
BUILD FAILURE 6.2 macosSpm