Build Information
Failed to build TossPayments, reference 0.1.36 (cca614), with Swift 6.3 for watchOS using Xcode 26.4 on 26 Jun 2026 13:52:08 UTC.
Build Command
env DEVELOPER_DIR=/Applications/Xcode-26.4.0.app xcrun xcodebuild -IDEClonedSourcePackagesDirPathOverride=$PWD/.dependencies -skipMacroValidation -skipPackagePluginValidation -derivedDataPath $PWD/.derivedData build -scheme TossPayments -destination generic/platform=watchOSBuild Log
========================================
RunAll
========================================
Builder version: undefined version: run 'make version' to update
Interrupt handler set up.
========================================
Checkout
========================================
Clone URL: https://github.com/tosspayments/payment-sdk-ios.git
Reference: 0.1.36
Initialized empty Git repository in /Users/admin/builder/spi-builder-workspace/.git/
From https://github.com/tosspayments/payment-sdk-ios
* tag 0.1.36 -> FETCH_HEAD
HEAD is now at cca6145 feat: iOS SDK subOrders 파라미터 추가 (#74) (#75)
Cloned https://github.com/tosspayments/payment-sdk-ios.git
Revision (git rev-parse @):
cca61459de5b5a81a579a871d5b671e4b1c38762
SUCCESS checkout https://github.com/tosspayments/payment-sdk-ios.git at 0.1.36
========================================
Build
========================================
Selected platform: watchOS
Swift version: 6.3
Building package at path: $PWD
https://github.com/tosspayments/payment-sdk-ios.git
Command line invocation:
/Applications/Xcode-26.4.0.app/Contents/Developer/usr/bin/xcodebuild -IDEClonedSourcePackagesDirPathOverride=/Users/admin/builder/spi-builder-workspace/.dependencies -resolvePackageDependencies
resolved source packages:
{
"dependencies" : [
],
"manifest_display_name" : "TossPayments",
"name" : "TossPayments",
"path" : "/Users/admin/builder/spi-builder-workspace",
"platforms" : [
{
"name" : "ios",
"version" : "11.0"
}
],
"products" : [
{
"name" : "TossPayments",
"targets" : [
"TossPayments"
],
"type" : {
"library" : [
"automatic"
]
}
}
],
"swift_languages_versions" : [
"5"
],
"targets" : [
{
"c99name" : "TossPayments",
"module_type" : "SwiftTarget",
"name" : "TossPayments",
"path" : "TossPayments/Sources",
"product_memberships" : [
"TossPayments"
],
"sources" : [
"AppSchemeManager/AppSchemeManager.swift",
"BrowserPopupWindow/BrowserPopupHandler.swift",
"BrowserPopupWindow/BrowserPopupWindowController.swift",
"Model/AgreementStatus.swift",
"Model/CustomRequest.swift",
"Model/Etc/CarrierCode.swift",
"Model/Etc/CashReceipt.swift",
"Model/Etc/EscrowProducts.swift",
"Model/Etc/SubOrder.swift",
"Model/PaymentInfo/CardPaymentInfo.swift",
"Model/PaymentInfo/DefaultPaymentInfo.swift",
"Model/PaymentInfo/ForeignEasyPayPaymentInfo.swift",
"Model/PaymentInfo/GiftCertificatePaymentInfo.swift",
"Model/PaymentInfo/MobilePhonePaymentInfo.swift",
"Model/PaymentInfo/PaymentInfo.swift",
"Model/PaymentInfo/TransferPaymentInfo.swift",
"Model/PaymentInfo/VirtualAccountPaymentInfo.swift",
"Model/PaymentInfo/WebConstants.swift",
"Model/PaymentMethod/GiftCertificate.swift",
"Model/PaymentMethod/PaymentMethod.swift",
"Model/TossPaymentsResult.swift",
"Model/WidgetPaymentInfo/DefaultWidgetPaymentInfo.swift",
"Model/WidgetPaymentInfo/WidgetPaymentInfo.swift",
"Model/WidgetPaymentMethod.swift",
"Model/WidgetStatus.swift",
"Service/TossPaymentsEnvironment.swift",
"Service/TossPaymentsService.swift",
"Service/WidgetService.swift",
"SwiftUI/TossPayments/TossPaymentsView.swift",
"SwiftUI/TossPayments/WebView/TossPaymentsWebView.swift",
"SwiftUI/Widget/AgreementWidgetView.swift",
"SwiftUI/Widget/PaymentMethodWidgetView.swift",
"SwiftUI/Widget/PaymentWidgetView.swift",
"UIKit/Base/TossPaymentsDelegate.swift",
"UIKit/Base/TossPaymentsViewController+WKUIDelegate.swift",
"UIKit/Base/TossPaymentsViewController.swift",
"UIKit/Base/TossPaymentsWidgetUIDelegate.swift",
"UIKit/BrandPay/BrandPay.swift",
"UIKit/Message/ChangePaymentMethodMessage.swift",
"UIKit/Message/CustomPaymentMethodSelectedMessage.swift",
"UIKit/Message/CustomPaymentMethodUnselectedMessage.swift",
"UIKit/Message/CustomRequestMessage.swift",
"UIKit/Message/MessageHandler.swift",
"UIKit/Message/UpdateAgreementStatusMessage.swift",
"UIKit/Message/UpdateHeightMessage.swift",
"UIKit/Message/WidgetMessageProtocol.swift",
"UIKit/Message/WidgetStatusMessage.swift",
"UIKit/ScriptHandler/ErrorHandler.swift",
"UIKit/ScriptHandler/MessageScriptHandler.swift",
"UIKit/ScriptHandler/RequestHTMLMessageHandler.swift",
"UIKit/ScriptHandler/RequestPaymentsMessageHandler.swift",
"UIKit/ScriptHandler/ScriptName.swift",
"UIKit/ScriptHandler/SuccessHandler.swift",
"UIKit/ScriptHandler/UpdateHeightMessageHandler.swift",
"UIKit/TossPayments/TossPayments.swift",
"UIKit/Widget/Model/AgreementWidget.swift",
"UIKit/Widget/Model/PaymentMethodWidget.swift",
"UIKit/Widget/PaymentMethodWidget+Extensions.swift",
"UIKit/Widget/PaymentWidget+WebSources.swift",
"UIKit/Widget/PaymentWidget.swift",
"UIKit/Widget/Protocol/CanUpdateHeight.swift",
"UIKit/Widget/Protocol/PaymentWidgetComponent.swift",
"Util/UIView+TossPaymentExtension.swift",
"Util/UIWindow+TossPaymentExtension.swift",
"Util/URLComponent+TossPaymentExtension.swift"
],
"type" : "library"
}
],
"tools_version" : "5.1"
}
{
"workspace" : {
"name" : "TossPayments",
"schemes" : [
"SwiftUI-Example",
"TossPayments",
"UIKit-Example"
]
}
}
{
"workspace" : {
"name" : "spi-builder-workspace",
"schemes" : [
"TossPayments"
]
}
}
2026-06-26 09:51:58.192 xcodebuild[689:4225] [MT] IDERunDestination: Supported platforms for the buildables in the current scheme is empty.
Running build ...
env DEVELOPER_DIR=/Applications/Xcode-26.4.0.app xcrun xcodebuild -IDEClonedSourcePackagesDirPathOverride=$PWD/.dependencies -skipMacroValidation -skipPackagePluginValidation -derivedDataPath $PWD/.derivedData build -scheme TossPayments -destination generic/platform=watchOS
Command line invocation:
/Applications/Xcode-26.4.0.app/Contents/Developer/usr/bin/xcodebuild -IDEClonedSourcePackagesDirPathOverride=/Users/admin/builder/spi-builder-workspace/.dependencies -skipMacroValidation -skipPackagePluginValidation -derivedDataPath /Users/admin/builder/spi-builder-workspace/.derivedData build -scheme TossPayments -destination generic/platform=watchOS
Resolve Package Graph
Resolved source packages:
TossPayments: /Users/admin/builder/spi-builder-workspace
ComputePackagePrebuildTargetDependencyGraph
Prepare packages
CreateBuildRequest
SendProjectDescription
CreateBuildOperation
ComputeTargetDependencyGraph
note: Building targets in dependency order
note: Target dependency graph (2 targets)
Target 'TossPayments' in project 'TossPayments'
➜ Explicit dependency on target 'TossPayments' in project 'TossPayments'
Target 'TossPayments' in project 'TossPayments' (no dependencies)
GatherProvisioningInputs
CreateBuildDescription
ExecuteExternalTool /Applications/Xcode-26.4.0.app/Contents/Developer/Toolchains/XcodeDefault.xctoolchain/usr/bin/clang -v -E -dM -isysroot /Applications/Xcode-26.4.0.app/Contents/Developer/Platforms/WatchOS.platform/Developer/SDKs/WatchOS26.4.sdk -x c -c /dev/null
ExecuteExternalTool /Applications/Xcode-26.4.0.app/Contents/Developer/Toolchains/XcodeDefault.xctoolchain/usr/bin/swiftc --version
ExecuteExternalTool /Applications/Xcode-26.4.0.app/Contents/Developer/Toolchains/XcodeDefault.xctoolchain/usr/bin/ld -version_details
Build description signature: fb8062dbdf64065d7efc3582eb8a3b8c
Build description path: /Users/admin/builder/spi-builder-workspace/.derivedData/Build/Intermediates.noindex/XCBuildData/fb8062dbdf64065d7efc3582eb8a3b8c.xcbuilddata
ClangStatCache /Applications/Xcode-26.4.0.app/Contents/Developer/Toolchains/XcodeDefault.xctoolchain/usr/bin/clang-stat-cache /Applications/Xcode-26.4.0.app/Contents/Developer/Platforms/WatchOS.platform/Developer/SDKs/WatchOS26.4.sdk /Users/admin/builder/spi-builder-workspace/.derivedData/SDKStatCaches.noindex/watchos26.4-23T238-688ef53f1462e2c8f657fdc38a81448f9e51884a582f42380855760c9d4cc599.sdkstatcache
cd /Users/admin/builder/spi-builder-workspace/.swiftpm/xcode
/Applications/Xcode-26.4.0.app/Contents/Developer/Toolchains/XcodeDefault.xctoolchain/usr/bin/clang-stat-cache /Applications/Xcode-26.4.0.app/Contents/Developer/Platforms/WatchOS.platform/Developer/SDKs/WatchOS26.4.sdk -o /Users/admin/builder/spi-builder-workspace/.derivedData/SDKStatCaches.noindex/watchos26.4-23T238-688ef53f1462e2c8f657fdc38a81448f9e51884a582f42380855760c9d4cc599.sdkstatcache
CreateBuildDirectory /Users/admin/builder/spi-builder-workspace/.derivedData/Build/Products
cd /Users/admin/builder/spi-builder-workspace/.swiftpm/xcode
builtin-create-build-directory /Users/admin/builder/spi-builder-workspace/.derivedData/Build/Products
CreateBuildDirectory /Users/admin/builder/spi-builder-workspace/.derivedData/Build/Intermediates.noindex
cd /Users/admin/builder/spi-builder-workspace/.swiftpm/xcode
builtin-create-build-directory /Users/admin/builder/spi-builder-workspace/.derivedData/Build/Intermediates.noindex
CreateBuildDirectory /Users/admin/builder/spi-builder-workspace/.derivedData/Build/Intermediates.noindex/SwiftExplicitPrecompiledModules
cd /Users/admin/builder/spi-builder-workspace/.swiftpm/xcode
builtin-create-build-directory /Users/admin/builder/spi-builder-workspace/.derivedData/Build/Intermediates.noindex/SwiftExplicitPrecompiledModules
CreateBuildDirectory /Users/admin/builder/spi-builder-workspace/.derivedData/Build/Intermediates.noindex/ExplicitPrecompiledModules
cd /Users/admin/builder/spi-builder-workspace/.swiftpm/xcode
builtin-create-build-directory /Users/admin/builder/spi-builder-workspace/.derivedData/Build/Intermediates.noindex/ExplicitPrecompiledModules
CreateBuildDirectory /Users/admin/builder/spi-builder-workspace/.derivedData/Build/Products/Debug-watchos
cd /Users/admin/builder/spi-builder-workspace/.swiftpm/xcode
builtin-create-build-directory /Users/admin/builder/spi-builder-workspace/.derivedData/Build/Products/Debug-watchos
CreateBuildDirectory /Users/admin/builder/spi-builder-workspace/.derivedData/Build/Intermediates.noindex/EagerLinkingTBDs/Debug-watchos
cd /Users/admin/builder/spi-builder-workspace/.swiftpm/xcode
builtin-create-build-directory /Users/admin/builder/spi-builder-workspace/.derivedData/Build/Intermediates.noindex/EagerLinkingTBDs/Debug-watchos
CreateBuildDirectory /Users/admin/builder/spi-builder-workspace/.derivedData/Build/Products/Debug-watchos/PackageFrameworks
cd /Users/admin/builder/spi-builder-workspace/.swiftpm/xcode
builtin-create-build-directory /Users/admin/builder/spi-builder-workspace/.derivedData/Build/Products/Debug-watchos/PackageFrameworks
WriteAuxiliaryFile /Users/admin/builder/spi-builder-workspace/.derivedData/Build/Intermediates.noindex/TossPayments.build/Debug-watchos/TossPayments.build/TossPayments.DependencyStaticMetadataFileList (in target 'TossPayments' from project 'TossPayments')
cd /Users/admin/builder/spi-builder-workspace
write-file /Users/admin/builder/spi-builder-workspace/.derivedData/Build/Intermediates.noindex/TossPayments.build/Debug-watchos/TossPayments.build/TossPayments.DependencyStaticMetadataFileList
WriteAuxiliaryFile /Users/admin/builder/spi-builder-workspace/.derivedData/Build/Intermediates.noindex/TossPayments.build/Debug-watchos/TossPayments.build/TossPayments.modulemap (in target 'TossPayments' from project 'TossPayments')
cd /Users/admin/builder/spi-builder-workspace
write-file /Users/admin/builder/spi-builder-workspace/.derivedData/Build/Intermediates.noindex/TossPayments.build/Debug-watchos/TossPayments.build/TossPayments.modulemap
WriteAuxiliaryFile /Users/admin/builder/spi-builder-workspace/.derivedData/Build/Intermediates.noindex/TossPayments.build/Debug-watchos/TossPayments.build/Objects-normal/arm64_32/TossPayments-OutputFileMap.json (in target 'TossPayments' from project 'TossPayments')
cd /Users/admin/builder/spi-builder-workspace
write-file /Users/admin/builder/spi-builder-workspace/.derivedData/Build/Intermediates.noindex/TossPayments.build/Debug-watchos/TossPayments.build/Objects-normal/arm64_32/TossPayments-OutputFileMap.json
WriteAuxiliaryFile /Users/admin/builder/spi-builder-workspace/.derivedData/Build/Intermediates.noindex/TossPayments.build/Debug-watchos/TossPayments.build/Objects-normal/arm64/TossPayments-OutputFileMap.json (in target 'TossPayments' from project 'TossPayments')
cd /Users/admin/builder/spi-builder-workspace
write-file /Users/admin/builder/spi-builder-workspace/.derivedData/Build/Intermediates.noindex/TossPayments.build/Debug-watchos/TossPayments.build/Objects-normal/arm64/TossPayments-OutputFileMap.json
WriteAuxiliaryFile /Users/admin/builder/spi-builder-workspace/.derivedData/Build/Intermediates.noindex/TossPayments.build/Debug-watchos/TossPayments.build/Objects-normal/arm64/TossPayments_const_extract_protocols.json (in target 'TossPayments' from project 'TossPayments')
cd /Users/admin/builder/spi-builder-workspace
write-file /Users/admin/builder/spi-builder-workspace/.derivedData/Build/Intermediates.noindex/TossPayments.build/Debug-watchos/TossPayments.build/Objects-normal/arm64/TossPayments_const_extract_protocols.json
WriteAuxiliaryFile /Users/admin/builder/spi-builder-workspace/.derivedData/Build/Intermediates.noindex/TossPayments.build/Debug-watchos/TossPayments.build/Objects-normal/arm64_32/TossPayments_const_extract_protocols.json (in target 'TossPayments' from project 'TossPayments')
cd /Users/admin/builder/spi-builder-workspace
write-file /Users/admin/builder/spi-builder-workspace/.derivedData/Build/Intermediates.noindex/TossPayments.build/Debug-watchos/TossPayments.build/Objects-normal/arm64_32/TossPayments_const_extract_protocols.json
WriteAuxiliaryFile /Users/admin/builder/spi-builder-workspace/.derivedData/Build/Intermediates.noindex/TossPayments.build/Debug-watchos/TossPayments.build/Objects-normal/armv7k/TossPayments_const_extract_protocols.json (in target 'TossPayments' from project 'TossPayments')
cd /Users/admin/builder/spi-builder-workspace
write-file /Users/admin/builder/spi-builder-workspace/.derivedData/Build/Intermediates.noindex/TossPayments.build/Debug-watchos/TossPayments.build/Objects-normal/armv7k/TossPayments_const_extract_protocols.json
WriteAuxiliaryFile /Users/admin/builder/spi-builder-workspace/.derivedData/Build/Intermediates.noindex/TossPayments.build/Debug-watchos/TossPayments.build/Objects-normal/armv7k/TossPayments-OutputFileMap.json (in target 'TossPayments' from project 'TossPayments')
cd /Users/admin/builder/spi-builder-workspace
write-file /Users/admin/builder/spi-builder-workspace/.derivedData/Build/Intermediates.noindex/TossPayments.build/Debug-watchos/TossPayments.build/Objects-normal/armv7k/TossPayments-OutputFileMap.json
WriteAuxiliaryFile /Users/admin/builder/spi-builder-workspace/.derivedData/Build/Intermediates.noindex/TossPayments.build/Debug-watchos/TossPayments.build/TossPayments.DependencyMetadataFileList (in target 'TossPayments' from project 'TossPayments')
cd /Users/admin/builder/spi-builder-workspace
write-file /Users/admin/builder/spi-builder-workspace/.derivedData/Build/Intermediates.noindex/TossPayments.build/Debug-watchos/TossPayments.build/TossPayments.DependencyMetadataFileList
WriteAuxiliaryFile /Users/admin/builder/spi-builder-workspace/.derivedData/Build/Intermediates.noindex/TossPayments.build/Debug-watchos/TossPayments.build/Objects-normal/armv7k/TossPayments.SwiftFileList (in target 'TossPayments' from project 'TossPayments')
cd /Users/admin/builder/spi-builder-workspace
write-file /Users/admin/builder/spi-builder-workspace/.derivedData/Build/Intermediates.noindex/TossPayments.build/Debug-watchos/TossPayments.build/Objects-normal/armv7k/TossPayments.SwiftFileList
WriteAuxiliaryFile /Users/admin/builder/spi-builder-workspace/.derivedData/Build/Intermediates.noindex/TossPayments.build/Debug-watchos/TossPayments.build/Objects-normal/armv7k/TossPayments.SwiftConstValuesFileList (in target 'TossPayments' from project 'TossPayments')
cd /Users/admin/builder/spi-builder-workspace
write-file /Users/admin/builder/spi-builder-workspace/.derivedData/Build/Intermediates.noindex/TossPayments.build/Debug-watchos/TossPayments.build/Objects-normal/armv7k/TossPayments.SwiftConstValuesFileList
WriteAuxiliaryFile /Users/admin/builder/spi-builder-workspace/.derivedData/Build/Intermediates.noindex/TossPayments.build/Debug-watchos/TossPayments.build/Objects-normal/armv7k/TossPayments.LinkFileList (in target 'TossPayments' from project 'TossPayments')
cd /Users/admin/builder/spi-builder-workspace
write-file /Users/admin/builder/spi-builder-workspace/.derivedData/Build/Intermediates.noindex/TossPayments.build/Debug-watchos/TossPayments.build/Objects-normal/armv7k/TossPayments.LinkFileList
WriteAuxiliaryFile /Users/admin/builder/spi-builder-workspace/.derivedData/Build/Intermediates.noindex/TossPayments.build/Debug-watchos/TossPayments.build/Objects-normal/arm64_32/TossPayments.SwiftFileList (in target 'TossPayments' from project 'TossPayments')
cd /Users/admin/builder/spi-builder-workspace
write-file /Users/admin/builder/spi-builder-workspace/.derivedData/Build/Intermediates.noindex/TossPayments.build/Debug-watchos/TossPayments.build/Objects-normal/arm64_32/TossPayments.SwiftFileList
WriteAuxiliaryFile /Users/admin/builder/spi-builder-workspace/.derivedData/Build/Intermediates.noindex/TossPayments.build/Debug-watchos/TossPayments.build/Objects-normal/arm64_32/TossPayments.SwiftConstValuesFileList (in target 'TossPayments' from project 'TossPayments')
cd /Users/admin/builder/spi-builder-workspace
write-file /Users/admin/builder/spi-builder-workspace/.derivedData/Build/Intermediates.noindex/TossPayments.build/Debug-watchos/TossPayments.build/Objects-normal/arm64_32/TossPayments.SwiftConstValuesFileList
WriteAuxiliaryFile /Users/admin/builder/spi-builder-workspace/.derivedData/Build/Intermediates.noindex/TossPayments.build/Debug-watchos/TossPayments.build/Objects-normal/arm64_32/TossPayments.LinkFileList (in target 'TossPayments' from project 'TossPayments')
cd /Users/admin/builder/spi-builder-workspace
write-file /Users/admin/builder/spi-builder-workspace/.derivedData/Build/Intermediates.noindex/TossPayments.build/Debug-watchos/TossPayments.build/Objects-normal/arm64_32/TossPayments.LinkFileList
WriteAuxiliaryFile /Users/admin/builder/spi-builder-workspace/.derivedData/Build/Intermediates.noindex/TossPayments.build/Debug-watchos/TossPayments.build/Objects-normal/arm64/TossPayments.SwiftFileList (in target 'TossPayments' from project 'TossPayments')
cd /Users/admin/builder/spi-builder-workspace
write-file /Users/admin/builder/spi-builder-workspace/.derivedData/Build/Intermediates.noindex/TossPayments.build/Debug-watchos/TossPayments.build/Objects-normal/arm64/TossPayments.SwiftFileList
WriteAuxiliaryFile /Users/admin/builder/spi-builder-workspace/.derivedData/Build/Intermediates.noindex/TossPayments.build/Debug-watchos/TossPayments.build/Objects-normal/arm64/TossPayments.SwiftConstValuesFileList (in target 'TossPayments' from project 'TossPayments')
cd /Users/admin/builder/spi-builder-workspace
write-file /Users/admin/builder/spi-builder-workspace/.derivedData/Build/Intermediates.noindex/TossPayments.build/Debug-watchos/TossPayments.build/Objects-normal/arm64/TossPayments.SwiftConstValuesFileList
WriteAuxiliaryFile /Users/admin/builder/spi-builder-workspace/.derivedData/Build/Intermediates.noindex/TossPayments.build/Debug-watchos/TossPayments.build/Objects-normal/arm64/TossPayments.LinkFileList (in target 'TossPayments' from project 'TossPayments')
cd /Users/admin/builder/spi-builder-workspace
write-file /Users/admin/builder/spi-builder-workspace/.derivedData/Build/Intermediates.noindex/TossPayments.build/Debug-watchos/TossPayments.build/Objects-normal/arm64/TossPayments.LinkFileList
Copy /Users/admin/builder/spi-builder-workspace/.derivedData/Build/Intermediates.noindex/GeneratedModuleMaps-watchos/TossPayments.modulemap /Users/admin/builder/spi-builder-workspace/.derivedData/Build/Intermediates.noindex/TossPayments.build/Debug-watchos/TossPayments.build/TossPayments.modulemap (in target 'TossPayments' from project 'TossPayments')
cd /Users/admin/builder/spi-builder-workspace
builtin-copy -exclude .DS_Store -exclude CVS -exclude .svn -exclude .git -exclude .hg -resolve-src-symlinks /Users/admin/builder/spi-builder-workspace/.derivedData/Build/Intermediates.noindex/TossPayments.build/Debug-watchos/TossPayments.build/TossPayments.modulemap /Users/admin/builder/spi-builder-workspace/.derivedData/Build/Intermediates.noindex/GeneratedModuleMaps-watchos
SwiftDriver TossPayments normal armv7k com.apple.xcode.tools.swift.compiler (in target 'TossPayments' from project 'TossPayments')
cd /Users/admin/builder/spi-builder-workspace/.swiftpm/xcode
builtin-SwiftDriver -- /Applications/Xcode-26.4.0.app/Contents/Developer/Toolchains/XcodeDefault.xctoolchain/usr/bin/swiftc -module-name TossPayments -Onone @/Users/admin/builder/spi-builder-workspace/.derivedData/Build/Intermediates.noindex/TossPayments.build/Debug-watchos/TossPayments.build/Objects-normal/armv7k/TossPayments.SwiftFileList -DSWIFT_PACKAGE -DDEBUG -DSWIFT_MODULE_RESOURCE_BUNDLE_UNAVAILABLE -DXcode -plugin-path /Applications/Xcode-26.4.0.app/Contents/Developer/Toolchains/XcodeDefault.xctoolchain/usr/lib/swift/host/plugins/testing -enable-experimental-feature DebugDescriptionMacro -sdk /Applications/Xcode-26.4.0.app/Contents/Developer/Platforms/WatchOS.platform/Developer/SDKs/WatchOS26.4.sdk -target armv7k-apple-watchos5.0 -g -module-cache-path /Users/admin/builder/spi-builder-workspace/.derivedData/ModuleCache.noindex -Xfrontend -serialize-debugging-options -enable-testing -index-store-path /Users/admin/builder/spi-builder-workspace/.derivedData/Index.noindex/DataStore -Xcc -D_LIBCPP_HARDENING_MODE\=_LIBCPP_HARDENING_MODE_DEBUG -swift-version 5 -I /Users/admin/builder/spi-builder-workspace/.derivedData/Build/Products/Debug-watchos -Isystem /Applications/Xcode-26.4.0.app/Contents/Developer/Platforms/WatchOS.platform/Developer/usr/lib -F /Users/admin/builder/spi-builder-workspace/.derivedData/Build/Products/Debug-watchos -F /Applications/Xcode-26.4.0.app/Contents/Developer/Platforms/WatchOS.platform/Developer/Library/Frameworks -F /Applications/Xcode-26.4.0.app/Contents/Developer/Platforms/WatchOS.platform/Developer/SDKs/WatchOS26.4.sdk/Developer/Library/Frameworks -c -j10 -enable-batch-mode -incremental -Xcc -ivfsstatcache -Xcc /Users/admin/builder/spi-builder-workspace/.derivedData/SDKStatCaches.noindex/watchos26.4-23T238-688ef53f1462e2c8f657fdc38a81448f9e51884a582f42380855760c9d4cc599.sdkstatcache -output-file-map /Users/admin/builder/spi-builder-workspace/.derivedData/Build/Intermediates.noindex/TossPayments.build/Debug-watchos/TossPayments.build/Objects-normal/armv7k/TossPayments-OutputFileMap.json -use-frontend-parseable-output -save-temps -no-color-diagnostics -explicit-module-build -module-cache-path /Users/admin/builder/spi-builder-workspace/.derivedData/Build/Intermediates.noindex/SwiftExplicitPrecompiledModules -clang-scanner-module-cache-path /Users/admin/builder/spi-builder-workspace/.derivedData/ModuleCache.noindex -sdk-module-cache-path /Users/admin/builder/spi-builder-workspace/.derivedData/ModuleCache.noindex -serialize-diagnostics -emit-dependencies -emit-module -emit-module-path /Users/admin/builder/spi-builder-workspace/.derivedData/Build/Intermediates.noindex/TossPayments.build/Debug-watchos/TossPayments.build/Objects-normal/armv7k/TossPayments.swiftmodule -validate-clang-modules-once -clang-build-session-file /Users/admin/builder/spi-builder-workspace/.derivedData/ModuleCache.noindex/Session.modulevalidation -Xcc -I/Users/admin/builder/spi-builder-workspace/.derivedData/Build/Intermediates.noindex/TossPayments.build/Debug-watchos/TossPayments.build/swift-overrides.hmap -emit-const-values -Xfrontend -const-gather-protocols-file -Xfrontend /Users/admin/builder/spi-builder-workspace/.derivedData/Build/Intermediates.noindex/TossPayments.build/Debug-watchos/TossPayments.build/Objects-normal/armv7k/TossPayments_const_extract_protocols.json -Xcc -I/Users/admin/builder/spi-builder-workspace/.derivedData/Build/Products/Debug-watchos/include -Xcc -I/Users/admin/builder/spi-builder-workspace/.derivedData/Build/Intermediates.noindex/TossPayments.build/Debug-watchos/TossPayments.build/DerivedSources-normal/armv7k -Xcc -I/Users/admin/builder/spi-builder-workspace/.derivedData/Build/Intermediates.noindex/TossPayments.build/Debug-watchos/TossPayments.build/DerivedSources/armv7k -Xcc -I/Users/admin/builder/spi-builder-workspace/.derivedData/Build/Intermediates.noindex/TossPayments.build/Debug-watchos/TossPayments.build/DerivedSources -Xcc -DSWIFT_PACKAGE -Xcc -DDEBUG\=1 -emit-objc-header -emit-objc-header-path /Users/admin/builder/spi-builder-workspace/.derivedData/Build/Intermediates.noindex/TossPayments.build/Debug-watchos/TossPayments.build/Objects-normal/armv7k/TossPayments-Swift.h -working-directory /Users/admin/builder/spi-builder-workspace/.swiftpm/xcode -experimental-emit-module-separately -disable-cmo
/Users/admin/builder/spi-builder-workspace/TossPayments/Sources/BrowserPopupWindow/BrowserPopupHandler.swift:9:8: error: Unable to resolve module dependency: 'WebKit'
import WebKit
^ (in target 'TossPayments' from project 'TossPayments')
/Users/admin/builder/spi-builder-workspace/TossPayments/Sources/BrowserPopupWindow/BrowserPopupHandler.swift:9:8: note: A dependency of main module 'TossPayments'
import WebKit
^ (in target 'TossPayments' from project 'TossPayments')
/Users/admin/builder/spi-builder-workspace/TossPayments/Sources/BrowserPopupWindow/BrowserPopupWindowController.swift:9:8: note: Also imported here
import WebKit
^ (in target 'TossPayments' from project 'TossPayments')
/Users/admin/builder/spi-builder-workspace/TossPayments/Sources/Service/TossPaymentsService.swift:10:8: note: Also imported here
import WebKit
^ (in target 'TossPayments' from project 'TossPayments')
/Users/admin/builder/spi-builder-workspace/TossPayments/Sources/Service/WidgetService.swift:10:8: note: Also imported here
import WebKit
^ (in target 'TossPayments' from project 'TossPayments')
/Users/admin/builder/spi-builder-workspace/TossPayments/Sources/SwiftUI/TossPayments/WebView/TossPaymentsWebView.swift:11:8: note: Also imported here
import WebKit
^ (in target 'TossPayments' from project 'TossPayments')
/Users/admin/builder/spi-builder-workspace/TossPayments/Sources/UIKit/Base/TossPaymentsViewController+WKUIDelegate.swift:8:8: note: Also imported here
import WebKit
^ (in target 'TossPayments' from project 'TossPayments')
/Users/admin/builder/spi-builder-workspace/TossPayments/Sources/UIKit/Base/TossPaymentsViewController.swift:11:8: note: Also imported here
import WebKit
^ (in target 'TossPayments' from project 'TossPayments')
/Users/admin/builder/spi-builder-workspace/TossPayments/Sources/UIKit/ScriptHandler/ErrorHandler.swift:8:8: note: Also imported here
import WebKit
^ (in target 'TossPayments' from project 'TossPayments')
/Users/admin/builder/spi-builder-workspace/TossPayments/Sources/UIKit/ScriptHandler/MessageScriptHandler.swift:8:8: note: Also imported here
import WebKit
^ (in target 'TossPayments' from project 'TossPayments')
/Users/admin/builder/spi-builder-workspace/TossPayments/Sources/UIKit/ScriptHandler/RequestHTMLMessageHandler.swift:9:8: note: Also imported here
import WebKit
^ (in target 'TossPayments' from project 'TossPayments')
/Users/admin/builder/spi-builder-workspace/TossPayments/Sources/UIKit/ScriptHandler/RequestPaymentsMessageHandler.swift:9:8: note: Also imported here
import WebKit
^ (in target 'TossPayments' from project 'TossPayments')
/Users/admin/builder/spi-builder-workspace/TossPayments/Sources/UIKit/ScriptHandler/SuccessHandler.swift:8:8: note: Also imported here
import WebKit
^ (in target 'TossPayments' from project 'TossPayments')
/Users/admin/builder/spi-builder-workspace/TossPayments/Sources/UIKit/ScriptHandler/UpdateHeightMessageHandler.swift:8:8: note: Also imported here
import WebKit
^ (in target 'TossPayments' from project 'TossPayments')
/Users/admin/builder/spi-builder-workspace/TossPayments/Sources/UIKit/Widget/Model/AgreementWidget.swift:9:8: note: Also imported here
import WebKit
^ (in target 'TossPayments' from project 'TossPayments')
/Users/admin/builder/spi-builder-workspace/TossPayments/Sources/UIKit/Widget/Model/PaymentMethodWidget.swift:9:8: note: Also imported here
import WebKit
^ (in target 'TossPayments' from project 'TossPayments')
/Users/admin/builder/spi-builder-workspace/TossPayments/Sources/UIKit/Widget/PaymentWidget.swift:9:8: note: Also imported here
import WebKit
^ (in target 'TossPayments' from project 'TossPayments')
/Users/admin/builder/spi-builder-workspace/TossPayments/Sources/UIKit/Widget/Protocol/PaymentWidgetComponent.swift:9:8: note: Also imported here
import WebKit
^ (in target 'TossPayments' from project 'TossPayments')
SwiftDriver TossPayments normal arm64_32 com.apple.xcode.tools.swift.compiler (in target 'TossPayments' from project 'TossPayments')
cd /Users/admin/builder/spi-builder-workspace/.swiftpm/xcode
builtin-SwiftDriver -- /Applications/Xcode-26.4.0.app/Contents/Developer/Toolchains/XcodeDefault.xctoolchain/usr/bin/swiftc -module-name TossPayments -Onone @/Users/admin/builder/spi-builder-workspace/.derivedData/Build/Intermediates.noindex/TossPayments.build/Debug-watchos/TossPayments.build/Objects-normal/arm64_32/TossPayments.SwiftFileList -DSWIFT_PACKAGE -DDEBUG -DSWIFT_MODULE_RESOURCE_BUNDLE_UNAVAILABLE -DXcode -plugin-path /Applications/Xcode-26.4.0.app/Contents/Developer/Toolchains/XcodeDefault.xctoolchain/usr/lib/swift/host/plugins/testing -enable-experimental-feature DebugDescriptionMacro -sdk /Applications/Xcode-26.4.0.app/Contents/Developer/Platforms/WatchOS.platform/Developer/SDKs/WatchOS26.4.sdk -target arm64_32-apple-watchos5.0 -g -module-cache-path /Users/admin/builder/spi-builder-workspace/.derivedData/ModuleCache.noindex -Xfrontend -serialize-debugging-options -enable-testing -index-store-path /Users/admin/builder/spi-builder-workspace/.derivedData/Index.noindex/DataStore -Xcc -D_LIBCPP_HARDENING_MODE\=_LIBCPP_HARDENING_MODE_DEBUG -swift-version 5 -I /Users/admin/builder/spi-builder-workspace/.derivedData/Build/Products/Debug-watchos -Isystem /Applications/Xcode-26.4.0.app/Contents/Developer/Platforms/WatchOS.platform/Developer/usr/lib -F /Users/admin/builder/spi-builder-workspace/.derivedData/Build/Products/Debug-watchos -F /Applications/Xcode-26.4.0.app/Contents/Developer/Platforms/WatchOS.platform/Developer/Library/Frameworks -F /Applications/Xcode-26.4.0.app/Contents/Developer/Platforms/WatchOS.platform/Developer/SDKs/WatchOS26.4.sdk/Developer/Library/Frameworks -c -j10 -enable-batch-mode -incremental -Xcc -ivfsstatcache -Xcc /Users/admin/builder/spi-builder-workspace/.derivedData/SDKStatCaches.noindex/watchos26.4-23T238-688ef53f1462e2c8f657fdc38a81448f9e51884a582f42380855760c9d4cc599.sdkstatcache -output-file-map /Users/admin/builder/spi-builder-workspace/.derivedData/Build/Intermediates.noindex/TossPayments.build/Debug-watchos/TossPayments.build/Objects-normal/arm64_32/TossPayments-OutputFileMap.json -use-frontend-parseable-output -save-temps -no-color-diagnostics -explicit-module-build -module-cache-path /Users/admin/builder/spi-builder-workspace/.derivedData/Build/Intermediates.noindex/SwiftExplicitPrecompiledModules -clang-scanner-module-cache-path /Users/admin/builder/spi-builder-workspace/.derivedData/ModuleCache.noindex -sdk-module-cache-path /Users/admin/builder/spi-builder-workspace/.derivedData/ModuleCache.noindex -serialize-diagnostics -emit-dependencies -emit-module -emit-module-path /Users/admin/builder/spi-builder-workspace/.derivedData/Build/Intermediates.noindex/TossPayments.build/Debug-watchos/TossPayments.build/Objects-normal/arm64_32/TossPayments.swiftmodule -validate-clang-modules-once -clang-build-session-file /Users/admin/builder/spi-builder-workspace/.derivedData/ModuleCache.noindex/Session.modulevalidation -Xcc -I/Users/admin/builder/spi-builder-workspace/.derivedData/Build/Intermediates.noindex/TossPayments.build/Debug-watchos/TossPayments.build/swift-overrides.hmap -emit-const-values -Xfrontend -const-gather-protocols-file -Xfrontend /Users/admin/builder/spi-builder-workspace/.derivedData/Build/Intermediates.noindex/TossPayments.build/Debug-watchos/TossPayments.build/Objects-normal/arm64_32/TossPayments_const_extract_protocols.json -Xcc -I/Users/admin/builder/spi-builder-workspace/.derivedData/Build/Products/Debug-watchos/include -Xcc -I/Users/admin/builder/spi-builder-workspace/.derivedData/Build/Intermediates.noindex/TossPayments.build/Debug-watchos/TossPayments.build/DerivedSources-normal/arm64_32 -Xcc -I/Users/admin/builder/spi-builder-workspace/.derivedData/Build/Intermediates.noindex/TossPayments.build/Debug-watchos/TossPayments.build/DerivedSources/arm64_32 -Xcc -I/Users/admin/builder/spi-builder-workspace/.derivedData/Build/Intermediates.noindex/TossPayments.build/Debug-watchos/TossPayments.build/DerivedSources -Xcc -DSWIFT_PACKAGE -Xcc -DDEBUG\=1 -emit-objc-header -emit-objc-header-path /Users/admin/builder/spi-builder-workspace/.derivedData/Build/Intermediates.noindex/TossPayments.build/Debug-watchos/TossPayments.build/Objects-normal/arm64_32/TossPayments-Swift.h -working-directory /Users/admin/builder/spi-builder-workspace/.swiftpm/xcode -experimental-emit-module-separately -disable-cmo
/Users/admin/builder/spi-builder-workspace/TossPayments/Sources/BrowserPopupWindow/BrowserPopupHandler.swift:9:8: error: Unable to resolve module dependency: 'WebKit'
import WebKit
^ (in target 'TossPayments' from project 'TossPayments')
/Users/admin/builder/spi-builder-workspace/TossPayments/Sources/BrowserPopupWindow/BrowserPopupHandler.swift:9:8: note: A dependency of main module 'TossPayments'
import WebKit
^ (in target 'TossPayments' from project 'TossPayments')
/Users/admin/builder/spi-builder-workspace/TossPayments/Sources/BrowserPopupWindow/BrowserPopupWindowController.swift:9:8: note: Also imported here
import WebKit
^ (in target 'TossPayments' from project 'TossPayments')
/Users/admin/builder/spi-builder-workspace/TossPayments/Sources/Service/TossPaymentsService.swift:10:8: note: Also imported here
import WebKit
^ (in target 'TossPayments' from project 'TossPayments')
/Users/admin/builder/spi-builder-workspace/TossPayments/Sources/Service/WidgetService.swift:10:8: note: Also imported here
import WebKit
^ (in target 'TossPayments' from project 'TossPayments')
/Users/admin/builder/spi-builder-workspace/TossPayments/Sources/SwiftUI/TossPayments/WebView/TossPaymentsWebView.swift:11:8: note: Also imported here
import WebKit
^ (in target 'TossPayments' from project 'TossPayments')
/Users/admin/builder/spi-builder-workspace/TossPayments/Sources/UIKit/Base/TossPaymentsViewController+WKUIDelegate.swift:8:8: note: Also imported here
import WebKit
^ (in target 'TossPayments' from project 'TossPayments')
/Users/admin/builder/spi-builder-workspace/TossPayments/Sources/UIKit/Base/TossPaymentsViewController.swift:11:8: note: Also imported here
import WebKit
^ (in target 'TossPayments' from project 'TossPayments')
/Users/admin/builder/spi-builder-workspace/TossPayments/Sources/UIKit/ScriptHandler/ErrorHandler.swift:8:8: note: Also imported here
import WebKit
^ (in target 'TossPayments' from project 'TossPayments')
/Users/admin/builder/spi-builder-workspace/TossPayments/Sources/UIKit/ScriptHandler/MessageScriptHandler.swift:8:8: note: Also imported here
import WebKit
^ (in target 'TossPayments' from project 'TossPayments')
/Users/admin/builder/spi-builder-workspace/TossPayments/Sources/UIKit/ScriptHandler/RequestHTMLMessageHandler.swift:9:8: note: Also imported here
import WebKit
^ (in target 'TossPayments' from project 'TossPayments')
/Users/admin/builder/spi-builder-workspace/TossPayments/Sources/UIKit/ScriptHandler/RequestPaymentsMessageHandler.swift:9:8: note: Also imported here
import WebKit
^ (in target 'TossPayments' from project 'TossPayments')
/Users/admin/builder/spi-builder-workspace/TossPayments/Sources/UIKit/ScriptHandler/SuccessHandler.swift:8:8: note: Also imported here
import WebKit
^ (in target 'TossPayments' from project 'TossPayments')
/Users/admin/builder/spi-builder-workspace/TossPayments/Sources/UIKit/ScriptHandler/UpdateHeightMessageHandler.swift:8:8: note: Also imported here
import WebKit
^ (in target 'TossPayments' from project 'TossPayments')
/Users/admin/builder/spi-builder-workspace/TossPayments/Sources/UIKit/Widget/Model/AgreementWidget.swift:9:8: note: Also imported here
import WebKit
^ (in target 'TossPayments' from project 'TossPayments')
/Users/admin/builder/spi-builder-workspace/TossPayments/Sources/UIKit/Widget/Model/PaymentMethodWidget.swift:9:8: note: Also imported here
import WebKit
^ (in target 'TossPayments' from project 'TossPayments')
/Users/admin/builder/spi-builder-workspace/TossPayments/Sources/UIKit/Widget/PaymentWidget.swift:9:8: note: Also imported here
import WebKit
^ (in target 'TossPayments' from project 'TossPayments')
/Users/admin/builder/spi-builder-workspace/TossPayments/Sources/UIKit/Widget/Protocol/PaymentWidgetComponent.swift:9:8: note: Also imported here
import WebKit
^ (in target 'TossPayments' from project 'TossPayments')
SwiftDriver TossPayments normal arm64 com.apple.xcode.tools.swift.compiler (in target 'TossPayments' from project 'TossPayments')
cd /Users/admin/builder/spi-builder-workspace/.swiftpm/xcode
builtin-SwiftDriver -- /Applications/Xcode-26.4.0.app/Contents/Developer/Toolchains/XcodeDefault.xctoolchain/usr/bin/swiftc -module-name TossPayments -Onone @/Users/admin/builder/spi-builder-workspace/.derivedData/Build/Intermediates.noindex/TossPayments.build/Debug-watchos/TossPayments.build/Objects-normal/arm64/TossPayments.SwiftFileList -DSWIFT_PACKAGE -DDEBUG -DSWIFT_MODULE_RESOURCE_BUNDLE_UNAVAILABLE -DXcode -plugin-path /Applications/Xcode-26.4.0.app/Contents/Developer/Toolchains/XcodeDefault.xctoolchain/usr/lib/swift/host/plugins/testing -enable-experimental-feature DebugDescriptionMacro -sdk /Applications/Xcode-26.4.0.app/Contents/Developer/Platforms/WatchOS.platform/Developer/SDKs/WatchOS26.4.sdk -target arm64-apple-watchos5.0 -g -module-cache-path /Users/admin/builder/spi-builder-workspace/.derivedData/ModuleCache.noindex -Xfrontend -serialize-debugging-options -enable-testing -index-store-path /Users/admin/builder/spi-builder-workspace/.derivedData/Index.noindex/DataStore -Xcc -D_LIBCPP_HARDENING_MODE\=_LIBCPP_HARDENING_MODE_DEBUG -swift-version 5 -I /Users/admin/builder/spi-builder-workspace/.derivedData/Build/Products/Debug-watchos -Isystem /Applications/Xcode-26.4.0.app/Contents/Developer/Platforms/WatchOS.platform/Developer/usr/lib -F /Users/admin/builder/spi-builder-workspace/.derivedData/Build/Products/Debug-watchos -F /Applications/Xcode-26.4.0.app/Contents/Developer/Platforms/WatchOS.platform/Developer/Library/Frameworks -F /Applications/Xcode-26.4.0.app/Contents/Developer/Platforms/WatchOS.platform/Developer/SDKs/WatchOS26.4.sdk/Developer/Library/Frameworks -c -j10 -enable-batch-mode -incremental -Xcc -ivfsstatcache -Xcc /Users/admin/builder/spi-builder-workspace/.derivedData/SDKStatCaches.noindex/watchos26.4-23T238-688ef53f1462e2c8f657fdc38a81448f9e51884a582f42380855760c9d4cc599.sdkstatcache -output-file-map /Users/admin/builder/spi-builder-workspace/.derivedData/Build/Intermediates.noindex/TossPayments.build/Debug-watchos/TossPayments.build/Objects-normal/arm64/TossPayments-OutputFileMap.json -use-frontend-parseable-output -save-temps -no-color-diagnostics -explicit-module-build -module-cache-path /Users/admin/builder/spi-builder-workspace/.derivedData/Build/Intermediates.noindex/SwiftExplicitPrecompiledModules -clang-scanner-module-cache-path /Users/admin/builder/spi-builder-workspace/.derivedData/ModuleCache.noindex -sdk-module-cache-path /Users/admin/builder/spi-builder-workspace/.derivedData/ModuleCache.noindex -serialize-diagnostics -emit-dependencies -emit-module -emit-module-path /Users/admin/builder/spi-builder-workspace/.derivedData/Build/Intermediates.noindex/TossPayments.build/Debug-watchos/TossPayments.build/Objects-normal/arm64/TossPayments.swiftmodule -validate-clang-modules-once -clang-build-session-file /Users/admin/builder/spi-builder-workspace/.derivedData/ModuleCache.noindex/Session.modulevalidation -Xcc -I/Users/admin/builder/spi-builder-workspace/.derivedData/Build/Intermediates.noindex/TossPayments.build/Debug-watchos/TossPayments.build/swift-overrides.hmap -emit-const-values -Xfrontend -const-gather-protocols-file -Xfrontend /Users/admin/builder/spi-builder-workspace/.derivedData/Build/Intermediates.noindex/TossPayments.build/Debug-watchos/TossPayments.build/Objects-normal/arm64/TossPayments_const_extract_protocols.json -Xcc -I/Users/admin/builder/spi-builder-workspace/.derivedData/Build/Products/Debug-watchos/include -Xcc -I/Users/admin/builder/spi-builder-workspace/.derivedData/Build/Intermediates.noindex/TossPayments.build/Debug-watchos/TossPayments.build/DerivedSources-normal/arm64 -Xcc -I/Users/admin/builder/spi-builder-workspace/.derivedData/Build/Intermediates.noindex/TossPayments.build/Debug-watchos/TossPayments.build/DerivedSources/arm64 -Xcc -I/Users/admin/builder/spi-builder-workspace/.derivedData/Build/Intermediates.noindex/TossPayments.build/Debug-watchos/TossPayments.build/DerivedSources -Xcc -DSWIFT_PACKAGE -Xcc -DDEBUG\=1 -emit-objc-header -emit-objc-header-path /Users/admin/builder/spi-builder-workspace/.derivedData/Build/Intermediates.noindex/TossPayments.build/Debug-watchos/TossPayments.build/Objects-normal/arm64/TossPayments-Swift.h -working-directory /Users/admin/builder/spi-builder-workspace/.swiftpm/xcode -experimental-emit-module-separately -disable-cmo
/Users/admin/builder/spi-builder-workspace/TossPayments/Sources/BrowserPopupWindow/BrowserPopupHandler.swift:9:8: error: Unable to resolve module dependency: 'WebKit'
import WebKit
^ (in target 'TossPayments' from project 'TossPayments')
/Users/admin/builder/spi-builder-workspace/TossPayments/Sources/BrowserPopupWindow/BrowserPopupHandler.swift:9:8: note: A dependency of main module 'TossPayments'
import WebKit
^ (in target 'TossPayments' from project 'TossPayments')
/Users/admin/builder/spi-builder-workspace/TossPayments/Sources/BrowserPopupWindow/BrowserPopupWindowController.swift:9:8: note: Also imported here
import WebKit
^ (in target 'TossPayments' from project 'TossPayments')
/Users/admin/builder/spi-builder-workspace/TossPayments/Sources/Service/TossPaymentsService.swift:10:8: note: Also imported here
import WebKit
^ (in target 'TossPayments' from project 'TossPayments')
/Users/admin/builder/spi-builder-workspace/TossPayments/Sources/Service/WidgetService.swift:10:8: note: Also imported here
import WebKit
^ (in target 'TossPayments' from project 'TossPayments')
/Users/admin/builder/spi-builder-workspace/TossPayments/Sources/SwiftUI/TossPayments/WebView/TossPaymentsWebView.swift:11:8: note: Also imported here
import WebKit
^ (in target 'TossPayments' from project 'TossPayments')
/Users/admin/builder/spi-builder-workspace/TossPayments/Sources/UIKit/Base/TossPaymentsViewController+WKUIDelegate.swift:8:8: note: Also imported here
import WebKit
^ (in target 'TossPayments' from project 'TossPayments')
/Users/admin/builder/spi-builder-workspace/TossPayments/Sources/UIKit/Base/TossPaymentsViewController.swift:11:8: note: Also imported here
import WebKit
^ (in target 'TossPayments' from project 'TossPayments')
/Users/admin/builder/spi-builder-workspace/TossPayments/Sources/UIKit/ScriptHandler/ErrorHandler.swift:8:8: note: Also imported here
import WebKit
^ (in target 'TossPayments' from project 'TossPayments')
/Users/admin/builder/spi-builder-workspace/TossPayments/Sources/UIKit/ScriptHandler/MessageScriptHandler.swift:8:8: note: Also imported here
import WebKit
^ (in target 'TossPayments' from project 'TossPayments')
/Users/admin/builder/spi-builder-workspace/TossPayments/Sources/UIKit/ScriptHandler/RequestHTMLMessageHandler.swift:9:8: note: Also imported here
import WebKit
^ (in target 'TossPayments' from project 'TossPayments')
/Users/admin/builder/spi-builder-workspace/TossPayments/Sources/UIKit/ScriptHandler/RequestPaymentsMessageHandler.swift:9:8: note: Also imported here
import WebKit
^ (in target 'TossPayments' from project 'TossPayments')
/Users/admin/builder/spi-builder-workspace/TossPayments/Sources/UIKit/ScriptHandler/SuccessHandler.swift:8:8: note: Also imported here
import WebKit
^ (in target 'TossPayments' from project 'TossPayments')
/Users/admin/builder/spi-builder-workspace/TossPayments/Sources/UIKit/ScriptHandler/UpdateHeightMessageHandler.swift:8:8: note: Also imported here
import WebKit
^ (in target 'TossPayments' from project 'TossPayments')
/Users/admin/builder/spi-builder-workspace/TossPayments/Sources/UIKit/Widget/Model/AgreementWidget.swift:9:8: note: Also imported here
import WebKit
^ (in target 'TossPayments' from project 'TossPayments')
/Users/admin/builder/spi-builder-workspace/TossPayments/Sources/UIKit/Widget/Model/PaymentMethodWidget.swift:9:8: note: Also imported here
import WebKit
^ (in target 'TossPayments' from project 'TossPayments')
/Users/admin/builder/spi-builder-workspace/TossPayments/Sources/UIKit/Widget/PaymentWidget.swift:9:8: note: Also imported here
import WebKit
^ (in target 'TossPayments' from project 'TossPayments')
/Users/admin/builder/spi-builder-workspace/TossPayments/Sources/UIKit/Widget/Protocol/PaymentWidgetComponent.swift:9:8: note: Also imported here
import WebKit
^ (in target 'TossPayments' from project 'TossPayments')
2026-06-26 09:52:00.100 xcodebuild[714:4535] [MT] IDERunDestination: Supported platforms for the buildables in the current scheme is empty.
/Users/admin/builder/spi-builder-workspace/TossPayments/Sources/BrowserPopupWindow/BrowserPopupHandler.swift:9:8: error: unable to resolve module dependency: 'WebKit'
import WebKit
^
/Users/admin/builder/spi-builder-workspace/TossPayments/Sources/BrowserPopupWindow/BrowserPopupHandler.swift:9:8: note: a dependency of main module 'TossPayments'
import WebKit
^
/Users/admin/builder/spi-builder-workspace/TossPayments/Sources/BrowserPopupWindow/BrowserPopupWindowController.swift:9:8: note: also imported here
import WebKit
^
/Users/admin/builder/spi-builder-workspace/TossPayments/Sources/Service/TossPaymentsService.swift:10:8: note: also imported here
import WebKit
^
/Users/admin/builder/spi-builder-workspace/TossPayments/Sources/Service/WidgetService.swift:10:8: note: also imported here
import WebKit
^
/Users/admin/builder/spi-builder-workspace/TossPayments/Sources/SwiftUI/TossPayments/WebView/TossPaymentsWebView.swift:11:8: note: also imported here
import WebKit
^
/Users/admin/builder/spi-builder-workspace/TossPayments/Sources/UIKit/Base/TossPaymentsViewController+WKUIDelegate.swift:8:8: note: also imported here
import WebKit
^
/Users/admin/builder/spi-builder-workspace/TossPayments/Sources/UIKit/Base/TossPaymentsViewController.swift:11:8: note: also imported here
import WebKit
^
/Users/admin/builder/spi-builder-workspace/TossPayments/Sources/UIKit/ScriptHandler/ErrorHandler.swift:8:8: note: also imported here
import WebKit
^
/Users/admin/builder/spi-builder-workspace/TossPayments/Sources/UIKit/ScriptHandler/MessageScriptHandler.swift:8:8: note: also imported here
import WebKit
^
/Users/admin/builder/spi-builder-workspace/TossPayments/Sources/UIKit/ScriptHandler/RequestHTMLMessageHandler.swift:9:8: note: also imported here
import WebKit
^
/Users/admin/builder/spi-builder-workspace/TossPayments/Sources/UIKit/ScriptHandler/RequestPaymentsMessageHandler.swift:9:8: note: also imported here
import WebKit
^
/Users/admin/builder/spi-builder-workspace/TossPayments/Sources/UIKit/ScriptHandler/SuccessHandler.swift:8:8: note: also imported here
import WebKit
^
/Users/admin/builder/spi-builder-workspace/TossPayments/Sources/UIKit/ScriptHandler/UpdateHeightMessageHandler.swift:8:8: note: also imported here
import WebKit
^
/Users/admin/builder/spi-builder-workspace/TossPayments/Sources/UIKit/Widget/Model/AgreementWidget.swift:9:8: note: also imported here
import WebKit
^
/Users/admin/builder/spi-builder-workspace/TossPayments/Sources/UIKit/Widget/Model/PaymentMethodWidget.swift:9:8: note: also imported here
import WebKit
^
/Users/admin/builder/spi-builder-workspace/TossPayments/Sources/UIKit/Widget/PaymentWidget.swift:9:8: note: also imported here
import WebKit
^
/Users/admin/builder/spi-builder-workspace/TossPayments/Sources/UIKit/Widget/Protocol/PaymentWidgetComponent.swift:9:8: note: also imported here
import WebKit
^
/Users/admin/builder/spi-builder-workspace/TossPayments/Sources/BrowserPopupWindow/BrowserPopupHandler.swift:9:8: error: unable to resolve module dependency: 'WebKit'
import WebKit
^
/Users/admin/builder/spi-builder-workspace/TossPayments/Sources/BrowserPopupWindow/BrowserPopupHandler.swift:9:8: note: a dependency of main module 'TossPayments'
import WebKit
^
/Users/admin/builder/spi-builder-workspace/TossPayments/Sources/BrowserPopupWindow/BrowserPopupWindowController.swift:9:8: note: also imported here
import WebKit
^
/Users/admin/builder/spi-builder-workspace/TossPayments/Sources/Service/TossPaymentsService.swift:10:8: note: also imported here
import WebKit
^
/Users/admin/builder/spi-builder-workspace/TossPayments/Sources/Service/WidgetService.swift:10:8: note: also imported here
import WebKit
^
/Users/admin/builder/spi-builder-workspace/TossPayments/Sources/SwiftUI/TossPayments/WebView/TossPaymentsWebView.swift:11:8: note: also imported here
import WebKit
^
/Users/admin/builder/spi-builder-workspace/TossPayments/Sources/UIKit/Base/TossPaymentsViewController+WKUIDelegate.swift:8:8: note: also imported here
import WebKit
^
/Users/admin/builder/spi-builder-workspace/TossPayments/Sources/UIKit/Base/TossPaymentsViewController.swift:11:8: note: also imported here
import WebKit
^
/Users/admin/builder/spi-builder-workspace/TossPayments/Sources/UIKit/ScriptHandler/ErrorHandler.swift:8:8: note: also imported here
import WebKit
^
/Users/admin/builder/spi-builder-workspace/TossPayments/Sources/UIKit/ScriptHandler/MessageScriptHandler.swift:8:8: note: also imported here
import WebKit
^
/Users/admin/builder/spi-builder-workspace/TossPayments/Sources/UIKit/ScriptHandler/RequestHTMLMessageHandler.swift:9:8: note: also imported here
import WebKit
^
/Users/admin/builder/spi-builder-workspace/TossPayments/Sources/UIKit/ScriptHandler/RequestPaymentsMessageHandler.swift:9:8: note: also imported here
import WebKit
^
/Users/admin/builder/spi-builder-workspace/TossPayments/Sources/UIKit/ScriptHandler/SuccessHandler.swift:8:8: note: also imported here
import WebKit
^
/Users/admin/builder/spi-builder-workspace/TossPayments/Sources/UIKit/ScriptHandler/UpdateHeightMessageHandler.swift:8:8: note: also imported here
import WebKit
^
/Users/admin/builder/spi-builder-workspace/TossPayments/Sources/UIKit/Widget/Model/AgreementWidget.swift:9:8: note: also imported here
import WebKit
^
/Users/admin/builder/spi-builder-workspace/TossPayments/Sources/UIKit/Widget/Model/PaymentMethodWidget.swift:9:8: note: also imported here
import WebKit
^
/Users/admin/builder/spi-builder-workspace/TossPayments/Sources/UIKit/Widget/PaymentWidget.swift:9:8: note: also imported here
import WebKit
^
/Users/admin/builder/spi-builder-workspace/TossPayments/Sources/UIKit/Widget/Protocol/PaymentWidgetComponent.swift:9:8: note: also imported here
import WebKit
^
/Users/admin/builder/spi-builder-workspace/TossPayments/Sources/BrowserPopupWindow/BrowserPopupHandler.swift:9:8: error: unable to resolve module dependency: 'WebKit'
import WebKit
^
/Users/admin/builder/spi-builder-workspace/TossPayments/Sources/BrowserPopupWindow/BrowserPopupHandler.swift:9:8: note: a dependency of main module 'TossPayments'
import WebKit
^
/Users/admin/builder/spi-builder-workspace/TossPayments/Sources/BrowserPopupWindow/BrowserPopupWindowController.swift:9:8: note: also imported here
import WebKit
^
/Users/admin/builder/spi-builder-workspace/TossPayments/Sources/Service/TossPaymentsService.swift:10:8: note: also imported here
import WebKit
^
/Users/admin/builder/spi-builder-workspace/TossPayments/Sources/Service/WidgetService.swift:10:8: note: also imported here
import WebKit
^
/Users/admin/builder/spi-builder-workspace/TossPayments/Sources/SwiftUI/TossPayments/WebView/TossPaymentsWebView.swift:11:8: note: also imported here
import WebKit
^
/Users/admin/builder/spi-builder-workspace/TossPayments/Sources/UIKit/Base/TossPaymentsViewController+WKUIDelegate.swift:8:8: note: also imported here
import WebKit
^
/Users/admin/builder/spi-builder-workspace/TossPayments/Sources/UIKit/Base/TossPaymentsViewController.swift:11:8: note: also imported here
import WebKit
^
/Users/admin/builder/spi-builder-workspace/TossPayments/Sources/UIKit/ScriptHandler/ErrorHandler.swift:8:8: note: also imported here
import WebKit
^
/Users/admin/builder/spi-builder-workspace/TossPayments/Sources/UIKit/ScriptHandler/MessageScriptHandler.swift:8:8: note: also imported here
import WebKit
^
/Users/admin/builder/spi-builder-workspace/TossPayments/Sources/UIKit/ScriptHandler/RequestHTMLMessageHandler.swift:9:8: note: also imported here
import WebKit
^
/Users/admin/builder/spi-builder-workspace/TossPayments/Sources/UIKit/ScriptHandler/RequestPaymentsMessageHandler.swift:9:8: note: also imported here
import WebKit
^
/Users/admin/builder/spi-builder-workspace/TossPayments/Sources/UIKit/ScriptHandler/SuccessHandler.swift:8:8: note: also imported here
import WebKit
^
/Users/admin/builder/spi-builder-workspace/TossPayments/Sources/UIKit/ScriptHandler/UpdateHeightMessageHandler.swift:8:8: note: also imported here
import WebKit
^
/Users/admin/builder/spi-builder-workspace/TossPayments/Sources/UIKit/Widget/Model/AgreementWidget.swift:9:8: note: also imported here
import WebKit
^
/Users/admin/builder/spi-builder-workspace/TossPayments/Sources/UIKit/Widget/Model/PaymentMethodWidget.swift:9:8: note: also imported here
import WebKit
^
/Users/admin/builder/spi-builder-workspace/TossPayments/Sources/UIKit/Widget/PaymentWidget.swift:9:8: note: also imported here
import WebKit
^
/Users/admin/builder/spi-builder-workspace/TossPayments/Sources/UIKit/Widget/Protocol/PaymentWidgetComponent.swift:9:8: note: also imported here
import WebKit
^
** BUILD FAILED **
The following build commands failed:
SwiftDriver TossPayments normal armv7k com.apple.xcode.tools.swift.compiler (in target 'TossPayments' from project 'TossPayments')
SwiftDriver TossPayments normal arm64_32 com.apple.xcode.tools.swift.compiler (in target 'TossPayments' from project 'TossPayments')
SwiftDriver TossPayments normal arm64 com.apple.xcode.tools.swift.compiler (in target 'TossPayments' from project 'TossPayments')
Building workspace spi-builder-workspace with scheme TossPayments
(4 failures)
Command line invocation:
/Applications/Xcode-26.4.0.app/Contents/Developer/usr/bin/xcodebuild -IDEClonedSourcePackagesDirPathOverride=/Users/admin/builder/spi-builder-workspace/.dependencies -resolvePackageDependencies
Resolve Package Graph
Resolved source packages:
TossPayments: /Users/admin/builder/spi-builder-workspace
resolved source packages: TossPayments
2026-06-26 09:52:05.329 xcodebuild[731:4873] [MT] IDERunDestination: Supported platforms for the buildables in the current scheme is empty.
{
"dependencies" : [
],
"manifest_display_name" : "TossPayments",
"name" : "TossPayments",
"path" : "/Users/admin/builder/spi-builder-workspace",
"platforms" : [
{
"name" : "ios",
"version" : "11.0"
}
],
"products" : [
{
"name" : "TossPayments",
"targets" : [
"TossPayments"
],
"type" : {
"library" : [
"automatic"
]
}
}
],
"swift_languages_versions" : [
"5"
],
"targets" : [
{
"c99name" : "TossPayments",
"module_type" : "SwiftTarget",
"name" : "TossPayments",
"path" : "TossPayments/Sources",
"product_memberships" : [
"TossPayments"
],
"sources" : [
"AppSchemeManager/AppSchemeManager.swift",
"BrowserPopupWindow/BrowserPopupHandler.swift",
"BrowserPopupWindow/BrowserPopupWindowController.swift",
"Model/AgreementStatus.swift",
"Model/CustomRequest.swift",
"Model/Etc/CarrierCode.swift",
"Model/Etc/CashReceipt.swift",
"Model/Etc/EscrowProducts.swift",
"Model/Etc/SubOrder.swift",
"Model/PaymentInfo/CardPaymentInfo.swift",
"Model/PaymentInfo/DefaultPaymentInfo.swift",
"Model/PaymentInfo/ForeignEasyPayPaymentInfo.swift",
"Model/PaymentInfo/GiftCertificatePaymentInfo.swift",
"Model/PaymentInfo/MobilePhonePaymentInfo.swift",
"Model/PaymentInfo/PaymentInfo.swift",
"Model/PaymentInfo/TransferPaymentInfo.swift",
"Model/PaymentInfo/VirtualAccountPaymentInfo.swift",
"Model/PaymentInfo/WebConstants.swift",
"Model/PaymentMethod/GiftCertificate.swift",
"Model/PaymentMethod/PaymentMethod.swift",
"Model/TossPaymentsResult.swift",
"Model/WidgetPaymentInfo/DefaultWidgetPaymentInfo.swift",
"Model/WidgetPaymentInfo/WidgetPaymentInfo.swift",
"Model/WidgetPaymentMethod.swift",
"Model/WidgetStatus.swift",
"Service/TossPaymentsEnvironment.swift",
"Service/TossPaymentsService.swift",
"Service/WidgetService.swift",
"SwiftUI/TossPayments/TossPaymentsView.swift",
"SwiftUI/TossPayments/WebView/TossPaymentsWebView.swift",
"SwiftUI/Widget/AgreementWidgetView.swift",
"SwiftUI/Widget/PaymentMethodWidgetView.swift",
"SwiftUI/Widget/PaymentWidgetView.swift",
"UIKit/Base/TossPaymentsDelegate.swift",
"UIKit/Base/TossPaymentsViewController+WKUIDelegate.swift",
"UIKit/Base/TossPaymentsViewController.swift",
"UIKit/Base/TossPaymentsWidgetUIDelegate.swift",
"UIKit/BrandPay/BrandPay.swift",
"UIKit/Message/ChangePaymentMethodMessage.swift",
"UIKit/Message/CustomPaymentMethodSelectedMessage.swift",
"UIKit/Message/CustomPaymentMethodUnselectedMessage.swift",
"UIKit/Message/CustomRequestMessage.swift",
"UIKit/Message/MessageHandler.swift",
"UIKit/Message/UpdateAgreementStatusMessage.swift",
"UIKit/Message/UpdateHeightMessage.swift",
"UIKit/Message/WidgetMessageProtocol.swift",
"UIKit/Message/WidgetStatusMessage.swift",
"UIKit/ScriptHandler/ErrorHandler.swift",
"UIKit/ScriptHandler/MessageScriptHandler.swift",
"UIKit/ScriptHandler/RequestHTMLMessageHandler.swift",
"UIKit/ScriptHandler/RequestPaymentsMessageHandler.swift",
"UIKit/ScriptHandler/ScriptName.swift",
"UIKit/ScriptHandler/SuccessHandler.swift",
"UIKit/ScriptHandler/UpdateHeightMessageHandler.swift",
"UIKit/TossPayments/TossPayments.swift",
"UIKit/Widget/Model/AgreementWidget.swift",
"UIKit/Widget/Model/PaymentMethodWidget.swift",
"UIKit/Widget/PaymentMethodWidget+Extensions.swift",
"UIKit/Widget/PaymentWidget+WebSources.swift",
"UIKit/Widget/PaymentWidget.swift",
"UIKit/Widget/Protocol/CanUpdateHeight.swift",
"UIKit/Widget/Protocol/PaymentWidgetComponent.swift",
"Util/UIView+TossPaymentExtension.swift",
"Util/UIWindow+TossPaymentExtension.swift",
"Util/URLComponent+TossPaymentExtension.swift"
],
"type" : "library"
}
],
"tools_version" : "5.1"
}
{
"workspace" : {
"name" : "spi-builder-workspace",
"schemes" : [
"TossPayments"
]
}
}
2026-06-26 09:52:06.475 xcodebuild[741:4951] [MT] IDERunDestination: Supported platforms for the buildables in the current scheme is empty.
Running build ...
env DEVELOPER_DIR=/Applications/Xcode-26.4.0.app xcrun xcodebuild -IDEClonedSourcePackagesDirPathOverride=$PWD/.dependencies -skipMacroValidation -skipPackagePluginValidation -derivedDataPath $PWD/.derivedData build -scheme TossPayments -destination generic/platform=watchOS
Command line invocation:
/Applications/Xcode-26.4.0.app/Contents/Developer/usr/bin/xcodebuild -IDEClonedSourcePackagesDirPathOverride=/Users/admin/builder/spi-builder-workspace/.dependencies -skipMacroValidation -skipPackagePluginValidation -derivedDataPath /Users/admin/builder/spi-builder-workspace/.derivedData build -scheme TossPayments -destination generic/platform=watchOS
Resolve Package Graph
Resolved source packages:
TossPayments: /Users/admin/builder/spi-builder-workspace
ComputePackagePrebuildTargetDependencyGraph
Prepare packages
CreateBuildRequest
SendProjectDescription
CreateBuildOperation
ComputeTargetDependencyGraph
note: Building targets in dependency order
note: Target dependency graph (2 targets)
Target 'TossPayments' in project 'TossPayments'
➜ Explicit dependency on target 'TossPayments' in project 'TossPayments'
Target 'TossPayments' in project 'TossPayments' (no dependencies)
GatherProvisioningInputs
CreateBuildDescription
ClangStatCache /Applications/Xcode-26.4.0.app/Contents/Developer/Toolchains/XcodeDefault.xctoolchain/usr/bin/clang-stat-cache /Applications/Xcode-26.4.0.app/Contents/Developer/Platforms/WatchOS.platform/Developer/SDKs/WatchOS26.4.sdk /Users/admin/builder/spi-builder-workspace/.derivedData/SDKStatCaches.noindex/watchos26.4-23T238-688ef53f1462e2c8f657fdc38a81448f9e51884a582f42380855760c9d4cc599.sdkstatcache
cd /Users/admin/builder/spi-builder-workspace/.swiftpm/xcode
/Applications/Xcode-26.4.0.app/Contents/Developer/Toolchains/XcodeDefault.xctoolchain/usr/bin/clang-stat-cache /Applications/Xcode-26.4.0.app/Contents/Developer/Platforms/WatchOS.platform/Developer/SDKs/WatchOS26.4.sdk -o /Users/admin/builder/spi-builder-workspace/.derivedData/SDKStatCaches.noindex/watchos26.4-23T238-688ef53f1462e2c8f657fdc38a81448f9e51884a582f42380855760c9d4cc599.sdkstatcache
SwiftDriver TossPayments normal arm64_32 com.apple.xcode.tools.swift.compiler (in target 'TossPayments' from project 'TossPayments')
cd /Users/admin/builder/spi-builder-workspace/.swiftpm/xcode
builtin-SwiftDriver -- /Applications/Xcode-26.4.0.app/Contents/Developer/Toolchains/XcodeDefault.xctoolchain/usr/bin/swiftc -module-name TossPayments -Onone @/Users/admin/builder/spi-builder-workspace/.derivedData/Build/Intermediates.noindex/TossPayments.build/Debug-watchos/TossPayments.build/Objects-normal/arm64_32/TossPayments.SwiftFileList -DSWIFT_PACKAGE -DDEBUG -DSWIFT_MODULE_RESOURCE_BUNDLE_UNAVAILABLE -DXcode -plugin-path /Applications/Xcode-26.4.0.app/Contents/Developer/Toolchains/XcodeDefault.xctoolchain/usr/lib/swift/host/plugins/testing -enable-experimental-feature DebugDescriptionMacro -sdk /Applications/Xcode-26.4.0.app/Contents/Developer/Platforms/WatchOS.platform/Developer/SDKs/WatchOS26.4.sdk -target arm64_32-apple-watchos5.0 -g -module-cache-path /Users/admin/builder/spi-builder-workspace/.derivedData/ModuleCache.noindex -Xfrontend -serialize-debugging-options -enable-testing -index-store-path /Users/admin/builder/spi-builder-workspace/.derivedData/Index.noindex/DataStore -Xcc -D_LIBCPP_HARDENING_MODE\=_LIBCPP_HARDENING_MODE_DEBUG -swift-version 5 -I /Users/admin/builder/spi-builder-workspace/.derivedData/Build/Products/Debug-watchos -Isystem /Applications/Xcode-26.4.0.app/Contents/Developer/Platforms/WatchOS.platform/Developer/usr/lib -F /Users/admin/builder/spi-builder-workspace/.derivedData/Build/Products/Debug-watchos -F /Applications/Xcode-26.4.0.app/Contents/Developer/Platforms/WatchOS.platform/Developer/Library/Frameworks -F /Applications/Xcode-26.4.0.app/Contents/Developer/Platforms/WatchOS.platform/Developer/SDKs/WatchOS26.4.sdk/Developer/Library/Frameworks -c -j10 -enable-batch-mode -incremental -Xcc -ivfsstatcache -Xcc /Users/admin/builder/spi-builder-workspace/.derivedData/SDKStatCaches.noindex/watchos26.4-23T238-688ef53f1462e2c8f657fdc38a81448f9e51884a582f42380855760c9d4cc599.sdkstatcache -output-file-map /Users/admin/builder/spi-builder-workspace/.derivedData/Build/Intermediates.noindex/TossPayments.build/Debug-watchos/TossPayments.build/Objects-normal/arm64_32/TossPayments-OutputFileMap.json -use-frontend-parseable-output -save-temps -no-color-diagnostics -explicit-module-build -module-cache-path /Users/admin/builder/spi-builder-workspace/.derivedData/Build/Intermediates.noindex/SwiftExplicitPrecompiledModules -clang-scanner-module-cache-path /Users/admin/builder/spi-builder-workspace/.derivedData/ModuleCache.noindex -sdk-module-cache-path /Users/admin/builder/spi-builder-workspace/.derivedData/ModuleCache.noindex -serialize-diagnostics -emit-dependencies -emit-module -emit-module-path /Users/admin/builder/spi-builder-workspace/.derivedData/Build/Intermediates.noindex/TossPayments.build/Debug-watchos/TossPayments.build/Objects-normal/arm64_32/TossPayments.swiftmodule -validate-clang-modules-once -clang-build-session-file /Users/admin/builder/spi-builder-workspace/.derivedData/ModuleCache.noindex/Session.modulevalidation -Xcc -I/Users/admin/builder/spi-builder-workspace/.derivedData/Build/Intermediates.noindex/TossPayments.build/Debug-watchos/TossPayments.build/swift-overrides.hmap -emit-const-values -Xfrontend -const-gather-protocols-file -Xfrontend /Users/admin/builder/spi-builder-workspace/.derivedData/Build/Intermediates.noindex/TossPayments.build/Debug-watchos/TossPayments.build/Objects-normal/arm64_32/TossPayments_const_extract_protocols.json -Xcc -I/Users/admin/builder/spi-builder-workspace/.derivedData/Build/Products/Debug-watchos/include -Xcc -I/Users/admin/builder/spi-builder-workspace/.derivedData/Build/Intermediates.noindex/TossPayments.build/Debug-watchos/TossPayments.build/DerivedSources-normal/arm64_32 -Xcc -I/Users/admin/builder/spi-builder-workspace/.derivedData/Build/Intermediates.noindex/TossPayments.build/Debug-watchos/TossPayments.build/DerivedSources/arm64_32 -Xcc -I/Users/admin/builder/spi-builder-workspace/.derivedData/Build/Intermediates.noindex/TossPayments.build/Debug-watchos/TossPayments.build/DerivedSources -Xcc -DSWIFT_PACKAGE -Xcc -DDEBUG\=1 -emit-objc-header -emit-objc-header-path /Users/admin/builder/spi-builder-workspace/.derivedData/Build/Intermediates.noindex/TossPayments.build/Debug-watchos/TossPayments.build/Objects-normal/arm64_32/TossPayments-Swift.h -working-directory /Users/admin/builder/spi-builder-workspace/.swiftpm/xcode -experimental-emit-module-separately -disable-cmo
/Users/admin/builder/spi-builder-workspace/TossPayments/Sources/BrowserPopupWindow/BrowserPopupHandler.swift:9:8: error: Unable to resolve module dependency: 'WebKit'
import WebKit
^ (in target 'TossPayments' from project 'TossPayments')
/Users/admin/builder/spi-builder-workspace/TossPayments/Sources/BrowserPopupWindow/BrowserPopupHandler.swift:9:8: note: A dependency of main module 'TossPayments'
import WebKit
^ (in target 'TossPayments' from project 'TossPayments')
/Users/admin/builder/spi-builder-workspace/TossPayments/Sources/BrowserPopupWindow/BrowserPopupWindowController.swift:9:8: note: Also imported here
import WebKit
^ (in target 'TossPayments' from project 'TossPayments')
/Users/admin/builder/spi-builder-workspace/TossPayments/Sources/Service/TossPaymentsService.swift:10:8: note: Also imported here
import WebKit
^ (in target 'TossPayments' from project 'TossPayments')
/Users/admin/builder/spi-builder-workspace/TossPayments/Sources/Service/WidgetService.swift:10:8: note: Also imported here
import WebKit
^ (in target 'TossPayments' from project 'TossPayments')
/Users/admin/builder/spi-builder-workspace/TossPayments/Sources/SwiftUI/TossPayments/WebView/TossPaymentsWebView.swift:11:8: note: Also imported here
import WebKit
^ (in target 'TossPayments' from project 'TossPayments')
/Users/admin/builder/spi-builder-workspace/TossPayments/Sources/UIKit/Base/TossPaymentsViewController+WKUIDelegate.swift:8:8: note: Also imported here
import WebKit
^ (in target 'TossPayments' from project 'TossPayments')
/Users/admin/builder/spi-builder-workspace/TossPayments/Sources/UIKit/Base/TossPaymentsViewController.swift:11:8: note: Also imported here
import WebKit
^ (in target 'TossPayments' from project 'TossPayments')
/Users/admin/builder/spi-builder-workspace/TossPayments/Sources/UIKit/ScriptHandler/ErrorHandler.swift:8:8: note: Also imported here
import WebKit
^ (in target 'TossPayments' from project 'TossPayments')
/Users/admin/builder/spi-builder-workspace/TossPayments/Sources/UIKit/ScriptHandler/MessageScriptHandler.swift:8:8: note: Also imported here
import WebKit
^ (in target 'TossPayments' from project 'TossPayments')
/Users/admin/builder/spi-builder-workspace/TossPayments/Sources/UIKit/ScriptHandler/RequestHTMLMessageHandler.swift:9:8: note: Also imported here
import WebKit
^ (in target 'TossPayments' from project 'TossPayments')
/Users/admin/builder/spi-builder-workspace/TossPayments/Sources/UIKit/ScriptHandler/RequestPaymentsMessageHandler.swift:9:8: note: Also imported here
import WebKit
^ (in target 'TossPayments' from project 'TossPayments')
/Users/admin/builder/spi-builder-workspace/TossPayments/Sources/UIKit/ScriptHandler/SuccessHandler.swift:8:8: note: Also imported here
import WebKit
^ (in target 'TossPayments' from project 'TossPayments')
/Users/admin/builder/spi-builder-workspace/TossPayments/Sources/UIKit/ScriptHandler/UpdateHeightMessageHandler.swift:8:8: note: Also imported here
import WebKit
^ (in target 'TossPayments' from project 'TossPayments')
/Users/admin/builder/spi-builder-workspace/TossPayments/Sources/UIKit/Widget/Model/AgreementWidget.swift:9:8: note: Also imported here
import WebKit
^ (in target 'TossPayments' from project 'TossPayments')
/Users/admin/builder/spi-builder-workspace/TossPayments/Sources/UIKit/Widget/Model/PaymentMethodWidget.swift:9:8: note: Also imported here
import WebKit
^ (in target 'TossPayments' from project 'TossPayments')
/Users/admin/builder/spi-builder-workspace/TossPayments/Sources/UIKit/Widget/PaymentWidget.swift:9:8: note: Also imported here
import WebKit
^ (in target 'TossPayments' from project 'TossPayments')
/Users/admin/builder/spi-builder-workspace/TossPayments/Sources/UIKit/Widget/Protocol/PaymentWidgetComponent.swift:9:8: note: Also imported here
import WebKit
^ (in target 'TossPayments' from project 'TossPayments')
SwiftDriver TossPayments normal arm64 com.apple.xcode.tools.swift.compiler (in target 'TossPayments' from project 'TossPayments')
cd /Users/admin/builder/spi-builder-workspace/.swiftpm/xcode
builtin-SwiftDriver -- /Applications/Xcode-26.4.0.app/Contents/Developer/Toolchains/XcodeDefault.xctoolchain/usr/bin/swiftc -module-name TossPayments -Onone @/Users/admin/builder/spi-builder-workspace/.derivedData/Build/Intermediates.noindex/TossPayments.build/Debug-watchos/TossPayments.build/Objects-normal/arm64/TossPayments.SwiftFileList -DSWIFT_PACKAGE -DDEBUG -DSWIFT_MODULE_RESOURCE_BUNDLE_UNAVAILABLE -DXcode -plugin-path /Applications/Xcode-26.4.0.app/Contents/Developer/Toolchains/XcodeDefault.xctoolchain/usr/lib/swift/host/plugins/testing -enable-experimental-feature DebugDescriptionMacro -sdk /Applications/Xcode-26.4.0.app/Contents/Developer/Platforms/WatchOS.platform/Developer/SDKs/WatchOS26.4.sdk -target arm64-apple-watchos5.0 -g -module-cache-path /Users/admin/builder/spi-builder-workspace/.derivedData/ModuleCache.noindex -Xfrontend -serialize-debugging-options -enable-testing -index-store-path /Users/admin/builder/spi-builder-workspace/.derivedData/Index.noindex/DataStore -Xcc -D_LIBCPP_HARDENING_MODE\=_LIBCPP_HARDENING_MODE_DEBUG -swift-version 5 -I /Users/admin/builder/spi-builder-workspace/.derivedData/Build/Products/Debug-watchos -Isystem /Applications/Xcode-26.4.0.app/Contents/Developer/Platforms/WatchOS.platform/Developer/usr/lib -F /Users/admin/builder/spi-builder-workspace/.derivedData/Build/Products/Debug-watchos -F /Applications/Xcode-26.4.0.app/Contents/Developer/Platforms/WatchOS.platform/Developer/Library/Frameworks -F /Applications/Xcode-26.4.0.app/Contents/Developer/Platforms/WatchOS.platform/Developer/SDKs/WatchOS26.4.sdk/Developer/Library/Frameworks -c -j10 -enable-batch-mode -incremental -Xcc -ivfsstatcache -Xcc /Users/admin/builder/spi-builder-workspace/.derivedData/SDKStatCaches.noindex/watchos26.4-23T238-688ef53f1462e2c8f657fdc38a81448f9e51884a582f42380855760c9d4cc599.sdkstatcache -output-file-map /Users/admin/builder/spi-builder-workspace/.derivedData/Build/Intermediates.noindex/TossPayments.build/Debug-watchos/TossPayments.build/Objects-normal/arm64/TossPayments-OutputFileMap.json -use-frontend-parseable-output -save-temps -no-color-diagnostics -explicit-module-build -module-cache-path /Users/admin/builder/spi-builder-workspace/.derivedData/Build/Intermediates.noindex/SwiftExplicitPrecompiledModules -clang-scanner-module-cache-path /Users/admin/builder/spi-builder-workspace/.derivedData/ModuleCache.noindex -sdk-module-cache-path /Users/admin/builder/spi-builder-workspace/.derivedData/ModuleCache.noindex -serialize-diagnostics -emit-dependencies -emit-module -emit-module-path /Users/admin/builder/spi-builder-workspace/.derivedData/Build/Intermediates.noindex/TossPayments.build/Debug-watchos/TossPayments.build/Objects-normal/arm64/TossPayments.swiftmodule -validate-clang-modules-once -clang-build-session-file /Users/admin/builder/spi-builder-workspace/.derivedData/ModuleCache.noindex/Session.modulevalidation -Xcc -I/Users/admin/builder/spi-builder-workspace/.derivedData/Build/Intermediates.noindex/TossPayments.build/Debug-watchos/TossPayments.build/swift-overrides.hmap -emit-const-values -Xfrontend -const-gather-protocols-file -Xfrontend /Users/admin/builder/spi-builder-workspace/.derivedData/Build/Intermediates.noindex/TossPayments.build/Debug-watchos/TossPayments.build/Objects-normal/arm64/TossPayments_const_extract_protocols.json -Xcc -I/Users/admin/builder/spi-builder-workspace/.derivedData/Build/Products/Debug-watchos/include -Xcc -I/Users/admin/builder/spi-builder-workspace/.derivedData/Build/Intermediates.noindex/TossPayments.build/Debug-watchos/TossPayments.build/DerivedSources-normal/arm64 -Xcc -I/Users/admin/builder/spi-builder-workspace/.derivedData/Build/Intermediates.noindex/TossPayments.build/Debug-watchos/TossPayments.build/DerivedSources/arm64 -Xcc -I/Users/admin/builder/spi-builder-workspace/.derivedData/Build/Intermediates.noindex/TossPayments.build/Debug-watchos/TossPayments.build/DerivedSources -Xcc -DSWIFT_PACKAGE -Xcc -DDEBUG\=1 -emit-objc-header -emit-objc-header-path /Users/admin/builder/spi-builder-workspace/.derivedData/Build/Intermediates.noindex/TossPayments.build/Debug-watchos/TossPayments.build/Objects-normal/arm64/TossPayments-Swift.h -working-directory /Users/admin/builder/spi-builder-workspace/.swiftpm/xcode -experimental-emit-module-separately -disable-cmo
/Users/admin/builder/spi-builder-workspace/TossPayments/Sources/BrowserPopupWindow/BrowserPopupHandler.swift:9:8: error: Unable to resolve module dependency: 'WebKit'
import WebKit
^ (in target 'TossPayments' from project 'TossPayments')
/Users/admin/builder/spi-builder-workspace/TossPayments/Sources/BrowserPopupWindow/BrowserPopupHandler.swift:9:8: note: A dependency of main module 'TossPayments'
import WebKit
^ (in target 'TossPayments' from project 'TossPayments')
/Users/admin/builder/spi-builder-workspace/TossPayments/Sources/BrowserPopupWindow/BrowserPopupWindowController.swift:9:8: note: Also imported here
import WebKit
^ (in target 'TossPayments' from project 'TossPayments')
/Users/admin/builder/spi-builder-workspace/TossPayments/Sources/Service/TossPaymentsService.swift:10:8: note: Also imported here
import WebKit
^ (in target 'TossPayments' from project 'TossPayments')
/Users/admin/builder/spi-builder-workspace/TossPayments/Sources/Service/WidgetService.swift:10:8: note: Also imported here
import WebKit
^ (in target 'TossPayments' from project 'TossPayments')
/Users/admin/builder/spi-builder-workspace/TossPayments/Sources/SwiftUI/TossPayments/WebView/TossPaymentsWebView.swift:11:8: note: Also imported here
import WebKit
^ (in target 'TossPayments' from project 'TossPayments')
/Users/admin/builder/spi-builder-workspace/TossPayments/Sources/UIKit/Base/TossPaymentsViewController+WKUIDelegate.swift:8:8: note: Also imported here
import WebKit
^ (in target 'TossPayments' from project 'TossPayments')
/Users/admin/builder/spi-builder-workspace/TossPayments/Sources/UIKit/Base/TossPaymentsViewController.swift:11:8: note: Also imported here
import WebKit
^ (in target 'TossPayments' from project 'TossPayments')
/Users/admin/builder/spi-builder-workspace/TossPayments/Sources/UIKit/ScriptHandler/ErrorHandler.swift:8:8: note: Also imported here
import WebKit
^ (in target 'TossPayments' from project 'TossPayments')
/Users/admin/builder/spi-builder-workspace/TossPayments/Sources/UIKit/ScriptHandler/MessageScriptHandler.swift:8:8: note: Also imported here
import WebKit
^ (in target 'TossPayments' from project 'TossPayments')
/Users/admin/builder/spi-builder-workspace/TossPayments/Sources/UIKit/ScriptHandler/RequestHTMLMessageHandler.swift:9:8: note: Also imported here
import WebKit
^ (in target 'TossPayments' from project 'TossPayments')
/Users/admin/builder/spi-builder-workspace/TossPayments/Sources/UIKit/ScriptHandler/RequestPaymentsMessageHandler.swift:9:8: note: Also imported here
import WebKit
^ (in target 'TossPayments' from project 'TossPayments')
/Users/admin/builder/spi-builder-workspace/TossPayments/Sources/UIKit/ScriptHandler/SuccessHandler.swift:8:8: note: Also imported here
import WebKit
^ (in target 'TossPayments' from project 'TossPayments')
/Users/admin/builder/spi-builder-workspace/TossPayments/Sources/UIKit/ScriptHandler/UpdateHeightMessageHandler.swift:8:8: note: Also imported here
import WebKit
^ (in target 'TossPayments' from project 'TossPayments')
/Users/admin/builder/spi-builder-workspace/TossPayments/Sources/UIKit/Widget/Model/AgreementWidget.swift:9:8: note: Also imported here
import WebKit
^ (in target 'TossPayments' from project 'TossPayments')
/Users/admin/builder/spi-builder-workspace/TossPayments/Sources/UIKit/Widget/Model/PaymentMethodWidget.swift:9:8: note: Also imported here
import WebKit
^ (in target 'TossPayments' from project 'TossPayments')
/Users/admin/builder/spi-builder-workspace/TossPayments/Sources/UIKit/Widget/PaymentWidget.swift:9:8: note: Also imported here
import WebKit
^ (in target 'TossPayments' from project 'TossPayments')
/Users/admin/builder/spi-builder-workspace/TossPayments/Sources/UIKit/Widget/Protocol/PaymentWidgetComponent.swift:9:8: note: Also imported here
import WebKit
^ (in target 'TossPayments' from project 'TossPayments')
SwiftDriver TossPayments normal armv7k com.apple.xcode.tools.swift.compiler (in target 'TossPayments' from project 'TossPayments')
cd /Users/admin/builder/spi-builder-workspace/.swiftpm/xcode
builtin-SwiftDriver -- /Applications/Xcode-26.4.0.app/Contents/Developer/Toolchains/XcodeDefault.xctoolchain/usr/bin/swiftc -module-name TossPayments -Onone @/Users/admin/builder/spi-builder-workspace/.derivedData/Build/Intermediates.noindex/TossPayments.build/Debug-watchos/TossPayments.build/Objects-normal/armv7k/TossPayments.SwiftFileList -DSWIFT_PACKAGE -DDEBUG -DSWIFT_MODULE_RESOURCE_BUNDLE_UNAVAILABLE -DXcode -plugin-path /Applications/Xcode-26.4.0.app/Contents/Developer/Toolchains/XcodeDefault.xctoolchain/usr/lib/swift/host/plugins/testing -enable-experimental-feature DebugDescriptionMacro -sdk /Applications/Xcode-26.4.0.app/Contents/Developer/Platforms/WatchOS.platform/Developer/SDKs/WatchOS26.4.sdk -target armv7k-apple-watchos5.0 -g -module-cache-path /Users/admin/builder/spi-builder-workspace/.derivedData/ModuleCache.noindex -Xfrontend -serialize-debugging-options -enable-testing -index-store-path /Users/admin/builder/spi-builder-workspace/.derivedData/Index.noindex/DataStore -Xcc -D_LIBCPP_HARDENING_MODE\=_LIBCPP_HARDENING_MODE_DEBUG -swift-version 5 -I /Users/admin/builder/spi-builder-workspace/.derivedData/Build/Products/Debug-watchos -Isystem /Applications/Xcode-26.4.0.app/Contents/Developer/Platforms/WatchOS.platform/Developer/usr/lib -F /Users/admin/builder/spi-builder-workspace/.derivedData/Build/Products/Debug-watchos -F /Applications/Xcode-26.4.0.app/Contents/Developer/Platforms/WatchOS.platform/Developer/Library/Frameworks -F /Applications/Xcode-26.4.0.app/Contents/Developer/Platforms/WatchOS.platform/Developer/SDKs/WatchOS26.4.sdk/Developer/Library/Frameworks -c -j10 -enable-batch-mode -incremental -Xcc -ivfsstatcache -Xcc /Users/admin/builder/spi-builder-workspace/.derivedData/SDKStatCaches.noindex/watchos26.4-23T238-688ef53f1462e2c8f657fdc38a81448f9e51884a582f42380855760c9d4cc599.sdkstatcache -output-file-map /Users/admin/builder/spi-builder-workspace/.derivedData/Build/Intermediates.noindex/TossPayments.build/Debug-watchos/TossPayments.build/Objects-normal/armv7k/TossPayments-OutputFileMap.json -use-frontend-parseable-output -save-temps -no-color-diagnostics -explicit-module-build -module-cache-path /Users/admin/builder/spi-builder-workspace/.derivedData/Build/Intermediates.noindex/SwiftExplicitPrecompiledModules -clang-scanner-module-cache-path /Users/admin/builder/spi-builder-workspace/.derivedData/ModuleCache.noindex -sdk-module-cache-path /Users/admin/builder/spi-builder-workspace/.derivedData/ModuleCache.noindex -serialize-diagnostics -emit-dependencies -emit-module -emit-module-path /Users/admin/builder/spi-builder-workspace/.derivedData/Build/Intermediates.noindex/TossPayments.build/Debug-watchos/TossPayments.build/Objects-normal/armv7k/TossPayments.swiftmodule -validate-clang-modules-once -clang-build-session-file /Users/admin/builder/spi-builder-workspace/.derivedData/ModuleCache.noindex/Session.modulevalidation -Xcc -I/Users/admin/builder/spi-builder-workspace/.derivedData/Build/Intermediates.noindex/TossPayments.build/Debug-watchos/TossPayments.build/swift-overrides.hmap -emit-const-values -Xfrontend -const-gather-protocols-file -Xfrontend /Users/admin/builder/spi-builder-workspace/.derivedData/Build/Intermediates.noindex/TossPayments.build/Debug-watchos/TossPayments.build/Objects-normal/armv7k/TossPayments_const_extract_protocols.json -Xcc -I/Users/admin/builder/spi-builder-workspace/.derivedData/Build/Products/Debug-watchos/include -Xcc -I/Users/admin/builder/spi-builder-workspace/.derivedData/Build/Intermediates.noindex/TossPayments.build/Debug-watchos/TossPayments.build/DerivedSources-normal/armv7k -Xcc -I/Users/admin/builder/spi-builder-workspace/.derivedData/Build/Intermediates.noindex/TossPayments.build/Debug-watchos/TossPayments.build/DerivedSources/armv7k -Xcc -I/Users/admin/builder/spi-builder-workspace/.derivedData/Build/Intermediates.noindex/TossPayments.build/Debug-watchos/TossPayments.build/DerivedSources -Xcc -DSWIFT_PACKAGE -Xcc -DDEBUG\=1 -emit-objc-header -emit-objc-header-path /Users/admin/builder/spi-builder-workspace/.derivedData/Build/Intermediates.noindex/TossPayments.build/Debug-watchos/TossPayments.build/Objects-normal/armv7k/TossPayments-Swift.h -working-directory /Users/admin/builder/spi-builder-workspace/.swiftpm/xcode -experimental-emit-module-separately -disable-cmo
/Users/admin/builder/spi-builder-workspace/TossPayments/Sources/BrowserPopupWindow/BrowserPopupHandler.swift:9:8: error: Unable to resolve module dependency: 'WebKit'
import WebKit
^ (in target 'TossPayments' from project 'TossPayments')
/Users/admin/builder/spi-builder-workspace/TossPayments/Sources/BrowserPopupWindow/BrowserPopupHandler.swift:9:8: note: A dependency of main module 'TossPayments'
import WebKit
^ (in target 'TossPayments' from project 'TossPayments')
/Users/admin/builder/spi-builder-workspace/TossPayments/Sources/BrowserPopupWindow/BrowserPopupWindowController.swift:9:8: note: Also imported here
import WebKit
^ (in target 'TossPayments' from project 'TossPayments')
/Users/admin/builder/spi-builder-workspace/TossPayments/Sources/Service/TossPaymentsService.swift:10:8: note: Also imported here
import WebKit
^ (in target 'TossPayments' from project 'TossPayments')
/Users/admin/builder/spi-builder-workspace/TossPayments/Sources/Service/WidgetService.swift:10:8: note: Also imported here
import WebKit
^ (in target 'TossPayments' from project 'TossPayments')
/Users/admin/builder/spi-builder-workspace/TossPayments/Sources/SwiftUI/TossPayments/WebView/TossPaymentsWebView.swift:11:8: note: Also imported here
import WebKit
^ (in target 'TossPayments' from project 'TossPayments')
/Users/admin/builder/spi-builder-workspace/TossPayments/Sources/UIKit/Base/TossPaymentsViewController+WKUIDelegate.swift:8:8: note: Also imported here
import WebKit
^ (in target 'TossPayments' from project 'TossPayments')
/Users/admin/builder/spi-builder-workspace/TossPayments/Sources/UIKit/Base/TossPaymentsViewController.swift:11:8: note: Also imported here
import WebKit
^ (in target 'TossPayments' from project 'TossPayments')
/Users/admin/builder/spi-builder-workspace/TossPayments/Sources/UIKit/ScriptHandler/ErrorHandler.swift:8:8: note: Also imported here
import WebKit
^ (in target 'TossPayments' from project 'TossPayments')
/Users/admin/builder/spi-builder-workspace/TossPayments/Sources/UIKit/ScriptHandler/MessageScriptHandler.swift:8:8: note: Also imported here
import WebKit
^ (in target 'TossPayments' from project 'TossPayments')
/Users/admin/builder/spi-builder-workspace/TossPayments/Sources/UIKit/ScriptHandler/RequestHTMLMessageHandler.swift:9:8: note: Also imported here
import WebKit
^ (in target 'TossPayments' from project 'TossPayments')
/Users/admin/builder/spi-builder-workspace/TossPayments/Sources/UIKit/ScriptHandler/RequestPaymentsMessageHandler.swift:9:8: note: Also imported here
import WebKit
^ (in target 'TossPayments' from project 'TossPayments')
/Users/admin/builder/spi-builder-workspace/TossPayments/Sources/UIKit/ScriptHandler/SuccessHandler.swift:8:8: note: Also imported here
import WebKit
^ (in target 'TossPayments' from project 'TossPayments')
/Users/admin/builder/spi-builder-workspace/TossPayments/Sources/UIKit/ScriptHandler/UpdateHeightMessageHandler.swift:8:8: note: Also imported here
import WebKit
^ (in target 'TossPayments' from project 'TossPayments')
/Users/admin/builder/spi-builder-workspace/TossPayments/Sources/UIKit/Widget/Model/AgreementWidget.swift:9:8: note: Also imported here
import WebKit
^ (in target 'TossPayments' from project 'TossPayments')
/Users/admin/builder/spi-builder-workspace/TossPayments/Sources/UIKit/Widget/Model/PaymentMethodWidget.swift:9:8: note: Also imported here
import WebKit
^ (in target 'TossPayments' from project 'TossPayments')
/Users/admin/builder/spi-builder-workspace/TossPayments/Sources/UIKit/Widget/PaymentWidget.swift:9:8: note: Also imported here
import WebKit
^ (in target 'TossPayments' from project 'TossPayments')
/Users/admin/builder/spi-builder-workspace/TossPayments/Sources/UIKit/Widget/Protocol/PaymentWidgetComponent.swift:9:8: note: Also imported here
import WebKit
^ (in target 'TossPayments' from project 'TossPayments')
2026-06-26 09:52:07.363 xcodebuild[744:4984] [MT] IDERunDestination: Supported platforms for the buildables in the current scheme is empty.
/Users/admin/builder/spi-builder-workspace/TossPayments/Sources/BrowserPopupWindow/BrowserPopupHandler.swift:9:8: error: unable to resolve module dependency: 'WebKit'
import WebKit
^
/Users/admin/builder/spi-builder-workspace/TossPayments/Sources/BrowserPopupWindow/BrowserPopupHandler.swift:9:8: note: a dependency of main module 'TossPayments'
import WebKit
^
/Users/admin/builder/spi-builder-workspace/TossPayments/Sources/BrowserPopupWindow/BrowserPopupWindowController.swift:9:8: note: also imported here
import WebKit
^
/Users/admin/builder/spi-builder-workspace/TossPayments/Sources/Service/TossPaymentsService.swift:10:8: note: also imported here
import WebKit
^
/Users/admin/builder/spi-builder-workspace/TossPayments/Sources/Service/WidgetService.swift:10:8: note: also imported here
import WebKit
^
/Users/admin/builder/spi-builder-workspace/TossPayments/Sources/SwiftUI/TossPayments/WebView/TossPaymentsWebView.swift:11:8: note: also imported here
import WebKit
^
/Users/admin/builder/spi-builder-workspace/TossPayments/Sources/UIKit/Base/TossPaymentsViewController+WKUIDelegate.swift:8:8: note: also imported here
import WebKit
^
/Users/admin/builder/spi-builder-workspace/TossPayments/Sources/UIKit/Base/TossPaymentsViewController.swift:11:8: note: also imported here
import WebKit
^
/Users/admin/builder/spi-builder-workspace/TossPayments/Sources/UIKit/ScriptHandler/ErrorHandler.swift:8:8: note: also imported here
import WebKit
^
/Users/admin/builder/spi-builder-workspace/TossPayments/Sources/UIKit/ScriptHandler/MessageScriptHandler.swift:8:8: note: also imported here
import WebKit
^
/Users/admin/builder/spi-builder-workspace/TossPayments/Sources/UIKit/ScriptHandler/RequestHTMLMessageHandler.swift:9:8: note: also imported here
import WebKit
^
/Users/admin/builder/spi-builder-workspace/TossPayments/Sources/UIKit/ScriptHandler/RequestPaymentsMessageHandler.swift:9:8: note: also imported here
import WebKit
^
/Users/admin/builder/spi-builder-workspace/TossPayments/Sources/UIKit/ScriptHandler/SuccessHandler.swift:8:8: note: also imported here
import WebKit
^
/Users/admin/builder/spi-builder-workspace/TossPayments/Sources/UIKit/ScriptHandler/UpdateHeightMessageHandler.swift:8:8: note: also imported here
import WebKit
^
/Users/admin/builder/spi-builder-workspace/TossPayments/Sources/UIKit/Widget/Model/AgreementWidget.swift:9:8: note: also imported here
import WebKit
^
/Users/admin/builder/spi-builder-workspace/TossPayments/Sources/UIKit/Widget/Model/PaymentMethodWidget.swift:9:8: note: also imported here
import WebKit
^
/Users/admin/builder/spi-builder-workspace/TossPayments/Sources/UIKit/Widget/PaymentWidget.swift:9:8: note: also imported here
import WebKit
^
/Users/admin/builder/spi-builder-workspace/TossPayments/Sources/UIKit/Widget/Protocol/PaymentWidgetComponent.swift:9:8: note: also imported here
import WebKit
^
/Users/admin/builder/spi-builder-workspace/TossPayments/Sources/BrowserPopupWindow/BrowserPopupHandler.swift:9:8: error: unable to resolve module dependency: 'WebKit'
import WebKit
^
/Users/admin/builder/spi-builder-workspace/TossPayments/Sources/BrowserPopupWindow/BrowserPopupHandler.swift:9:8: note: a dependency of main module 'TossPayments'
import WebKit
^
/Users/admin/builder/spi-builder-workspace/TossPayments/Sources/BrowserPopupWindow/BrowserPopupWindowController.swift:9:8: note: also imported here
import WebKit
^
/Users/admin/builder/spi-builder-workspace/TossPayments/Sources/Service/TossPaymentsService.swift:10:8: note: also imported here
import WebKit
^
/Users/admin/builder/spi-builder-workspace/TossPayments/Sources/Service/WidgetService.swift:10:8: note: also imported here
import WebKit
^
/Users/admin/builder/spi-builder-workspace/TossPayments/Sources/SwiftUI/TossPayments/WebView/TossPaymentsWebView.swift:11:8: note: also imported here
import WebKit
^
/Users/admin/builder/spi-builder-workspace/TossPayments/Sources/UIKit/Base/TossPaymentsViewController+WKUIDelegate.swift:8:8: note: also imported here
import WebKit
^
/Users/admin/builder/spi-builder-workspace/TossPayments/Sources/UIKit/Base/TossPaymentsViewController.swift:11:8: note: also imported here
import WebKit
^
/Users/admin/builder/spi-builder-workspace/TossPayments/Sources/UIKit/ScriptHandler/ErrorHandler.swift:8:8: note: also imported here
import WebKit
^
/Users/admin/builder/spi-builder-workspace/TossPayments/Sources/UIKit/ScriptHandler/MessageScriptHandler.swift:8:8: note: also imported here
import WebKit
^
/Users/admin/builder/spi-builder-workspace/TossPayments/Sources/UIKit/ScriptHandler/RequestHTMLMessageHandler.swift:9:8: note: also imported here
import WebKit
^
/Users/admin/builder/spi-builder-workspace/TossPayments/Sources/UIKit/ScriptHandler/RequestPaymentsMessageHandler.swift:9:8: note: also imported here
import WebKit
^
/Users/admin/builder/spi-builder-workspace/TossPayments/Sources/UIKit/ScriptHandler/SuccessHandler.swift:8:8: note: also imported here
import WebKit
^
/Users/admin/builder/spi-builder-workspace/TossPayments/Sources/UIKit/ScriptHandler/UpdateHeightMessageHandler.swift:8:8: note: also imported here
import WebKit
^
/Users/admin/builder/spi-builder-workspace/TossPayments/Sources/UIKit/Widget/Model/AgreementWidget.swift:9:8: note: also imported here
import WebKit
^
/Users/admin/builder/spi-builder-workspace/TossPayments/Sources/BrowserPopupWindow/BrowserPopupHandler.swift:9:8: error: unable to resolve module dependency: 'WebKit'
import WebKit
^
/Users/admin/builder/spi-builder-workspace/TossPayments/Sources/UIKit/Widget/Model/PaymentMethodWidget.swift:9:8: note: also imported here
import WebKit
^
/Users/admin/builder/spi-builder-workspace/TossPayments/Sources/BrowserPopupWindow/BrowserPopupHandler.swift:9:8: note: a dependency of main module 'TossPayments'
import WebKit
^
/Users/admin/builder/spi-builder-workspace/TossPayments/Sources/UIKit/Widget/PaymentWidget.swift:9:8: note: also imported here
import WebKit
^
/Users/admin/builder/spi-builder-workspace/TossPayments/Sources/BrowserPopupWindow/BrowserPopupWindowController.swift:9:8: note: also imported here
import WebKit
^
/Users/admin/builder/spi-builder-workspace/TossPayments/Sources/UIKit/Widget/Protocol/PaymentWidgetComponent.swift:9:8: note: also imported here
import WebKit
^
/Users/admin/builder/spi-builder-workspace/TossPayments/Sources/Service/TossPaymentsService.swift:10:8: note: also imported here
import WebKit
^
/Users/admin/builder/spi-builder-workspace/TossPayments/Sources/Service/WidgetService.swift:10:8: note: also imported here
import WebKit
^
/Users/admin/builder/spi-builder-workspace/TossPayments/Sources/SwiftUI/TossPayments/WebView/TossPaymentsWebView.swift:11:8: note: also imported here
import WebKit
^
/Users/admin/builder/spi-builder-workspace/TossPayments/Sources/UIKit/Base/TossPaymentsViewController+WKUIDelegate.swift:8:8: note: also imported here
import WebKit
^
/Users/admin/builder/spi-builder-workspace/TossPayments/Sources/UIKit/Base/TossPaymentsViewController.swift:11:8: note: also imported here
import WebKit
^
/Users/admin/builder/spi-builder-workspace/TossPayments/Sources/UIKit/ScriptHandler/ErrorHandler.swift:8:8: note: also imported here
import WebKit
^
/Users/admin/builder/spi-builder-workspace/TossPayments/Sources/UIKit/ScriptHandler/MessageScriptHandler.swift:8:8: note: also imported here
import WebKit
^
/Users/admin/builder/spi-builder-workspace/TossPayments/Sources/UIKit/ScriptHandler/RequestHTMLMessageHandler.swift:9:8: note: also imported here
import WebKit
^
/Users/admin/builder/spi-builder-workspace/TossPayments/Sources/UIKit/ScriptHandler/RequestPaymentsMessageHandler.swift:9:8: note: also imported here
import WebKit
^
/Users/admin/builder/spi-builder-workspace/TossPayments/Sources/UIKit/ScriptHandler/SuccessHandler.swift:8:8: note: also imported here
import WebKit
^
/Users/admin/builder/spi-builder-workspace/TossPayments/Sources/UIKit/ScriptHandler/UpdateHeightMessageHandler.swift:8:8: note: also imported here
import WebKit
^
/Users/admin/builder/spi-builder-workspace/TossPayments/Sources/UIKit/Widget/Model/AgreementWidget.swift:9:8: note: also imported here
import WebKit
^
/Users/admin/builder/spi-builder-workspace/TossPayments/Sources/UIKit/Widget/Model/PaymentMethodWidget.swift:9:8: note: also imported here
import WebKit
^
/Users/admin/builder/spi-builder-workspace/TossPayments/Sources/UIKit/Widget/PaymentWidget.swift:9:8: note: also imported here
import WebKit
^
/Users/admin/builder/spi-builder-workspace/TossPayments/Sources/UIKit/Widget/Protocol/PaymentWidgetComponent.swift:9:8: note: also imported here
import WebKit
^
** BUILD FAILED **
The following build commands failed:
SwiftDriver TossPayments normal arm64_32 com.apple.xcode.tools.swift.compiler (in target 'TossPayments' from project 'TossPayments')
SwiftDriver TossPayments normal arm64 com.apple.xcode.tools.swift.compiler (in target 'TossPayments' from project 'TossPayments')
SwiftDriver TossPayments normal armv7k com.apple.xcode.tools.swift.compiler (in target 'TossPayments' from project 'TossPayments')
Building workspace spi-builder-workspace with scheme TossPayments
(4 failures)
BUILD FAILURE 6.3 watchOS