The Swift Package Index logo.Swift Package Index

Build Information

Failed to build ConcentricOnboarding, reference main (cc93b9), with Swift 6.4 for macOS (SPM) on 22 Sep 2026 03:15:22 UTC.

Build Command

env DEVELOPER_DIR=/Applications/Xcode-27.0.0-Release.Candidate.app xcrun swift build --arch arm64

Build Log

========================================
RunAll
========================================
Builder version: 5.1.0
Interrupt handler set up.
========================================
Checkout
========================================
Clone URL: https://github.com/exyte/ConcentricOnboarding.git
Reference: main
Initialized empty Git repository in /Users/admin/builder/spi-builder-workspace/.git/
From https://github.com/exyte/ConcentricOnboarding
 * branch            main       -> FETCH_HEAD
 * [new branch]      main       -> origin/main
HEAD is now at cc93b9a Update README.md
Cloned https://github.com/exyte/ConcentricOnboarding.git
Revision (git rev-parse @):
cc93b9ad1154e17349ff5ea93eacc14ca7be3b3c
SUCCESS checkout https://github.com/exyte/ConcentricOnboarding.git at main
========================================
Build
========================================
Selected platform:         macosSpm
Swift version:             6.4
Building package at path:  $PWD
https://github.com/exyte/ConcentricOnboarding.git
Running build ...
env DEVELOPER_DIR=/Applications/Xcode-27.0.0-Release.Candidate.app xcrun swift build --arch arm64
Building for debugging...
[Planning deferred tasks]
[19 / 28]
[20 / 29] ConcentricOnboarding
[30 / 99]
[33 / 99]
[41 / 99]
[43 / 99]
[44 / 99]
[49 / 99]
[51 / 99]
[53 / 99]
[56 / 99]
[61 / 99]
[64 / 99]
[66 / 99]
[67 / 99]
[77 / 99]
[79 / 99]
[80 / 99]
[83 / 99]
[85 / 99]
[90 / 99] ConcentricOnboarding
[96 / 99] ConcentricOnboarding
warning: 'spi-builder-workspace': found 1 file(s) which are unhandled; explicitly declare them as resources or exclude from the target
    /Users/admin/builder/spi-builder-workspace/Sources/ConcentricOnboarding/Info.plist
/Users/admin/builder/spi-builder-workspace/Sources/ConcentricOnboarding/Helpers/AnimationCompletion.swift:11:8: warning: conformance of 'AnimationCompletionObserverModifier<Value>' to protocol 'Animatable' crosses into main actor-isolated code and can cause data races; this is an error in the Swift 6 language mode [#]8;;https://docs.swift.org/compiler/documentation/diagnostics/conformance-isolation\ConformanceIsolation]8;;\]
 9 | import SwiftUI
10 |
11 | struct AnimationCompletionObserverModifier<Value>: AnimatableModifier where Value: VectorArithmetic {
   |        |- warning: conformance of 'AnimationCompletionObserverModifier<Value>' to protocol 'Animatable' crosses into main actor-isolated code and can cause data races; this is an error in the Swift 6 language mode [#]8;;https://docs.swift.org/compiler/documentation/diagnostics/conformance-isolation\ConformanceIsolation]8;;\]
   |        |- note: isolate this conformance to the main actor with '@MainActor'
   |        `- note: turn data races into runtime errors with '@preconcurrency'
12 |
13 |     var animatableData: Value {
   |         `- note: main actor-isolated property 'animatableData' cannot satisfy nonisolated requirement
14 |         didSet { notifyCompletion() }
15 |     }
[#ConformanceIsolation]: <https://docs.swift.org/compiler/documentation/diagnostics/conformance-isolation>
error: SwiftCompile normal arm64 /Users/admin/builder/spi-builder-workspace/Sources/ConcentricOnboarding/Helpers/AnimatableShape.swift failed with a nonzero exit code. Command line:     cd /Users/admin/builder
    builtin-SwiftPerFileCompile AnimatableShape.swift
/Users/admin/builder/spi-builder-workspace/Sources/ConcentricOnboarding/Helpers/AnimatableShape.swift:38:33: error: cannot find 'UIScreen' in scope
36 |             r = CGFloat(radius + pow(2, progress))
37 |             delta = CGFloat((1 - progress / limit) * radius)
38 |             center = CGPoint(x: UIScreen.main.bounds.width / 2 + r - delta - 2.0, y: rect.height / 2)
   |                                 `- error: cannot find 'UIScreen' in scope
39 |         } else {
40 |             r = CGFloat(radius + pow(2, (limit - progress)))
/Users/admin/builder/spi-builder-workspace/Sources/ConcentricOnboarding/Helpers/AnimatableShape.swift:42:33: error: cannot find 'UIScreen' in scope
40 |             r = CGFloat(radius + pow(2, (limit - progress)))
41 |             delta = CGFloat((progress / limit) * radius)
42 |             center = CGPoint(x: UIScreen.main.bounds.width / 2 - r + delta, y: rect.height / 2)
   |                                 `- error: cannot find 'UIScreen' in scope
43 |         }
44 |
Failed frontend command:
/Applications/Xcode-27.0.0-Release.Candidate.app/Contents/Developer/Toolchains/XcodeDefault.xctoolchain/usr/bin/swift-frontend -frontend -c /Users/admin/builder/spi-builder-workspace/Sources/ConcentricOnboarding/ConcentricOnboardingView.swift -primary-file /Users/admin/builder/spi-builder-workspace/Sources/ConcentricOnboarding/Helpers/AnimatableShape.swift /Users/admin/builder/spi-builder-workspace/Sources/ConcentricOnboarding/Helpers/AnimationCompletion.swift -emit-dependencies-path /Users/admin/builder/spi-builder-workspace/.build/out/Intermediates.noindex/ConcentricOnboarding.build/Debug/ConcentricOnboarding-t.build/Objects-normal/arm64/AnimatableShape.d -emit-const-values-path /Users/admin/builder/spi-builder-workspace/.build/out/Intermediates.noindex/ConcentricOnboarding.build/Debug/ConcentricOnboarding-t.build/Objects-normal/arm64/AnimatableShape.swiftconstvalues -emit-reference-dependencies-path /Users/admin/builder/spi-builder-workspace/.build/out/Intermediates.noindex/ConcentricOnboarding.build/Debug/ConcentricOnboarding-t.build/Objects-normal/arm64/AnimatableShape.swiftdeps -serialize-diagnostics-path /Users/admin/builder/spi-builder-workspace/.build/out/Intermediates.noindex/ConcentricOnboarding.build/Debug/ConcentricOnboarding-t.build/Objects-normal/arm64/AnimatableShape.dia -target arm64-apple-macos12.0 -disable-cross-import-overlay-search -load-resolved-plugin /Applications/Xcode-27.0.0-Release.Candidate.app/Contents/Developer/Platforms/MacOSX.platform/Developer/usr/lib/swift/host/plugins/libFoundationMacros.dylib\#/Applications/Xcode-27.0.0-Release.Candidate.app/Contents/Developer/Platforms/MacOSX.platform/Developer/usr/bin/swift-plugin-server\#FoundationMacros -load-resolved-plugin /Applications/Xcode-27.0.0-Release.Candidate.app/Contents/Developer/Platforms/MacOSX.platform/Developer/usr/lib/swift/host/plugins/libObservationMacros.dylib\#/Applications/Xcode-27.0.0-Release.Candidate.app/Contents/Developer/Platforms/MacOSX.platform/Developer/usr/bin/swift-plugin-server\#ObservationMacros -load-resolved-plugin /Applications/Xcode-27.0.0-Release.Candidate.app/Contents/Developer/Platforms/MacOSX.platform/Developer/usr/lib/swift/host/plugins/libPreviewsMacros.dylib\#/Applications/Xcode-27.0.0-Release.Candidate.app/Contents/Developer/Platforms/MacOSX.platform/Developer/usr/bin/swift-plugin-server\#PreviewsMacros -load-resolved-plugin /Applications/Xcode-27.0.0-Release.Candidate.app/Contents/Developer/Platforms/MacOSX.platform/Developer/usr/lib/swift/host/plugins/libSwiftMacros.dylib\#/Applications/Xcode-27.0.0-Release.Candidate.app/Contents/Developer/Platforms/MacOSX.platform/Developer/usr/bin/swift-plugin-server\#SwiftMacros -load-resolved-plugin /Applications/Xcode-27.0.0-Release.Candidate.app/Contents/Developer/Platforms/MacOSX.platform/Developer/usr/lib/swift/host/plugins/libSwiftUIMacros.dylib\#/Applications/Xcode-27.0.0-Release.Candidate.app/Contents/Developer/Platforms/MacOSX.platform/Developer/usr/bin/swift-plugin-server\#SwiftUIMacros -disable-implicit-swift-modules -Xcc -fno-implicit-modules -Xcc -fno-implicit-module-maps -explicit-swift-module-map-file /Users/admin/builder/spi-builder-workspace/.build/out/Intermediates.noindex/ConcentricOnboarding.build/Debug/ConcentricOnboarding-t.build/Objects-normal/arm64/ConcentricOnboarding-dependencies-1.json -Xllvm -aarch64-use-tbi -enable-objc-interop -stack-check -sdk /Applications/Xcode-27.0.0-Release.Candidate.app/Contents/Developer/Platforms/MacOSX.platform/Developer/SDKs/MacOSX27.0.sdk -I /Users/admin/builder/spi-builder-workspace/.build/out/Products/Debug -Isystem /Applications/Xcode-27.0.0-Release.Candidate.app/Contents/Developer/Platforms/MacOSX.platform/Developer/usr/lib -F /Users/admin/builder/spi-builder-workspace/.build/out/Products/Debug -F /Applications/Xcode-27.0.0-Release.Candidate.app/Contents/Developer/Platforms/MacOSX.platform/Developer/Library/Frameworks -module-cache-path /Users/admin/builder/spi-builder-workspace/.build/out/Intermediates.noindex/SwiftExplicitPrecompiledModules -color-diagnostics -Xcc -fcolor-diagnostics -enable-testing -g -debug-info-format\=dwarf -dwarf-version\=4 -swift-version 5 -Onone -D SWIFT_PACKAGE -D DEBUG -D SWIFT_MODULE_RESOURCE_BUNDLE_UNAVAILABLE -D Xcode -serialize-debugging-options -enable-experimental-feature StrictConcurrency -enable-experimental-feature DebugDescriptionMacro -empty-abi-descriptor -validate-clang-modules-once -clang-build-session-file /Users/admin/builder/spi-builder-workspace/.build/out/ModuleCache.noindex/Session.modulevalidation -Xcc -working-directory -Xcc /Users/admin/builder -enable-anonymous-context-mangled-names -file-compilation-dir /Users/admin/builder -Xcc -D_LIBCPP_HARDENING_MODE\=_LIBCPP_HARDENING_MODE_DEBUG -Xcc -ivfsstatcache -Xcc /Users/admin/builder/spi-builder-workspace/.build/out/SDKStatCaches.noindex/macosx27.0-26A425-80c5bbf1d171475443272936d42f90a36a22442a12e9d48fe1a705f55a1adfc4.sdkstatcache -Xcc -fmodules-prune-interval\=86400 -Xcc -fmodules-prune-after\=345600 -Xcc -I/Users/admin/builder/spi-builder-workspace/.build/out/Products/Debug/include -Xcc -I/Users/admin/builder/spi-builder-workspace/.build/out/Intermediates.noindex/ConcentricOnboarding.build/Debug/ConcentricOnboarding-t.build/DerivedSources-normal/arm64 -Xcc -I/Users/admin/builder/spi-builder-workspace/.build/out/Intermediates.noindex/ConcentricOnboarding.build/Debug/ConcentricOnboarding-t.build/DerivedSources/arm64 -Xcc -I/Users/admin/builder/spi-builder-workspace/.build/out/Intermediates.noindex/ConcentricOnboarding.build/Debug/ConcentricOnboarding-t.build/DerivedSources -Xcc -DSWIFT_PACKAGE -Xcc -DDEBUG\=1 -no-auto-bridging-header-chaining -module-name ConcentricOnboarding -package-name spi_builder_workspace -const-gather-protocols-file /Users/admin/builder/spi-builder-workspace/.build/out/Intermediates.noindex/ConcentricOnboarding.build/Debug/ConcentricOnboarding-t.build/Objects-normal/arm64/ConcentricOnboarding_const_extract_protocols.json -disable-clang-spi -clang-target arm64-apple-macos27.0 -target-sdk-version 27.0 -target-sdk-name macosx27.0 -in-process-plugin-server-path /Applications/Xcode-27.0.0-Release.Candidate.app/Contents/Developer/Toolchains/XcodeDefault.xctoolchain/usr/lib/swift/host/libSwiftInProcPluginServer.dylib -parse-as-library -o /Users/admin/builder/spi-builder-workspace/.build/out/Intermediates.noindex/ConcentricOnboarding.build/Debug/ConcentricOnboarding-t.build/Objects-normal/arm64/AnimatableShape.o -debug-module-path /Users/admin/builder/spi-builder-workspace/.build/out/Intermediates.noindex/ConcentricOnboarding.build/Debug/ConcentricOnboarding-t.build/Objects-normal/arm64/ConcentricOnboarding.swiftmodule -index-unit-output-path /ConcentricOnboarding.build/Debug/ConcentricOnboarding-t.build/Objects-normal/arm64/AnimatableShape.o -index-store-path /Users/admin/builder/spi-builder-workspace/.build/out -index-system-modules
error: Build failed
BUILD FAILURE 6.4 macosSpm