The Swift Package Index logo.Swift Package Index

Build Information

Failed to build swift-dependencies-extras, reference main (37b340), with Swift 6.3 for Wasm on 16 Aug 2026 04:42:56 UTC.

Build Command

bash -c docker run --pull=always --rm -v "checkouts-54344844-3":/host -w "$PWD" -e JAVA_HOME="/root/.sdkman/candidates/java/current" -e SPI_BUILD="1" -e SPI_PROCESSING="1" registry.gitlab.com/saguaro1/spi-images:wasm-6.3-latest swift build --swift-sdk swift-6.3.2-RELEASE_wasm 2>&1

Build Log

========================================
RunAll
========================================
Builder version: 5.0.1
Interrupt handler set up.
========================================
Checkout
========================================
Clone URL: https://github.com/arasan01/swift-dependencies-extras.git
Reference: main
Initialized empty Git repository in /host/spi-builder-workspace/.git/
hint: Using 'master' as the name for the initial branch. This default branch name
hint: is subject to change. To configure the initial branch name to use in all
hint: of your new repositories, which will suppress this warning, call:
hint:
hint: 	git config --global init.defaultBranch <name>
hint:
hint: Names commonly chosen instead of 'master' are 'main', 'trunk' and
hint: 'development'. The just-created branch can be renamed via this command:
hint:
hint: 	git branch -m <name>
From https://github.com/arasan01/swift-dependencies-extras
 * branch            main       -> FETCH_HEAD
 * [new branch]      main       -> origin/main
HEAD is now at 37b3408 Merge pull request #8 from webbrain-one/webbrain/issue-4
Cloned https://github.com/arasan01/swift-dependencies-extras.git
Revision (git rev-parse @):
37b34089f2561f5efa8da0d2c8e36669b198b04c
SPI manifest file found: $PWD/.spi.yml
SUCCESS checkout https://github.com/arasan01/swift-dependencies-extras.git at main
========================================
Build
========================================
Selected platform:         wasm
Swift version:             6.3
Building package at path:  $PWD
https://github.com/arasan01/swift-dependencies-extras.git
Running build ...
bash -c docker run --pull=always --rm -v "checkouts-54344844-3":/host -w "$PWD" -e JAVA_HOME="/root/.sdkman/candidates/java/current" -e SPI_BUILD="1" -e SPI_PROCESSING="1" registry.gitlab.com/saguaro1/spi-images:wasm-6.3-latest swift build --swift-sdk swift-6.3.2-RELEASE_wasm 2>&1
wasm-6.3-latest: Pulling from saguaro1/spi-images
Digest: sha256:e92e38b97676c18adb57b57429ddfb766786102cb50cb918e0d9e8055d05b35d
Status: Image is up to date for registry.gitlab.com/saguaro1/spi-images:wasm-6.3-latest
Fetching https://github.com/pointfreeco/swift-macro-testing
Fetching https://github.com/pointfreeco/xctest-dynamic-overlay
Fetching https://github.com/google/swift-benchmark
Fetching https://github.com/apple/swift-docc-plugin
Fetching https://github.com/pointfreeco/swift-dependencies
Fetching https://github.com/apple/swift-syntax.git
[1/980] Fetching swift-macro-testing
[344/8314] Fetching swift-macro-testing, swift-dependencies
[865/9804] Fetching swift-macro-testing, swift-dependencies, swift-benchmark
[1306/12149] Fetching swift-macro-testing, swift-dependencies, swift-benchmark, swift-docc-plugin
Fetched https://github.com/pointfreeco/swift-macro-testing from cache (0.51s)
[5613/11169] Fetching swift-dependencies, swift-benchmark, swift-docc-plugin
[11170/13747] Fetching swift-dependencies, swift-benchmark, swift-docc-plugin, xctest-dynamic-overlay
Fetched https://github.com/google/swift-benchmark from cache (0.62s)
Fetched https://github.com/apple/swift-docc-plugin from cache (0.62s)
[7721/9912] Fetching swift-dependencies, xctest-dynamic-overlay
Fetched https://github.com/pointfreeco/xctest-dynamic-overlay from cache (0.71s)
[1/76471] Fetching swift-syntax
Fetched https://github.com/pointfreeco/swift-dependencies from cache (3.48s)
Fetched https://github.com/apple/swift-syntax.git from cache (3.50s)
Computing version for https://github.com/google/swift-benchmark
Computed https://github.com/google/swift-benchmark at 0.1.2 (4.40s)
Fetching https://github.com/apple/swift-argument-parser
[1/18304] Fetching swift-argument-parser
Fetched https://github.com/apple/swift-argument-parser from cache (0.78s)
Computing version for https://github.com/apple/swift-syntax.git
Computed https://github.com/apple/swift-syntax.git at 509.1.1 (1.04s)
Computing version for https://github.com/apple/swift-docc-plugin
Computed https://github.com/apple/swift-docc-plugin at 1.5.0 (0.18s)
Fetching https://github.com/swiftlang/swift-docc-symbolkit
[1/3808] Fetching swift-docc-symbolkit
Fetched https://github.com/swiftlang/swift-docc-symbolkit from cache (0.64s)
Computing version for https://github.com/swiftlang/swift-docc-symbolkit
Computed https://github.com/swiftlang/swift-docc-symbolkit at 1.0.0 (0.85s)
Computing version for https://github.com/pointfreeco/swift-macro-testing
Computed https://github.com/pointfreeco/swift-macro-testing at 0.6.5 (0.16s)
Fetching https://github.com/pointfreeco/swift-snapshot-testing
[1/16376] Fetching swift-snapshot-testing
Fetched https://github.com/pointfreeco/swift-snapshot-testing from cache (2.06s)
Computing version for https://github.com/pointfreeco/swift-snapshot-testing
Computed https://github.com/pointfreeco/swift-snapshot-testing at 1.19.4 (2.22s)
Fetching https://github.com/pointfreeco/swift-custom-dump
[1/5669] Fetching swift-custom-dump
Fetched https://github.com/pointfreeco/swift-custom-dump from cache (0.93s)
Computing version for https://github.com/pointfreeco/swift-custom-dump
Computed https://github.com/pointfreeco/swift-custom-dump at 1.7.0 (1.09s)
Computing version for https://github.com/pointfreeco/xctest-dynamic-overlay
Computed https://github.com/pointfreeco/xctest-dynamic-overlay at 1.11.0 (0.90s)
Computing version for https://github.com/apple/swift-argument-parser
Computed https://github.com/apple/swift-argument-parser at 1.8.2 (0.16s)
Computing version for https://github.com/pointfreeco/swift-dependencies
Computed https://github.com/pointfreeco/swift-dependencies at 1.15.0 (0.16s)
Fetching https://github.com/pointfreeco/swift-clocks
Fetching https://github.com/pointfreeco/combine-schedulers
Fetching https://github.com/pointfreeco/swift-concurrency-extras
[1/2665] Fetching combine-schedulers
[1894/4099] Fetching combine-schedulers, swift-clocks
[2741/5157] Fetching combine-schedulers, swift-clocks, swift-concurrency-extras
Fetched https://github.com/pointfreeco/combine-schedulers from cache (0.48s)
Fetched https://github.com/pointfreeco/swift-concurrency-extras from cache (0.48s)
Fetched https://github.com/pointfreeco/swift-clocks from cache (0.48s)
Computing version for https://github.com/pointfreeco/swift-clocks
Computed https://github.com/pointfreeco/swift-clocks at 1.1.0 (0.63s)
Computing version for https://github.com/pointfreeco/combine-schedulers
Computed https://github.com/pointfreeco/combine-schedulers at 1.2.0 (0.14s)
Fetching https://github.com/OpenCombine/OpenCombine.git
[1/8284] Fetching opencombine
Fetched https://github.com/OpenCombine/OpenCombine.git from cache (0.71s)
Computing version for https://github.com/OpenCombine/OpenCombine.git
Computed https://github.com/OpenCombine/OpenCombine.git at 0.14.0 (0.99s)
Computing version for https://github.com/pointfreeco/swift-concurrency-extras
Computed https://github.com/pointfreeco/swift-concurrency-extras at 1.4.1 (0.16s)
Creating working copy for https://github.com/pointfreeco/swift-dependencies
Working copy of https://github.com/pointfreeco/swift-dependencies resolved at 1.15.0
Creating working copy for https://github.com/apple/swift-docc-plugin
Working copy of https://github.com/apple/swift-docc-plugin resolved at 1.5.0
Creating working copy for https://github.com/OpenCombine/OpenCombine.git
Working copy of https://github.com/OpenCombine/OpenCombine.git resolved at 0.14.0
Creating working copy for https://github.com/apple/swift-argument-parser
Working copy of https://github.com/apple/swift-argument-parser resolved at 1.8.2
Creating working copy for https://github.com/pointfreeco/swift-concurrency-extras
Working copy of https://github.com/pointfreeco/swift-concurrency-extras resolved at 1.4.1
Creating working copy for https://github.com/swiftlang/swift-docc-symbolkit
Working copy of https://github.com/swiftlang/swift-docc-symbolkit resolved at 1.0.0
Creating working copy for https://github.com/pointfreeco/swift-macro-testing
Working copy of https://github.com/pointfreeco/swift-macro-testing resolved at 0.6.5
Creating working copy for https://github.com/pointfreeco/swift-custom-dump
Working copy of https://github.com/pointfreeco/swift-custom-dump resolved at 1.7.0
Creating working copy for https://github.com/pointfreeco/swift-clocks
Working copy of https://github.com/pointfreeco/swift-clocks resolved at 1.1.0
Creating working copy for https://github.com/pointfreeco/swift-snapshot-testing
Working copy of https://github.com/pointfreeco/swift-snapshot-testing resolved at 1.19.4
Creating working copy for https://github.com/google/swift-benchmark
Working copy of https://github.com/google/swift-benchmark resolved at 0.1.2
Creating working copy for https://github.com/apple/swift-syntax.git
Working copy of https://github.com/apple/swift-syntax.git resolved at 509.1.1
Creating working copy for https://github.com/pointfreeco/combine-schedulers
Working copy of https://github.com/pointfreeco/combine-schedulers resolved at 1.2.0
Creating working copy for https://github.com/pointfreeco/xctest-dynamic-overlay
Working copy of https://github.com/pointfreeco/xctest-dynamic-overlay resolved at 1.11.0
warning: 'swift-macro-testing': Conflicting identity for swift-syntax: dependency 'github.com/swiftlang/swift-syntax' and dependency 'github.com/apple/swift-syntax' both point to the same package identity 'swift-syntax'. The dependencies are introduced through the following chains: (A) /host/spi-builder-workspace->github.com/pointfreeco/swift-macro-testing->github.com/swiftlang/swift-syntax (B) /host/spi-builder-workspace->github.com/apple/swift-syntax. If there are multiple chains that lead to the same dependency, only the first chain is shown here. To see all chains use debug output option. To resolve the conflict, coordinate with the maintainer of the package that introduces the conflicting dependency. This will be escalated to an error in future versions of SwiftPM.
warning: 'swift-snapshot-testing': Conflicting identity for swift-syntax: dependency 'github.com/swiftlang/swift-syntax' and dependency 'github.com/apple/swift-syntax' both point to the same package identity 'swift-syntax'. The dependencies are introduced through the following chains: (A) /host/spi-builder-workspace->github.com/pointfreeco/swift-dependencies->github.com/swiftlang/swift-syntax (B) /host/spi-builder-workspace->github.com/apple/swift-syntax. If there are multiple chains that lead to the same dependency, only the first chain is shown here. To see all chains use debug output option. To resolve the conflict, coordinate with the maintainer of the package that introduces the conflicting dependency. This will be escalated to an error in future versions of SwiftPM.
warning: 'swift-dependencies': Conflicting identity for swift-syntax: dependency 'github.com/swiftlang/swift-syntax' and dependency 'github.com/apple/swift-syntax' both point to the same package identity 'swift-syntax'. The dependencies are introduced through the following chains: (A) /host/spi-builder-workspace->github.com/pointfreeco/swift-dependencies->github.com/swiftlang/swift-syntax (B) /host/spi-builder-workspace->github.com/apple/swift-syntax. If there are multiple chains that lead to the same dependency, only the first chain is shown here. To see all chains use debug output option. To resolve the conflict, coordinate with the maintainer of the package that introduces the conflicting dependency. This will be escalated to an error in future versions of SwiftPM.
[1/1] Compiling plugin Swift-DocC Preview
[2/2] Compiling plugin Swift-DocC
[3/3] Compiling plugin GenerateManual
[4/4] Compiling plugin GenerateDoccReference
Building for debugging...
[4/63] Write sources
[30/63] Write swift-version-24593BA9C3E375BF.txt
[32/99] Emitting module IssueReporting
[33/101] Emitting module SwiftSyntax509
[34/101] Compiling SwiftSyntax509 Empty.swift
[35/102] Wrapping AST for SwiftSyntax509 for debugging
[37/147] Compiling SwiftSyntax Utils.swift
[38/147] Compiling SwiftSyntax ChildNameForKeyPath.swift
[39/147] Compiling SwiftSyntax SyntaxAnyVisitor.swift
[40/147] Compiling SwiftSyntax SyntaxBaseNodes.swift
[41/147] Compiling SwiftSyntax SyntaxCollections.swift
[42/147] Emitting module ConcurrencyExtras
[43/148] Compiling ConcurrencyExtras MainSerialExecutor.swift
[44/148] Compiling SwiftSyntax Keyword.swift
[45/148] Compiling SwiftSyntax RenamedChildrenCompatibility.swift
[46/148] Compiling SwiftSyntax RenamedNodesCompatibility.swift
[47/148] Compiling SwiftSyntax SyntaxEnum.swift
[48/148] Compiling SwiftSyntax SyntaxKind.swift
[49/148] Compiling ConcurrencyExtras UncheckedSendable.swift
[50/148] Compiling ArgumentParserToolInfo ToolInfo.swift
[51/148] Emitting module ArgumentParserToolInfo
[52/149] Wrapping AST for ArgumentParserToolInfo for debugging
[54/149] Compiling SwiftSyntax CommonAncestor.swift
[55/149] Compiling SwiftSyntax Convenience.swift
[56/149] Compiling SwiftSyntax MemoryLayout.swift
[57/149] Compiling ConcurrencyExtras LockIsolated.swift
[58/149] Compiling ConcurrencyExtras Result.swift
[59/149] Compiling ConcurrencyExtras Task.swift
[60/149] Compiling SwiftSyntax AbsolutePosition.swift
[61/149] Compiling SwiftSyntax Assert.swift
[62/149] Compiling SwiftSyntax BumpPtrAllocator.swift
[63/149] Compiling SwiftSyntax MissingNodeInitializers.swift
[64/149] Compiling SwiftSyntax SyntaxText.swift
[65/149] Compiling SwiftSyntax SyntaxTreeViewMode.swift
[73/153] Compiling SwiftSyntax TokenDiagnostic.swift
[74/153] Compiling SwiftSyntax TokenSyntax.swift
[75/153] Compiling SwiftSyntax Trivia.swift
[79/162] Compiling ArgumentParser FishCompletionsGenerator.swift
[80/162] Compiling ArgumentParser ZshCompletionsGenerator.swift
[81/164] Compiling ArgumentParser BashCompletionsGenerator.swift
[82/164] Compiling ArgumentParser CompletionsGenerator.swift
[82/204] Wrapping AST for IssueReporting for debugging
[84/207] Wrapping AST for ConcurrencyExtras for debugging
[86/228] Compiling XCTestDynamicOverlay Exports.swift
[87/228] Compiling CombineSchedulers UIScheduler.swift
[88/229] Compiling CombineSchedulers UIKit.swift
[89/229] Compiling Clocks Timer.swift
[90/229] Compiling CombineSchedulers TestScheduler.swift
[91/229] Compiling CombineSchedulers Timer.swift
[92/229] Compiling CombineSchedulers Platform.swift
[93/229] Compiling CombineSchedulers SwiftUI.swift
[94/230] Emitting module CombineSchedulers
[95/230] Compiling CombineSchedulers Lock.swift
/host/spi-builder-workspace/.build/checkouts/combine-schedulers/Sources/CombineSchedulers/Internal/Lock.swift:54:7: error: cannot find 'pthread_mutexattr_init' in scope
52 |       var attr = pthread_mutexattr_t()
53 |       var mutex = pthread_mutex_t()
54 |       pthread_mutexattr_init(&attr)
   |       `- error: cannot find 'pthread_mutexattr_init' in scope
55 |       pthread_mutexattr_settype(&attr, Int32(PTHREAD_MUTEX_ERRORCHECK))
56 |       pthread_mutex_init(&mutex, &attr)
/host/spi-builder-workspace/.build/checkouts/combine-schedulers/Sources/CombineSchedulers/Internal/Lock.swift:55:7: error: cannot find 'pthread_mutexattr_settype' in scope
53 |       var mutex = pthread_mutex_t()
54 |       pthread_mutexattr_init(&attr)
55 |       pthread_mutexattr_settype(&attr, Int32(PTHREAD_MUTEX_ERRORCHECK))
   |       `- error: cannot find 'pthread_mutexattr_settype' in scope
56 |       pthread_mutex_init(&mutex, &attr)
57 |       pthread_mutexattr_destroy(&attr)
/host/spi-builder-workspace/.build/checkouts/combine-schedulers/Sources/CombineSchedulers/Internal/Lock.swift:55:46: error: cannot find 'PTHREAD_MUTEX_ERRORCHECK' in scope
53 |       var mutex = pthread_mutex_t()
54 |       pthread_mutexattr_init(&attr)
55 |       pthread_mutexattr_settype(&attr, Int32(PTHREAD_MUTEX_ERRORCHECK))
   |                                              `- error: cannot find 'PTHREAD_MUTEX_ERRORCHECK' in scope
56 |       pthread_mutex_init(&mutex, &attr)
57 |       pthread_mutexattr_destroy(&attr)
/host/spi-builder-workspace/.build/checkouts/combine-schedulers/Sources/CombineSchedulers/Internal/Lock.swift:56:7: error: cannot find 'pthread_mutex_init' in scope
54 |       pthread_mutexattr_init(&attr)
55 |       pthread_mutexattr_settype(&attr, Int32(PTHREAD_MUTEX_ERRORCHECK))
56 |       pthread_mutex_init(&mutex, &attr)
   |       `- error: cannot find 'pthread_mutex_init' in scope
57 |       pthread_mutexattr_destroy(&attr)
58 |       self.mutex = mutex
/host/spi-builder-workspace/.build/checkouts/combine-schedulers/Sources/CombineSchedulers/Internal/Lock.swift:57:7: error: cannot find 'pthread_mutexattr_destroy' in scope
55 |       pthread_mutexattr_settype(&attr, Int32(PTHREAD_MUTEX_ERRORCHECK))
56 |       pthread_mutex_init(&mutex, &attr)
57 |       pthread_mutexattr_destroy(&attr)
   |       `- error: cannot find 'pthread_mutexattr_destroy' in scope
58 |       self.mutex = mutex
59 |     }
/host/spi-builder-workspace/.build/checkouts/combine-schedulers/Sources/CombineSchedulers/Internal/Lock.swift:66:7: error: cannot find 'pthread_mutex_lock' in scope
64 |
65 |     func lock() {
66 |       pthread_mutex_lock(&mutex)
   |       `- error: cannot find 'pthread_mutex_lock' in scope
67 |     }
68 |
/host/spi-builder-workspace/.build/checkouts/combine-schedulers/Sources/CombineSchedulers/Internal/Lock.swift:70:7: error: cannot find 'pthread_mutex_unlock' in scope
68 |
69 |     func unlock() {
70 |       pthread_mutex_unlock(&mutex)
   |       `- error: cannot find 'pthread_mutex_unlock' in scope
71 |     }
72 |
/host/spi-builder-workspace/.build/checkouts/combine-schedulers/Sources/CombineSchedulers/Internal/Lock.swift:78:7: error: cannot find 'pthread_mutex_destroy' in scope
76 |
77 |     deinit {
78 |       pthread_mutex_destroy(&mutex)
   |       `- error: cannot find 'pthread_mutex_destroy' in scope
79 |     }
80 |   }
[96/230] Compiling CombineSchedulers NSRecursiveLock.swift
/host/spi-builder-workspace/.build/checkouts/combine-schedulers/Sources/CombineSchedulers/Internal/Lock.swift:54:7: error: cannot find 'pthread_mutexattr_init' in scope
52 |       var attr = pthread_mutexattr_t()
53 |       var mutex = pthread_mutex_t()
54 |       pthread_mutexattr_init(&attr)
   |       `- error: cannot find 'pthread_mutexattr_init' in scope
55 |       pthread_mutexattr_settype(&attr, Int32(PTHREAD_MUTEX_ERRORCHECK))
56 |       pthread_mutex_init(&mutex, &attr)
/host/spi-builder-workspace/.build/checkouts/combine-schedulers/Sources/CombineSchedulers/Internal/Lock.swift:55:7: error: cannot find 'pthread_mutexattr_settype' in scope
53 |       var mutex = pthread_mutex_t()
54 |       pthread_mutexattr_init(&attr)
55 |       pthread_mutexattr_settype(&attr, Int32(PTHREAD_MUTEX_ERRORCHECK))
   |       `- error: cannot find 'pthread_mutexattr_settype' in scope
56 |       pthread_mutex_init(&mutex, &attr)
57 |       pthread_mutexattr_destroy(&attr)
/host/spi-builder-workspace/.build/checkouts/combine-schedulers/Sources/CombineSchedulers/Internal/Lock.swift:55:46: error: cannot find 'PTHREAD_MUTEX_ERRORCHECK' in scope
53 |       var mutex = pthread_mutex_t()
54 |       pthread_mutexattr_init(&attr)
55 |       pthread_mutexattr_settype(&attr, Int32(PTHREAD_MUTEX_ERRORCHECK))
   |                                              `- error: cannot find 'PTHREAD_MUTEX_ERRORCHECK' in scope
56 |       pthread_mutex_init(&mutex, &attr)
57 |       pthread_mutexattr_destroy(&attr)
/host/spi-builder-workspace/.build/checkouts/combine-schedulers/Sources/CombineSchedulers/Internal/Lock.swift:56:7: error: cannot find 'pthread_mutex_init' in scope
54 |       pthread_mutexattr_init(&attr)
55 |       pthread_mutexattr_settype(&attr, Int32(PTHREAD_MUTEX_ERRORCHECK))
56 |       pthread_mutex_init(&mutex, &attr)
   |       `- error: cannot find 'pthread_mutex_init' in scope
57 |       pthread_mutexattr_destroy(&attr)
58 |       self.mutex = mutex
/host/spi-builder-workspace/.build/checkouts/combine-schedulers/Sources/CombineSchedulers/Internal/Lock.swift:57:7: error: cannot find 'pthread_mutexattr_destroy' in scope
55 |       pthread_mutexattr_settype(&attr, Int32(PTHREAD_MUTEX_ERRORCHECK))
56 |       pthread_mutex_init(&mutex, &attr)
57 |       pthread_mutexattr_destroy(&attr)
   |       `- error: cannot find 'pthread_mutexattr_destroy' in scope
58 |       self.mutex = mutex
59 |     }
/host/spi-builder-workspace/.build/checkouts/combine-schedulers/Sources/CombineSchedulers/Internal/Lock.swift:66:7: error: cannot find 'pthread_mutex_lock' in scope
64 |
65 |     func lock() {
66 |       pthread_mutex_lock(&mutex)
   |       `- error: cannot find 'pthread_mutex_lock' in scope
67 |     }
68 |
/host/spi-builder-workspace/.build/checkouts/combine-schedulers/Sources/CombineSchedulers/Internal/Lock.swift:70:7: error: cannot find 'pthread_mutex_unlock' in scope
68 |
69 |     func unlock() {
70 |       pthread_mutex_unlock(&mutex)
   |       `- error: cannot find 'pthread_mutex_unlock' in scope
71 |     }
72 |
/host/spi-builder-workspace/.build/checkouts/combine-schedulers/Sources/CombineSchedulers/Internal/Lock.swift:78:7: error: cannot find 'pthread_mutex_destroy' in scope
76 |
77 |     deinit {
78 |       pthread_mutex_destroy(&mutex)
   |       `- error: cannot find 'pthread_mutex_destroy' in scope
79 |     }
80 |   }
[97/230] Compiling CombineSchedulers AnyScheduler.swift
[98/230] Compiling CombineSchedulers Concurrency.swift
[99/230] Compiling CombineSchedulers ImmediateScheduler.swift
[100/230] Compiling CombineSchedulers Deprecations.swift
[101/230] Emitting module XCTestDynamicOverlay
[102/230] Compiling CombineSchedulers UnimplementedScheduler.swift
BUILD FAILURE 6.3 wasm