The Swift Package Index logo.Swift Package Index

Build Information

Failed to build SafeMediaKit, reference 0.3.1 (88608d), with Swift 6.3 for Linux on 15 Sep 2026 09:46:56 UTC.

Build Command

bash -c docker run --pull=always --rm -v "checkouts-53886769-0":/host -w "$PWD" -e JAVA_HOME="/root/.sdkman/candidates/java/current" -e SPI_BUILD="1" -e SPI_PROCESSING="1" registry.gitlab.com/saguaro1/spi-images:basic-6.3-latest swift build --triple x86_64-unknown-linux-gnu 2>&1

Build Log

========================================
RunAll
========================================
Builder version: 5.0.2
Interrupt handler set up.
========================================
Checkout
========================================
Clone URL: https://github.com/SardorbekR/SafeMediaKit.git
Reference: 0.3.1
Initialized empty Git repository in /host/spi-builder-workspace/.git/
hint: Using 'master' as the name for the initial branch. This default branch name
hint: is subject to change. To configure the initial branch name to use in all
hint: of your new repositories, which will suppress this warning, call:
hint:
hint: 	git config --global init.defaultBranch <name>
hint:
hint: Names commonly chosen instead of 'master' are 'main', 'trunk' and
hint: 'development'. The just-created branch can be renamed via this command:
hint:
hint: 	git branch -m <name>
From https://github.com/SardorbekR/SafeMediaKit
 * tag               0.3.1      -> FETCH_HEAD
HEAD is now at 88608dd Stabilize accessibility and decoder checks on CI simulators
Cloned https://github.com/SardorbekR/SafeMediaKit.git
Revision (git rev-parse @):
88608dde2e1f72c4b97b7725b0aff7bb96a9c494
SPI manifest file found: $PWD/.spi.yml
SUCCESS checkout https://github.com/SardorbekR/SafeMediaKit.git at 0.3.1
========================================
Build
========================================
Selected platform:         linux
Swift version:             6.3
Building package at path:  $PWD
https://github.com/SardorbekR/SafeMediaKit.git
Running build ...
bash -c docker run --pull=always --rm -v "checkouts-53886769-0":/host -w "$PWD" -e JAVA_HOME="/root/.sdkman/candidates/java/current" -e SPI_BUILD="1" -e SPI_PROCESSING="1" registry.gitlab.com/saguaro1/spi-images:basic-6.3-latest swift build --triple x86_64-unknown-linux-gnu 2>&1
basic-6.3-latest: Pulling from saguaro1/spi-images
Digest: sha256:c577f8f8f4df4f423827bf5e7d96027716bb7030ef75b2fd4a15f7fb0043ce6d
Status: Image is up to date for registry.gitlab.com/saguaro1/spi-images:basic-6.3-latest
Building for debugging...
[0/3] Write sources
[2/3] Write swift-version-24593BA9C3E375BF.txt
error: emit-module command failed with exit code 1 (use -v to see invocation)
[4/27] Emitting module SafeMediaKit
/host/spi-builder-workspace/Sources/SafeMediaKit/Core/SafeMediaSource.swift:1:8: error: no such module 'CoreGraphics'
 1 | import CoreGraphics
   |        `- error: no such module 'CoreGraphics'
 2 | import Foundation
 3 |
[5/30] Compiling SafeMediaKit SafeMediaStreamEngine.swift
/host/spi-builder-workspace/Sources/SafeMediaKit/Core/SafeMediaSource.swift:1:8: error: no such module 'CoreGraphics'
 1 | import CoreGraphics
   |        `- error: no such module 'CoreGraphics'
 2 | import Foundation
 3 |
[6/30] Compiling SafeMediaKit SafeMediaVerdict.swift
/host/spi-builder-workspace/Sources/SafeMediaKit/Core/SafeMediaSource.swift:1:8: error: no such module 'CoreGraphics'
 1 | import CoreGraphics
   |        `- error: no such module 'CoreGraphics'
 2 | import Foundation
 3 |
[7/30] Compiling SafeMediaKit SafeMediaEngineEnvironment.swift
/host/spi-builder-workspace/Sources/SafeMediaKit/Core/SafeMediaSource.swift:1:8: error: no such module 'CoreGraphics'
 1 | import CoreGraphics
   |        `- error: no such module 'CoreGraphics'
 2 | import Foundation
 3 |
[8/30] Compiling SafeMediaKit SafeMediaAvailability.swift
/host/spi-builder-workspace/Sources/SafeMediaKit/Core/SafeMediaSource.swift:1:8: error: no such module 'CoreGraphics'
 1 | import CoreGraphics
   |        `- error: no such module 'CoreGraphics'
 2 | import Foundation
 3 |
[9/30] Compiling SafeMediaKit SafeMediaContext.swift
/host/spi-builder-workspace/Sources/SafeMediaKit/Core/SafeMediaSource.swift:1:8: error: no such module 'CoreGraphics'
 1 | import CoreGraphics
   |        `- error: no such module 'CoreGraphics'
 2 | import Foundation
 3 |
[10/30] Compiling SafeMediaKit SafeMediaDecision.swift
/host/spi-builder-workspace/Sources/SafeMediaKit/Core/SafeMediaSource.swift:1:8: error: no such module 'CoreGraphics'
 1 | import CoreGraphics
   |        `- error: no such module 'CoreGraphics'
 2 | import Foundation
 3 |
[11/30] Compiling SafeMediaKit SensitiveMediaOverlay.swift
/host/spi-builder-workspace/Sources/SafeMediaKit/Core/SafeMediaSource.swift:1:8: error: no such module 'CoreGraphics'
 1 | import CoreGraphics
   |        `- error: no such module 'CoreGraphics'
 2 | import Foundation
 3 |
[12/30] Compiling SafeMediaKit SafeMediaDefaultOverlay.swift
/host/spi-builder-workspace/Sources/SafeMediaKit/Core/SafeMediaSource.swift:1:8: error: no such module 'CoreGraphics'
 1 | import CoreGraphics
   |        `- error: no such module 'CoreGraphics'
 2 | import Foundation
 3 |
[13/30] Compiling SafeMediaKit SafeMediaImageView.swift
/host/spi-builder-workspace/Sources/SafeMediaKit/Core/SafeMediaSource.swift:1:8: error: no such module 'CoreGraphics'
 1 | import CoreGraphics
   |        `- error: no such module 'CoreGraphics'
 2 | import Foundation
 3 |
[14/30] Compiling SafeMediaKit AppleSensitiveContentAnalyzer.swift
/host/spi-builder-workspace/Sources/SafeMediaKit/Core/SafeMediaSource.swift:1:8: error: no such module 'CoreGraphics'
 1 | import CoreGraphics
   |        `- error: no such module 'CoreGraphics'
 2 | import Foundation
 3 |
[15/30] Compiling SafeMediaKit AppleSensitiveContentStreamAnalyzer.swift
/host/spi-builder-workspace/Sources/SafeMediaKit/Core/SafeMediaSource.swift:1:8: error: no such module 'CoreGraphics'
 1 | import CoreGraphics
   |        `- error: no such module 'CoreGraphics'
 2 | import Foundation
 3 |
[16/30] Compiling SafeMediaKit SCADetectedTypesMapper.swift
/host/spi-builder-workspace/Sources/SafeMediaKit/Core/SafeMediaSource.swift:1:8: error: no such module 'CoreGraphics'
 1 | import CoreGraphics
   |        `- error: no such module 'CoreGraphics'
 2 | import Foundation
 3 |
[17/30] Compiling SafeMediaKit SCAResultMapper.swift
/host/spi-builder-workspace/Sources/SafeMediaKit/Core/SafeMediaSource.swift:1:8: error: no such module 'CoreGraphics'
 1 | import CoreGraphics
   |        `- error: no such module 'CoreGraphics'
 2 | import Foundation
 3 |
[18/30] Compiling SafeMediaKit SafeMediaImage.swift
/host/spi-builder-workspace/Sources/SafeMediaKit/Core/SafeMediaSource.swift:1:8: error: no such module 'CoreGraphics'
 1 | import CoreGraphics
   |        `- error: no such module 'CoreGraphics'
 2 | import Foundation
 3 |
[19/30] Compiling SafeMediaKit SafeMediaImageConfiguration.swift
/host/spi-builder-workspace/Sources/SafeMediaKit/Core/SafeMediaSource.swift:1:8: error: no such module 'CoreGraphics'
 1 | import CoreGraphics
   |        `- error: no such module 'CoreGraphics'
 2 | import Foundation
 3 |
[20/30] Compiling SafeMediaKit SafeMediaOverlayState.swift
/host/spi-builder-workspace/Sources/SafeMediaKit/Core/SafeMediaSource.swift:1:8: error: no such module 'CoreGraphics'
 1 | import CoreGraphics
   |        `- error: no such module 'CoreGraphics'
 2 | import Foundation
 3 |
[21/30] Compiling SafeMediaKit SafeMediaPolicy.swift
/host/spi-builder-workspace/Sources/SafeMediaKit/Core/SafeMediaSource.swift:1:8: error: no such module 'CoreGraphics'
 1 | import CoreGraphics
   |        `- error: no such module 'CoreGraphics'
 2 | import Foundation
 3 |
[22/30] Compiling SafeMediaKit SafeMediaSource.swift
/host/spi-builder-workspace/Sources/SafeMediaKit/Core/SafeMediaSource.swift:1:8: error: no such module 'CoreGraphics'
 1 | import CoreGraphics
   |        `- error: no such module 'CoreGraphics'
 2 | import Foundation
 3 |
[23/30] Compiling SafeMediaKit SafeMediaStreamAnalyzing.swift
/host/spi-builder-workspace/Sources/SafeMediaKit/Core/SafeMediaSource.swift:1:8: error: no such module 'CoreGraphics'
 1 | import CoreGraphics
   |        `- error: no such module 'CoreGraphics'
 2 | import Foundation
 3 |
[24/30] Compiling SafeMediaKit InMemorySafeMediaVerdictCache.swift
/host/spi-builder-workspace/Sources/SafeMediaKit/Core/SafeMediaSource.swift:1:8: error: no such module 'CoreGraphics'
 1 | import CoreGraphics
   |        `- error: no such module 'CoreGraphics'
 2 | import Foundation
 3 |
[25/30] Compiling SafeMediaKit SafeMediaCacheKey.swift
/host/spi-builder-workspace/Sources/SafeMediaKit/Core/SafeMediaSource.swift:1:8: error: no such module 'CoreGraphics'
 1 | import CoreGraphics
   |        `- error: no such module 'CoreGraphics'
 2 | import Foundation
 3 |
[26/30] Compiling SafeMediaKit SafeMediaVerdictCaching.swift
/host/spi-builder-workspace/Sources/SafeMediaKit/Core/SafeMediaSource.swift:1:8: error: no such module 'CoreGraphics'
 1 | import CoreGraphics
   |        `- error: no such module 'CoreGraphics'
 2 | import Foundation
 3 |
[27/30] Compiling SafeMediaKit SafeMediaAnalyzing.swift
/host/spi-builder-workspace/Sources/SafeMediaKit/Core/SafeMediaSource.swift:1:8: error: no such module 'CoreGraphics'
 1 | import CoreGraphics
   |        `- error: no such module 'CoreGraphics'
 2 | import Foundation
 3 |
[28/30] Compiling SafeMediaKit SafeMediaEngine.swift
/host/spi-builder-workspace/Sources/SafeMediaKit/Core/SafeMediaSource.swift:1:8: error: no such module 'CoreGraphics'
 1 | import CoreGraphics
   |        `- error: no such module 'CoreGraphics'
 2 | import Foundation
 3 |
[29/30] Compiling SafeMediaKit SafeMediaError.swift
/host/spi-builder-workspace/Sources/SafeMediaKit/Core/SafeMediaSource.swift:1:8: error: no such module 'CoreGraphics'
 1 | import CoreGraphics
   |        `- error: no such module 'CoreGraphics'
 2 | import Foundation
 3 |
[30/30] Compiling SafeMediaKit SafeMediaLocalFileLoader.swift
/host/spi-builder-workspace/Sources/SafeMediaKit/Core/SafeMediaSource.swift:1:8: error: no such module 'CoreGraphics'
 1 | import CoreGraphics
   |        `- error: no such module 'CoreGraphics'
 2 | import Foundation
 3 |
BUILD FAILURE 6.3 linux