The Swift Package Index logo.Swift Package Index

Build Information

Failed to build WWSafariViewUI, reference 1.1.0 (ebd258), with Swift 6.4 for macOS (SPM) on 26 Sep 2026 07:01:16 UTC.

Build Command

env DEVELOPER_DIR=/Applications/Xcode-27.0.0-Release.Candidate.app xcrun swift build --arch arm64

Build Log

========================================
RunAll
========================================
Builder version: 5.1.0
Interrupt handler set up.
========================================
Checkout
========================================
Clone URL: https://github.com/William-Weng/WWSafariViewUI.git
Reference: 1.1.0
Initialized empty Git repository in /Users/admin/builder/spi-builder-workspace/.git/
From https://github.com/William-Weng/WWSafariViewUI
 * tag               1.1.0      -> FETCH_HEAD
HEAD is now at ebd2586 - 使用`SwiftUI View Modifier`處理`SFSafariViewControllerDelegate`
Cloned https://github.com/William-Weng/WWSafariViewUI.git
Revision (git rev-parse @):
ebd2586db901b751926fb666e8ab188bcd5a05e9
SUCCESS checkout https://github.com/William-Weng/WWSafariViewUI.git at 1.1.0
========================================
Build
========================================
Selected platform:         macosSpm
Swift version:             6.4
Building package at path:  $PWD
https://github.com/William-Weng/WWSafariViewUI.git
Running build ...
env DEVELOPER_DIR=/Applications/Xcode-27.0.0-Release.Candidate.app xcrun swift build --arch arm64
Building for debugging...
[Pre-planning 1 / 95]
[Planning deferred tasks]
[30 / 41] WWSafariViewUI_WWSafariViewUI
[32 / 41]
[33 / 42] WWSafariViewUI
[43 / 113]
[46 / 113]
[54 / 113]
[56 / 113]
[57 / 113]
[62 / 113]
[64 / 113]
[66 / 113]
[69 / 113]
[74 / 113]
[76 / 113]
[79 / 113]
[80 / 113]
[90 / 113]
[92 / 113]
[93 / 113]
[96 / 113]
[98 / 113]
error: SwiftCompile normal arm64 failed with a nonzero exit code. Command line:     cd /Users/admin/builder

/Users/admin/builder/spi-builder-workspace/Sources/WWSafariViewUI/Utility/Coordinator.swift:17:31: error: cannot find type 'SFSafariViewController' in scope
15 |     final class Coordinator: NSObject {
16 |
17 |         var onLoadComplete: ((SFSafariViewController, Bool) -> Void)? = nil     // Safari 載入完成時的回呼變數
   |                               `- error: cannot find type 'SFSafariViewController' in scope
18 |         var onFinish: ((SFSafariViewController) -> Void)? = nil                 // Safari 畫面關閉時要執行的回呼
19 |     }
/Users/admin/builder/spi-builder-workspace/Sources/WWSafariViewUI/Utility/Coordinator.swift:18:25: error: cannot find type 'SFSafariViewController' in scope
16 |
17 |         var onLoadComplete: ((SFSafariViewController, Bool) -> Void)? = nil     // Safari 載入完成時的回呼變數
18 |         var onFinish: ((SFSafariViewController) -> Void)? = nil                 // Safari 畫面關閉時要執行的回呼
   |                         `- error: cannot find type 'SFSafariViewController' in scope
19 |     }
20 | }
/Users/admin/builder/spi-builder-workspace/Sources/WWSafariViewUI/Utility/Coordinator.swift:23:39: error: cannot find type 'SFSafariViewControllerDelegate' in scope
21 |
22 | // MARK: - SFSafariViewControllerDelegate
23 | extension WWSafariViewUI.Coordinator: SFSafariViewControllerDelegate {}
   |                                       `- error: cannot find type 'SFSafariViewControllerDelegate' in scope
24 | public extension WWSafariViewUI.Coordinator {
25 |
/Users/admin/builder/spi-builder-workspace/Sources/WWSafariViewUI/Utility/Coordinator.swift:30:45: error: cannot find type 'SFSafariViewController' in scope
28 |     ///   - controller: 目前載入的 Safari 視圖控制器
29 |     ///   - didLoadSuccessfully: 這次載入是成功還是因為網路等問題失敗
30 |     func safariViewController(_ controller: SFSafariViewController, didCompleteInitialLoad didLoadSuccessfully: Bool) {
   |                                             `- error: cannot find type 'SFSafariViewController' in scope
31 |         onLoadComplete?(controller, didLoadSuccessfully)
32 |     }
/Users/admin/builder/spi-builder-workspace/Sources/WWSafariViewUI/Utility/Coordinator.swift:37:54: error: cannot find type 'SFSafariViewController' in scope
35 |     ///
36 |     /// - Parameter controller: 目前被關閉的 Safari 視圖控制器
37 |     func safariViewControllerDidFinish(_ controller: SFSafariViewController) {
   |                                                      `- error: cannot find type 'SFSafariViewController' in scope
38 |         onFinish?(controller)
39 |     }
/Users/admin/builder/spi-builder-workspace/Sources/WWSafariViewUI/WWSafariViewUI.swift:20:35: error: cannot find type 'SFSafariViewController' in scope
18 |     private var entersReaderIfAvailable = false
19 |
20 |     private var onLoadComplete: ((SFSafariViewController, Bool) -> Void)? = nil     // Safari 載入完成時的回呼變數
   |                                   `- error: cannot find type 'SFSafariViewController' in scope
21 |     private var onFinish: ((SFSafariViewController) -> Void)? = nil                 // Safari 畫面關閉(點擊 Done)時要執行的回呼
22 |
/Users/admin/builder/spi-builder-workspace/Sources/WWSafariViewUI/WWSafariViewUI.swift:21:29: error: cannot find type 'SFSafariViewController' in scope
19 |
20 |     private var onLoadComplete: ((SFSafariViewController, Bool) -> Void)? = nil     // Safari 載入完成時的回呼變數
21 |     private var onFinish: ((SFSafariViewController) -> Void)? = nil                 // Safari 畫面關閉(點擊 Done)時要執行的回呼
   |                             `- error: cannot find type 'SFSafariViewController' in scope
22 |
23 |     /// 初始化`WWSafariViewUI`
/Users/admin/builder/spi-builder-workspace/Sources/WWSafariViewUI/WWSafariViewUI.swift:34:27: error: cannot find type 'UIViewControllerRepresentable' in scope
32 |
33 | // MARK: - UIViewControllerRepresentable
34 | extension WWSafariViewUI: UIViewControllerRepresentable {
   |                           `- error: cannot find type 'UIViewControllerRepresentable' in scope
35 |
36 |     /// 建立用來接收 Safari delegate 事件的協調器
/Users/admin/builder/spi-builder-workspace/Sources/WWSafariViewUI/WWSafariViewUI.swift:47:59: error: cannot find type 'SFSafariViewController' in scope
45 |     /// - Parameter context: SwiftUI 提供的上下文資訊
46 |     /// - Returns: 用來顯示指定網址內容的 Safari 視圖控制器
47 |     public func makeUIViewController(context: Context) -> SFSafariViewController {
   |                                                           `- error: cannot find type 'SFSafariViewController' in scope
48 |
49 |         let configuration = SFSafariViewController.Configuration()
/Users/admin/builder/spi-builder-workspace/Sources/WWSafariViewUI/WWSafariViewUI.swift:47:47: error: cannot find type 'Context' in scope
45 |     /// - Parameter context: SwiftUI 提供的上下文資訊
46 |     /// - Returns: 用來顯示指定網址內容的 Safari 視圖控制器
47 |     public func makeUIViewController(context: Context) -> SFSafariViewController {
   |                                               `- error: cannot find type 'Context' in scope
48 |
49 |         let configuration = SFSafariViewController.Configuration()
/Users/admin/builder/spi-builder-workspace/Sources/WWSafariViewUI/WWSafariViewUI.swift:66:60: error: cannot find type 'SFSafariViewController' in scope
64 |     ///   - uiViewController: 目前顯示中的 Safari 視圖控制器
65 |     ///   - context: SwiftUI 提供的上下文資訊
66 |     public func updateUIViewController(_ uiViewController: SFSafariViewController, context: Context) {
   |                                                            `- error: cannot find type 'SFSafariViewController' in scope
67 |         context.coordinator.onLoadComplete = onLoadComplete
68 |         context.coordinator.onFinish = onFinish
/Users/admin/builder/spi-builder-workspace/Sources/WWSafariViewUI/WWSafariViewUI.swift:66:93: error: cannot find type 'Context' in scope
64 |     ///   - uiViewController: 目前顯示中的 Safari 視圖控制器
65 |     ///   - context: SwiftUI 提供的上下文資訊
66 |     public func updateUIViewController(_ uiViewController: SFSafariViewController, context: Context) {
   |                                                                                             `- error: cannot find type 'Context' in scope
67 |         context.coordinator.onLoadComplete = onLoadComplete
68 |         context.coordinator.onFinish = onFinish
/Users/admin/builder/spi-builder-workspace/Sources/WWSafariViewUI/WWSafariViewUI.swift:77:60: error: cannot find type 'SFSafariViewController' in scope
75 |     /// 設定 Safari 網頁初始載入完成時要執行的回呼
76 |     /// - Parameter action: 載入完成時執行的閉包,`Bool` 代表是否載入成功
77 |     func onLoadComplete(_ action: @escaping (_ controller: SFSafariViewController, _ didLoadSuccessfully: Bool) -> Void) -> Self {
   |                                                            `- error: cannot find type 'SFSafariViewController' in scope
78 |         var copy = self
79 |         copy.onLoadComplete = action
/Users/admin/builder/spi-builder-workspace/Sources/WWSafariViewUI/WWSafariViewUI.swift:85:54: error: cannot find type 'SFSafariViewController' in scope
83 |     /// 設定 Safari 畫面關閉(點擊 Done)時要執行的回呼
84 |     /// - Parameter action: 關閉時執行的閉包
85 |     func onFinish(_ action: @escaping (_ controller: SFSafariViewController) -> Void) -> Self {
   |                                                      `- error: cannot find type 'SFSafariViewController' in scope
86 |         var copy = self
87 |         copy.onFinish = action
Failed frontend command:
/Applications/Xcode-27.0.0-Release.Candidate.app/Contents/Developer/Toolchains/XcodeDefault.xctoolchain/usr/bin/swift-frontend -frontend -emit-module -experimental-skip-non-inlinable-function-bodies-without-types /Users/admin/builder/spi-builder-workspace/.build/out/Intermediates.noindex/WWSafariViewUI.build/Debug/WWSafariViewUI-t.build/DerivedSources/resource_bundle_accessor.swift /Users/admin/builder/spi-builder-workspace/Sources/WWSafariViewUI/Utility/Coordinator.swift /Users/admin/builder/spi-builder-workspace/Sources/WWSafariViewUI/WWSafariViewUI.swift -target arm64-apple-macos12.0 -disable-cross-import-overlay-search -load-resolved-plugin /Applications/Xcode-27.0.0-Release.Candidate.app/Contents/Developer/Platforms/MacOSX.platform/Developer/usr/lib/swift/host/plugins/libFoundationMacros.dylib\#/Applications/Xcode-27.0.0-Release.Candidate.app/Contents/Developer/Platforms/MacOSX.platform/Developer/usr/bin/swift-plugin-server\#FoundationMacros -load-resolved-plugin /Applications/Xcode-27.0.0-Release.Candidate.app/Contents/Developer/Platforms/MacOSX.platform/Developer/usr/lib/swift/host/plugins/libObservationMacros.dylib\#/Applications/Xcode-27.0.0-Release.Candidate.app/Contents/Developer/Platforms/MacOSX.platform/Developer/usr/bin/swift-plugin-server\#ObservationMacros -load-resolved-plugin /Applications/Xcode-27.0.0-Release.Candidate.app/Contents/Developer/Platforms/MacOSX.platform/Developer/usr/lib/swift/host/plugins/libPreviewsMacros.dylib\#/Applications/Xcode-27.0.0-Release.Candidate.app/Contents/Developer/Platforms/MacOSX.platform/Developer/usr/bin/swift-plugin-server\#PreviewsMacros -load-resolved-plugin /Applications/Xcode-27.0.0-Release.Candidate.app/Contents/Developer/Platforms/MacOSX.platform/Developer/usr/lib/swift/host/plugins/libSwiftMacros.dylib\#/Applications/Xcode-27.0.0-Release.Candidate.app/Contents/Developer/Platforms/MacOSX.platform/Developer/usr/bin/swift-plugin-server\#SwiftMacros -load-resolved-plugin /Applications/Xcode-27.0.0-Release.Candidate.app/Contents/Developer/Platforms/MacOSX.platform/Developer/usr/lib/swift/host/plugins/libSwiftUIMacros.dylib\#/Applications/Xcode-27.0.0-Release.Candidate.app/Contents/Developer/Platforms/MacOSX.platform/Developer/usr/bin/swift-plugin-server\#SwiftUIMacros -disable-implicit-swift-modules -Xcc -fno-implicit-modules -Xcc -fno-implicit-module-maps -explicit-swift-module-map-file /Users/admin/builder/spi-builder-workspace/.build/out/Intermediates.noindex/WWSafariViewUI.build/Debug/WWSafariViewUI-t.build/Objects-normal/arm64/WWSafariViewUI-dependencies-1.json -Xllvm -aarch64-use-tbi -enable-objc-interop -stack-check -sdk /Applications/Xcode-27.0.0-Release.Candidate.app/Contents/Developer/Platforms/MacOSX.platform/Developer/SDKs/MacOSX27.0.sdk -I /Users/admin/builder/spi-builder-workspace/.build/out/Products/Debug -Isystem /Applications/Xcode-27.0.0-Release.Candidate.app/Contents/Developer/Platforms/MacOSX.platform/Developer/usr/lib -F /Users/admin/builder/spi-builder-workspace/.build/out/Products/Debug -F /Applications/Xcode-27.0.0-Release.Candidate.app/Contents/Developer/Platforms/MacOSX.platform/Developer/Library/Frameworks -module-cache-path /Users/admin/builder/spi-builder-workspace/.build/out/Intermediates.noindex/SwiftExplicitPrecompiledModules -color-diagnostics -Xcc -fcolor-diagnostics -enable-testing -g -debug-info-format\=dwarf -dwarf-version\=4 -swift-version 5 -Onone -D SWIFT_PACKAGE -D DEBUG -D SWIFT_MODULE_RESOURCE_BUNDLE_AVAILABLE -D Xcode -serialize-debugging-options -enable-experimental-feature DebugDescriptionMacro -empty-abi-descriptor -validate-clang-modules-once -clang-build-session-file /Users/admin/builder/spi-builder-workspace/.build/out/ModuleCache.noindex/Session.modulevalidation -Xcc -working-directory -Xcc /Users/admin/builder -enable-anonymous-context-mangled-names -file-compilation-dir /Users/admin/builder -Xcc -D_LIBCPP_HARDENING_MODE\=_LIBCPP_HARDENING_MODE_DEBUG -Xcc -ivfsstatcache -Xcc /Users/admin/builder/spi-builder-workspace/.build/out/SDKStatCaches.noindex/macosx27.0-26A425-80c5bbf1d171475443272936d42f90a36a22442a12e9d48fe1a705f55a1adfc4.sdkstatcache -Xcc -fmodules-prune-interval\=86400 -Xcc -fmodules-prune-after\=345600 -Xcc -I/Users/admin/builder/spi-builder-workspace/.build/out/Products/Debug/include -Xcc -I/Users/admin/builder/spi-builder-workspace/.build/out/Intermediates.noindex/WWSafariViewUI.build/Debug/WWSafariViewUI-t.build/DerivedSources-normal/arm64 -Xcc -I/Users/admin/builder/spi-builder-workspace/.build/out/Intermediates.noindex/WWSafariViewUI.build/Debug/WWSafariViewUI-t.build/DerivedSources/arm64 -Xcc -I/Users/admin/builder/spi-builder-workspace/.build/out/Intermediates.noindex/WWSafariViewUI.build/Debug/WWSafariViewUI-t.build/DerivedSources -Xcc -DSWIFT_PACKAGE -Xcc -DDEBUG\=1 -no-auto-bridging-header-chaining -module-name WWSafariViewUI -package-name spi_builder_workspace -const-gather-protocols-file /Users/admin/builder/spi-builder-workspace/.build/out/Intermediates.noindex/WWSafariViewUI.build/Debug/WWSafariViewUI-t.build/Objects-normal/arm64/WWSafariViewUI_const_extract_protocols.json -disable-clang-spi -clang-target arm64-apple-macos27.0 -target-sdk-version 27.0 -target-sdk-name macosx27.0 -in-process-plugin-server-path /Applications/Xcode-27.0.0-Release.Candidate.app/Contents/Developer/Toolchains/XcodeDefault.xctoolchain/usr/lib/swift/host/libSwiftInProcPluginServer.dylib -emit-module-doc-path /Users/admin/builder/spi-builder-workspace/.build/out/Intermediates.noindex/WWSafariViewUI.build/Debug/WWSafariViewUI-t.build/Objects-normal/arm64/WWSafariViewUI.swiftdoc -emit-module-source-info-path /Users/admin/builder/spi-builder-workspace/.build/out/Intermediates.noindex/WWSafariViewUI.build/Debug/WWSafariViewUI-t.build/Objects-normal/arm64/WWSafariViewUI.swiftsourceinfo -emit-objc-header-path /Users/admin/builder/spi-builder-workspace/.build/out/Intermediates.noindex/WWSafariViewUI.build/Debug/WWSafariViewUI-t.build/Objects-normal/arm64/WWSafariViewUI-Swift.h -serialize-diagnostics-path /Users/admin/builder/spi-builder-workspace/.build/out/Intermediates.noindex/WWSafariViewUI.build/Debug/WWSafariViewUI-t.build/Objects-normal/arm64/WWSafariViewUI-primary-emit-module.dia -emit-dependencies-path /Users/admin/builder/spi-builder-workspace/.build/out/Intermediates.noindex/WWSafariViewUI.build/Debug/WWSafariViewUI-t.build/Objects-normal/arm64/WWSafariViewUI-primary-emit-module.d -parse-as-library -o /Users/admin/builder/spi-builder-workspace/.build/out/Intermediates.noindex/WWSafariViewUI.build/Debug/WWSafariViewUI-t.build/Objects-normal/arm64/WWSafariViewUI.swiftmodule -emit-abi-descriptor-path /Users/admin/builder/spi-builder-workspace/.build/out/Intermediates.noindex/WWSafariViewUI.build/Debug/WWSafariViewUI-t.build/Objects-normal/arm64/WWSafariViewUI.abi.json
error: Build failed
BUILD FAILURE 6.4 macosSpm