Build Information
Failed to build DesignReviewer, reference main (5092cb), with Swift 6.4 for tvOS using Xcode 27.0 on 18 Sep 2026 14:58:11 UTC.
Build Command
env DEVELOPER_DIR=/Applications/Xcode-27.0.0-Release.Candidate.app xcrun xcodebuild -IDEClonedSourcePackagesDirPathOverride=$PWD/.dependencies -skipMacroValidation -skipPackagePluginValidation -derivedDataPath $PWD/.derivedData build -scheme DesignReviewer -destination generic/platform=tvOSBuild Log
209 | @property (class, nonatomic, readonly) UIColor *secondarySystemBackgroundColor API_AVAILABLE(ios(13.0)) API_UNAVAILABLE(tvos, watchos);
210 | @property (class, nonatomic, readonly) UIColor *tertiarySystemBackgroundColor API_AVAILABLE(ios(13.0)) API_UNAVAILABLE(tvos, watchos);
/Users/admin/builder/spi-builder-workspace/Sources/DesignReviewer/Spuddle/SpuddleStepperModifier/SpuddleStepperModiferView.swift:62:9: error: 'Stepper' is unavailable in tvOS
60 | Text("Current value: \(viewModel.currentValue)")
61 |
62 | Stepper("Stepper",
| `- error: 'Stepper' is unavailable in tvOS
63 | onIncrement: {
64 | viewModel.handleIncrement()
SwiftUI.Stepper:3:27: note: 'Stepper' has been explicitly marked unavailable here
1 | @available(iOS 13.0, macOS 10.15, watchOS 9.0, *)
2 | @available(tvOS, unavailable)
3 | nonisolated public struct Stepper<Label> : View, ~Sendable where Label : View {
| `- note: 'Stepper' has been explicitly marked unavailable here
4 | @export(implementation) nonisolated public init(@ContentBuilder label: () -> Label, onIncrement: (() -> Void)?, onDecrement: (() -> Void)?, onEditingChanged: @escaping (Bool) -> Void = { _ in })
5 | nonisolated public var body: some View { get }
/Users/admin/builder/spi-builder-workspace/Sources/DesignReviewer/Spuddle/SpuddleStepperModifier/SpuddleStepperModiferView.swift:62:9: error: 'init(_:onIncrement:onDecrement:onEditingChanged:)' is unavailable in tvOS
60 | Text("Current value: \(viewModel.currentValue)")
61 |
62 | Stepper("Stepper",
| `- error: 'init(_:onIncrement:onDecrement:onEditingChanged:)' is unavailable in tvOS
63 | onIncrement: {
64 | viewModel.handleIncrement()
SwiftUI.Stepper.init:4:22: note: 'init(_:onIncrement:onDecrement:onEditingChanged:)' has been explicitly marked unavailable here
2 | @available(watchOS 9.0, *)
3 | @available(tvOS, unavailable)
4 | nonisolated public init(_ titleKey: LocalizedStringKey, onIncrement: (() -> Void)?, onDecrement: (() -> Void)?, onEditingChanged: @escaping (Bool) -> Void = { _ in })}
| `- note: 'init(_:onIncrement:onDecrement:onEditingChanged:)' has been explicitly marked unavailable here
5 |
/Users/admin/builder/spi-builder-workspace/Sources/DesignReviewer/Spuddle/SpuddleStepperModifier/SpuddleStepperModiferView.swift:72:33: error: 'systemMaterial' is unavailable in tvOS
70 | }
71 | .padding(.large)
72 | .background(VisualEffecter(.systemMaterial))
| `- error: 'systemMaterial' is unavailable in tvOS
73 | .cornerRadius(.medium)
74 | .padding()
UIKit.UIBlurEffect.Style.systemMaterial:4:10: note: 'systemMaterial' has been explicitly marked unavailable here
2 | enum Style {
3 | @available(tvOS, unavailable)
4 | case systemMaterial }
| `- note: 'systemMaterial' has been explicitly marked unavailable here
5 | }
6 |
/Users/admin/builder/spi-builder-workspace/Sources/DesignReviewer/Spuddle/SpuddleTextModifier/SpuddleTextModifierView.swift:23:7: error: 'TextEditor' is unavailable in tvOS
21 | .bold()
22 |
23 | TextEditor(text: $viewModel.currentValue)
| `- error: 'TextEditor' is unavailable in tvOS
24 | .frame(maxHeight: 160)
25 |
SwiftUI.TextEditor:4:27: note: 'TextEditor' has been explicitly marked unavailable here
2 | @available(tvOS, unavailable)
3 | @available(watchOS, unavailable)
4 | nonisolated public struct TextEditor : View, ~Sendable {
| `- note: 'TextEditor' has been explicitly marked unavailable here
5 | nonisolated public init(text: Binding<String>)
6 | @available(iOS 18.0, macOS 15.0, visionOS 2.0, *)
SwiftCompile normal arm64 /Users/admin/builder/spi-builder-workspace/Sources/DesignReviewer/Spuddle/SpuddlePresentedViewModel.swift (in target 'DesignReviewer' from project 'DesignReviewer')
cd /Users/admin/builder/spi-builder-workspace/.swiftpm/xcode
builtin-SwiftPerFileCompile SpuddlePresentedViewModel.swift
SwiftCompile normal arm64 /Users/admin/builder/spi-builder-workspace/Sources/DesignReviewer/Spuddle/SpuddleStepperModifier/SpuddleStepperCoordinator.swift (in target 'DesignReviewer' from project 'DesignReviewer')
cd /Users/admin/builder/spi-builder-workspace/.swiftpm/xcode
builtin-SwiftPerFileCompile SpuddleStepperCoordinator.swift
SwiftCompile normal arm64 /Users/admin/builder/spi-builder-workspace/Sources/DesignReviewer/Spuddle/SpuddleStepperModifier/SpuddleStepperModiferView.swift (in target 'DesignReviewer' from project 'DesignReviewer')
cd /Users/admin/builder/spi-builder-workspace/.swiftpm/xcode
builtin-SwiftPerFileCompile SpuddleStepperModiferView.swift
SwiftCompile normal arm64 /Users/admin/builder/spi-builder-workspace/Sources/DesignReviewer/Spuddle/SpuddleStepperModifier/SpuddleStepperModifierViewModel.swift (in target 'DesignReviewer' from project 'DesignReviewer')
cd /Users/admin/builder/spi-builder-workspace/.swiftpm/xcode
builtin-SwiftPerFileCompile SpuddleStepperModifierViewModel.swift
SwiftCompile normal arm64 /Users/admin/builder/spi-builder-workspace/Sources/DesignReviewer/Spuddle/SpuddleTextModifier/SpuddleTextCoordinator.swift (in target 'DesignReviewer' from project 'DesignReviewer')
cd /Users/admin/builder/spi-builder-workspace/.swiftpm/xcode
builtin-SwiftPerFileCompile SpuddleTextCoordinator.swift
SwiftCompile normal arm64 /Users/admin/builder/spi-builder-workspace/Sources/DesignReviewer/Spuddle/SpuddleTextModifier/SpuddleTextModifierView.swift (in target 'DesignReviewer' from project 'DesignReviewer')
cd /Users/admin/builder/spi-builder-workspace/.swiftpm/xcode
builtin-SwiftPerFileCompile SpuddleTextModifierView.swift
SwiftCompile normal arm64 /Users/admin/builder/spi-builder-workspace/Sources/DesignReviewer/Spuddle/SpuddleTextModifier/SpuddleTextModifierViewModel.swift (in target 'DesignReviewer' from project 'DesignReviewer')
cd /Users/admin/builder/spi-builder-workspace/.swiftpm/xcode
builtin-SwiftPerFileCompile SpuddleTextModifierViewModel.swift
SwiftCompile normal arm64 /Users/admin/builder/spi-builder-workspace/Sources/DesignReviewer/Spuddle/SpuddleViewModel.swift (in target 'DesignReviewer' from project 'DesignReviewer')
cd /Users/admin/builder/spi-builder-workspace/.swiftpm/xcode
builtin-SwiftPerFileCompile SpuddleViewModel.swift
SwiftCompile normal arm64 Compiling\ Keys.swift,\ Spuddle.swift,\ SpuddleContainerView.swift,\ SpuddleFakeWindowView.swift,\ SpuddleOptionsCoordinator.swift,\ SpuddleOptionsModifierView.swift,\ SpuddleOptionsModifierViewModel.swift,\ SpuddlePlacement.swift /Users/admin/builder/spi-builder-workspace/Sources/DesignReviewer/Spuddle/Keys.swift /Users/admin/builder/spi-builder-workspace/Sources/DesignReviewer/Spuddle/Spuddle.swift /Users/admin/builder/spi-builder-workspace/Sources/DesignReviewer/Spuddle/SpuddleContainerView.swift /Users/admin/builder/spi-builder-workspace/Sources/DesignReviewer/Spuddle/SpuddleFakeWindowView.swift /Users/admin/builder/spi-builder-workspace/Sources/DesignReviewer/Spuddle/SpuddleOptionsModifier/SpuddleOptionsCoordinator.swift /Users/admin/builder/spi-builder-workspace/Sources/DesignReviewer/Spuddle/SpuddleOptionsModifier/SpuddleOptionsModifierView.swift /Users/admin/builder/spi-builder-workspace/Sources/DesignReviewer/Spuddle/SpuddleOptionsModifier/SpuddleOptionsModifierViewModel.swift /Users/admin/builder/spi-builder-workspace/Sources/DesignReviewer/Spuddle/SpuddlePlacement.swift (in target 'DesignReviewer' from project 'DesignReviewer')
/Users/admin/builder/spi-builder-workspace/Sources/DesignReviewer/Spuddle/SpuddleContainerView.swift:59:17: error: 'DragGesture' is unavailable in tvOS
57 | .apply({ view in
58 | view.simultaneousGesture(
59 | DragGesture(minimumDistance: .extraExtraSmall)
| `- error: 'DragGesture' is unavailable in tvOS
60 | .onChanged({ value in
61 | func update() {
SwiftUI.DragGesture:3:42: note: 'DragGesture' has been explicitly marked unavailable here
1 | @available(iOS 13.0, macOS 10.15, watchOS 6.0, *)
2 | @available(tvOS, unavailable)
3 | @MainActor @preconcurrency public struct DragGesture : Gesture, ~Sendable {
| `- note: 'DragGesture' has been explicitly marked unavailable here
4 | public struct Value : Equatable, Sendable {
5 | public var time: Date
/Users/admin/builder/spi-builder-workspace/Sources/DesignReviewer/Spuddle/SpuddleContainerView.swift:59:17: error: 'init(minimumDistance:coordinateSpace:)' is unavailable in tvOS
57 | .apply({ view in
58 | view.simultaneousGesture(
59 | DragGesture(minimumDistance: .extraExtraSmall)
| `- error: 'init(minimumDistance:coordinateSpace:)' is unavailable in tvOS
60 | .onChanged({ value in
61 | func update() {
SwiftUI.DragGesture.init:4:37: note: 'init(minimumDistance:coordinateSpace:)' has been explicitly marked unavailable here
2 | @available(iOS 17.0, macOS 14.0, watchOS 10.0, *)
3 | @available(tvOS, unavailable)
4 | @MainActor @preconcurrency public init(minimumDistance: CGFloat = 10, coordinateSpace: some CoordinateSpaceProtocol = .local)}
| `- note: 'init(minimumDistance:coordinateSpace:)' has been explicitly marked unavailable here
5 |
/Users/admin/builder/spi-builder-workspace/Sources/DesignReviewer/Spuddle/SpuddleOptionsModifier/SpuddleOptionsModifierView.swift:71:43: error: 'systemThickMaterial' is unavailable in tvOS
69 | Divider()
70 | }
71 | .background(VisualEffecter(.systemThickMaterial))
| `- error: 'systemThickMaterial' is unavailable in tvOS
72 | .onTapGesture {
73 | viewModel.select(option.id)
UIKit.UIBlurEffect.Style.systemThickMaterial:4:10: note: 'systemThickMaterial' has been explicitly marked unavailable here
2 | enum Style {
3 | @available(tvOS, unavailable)
4 | case systemThickMaterial }
| `- note: 'systemThickMaterial' has been explicitly marked unavailable here
5 | }
6 |
/Users/admin/builder/spi-builder-workspace/Sources/DesignReviewer/Spuddle/SpuddleOptionsModifier/SpuddleOptionsModifierView.swift:72:16: error: 'onTapGesture(count:perform:)' is only available in tvOS 16.0 or newer
39 | }
40 |
41 | struct SpuddleOptionsModifierView: View {
| `- note: add '@available' attribute to enclosing struct
42 | @ObservedObject var viewModel: SpuddleOptionsModifierViewModel
43 |
44 | var body: some View {
| `- note: add '@available' attribute to enclosing property
45 | VStack(spacing: .small) {
46 | Text("Edit")
:
70 | }
71 | .background(VisualEffecter(.systemThickMaterial))
72 | .onTapGesture {
| |- error: 'onTapGesture(count:perform:)' is only available in tvOS 16.0 or newer
| `- note: add 'if #available' version check
73 | viewModel.select(option.id)
74 | }
SwiftCompile normal arm64 /Users/admin/builder/spi-builder-workspace/Sources/DesignReviewer/Spuddle/Keys.swift (in target 'DesignReviewer' from project 'DesignReviewer')
cd /Users/admin/builder/spi-builder-workspace/.swiftpm/xcode
builtin-SwiftPerFileCompile Keys.swift
SwiftCompile normal arm64 /Users/admin/builder/spi-builder-workspace/Sources/DesignReviewer/Spuddle/Spuddle.swift (in target 'DesignReviewer' from project 'DesignReviewer')
cd /Users/admin/builder/spi-builder-workspace/.swiftpm/xcode
builtin-SwiftPerFileCompile Spuddle.swift
SwiftCompile normal arm64 /Users/admin/builder/spi-builder-workspace/Sources/DesignReviewer/Spuddle/SpuddleContainerView.swift (in target 'DesignReviewer' from project 'DesignReviewer')
cd /Users/admin/builder/spi-builder-workspace/.swiftpm/xcode
builtin-SwiftPerFileCompile SpuddleContainerView.swift
SwiftCompile normal arm64 /Users/admin/builder/spi-builder-workspace/Sources/DesignReviewer/Spuddle/SpuddleFakeWindowView.swift (in target 'DesignReviewer' from project 'DesignReviewer')
cd /Users/admin/builder/spi-builder-workspace/.swiftpm/xcode
builtin-SwiftPerFileCompile SpuddleFakeWindowView.swift
SwiftCompile normal arm64 /Users/admin/builder/spi-builder-workspace/Sources/DesignReviewer/Spuddle/SpuddleOptionsModifier/SpuddleOptionsCoordinator.swift (in target 'DesignReviewer' from project 'DesignReviewer')
cd /Users/admin/builder/spi-builder-workspace/.swiftpm/xcode
builtin-SwiftPerFileCompile SpuddleOptionsCoordinator.swift
SwiftCompile normal arm64 /Users/admin/builder/spi-builder-workspace/Sources/DesignReviewer/Spuddle/SpuddleOptionsModifier/SpuddleOptionsModifierView.swift (in target 'DesignReviewer' from project 'DesignReviewer')
cd /Users/admin/builder/spi-builder-workspace/.swiftpm/xcode
builtin-SwiftPerFileCompile SpuddleOptionsModifierView.swift
SwiftCompile normal arm64 /Users/admin/builder/spi-builder-workspace/Sources/DesignReviewer/Spuddle/SpuddleOptionsModifier/SpuddleOptionsModifierViewModel.swift (in target 'DesignReviewer' from project 'DesignReviewer')
cd /Users/admin/builder/spi-builder-workspace/.swiftpm/xcode
builtin-SwiftPerFileCompile SpuddleOptionsModifierViewModel.swift
SwiftCompile normal arm64 /Users/admin/builder/spi-builder-workspace/Sources/DesignReviewer/Spuddle/SpuddlePlacement.swift (in target 'DesignReviewer' from project 'DesignReviewer')
cd /Users/admin/builder/spi-builder-workspace/.swiftpm/xcode
builtin-SwiftPerFileCompile SpuddlePlacement.swift
SwiftCompile normal arm64 Compiling\ DesignReviewSuboptimalAlertViewModelProtocol.swift,\ DesignReviewViewController.swift,\ DesignReviewViewModel.swift,\ DesignReviewable.swift,\ NSLayoutConstraint+DesignReviewable.swift,\ NSString+DesignReviewable.swift,\ UIColor+DesignReviewable.swift,\ UIImage+DesignReviewable.swift /Users/admin/builder/spi-builder-workspace/Sources/DesignReviewer/DesignReviewSuboptimalAlert/DesignReviewSuboptimalAlertViewModelProtocol.swift /Users/admin/builder/spi-builder-workspace/Sources/DesignReviewer/DesignReviewViewController.swift /Users/admin/builder/spi-builder-workspace/Sources/DesignReviewer/DesignReviewViewModel.swift /Users/admin/builder/spi-builder-workspace/Sources/DesignReviewer/DesignReviewables/DesignReviewable.swift /Users/admin/builder/spi-builder-workspace/Sources/DesignReviewer/DesignReviewables/NSLayoutConstraint+DesignReviewable.swift /Users/admin/builder/spi-builder-workspace/Sources/DesignReviewer/DesignReviewables/NSString+DesignReviewable.swift /Users/admin/builder/spi-builder-workspace/Sources/DesignReviewer/DesignReviewables/UIColor+DesignReviewable.swift /Users/admin/builder/spi-builder-workspace/Sources/DesignReviewer/DesignReviewables/UIImage+DesignReviewable.swift (in target 'DesignReviewer' from project 'DesignReviewer')
SwiftCompile normal arm64 /Users/admin/builder/spi-builder-workspace/Sources/DesignReviewer/DesignReviewSuboptimalAlert/DesignReviewSuboptimalAlertViewModelProtocol.swift (in target 'DesignReviewer' from project 'DesignReviewer')
cd /Users/admin/builder/spi-builder-workspace/.swiftpm/xcode
builtin-SwiftPerFileCompile DesignReviewSuboptimalAlertViewModelProtocol.swift
SwiftCompile normal arm64 /Users/admin/builder/spi-builder-workspace/Sources/DesignReviewer/DesignReviewViewController.swift (in target 'DesignReviewer' from project 'DesignReviewer')
cd /Users/admin/builder/spi-builder-workspace/.swiftpm/xcode
builtin-SwiftPerFileCompile DesignReviewViewController.swift
SwiftCompile normal arm64 /Users/admin/builder/spi-builder-workspace/Sources/DesignReviewer/DesignReviewViewModel.swift (in target 'DesignReviewer' from project 'DesignReviewer')
cd /Users/admin/builder/spi-builder-workspace/.swiftpm/xcode
builtin-SwiftPerFileCompile DesignReviewViewModel.swift
SwiftCompile normal arm64 /Users/admin/builder/spi-builder-workspace/Sources/DesignReviewer/DesignReviewables/DesignReviewable.swift (in target 'DesignReviewer' from project 'DesignReviewer')
cd /Users/admin/builder/spi-builder-workspace/.swiftpm/xcode
builtin-SwiftPerFileCompile DesignReviewable.swift
SwiftCompile normal arm64 /Users/admin/builder/spi-builder-workspace/Sources/DesignReviewer/DesignReviewables/NSLayoutConstraint+DesignReviewable.swift (in target 'DesignReviewer' from project 'DesignReviewer')
cd /Users/admin/builder/spi-builder-workspace/.swiftpm/xcode
builtin-SwiftPerFileCompile NSLayoutConstraint+DesignReviewable.swift
SwiftCompile normal arm64 /Users/admin/builder/spi-builder-workspace/Sources/DesignReviewer/DesignReviewables/NSString+DesignReviewable.swift (in target 'DesignReviewer' from project 'DesignReviewer')
cd /Users/admin/builder/spi-builder-workspace/.swiftpm/xcode
builtin-SwiftPerFileCompile NSString+DesignReviewable.swift
SwiftCompile normal arm64 /Users/admin/builder/spi-builder-workspace/Sources/DesignReviewer/DesignReviewables/UIColor+DesignReviewable.swift (in target 'DesignReviewer' from project 'DesignReviewer')
cd /Users/admin/builder/spi-builder-workspace/.swiftpm/xcode
builtin-SwiftPerFileCompile UIColor+DesignReviewable.swift
SwiftCompile normal arm64 /Users/admin/builder/spi-builder-workspace/Sources/DesignReviewer/DesignReviewables/UIImage+DesignReviewable.swift (in target 'DesignReviewer' from project 'DesignReviewer')
cd /Users/admin/builder/spi-builder-workspace/.swiftpm/xcode
builtin-SwiftPerFileCompile UIImage+DesignReviewable.swift
SwiftCompile normal arm64 Compiling\ DesignReviewInspectorViewController.swift,\ DesignReviewInspectorViewModel.swift,\ DesignReviewUIColorAccessoryView.swift,\ DesignReviewUIImageAccessoryView.swift,\ DesignReviewCollapsibleHeaderView.swift,\ DesignReviewInspectorScreenshotTableViewCell.swift,\ DesignReviewInspectorSummaryTableViewCell.swift,\ DesignReviewInspectorTableViewCell.swift /Users/admin/builder/spi-builder-workspace/Sources/DesignReviewer/Inspector/DesignReviewInspectorViewController.swift /Users/admin/builder/spi-builder-workspace/Sources/DesignReviewer/Inspector/DesignReviewInspectorViewModel.swift /Users/admin/builder/spi-builder-workspace/Sources/DesignReviewer/Inspector/TableViewCells/Custom\ Accessories/DesignReviewUIColorAccessoryView.swift /Users/admin/builder/spi-builder-workspace/Sources/DesignReviewer/Inspector/TableViewCells/Custom\ Accessories/DesignReviewUIImageAccessoryView.swift /Users/admin/builder/spi-builder-workspace/Sources/DesignReviewer/Inspector/TableViewCells/DesignReviewCollapsibleHeaderView.swift /Users/admin/builder/spi-builder-workspace/Sources/DesignReviewer/Inspector/TableViewCells/DesignReviewInspectorScreenshotTableViewCell.swift /Users/admin/builder/spi-builder-workspace/Sources/DesignReviewer/Inspector/TableViewCells/DesignReviewInspectorSummaryTableViewCell.swift /Users/admin/builder/spi-builder-workspace/Sources/DesignReviewer/Inspector/TableViewCells/DesignReviewInspectorTableViewCell.swift (in target 'DesignReviewer' from project 'DesignReviewer')
/Users/admin/builder/spi-builder-workspace/Sources/DesignReviewer/Inspector/DesignReviewInspectorViewController.swift:14:40: error: 'UIImpactFeedbackGenerator' is unavailable in tvOS
12 | private let viewModel: DesignReviewInspectorViewModel
13 |
14 | private lazy var feedbackGenerator = UIImpactFeedbackGenerator(style: .light)
| `- error: 'UIImpactFeedbackGenerator' is unavailable in tvOS
15 |
16 | private(set) lazy var tableView: UITableView = {
/Applications/Xcode-27.0.0-Release.Candidate.app/Contents/Developer/Platforms/AppleTVOS.platform/Developer/SDKs/AppleTVOS27.0.sdk/System/Library/Frameworks/UIKit.framework/Headers/UIImpactFeedbackGenerator.h:25:12: note: 'UIImpactFeedbackGenerator' has been explicitly marked unavailable here
23 | // UIImpactFeedbackGenerator is used to give user feedback when an impact between UI elements occurs
24 | UIKIT_EXTERN API_AVAILABLE(ios(10.0)) API_UNAVAILABLE(visionos, tvos) API_UNAVAILABLE(watchos) NS_SWIFT_UI_ACTOR
25 | @interface UIImpactFeedbackGenerator : UIFeedbackGenerator
| `- note: 'UIImpactFeedbackGenerator' has been explicitly marked unavailable here
26 |
27 | /// set a style on the feedback generator and attach it to the provided view as an interaction.
/Users/admin/builder/spi-builder-workspace/Sources/DesignReviewer/Inspector/TableViewCells/DesignReviewInspectorSummaryTableViewCell.swift:31:5: error: 'separatorInset' is unavailable in tvOS
29 | imageView?.tintColor = .monochrome5
30 | indentationWidth = .medium
31 | separatorInset = UIEdgeInsets(top: 0, left: .large, bottom: 0, right: .large)
| `- error: 'separatorInset' is unavailable in tvOS
32 | textLabel?.font = .title
33 | textLabel?.numberOfLines = 0
/Applications/Xcode-27.0.0-Release.Candidate.app/Contents/Developer/Platforms/AppleTVOS.platform/Developer/SDKs/AppleTVOS27.0.sdk/System/Library/Frameworks/UIKit.framework/Headers/UITableViewCell.h:160:55: note: 'separatorInset' has been explicitly marked unavailable here
158 | @property (nonatomic) NSInteger indentationLevel; // adjust content indent. default is 0
159 | @property (nonatomic) CGFloat indentationWidth; // width for each level. default is 10.0
160 | @property (nonatomic) UIEdgeInsets separatorInset API_AVAILABLE(ios(7.0)) UI_APPEARANCE_SELECTOR API_UNAVAILABLE(tvos); // allows customization of the separator frame
| `- note: 'separatorInset' has been explicitly marked unavailable here
161 |
162 | @property (nonatomic, getter=isEditing) BOOL editing; // show appropriate edit controls (+/- & reorder). By default -setEditing: calls setEditing:animated: with NO for animated.
/Users/admin/builder/spi-builder-workspace/Sources/DesignReviewer/Inspector/TableViewCells/DesignReviewInspectorTableViewCell.swift:184:28: error: 'UISwitch' is unavailable in tvOS
182 | text = number.boolValue ? "true" : "false"
183 |
184 | let sonOfASwitch = UISwitch()
| `- error: 'UISwitch' is unavailable in tvOS
185 |
186 | sonOfASwitch.alpha = attribute.isModifiable ? 1 : 0.5
/Applications/Xcode-27.0.0-Release.Candidate.app/Contents/Developer/Platforms/AppleTVOS.platform/Developer/SDKs/AppleTVOS27.0.sdk/System/Library/Frameworks/UIKit.framework/Headers/UISwitch.h:23:12: note: 'UISwitch' has been explicitly marked unavailable here
21 |
22 | UIKIT_EXTERN API_AVAILABLE(ios(2.0)) API_UNAVAILABLE(tvos, watchos) NS_SWIFT_UI_ACTOR
23 | @interface UISwitch : UIControl <NSCoding>
| `- note: 'UISwitch' has been explicitly marked unavailable here
24 |
25 | @property(nullable, nonatomic, strong) UIColor *onTintColor API_AVAILABLE(ios(5.0)) UI_APPEARANCE_SELECTOR;
/Users/admin/builder/spi-builder-workspace/Sources/DesignReviewer/Inspector/TableViewCells/DesignReviewInspectorTableViewCell.swift:196:23: error: 'UIStepper' is unavailable in tvOS
194 | accessoryView = sonOfASwitch
195 | } else {
196 | let stepper = UIStepper()
| `- error: 'UIStepper' is unavailable in tvOS
197 |
198 | if let mutableAttr = attribute as? DesignReviewMutableAttribute {
/Applications/Xcode-27.0.0-Release.Candidate.app/Contents/Developer/Platforms/AppleTVOS.platform/Developer/SDKs/AppleTVOS27.0.sdk/System/Library/Frameworks/UIKit.framework/Headers/UIStepper.h:18:12: note: 'UIStepper' has been explicitly marked unavailable here
16 |
17 | UIKIT_EXTERN API_AVAILABLE(ios(5.0)) API_UNAVAILABLE(tvos, watchos) NS_SWIFT_UI_ACTOR
18 | @interface UIStepper : UIControl
| `- note: 'UIStepper' has been explicitly marked unavailable here
19 |
20 | @property(nonatomic,getter=isContinuous) BOOL continuous; // if YES, value change events are sent any time the value changes during interaction. default = YES
/Users/admin/builder/spi-builder-workspace/Sources/DesignReviewer/Inspector/TableViewCells/DesignReviewInspectorTableViewCell.swift:251:33: error: 'UIStepper' is unavailable in tvOS
249 |
250 | @objc private func accessoryInteracted(_ sender: Any) {
251 | if let stepper = sender as? UIStepper {
| `- error: 'UIStepper' is unavailable in tvOS
252 | attributeModifier?(stepper.value, nil)
253 | delegate?.inspectorTableViewCellWasModified(self)
/Applications/Xcode-27.0.0-Release.Candidate.app/Contents/Developer/Platforms/AppleTVOS.platform/Developer/SDKs/AppleTVOS27.0.sdk/System/Library/Frameworks/UIKit.framework/Headers/UIStepper.h:18:12: note: 'UIStepper' has been explicitly marked unavailable here
16 |
17 | UIKIT_EXTERN API_AVAILABLE(ios(5.0)) API_UNAVAILABLE(tvos, watchos) NS_SWIFT_UI_ACTOR
18 | @interface UIStepper : UIControl
| `- note: 'UIStepper' has been explicitly marked unavailable here
19 |
20 | @property(nonatomic,getter=isContinuous) BOOL continuous; // if YES, value change events are sent any time the value changes during interaction. default = YES
SwiftCompile normal arm64 /Users/admin/builder/spi-builder-workspace/Sources/DesignReviewer/Inspector/DesignReviewInspectorViewController.swift (in target 'DesignReviewer' from project 'DesignReviewer')
cd /Users/admin/builder/spi-builder-workspace/.swiftpm/xcode
builtin-SwiftPerFileCompile DesignReviewInspectorViewController.swift
SwiftCompile normal arm64 /Users/admin/builder/spi-builder-workspace/Sources/DesignReviewer/Inspector/DesignReviewInspectorViewModel.swift (in target 'DesignReviewer' from project 'DesignReviewer')
cd /Users/admin/builder/spi-builder-workspace/.swiftpm/xcode
builtin-SwiftPerFileCompile DesignReviewInspectorViewModel.swift
SwiftCompile normal arm64 /Users/admin/builder/spi-builder-workspace/Sources/DesignReviewer/Inspector/TableViewCells/Custom\ Accessories/DesignReviewUIColorAccessoryView.swift (in target 'DesignReviewer' from project 'DesignReviewer')
cd /Users/admin/builder/spi-builder-workspace/.swiftpm/xcode
builtin-SwiftPerFileCompile DesignReviewUIColorAccessoryView.swift
SwiftCompile normal arm64 /Users/admin/builder/spi-builder-workspace/Sources/DesignReviewer/Inspector/TableViewCells/Custom\ Accessories/DesignReviewUIImageAccessoryView.swift (in target 'DesignReviewer' from project 'DesignReviewer')
cd /Users/admin/builder/spi-builder-workspace/.swiftpm/xcode
builtin-SwiftPerFileCompile DesignReviewUIImageAccessoryView.swift
SwiftCompile normal arm64 /Users/admin/builder/spi-builder-workspace/Sources/DesignReviewer/Inspector/TableViewCells/DesignReviewCollapsibleHeaderView.swift (in target 'DesignReviewer' from project 'DesignReviewer')
cd /Users/admin/builder/spi-builder-workspace/.swiftpm/xcode
builtin-SwiftPerFileCompile DesignReviewCollapsibleHeaderView.swift
SwiftCompile normal arm64 /Users/admin/builder/spi-builder-workspace/Sources/DesignReviewer/Inspector/TableViewCells/DesignReviewInspectorScreenshotTableViewCell.swift (in target 'DesignReviewer' from project 'DesignReviewer')
cd /Users/admin/builder/spi-builder-workspace/.swiftpm/xcode
builtin-SwiftPerFileCompile DesignReviewInspectorScreenshotTableViewCell.swift
SwiftCompile normal arm64 /Users/admin/builder/spi-builder-workspace/Sources/DesignReviewer/Inspector/TableViewCells/DesignReviewInspectorSummaryTableViewCell.swift (in target 'DesignReviewer' from project 'DesignReviewer')
cd /Users/admin/builder/spi-builder-workspace/.swiftpm/xcode
builtin-SwiftPerFileCompile DesignReviewInspectorSummaryTableViewCell.swift
SwiftCompile normal arm64 /Users/admin/builder/spi-builder-workspace/Sources/DesignReviewer/Inspector/TableViewCells/DesignReviewInspectorTableViewCell.swift (in target 'DesignReviewer' from project 'DesignReviewer')
cd /Users/admin/builder/spi-builder-workspace/.swiftpm/xcode
builtin-SwiftPerFileCompile DesignReviewInspectorTableViewCell.swift
SwiftCompile normal arm64 Compiling\ resource_bundle_accessor.swift,\ DesignReviewContainerView.swift,\ DesignReviewCoordinator.swift,\ DesignReviewCoordinatorProtocol.swift,\ DesignReviewHUD.swift,\ DesignReviewImageCapturer.swift,\ DesignReviewCustomEnumAttribute.swift,\ DesignReviewCustomMutableAttribute.swift,\ DesignReviewEnumAttribute.swift /Users/admin/builder/spi-builder-workspace/.derivedData/Build/Intermediates.noindex/DesignReviewer.build/Debug-appletvos/DesignReviewer-t.build/DerivedSources/resource_bundle_accessor.swift /Users/admin/builder/spi-builder-workspace/Sources/DesignReviewer/DesignReviewContainerView.swift /Users/admin/builder/spi-builder-workspace/Sources/DesignReviewer/DesignReviewCoordinator.swift /Users/admin/builder/spi-builder-workspace/Sources/DesignReviewer/DesignReviewCoordinatorProtocol.swift /Users/admin/builder/spi-builder-workspace/Sources/DesignReviewer/DesignReviewHUD.swift /Users/admin/builder/spi-builder-workspace/Sources/DesignReviewer/DesignReviewImageCapturer.swift /Users/admin/builder/spi-builder-workspace/Sources/DesignReviewer/DesignReviewInspectorAttribute/CustomAttributes/DesignReviewCustomEnumAttribute.swift /Users/admin/builder/spi-builder-workspace/Sources/DesignReviewer/DesignReviewInspectorAttribute/CustomAttributes/DesignReviewCustomMutableAttribute.swift /Users/admin/builder/spi-builder-workspace/Sources/DesignReviewer/DesignReviewInspectorAttribute/DesignReviewEnumAttribute.swift (in target 'DesignReviewer' from project 'DesignReviewer')
SwiftCompile normal arm64 /Users/admin/builder/spi-builder-workspace/.derivedData/Build/Intermediates.noindex/DesignReviewer.build/Debug-appletvos/DesignReviewer-t.build/DerivedSources/resource_bundle_accessor.swift (in target 'DesignReviewer' from project 'DesignReviewer')
cd /Users/admin/builder/spi-builder-workspace/.swiftpm/xcode
builtin-SwiftPerFileCompile resource_bundle_accessor.swift
SwiftCompile normal arm64 /Users/admin/builder/spi-builder-workspace/Sources/DesignReviewer/DesignReviewContainerView.swift (in target 'DesignReviewer' from project 'DesignReviewer')
cd /Users/admin/builder/spi-builder-workspace/.swiftpm/xcode
builtin-SwiftPerFileCompile DesignReviewContainerView.swift
SwiftCompile normal arm64 /Users/admin/builder/spi-builder-workspace/Sources/DesignReviewer/DesignReviewCoordinator.swift (in target 'DesignReviewer' from project 'DesignReviewer')
cd /Users/admin/builder/spi-builder-workspace/.swiftpm/xcode
builtin-SwiftPerFileCompile DesignReviewCoordinator.swift
SwiftCompile normal arm64 /Users/admin/builder/spi-builder-workspace/Sources/DesignReviewer/DesignReviewCoordinatorProtocol.swift (in target 'DesignReviewer' from project 'DesignReviewer')
cd /Users/admin/builder/spi-builder-workspace/.swiftpm/xcode
builtin-SwiftPerFileCompile DesignReviewCoordinatorProtocol.swift
SwiftCompile normal arm64 /Users/admin/builder/spi-builder-workspace/Sources/DesignReviewer/DesignReviewHUD.swift (in target 'DesignReviewer' from project 'DesignReviewer')
cd /Users/admin/builder/spi-builder-workspace/.swiftpm/xcode
builtin-SwiftPerFileCompile DesignReviewHUD.swift
SwiftCompile normal arm64 /Users/admin/builder/spi-builder-workspace/Sources/DesignReviewer/DesignReviewImageCapturer.swift (in target 'DesignReviewer' from project 'DesignReviewer')
cd /Users/admin/builder/spi-builder-workspace/.swiftpm/xcode
builtin-SwiftPerFileCompile DesignReviewImageCapturer.swift
SwiftCompile normal arm64 /Users/admin/builder/spi-builder-workspace/Sources/DesignReviewer/DesignReviewInspectorAttribute/CustomAttributes/DesignReviewCustomEnumAttribute.swift (in target 'DesignReviewer' from project 'DesignReviewer')
cd /Users/admin/builder/spi-builder-workspace/.swiftpm/xcode
builtin-SwiftPerFileCompile DesignReviewCustomEnumAttribute.swift
SwiftCompile normal arm64 /Users/admin/builder/spi-builder-workspace/Sources/DesignReviewer/DesignReviewInspectorAttribute/CustomAttributes/DesignReviewCustomMutableAttribute.swift (in target 'DesignReviewer' from project 'DesignReviewer')
cd /Users/admin/builder/spi-builder-workspace/.swiftpm/xcode
builtin-SwiftPerFileCompile DesignReviewCustomMutableAttribute.swift
SwiftCompile normal arm64 /Users/admin/builder/spi-builder-workspace/Sources/DesignReviewer/DesignReviewInspectorAttribute/DesignReviewEnumAttribute.swift (in target 'DesignReviewer' from project 'DesignReviewer')
cd /Users/admin/builder/spi-builder-workspace/.swiftpm/xcode
builtin-SwiftPerFileCompile DesignReviewEnumAttribute.swift
/Users/admin/builder/spi-builder-workspace/Sources/DesignReviewer/DesignReviewContainerView.swift:40:40: error: 'UIImpactFeedbackGenerator' is unavailable in tvOS
38 |
39 | // MARK: - Internal properties
40 | private lazy var feedbackGenerator = UIImpactFeedbackGenerator()
| `- error: 'UIImpactFeedbackGenerator' is unavailable in tvOS
41 |
42 | private var isPanning = false
/Applications/Xcode-27.0.0-Release.Candidate.app/Contents/Developer/Platforms/AppleTVOS.platform/Developer/SDKs/AppleTVOS27.0.sdk/System/Library/Frameworks/UIKit.framework/Headers/UIImpactFeedbackGenerator.h:25:12: note: 'UIImpactFeedbackGenerator' has been explicitly marked unavailable here
23 | // UIImpactFeedbackGenerator is used to give user feedback when an impact between UI elements occurs
24 | UIKIT_EXTERN API_AVAILABLE(ios(10.0)) API_UNAVAILABLE(visionos, tvos) API_UNAVAILABLE(watchos) NS_SWIFT_UI_ACTOR
25 | @interface UIImpactFeedbackGenerator : UIFeedbackGenerator
| `- note: 'UIImpactFeedbackGenerator' has been explicitly marked unavailable here
26 |
27 | /// set a style on the feedback generator and attach it to the provided view as an interaction.
/Users/admin/builder/spi-builder-workspace/Sources/DesignReviewer/DesignReviewHUD.swift:12:40: error: 'UIImpactFeedbackGenerator' is unavailable in tvOS
10 |
11 | class DesignReviewHUD: UIControl {
12 | private lazy var feedbackGenerator = UIImpactFeedbackGenerator(style: .light)
| `- error: 'UIImpactFeedbackGenerator' is unavailable in tvOS
13 |
14 | private lazy var visualEffectView: UIVisualEffectView = {
/Applications/Xcode-27.0.0-Release.Candidate.app/Contents/Developer/Platforms/AppleTVOS.platform/Developer/SDKs/AppleTVOS27.0.sdk/System/Library/Frameworks/UIKit.framework/Headers/UIImpactFeedbackGenerator.h:25:12: note: 'UIImpactFeedbackGenerator' has been explicitly marked unavailable here
23 | // UIImpactFeedbackGenerator is used to give user feedback when an impact between UI elements occurs
24 | UIKIT_EXTERN API_AVAILABLE(ios(10.0)) API_UNAVAILABLE(visionos, tvos) API_UNAVAILABLE(watchos) NS_SWIFT_UI_ACTOR
25 | @interface UIImpactFeedbackGenerator : UIFeedbackGenerator
| `- note: 'UIImpactFeedbackGenerator' has been explicitly marked unavailable here
26 |
27 | /// set a style on the feedback generator and attach it to the provided view as an interaction.
/Users/admin/builder/spi-builder-workspace/Sources/DesignReviewer/DesignReviewHUD.swift:17:14: error: 'systemThinMaterialDark' is unavailable in tvOS
15 | let style: UIBlurEffect.Style
16 | let image: UIImage?
17 | style = .systemThinMaterialDark
| `- error: 'systemThinMaterialDark' is unavailable in tvOS
18 | image = UIImage(systemName: "eye")?.withRenderingMode(.alwaysTemplate)
19 |
UIKit.UIBlurEffect.Style.systemThinMaterialDark:4:10: note: 'systemThinMaterialDark' has been explicitly marked unavailable here
2 | enum Style {
3 | @available(tvOS, unavailable)
4 | case systemThinMaterialDark }
| `- note: 'systemThinMaterialDark' has been explicitly marked unavailable here
5 | }
6 |
SwiftCompile normal arm64 Compiling\ DesignReviewImmutableAttribute.swift,\ DesignReviewInspectorAttribute.swift,\ DesignReviewMutableAttribute.swift,\ DesignReviewScreenshotAttribute.swift,\ DesignReviewSummaryAttribute.swift,\ NSLayoutConstraint+ReviewableDescribing.swift,\ UIImage+ReviewableDescribing.swift,\ UILabel+ReviewableDescribing.swift,\ UIStackView+ReviewableDescribing.swift /Users/admin/builder/spi-builder-workspace/Sources/DesignReviewer/DesignReviewInspectorAttribute/DesignReviewImmutableAttribute.swift /Users/admin/builder/spi-builder-workspace/Sources/DesignReviewer/DesignReviewInspectorAttribute/DesignReviewInspectorAttribute.swift /Users/admin/builder/spi-builder-workspace/Sources/DesignReviewer/DesignReviewInspectorAttribute/DesignReviewMutableAttribute.swift /Users/admin/builder/spi-builder-workspace/Sources/DesignReviewer/DesignReviewInspectorAttribute/DesignReviewScreenshotAttribute.swift /Users/admin/builder/spi-builder-workspace/Sources/DesignReviewer/DesignReviewInspectorAttribute/DesignReviewSummaryAttribute.swift /Users/admin/builder/spi-builder-workspace/Sources/DesignReviewer/DesignReviewInspectorAttribute/ReviewableDescribings/NSLayoutConstraint+ReviewableDescribing.swift /Users/admin/builder/spi-builder-workspace/Sources/DesignReviewer/DesignReviewInspectorAttribute/ReviewableDescribings/UIImage+ReviewableDescribing.swift /Users/admin/builder/spi-builder-workspace/Sources/DesignReviewer/DesignReviewInspectorAttribute/ReviewableDescribings/UILabel+ReviewableDescribing.swift /Users/admin/builder/spi-builder-workspace/Sources/DesignReviewer/DesignReviewInspectorAttribute/ReviewableDescribings/UIStackView+ReviewableDescribing.swift (in target 'DesignReviewer' from project 'DesignReviewer')
/Users/admin/builder/spi-builder-workspace/Sources/DesignReviewer/DesignReviewInspectorAttribute/ReviewableDescribings/NSLayoutConstraint+ReviewableDescribing.swift:10:1: warning: extension declares a conformance of imported type 'Attribute' to imported protocol 'CaseIterable'; this will not behave correctly if the owners of 'UIKit' introduce this conformance in the future
8 | import UIKit
9 |
10 | extension NSLayoutConstraint.Attribute: ReviewableDescribing {
| |- warning: extension declares a conformance of imported type 'Attribute' to imported protocol 'CaseIterable'; this will not behave correctly if the owners of 'UIKit' introduce this conformance in the future
| `- note: add '@retroactive' to silence this warning
11 | public static var allCases: [NSLayoutConstraint.Attribute] = {
12 | return [.bottom, .bottomMargin, .centerX, .centerXWithinMargins, .centerY, .centerYWithinMargins,
/Users/admin/builder/spi-builder-workspace/Sources/DesignReviewer/DesignReviewInspectorAttribute/ReviewableDescribings/NSLayoutConstraint+ReviewableDescribing.swift:67:1: warning: extension declares a conformance of imported type 'Axis' to imported protocol 'CaseIterable'; this will not behave correctly if the owners of 'UIKit' introduce this conformance in the future
65 | }
66 |
67 | extension NSLayoutConstraint.Axis: ReviewableDescribing {
| |- warning: extension declares a conformance of imported type 'Axis' to imported protocol 'CaseIterable'; this will not behave correctly if the owners of 'UIKit' introduce this conformance in the future
| `- note: add '@retroactive' to silence this warning
68 | public static var allCases: [NSLayoutConstraint.Axis] = {
69 | return [.horizontal, .vertical]
/Users/admin/builder/spi-builder-workspace/Sources/DesignReviewer/DesignReviewInspectorAttribute/ReviewableDescribings/NSLayoutConstraint+ReviewableDescribing.swift:84:1: warning: extension declares a conformance of imported type 'Relation' to imported protocol 'CaseIterable'; this will not behave correctly if the owners of 'UIKit' introduce this conformance in the future
82 | }
83 |
84 | extension NSLayoutConstraint.Relation: ReviewableDescribing {
| |- warning: extension declares a conformance of imported type 'Relation' to imported protocol 'CaseIterable'; this will not behave correctly if the owners of 'UIKit' introduce this conformance in the future
| `- note: add '@retroactive' to silence this warning
85 | public static var allCases: [NSLayoutConstraint.Relation] = {
86 | return []
/Users/admin/builder/spi-builder-workspace/Sources/DesignReviewer/DesignReviewInspectorAttribute/ReviewableDescribings/UIImage+ReviewableDescribing.swift:10:1: warning: extension declares a conformance of imported type 'RenderingMode' to imported protocol 'CaseIterable'; this will not behave correctly if the owners of 'UIKit' introduce this conformance in the future
8 | import UIKit
9 |
10 | extension UIImage.RenderingMode: ReviewableDescribing {
| |- warning: extension declares a conformance of imported type 'RenderingMode' to imported protocol 'CaseIterable'; this will not behave correctly if the owners of 'UIKit' introduce this conformance in the future
| `- note: add '@retroactive' to silence this warning
11 | public static var allCases: [UIImage.RenderingMode] {
12 | return [.alwaysOriginal, .alwaysTemplate, .automatic]
/Users/admin/builder/spi-builder-workspace/Sources/DesignReviewer/DesignReviewInspectorAttribute/ReviewableDescribings/UILabel+ReviewableDescribing.swift:10:1: warning: extension declares a conformance of imported type 'NSLineBreakMode' to imported protocol 'CaseIterable'; this will not behave correctly if the owners of 'UIKit' introduce this conformance in the future
8 | import UIKit
9 |
10 | extension NSLineBreakMode: ReviewableDescribing {
| |- warning: extension declares a conformance of imported type 'NSLineBreakMode' to imported protocol 'CaseIterable'; this will not behave correctly if the owners of 'UIKit' introduce this conformance in the future
| `- note: add '@retroactive' to silence this warning
11 | public static var allCases: [NSLineBreakMode] = {
12 | return [.byCharWrapping, .byClipping, .byTruncatingHead,
/Users/admin/builder/spi-builder-workspace/Sources/DesignReviewer/DesignReviewInspectorAttribute/ReviewableDescribings/UILabel+ReviewableDescribing.swift:36:1: warning: extension declares a conformance of imported type 'NSTextAlignment' to imported protocol 'CaseIterable'; this will not behave correctly if the owners of 'UIKit' introduce this conformance in the future
34 | }
35 |
36 | extension NSTextAlignment: ReviewableDescribing {
| |- warning: extension declares a conformance of imported type 'NSTextAlignment' to imported protocol 'CaseIterable'; this will not behave correctly if the owners of 'UIKit' introduce this conformance in the future
| `- note: add '@retroactive' to silence this warning
37 | public static var allCases: [NSTextAlignment] = {
38 | return [.center, .justified, .left, .natural, .right]
/Users/admin/builder/spi-builder-workspace/Sources/DesignReviewer/DesignReviewInspectorAttribute/ReviewableDescribings/UIStackView+ReviewableDescribing.swift:10:1: warning: extension declares a conformance of imported type 'Alignment' to imported protocol 'CaseIterable'; this will not behave correctly if the owners of 'UIKit' introduce this conformance in the future
8 | import UIKit
9 |
10 | extension UIStackView.Alignment: ReviewableDescribing {
| |- warning: extension declares a conformance of imported type 'Alignment' to imported protocol 'CaseIterable'; this will not behave correctly if the owners of 'UIKit' introduce this conformance in the future
| `- note: add '@retroactive' to silence this warning
11 | public static var allCases: [UIStackView.Alignment] = {
12 | return [.bottom, .center, .fill, .firstBaseline, .lastBaseline, .leading, .top, .trailing]
SwiftCompile normal arm64 /Users/admin/builder/spi-builder-workspace/Sources/DesignReviewer/DesignReviewInspectorAttribute/DesignReviewImmutableAttribute.swift (in target 'DesignReviewer' from project 'DesignReviewer')
cd /Users/admin/builder/spi-builder-workspace/.swiftpm/xcode
builtin-SwiftPerFileCompile DesignReviewImmutableAttribute.swift
SwiftCompile normal arm64 /Users/admin/builder/spi-builder-workspace/Sources/DesignReviewer/DesignReviewInspectorAttribute/DesignReviewInspectorAttribute.swift (in target 'DesignReviewer' from project 'DesignReviewer')
cd /Users/admin/builder/spi-builder-workspace/.swiftpm/xcode
builtin-SwiftPerFileCompile DesignReviewInspectorAttribute.swift
SwiftCompile normal arm64 /Users/admin/builder/spi-builder-workspace/Sources/DesignReviewer/DesignReviewInspectorAttribute/DesignReviewMutableAttribute.swift (in target 'DesignReviewer' from project 'DesignReviewer')
cd /Users/admin/builder/spi-builder-workspace/.swiftpm/xcode
builtin-SwiftPerFileCompile DesignReviewMutableAttribute.swift
SwiftCompile normal arm64 /Users/admin/builder/spi-builder-workspace/Sources/DesignReviewer/DesignReviewInspectorAttribute/DesignReviewScreenshotAttribute.swift (in target 'DesignReviewer' from project 'DesignReviewer')
cd /Users/admin/builder/spi-builder-workspace/.swiftpm/xcode
builtin-SwiftPerFileCompile DesignReviewScreenshotAttribute.swift
SwiftCompile normal arm64 /Users/admin/builder/spi-builder-workspace/Sources/DesignReviewer/DesignReviewInspectorAttribute/DesignReviewSummaryAttribute.swift (in target 'DesignReviewer' from project 'DesignReviewer')
cd /Users/admin/builder/spi-builder-workspace/.swiftpm/xcode
builtin-SwiftPerFileCompile DesignReviewSummaryAttribute.swift
SwiftCompile normal arm64 /Users/admin/builder/spi-builder-workspace/Sources/DesignReviewer/DesignReviewInspectorAttribute/ReviewableDescribings/NSLayoutConstraint+ReviewableDescribing.swift (in target 'DesignReviewer' from project 'DesignReviewer')
cd /Users/admin/builder/spi-builder-workspace/.swiftpm/xcode
builtin-SwiftPerFileCompile NSLayoutConstraint+ReviewableDescribing.swift
SwiftCompile normal arm64 /Users/admin/builder/spi-builder-workspace/Sources/DesignReviewer/DesignReviewInspectorAttribute/ReviewableDescribings/UIImage+ReviewableDescribing.swift (in target 'DesignReviewer' from project 'DesignReviewer')
cd /Users/admin/builder/spi-builder-workspace/.swiftpm/xcode
builtin-SwiftPerFileCompile UIImage+ReviewableDescribing.swift
SwiftCompile normal arm64 /Users/admin/builder/spi-builder-workspace/Sources/DesignReviewer/DesignReviewInspectorAttribute/ReviewableDescribings/UILabel+ReviewableDescribing.swift (in target 'DesignReviewer' from project 'DesignReviewer')
cd /Users/admin/builder/spi-builder-workspace/.swiftpm/xcode
builtin-SwiftPerFileCompile UILabel+ReviewableDescribing.swift
SwiftCompile normal arm64 /Users/admin/builder/spi-builder-workspace/Sources/DesignReviewer/DesignReviewInspectorAttribute/ReviewableDescribings/UIStackView+ReviewableDescribing.swift (in target 'DesignReviewer' from project 'DesignReviewer')
cd /Users/admin/builder/spi-builder-workspace/.swiftpm/xcode
builtin-SwiftPerFileCompile UIStackView+ReviewableDescribing.swift
SwiftCompile normal arm64 Compiling\ UIView+ReviewableDescribing.swift,\ DesignReviewSelectableView.swift,\ DesignReviewSpecContainerView.swift,\ DesignReviewSpecView.swift,\ DesignReviewHairlineView.swift,\ DesignReviewSuboptimalAlertCoordinator.swift,\ DesignReviewSuboptimalAlertView.swift,\ DesignReviewSuboptimalAlertViewController.swift /Users/admin/builder/spi-builder-workspace/Sources/DesignReviewer/DesignReviewInspectorAttribute/ReviewableDescribings/UIView+ReviewableDescribing.swift /Users/admin/builder/spi-builder-workspace/Sources/DesignReviewer/DesignReviewSelectableView.swift /Users/admin/builder/spi-builder-workspace/Sources/DesignReviewer/DesignReviewSpecContainerView.swift /Users/admin/builder/spi-builder-workspace/Sources/DesignReviewer/DesignReviewSpecView.swift /Users/admin/builder/spi-builder-workspace/Sources/DesignReviewer/DesignReviewSuboptimalAlert/DesignReviewHairlineView.swift /Users/admin/builder/spi-builder-workspace/Sources/DesignReviewer/DesignReviewSuboptimalAlert/DesignReviewSuboptimalAlertCoordinator.swift /Users/admin/builder/spi-builder-workspace/Sources/DesignReviewer/DesignReviewSuboptimalAlert/DesignReviewSuboptimalAlertView.swift /Users/admin/builder/spi-builder-workspace/Sources/DesignReviewer/DesignReviewSuboptimalAlert/DesignReviewSuboptimalAlertViewController.swift (in target 'DesignReviewer' from project 'DesignReviewer')
/Users/admin/builder/spi-builder-workspace/Sources/DesignReviewer/DesignReviewInspectorAttribute/ReviewableDescribings/UIView+ReviewableDescribing.swift:10:1: warning: extension declares a conformance of imported type 'ContentMode' to imported protocol 'CaseIterable'; this will not behave correctly if the owners of 'UIKit' introduce this conformance in the future
8 | import UIKit
9 |
10 | extension UIView.ContentMode: ReviewableDescribing {
| |- warning: extension declares a conformance of imported type 'ContentMode' to imported protocol 'CaseIterable'; this will not behave correctly if the owners of 'UIKit' introduce this conformance in the future
| `- note: add '@retroactive' to silence this warning
11 | public static var allCases: [UIView.ContentMode] = {
12 | return [.left, .right, .top, .bottom, .bottomLeft, .bottomRight, .center, .topLeft, .topRight,
/Users/admin/builder/spi-builder-workspace/Sources/DesignReviewer/DesignReviewInspectorAttribute/ReviewableDescribings/UIView+ReviewableDescribing.swift:50:1: warning: extension declares a conformance of imported type 'TintAdjustmentMode' to imported protocol 'CaseIterable'; this will not behave correctly if the owners of 'UIKit' introduce this conformance in the future
48 | }
49 |
50 | extension UIView.TintAdjustmentMode: ReviewableDescribing {
| |- warning: extension declares a conformance of imported type 'TintAdjustmentMode' to imported protocol 'CaseIterable'; this will not behave correctly if the owners of 'UIKit' introduce this conformance in the future
| `- note: add '@retroactive' to silence this warning
51 | public static var allCases: [UIView.TintAdjustmentMode] = {
52 | return [.automatic, .normal, .dimmed]
SwiftCompile normal arm64 /Users/admin/builder/spi-builder-workspace/Sources/DesignReviewer/DesignReviewInspectorAttribute/ReviewableDescribings/UIView+ReviewableDescribing.swift (in target 'DesignReviewer' from project 'DesignReviewer')
cd /Users/admin/builder/spi-builder-workspace/.swiftpm/xcode
builtin-SwiftPerFileCompile UIView+ReviewableDescribing.swift
SwiftCompile normal arm64 /Users/admin/builder/spi-builder-workspace/Sources/DesignReviewer/DesignReviewSelectableView.swift (in target 'DesignReviewer' from project 'DesignReviewer')
cd /Users/admin/builder/spi-builder-workspace/.swiftpm/xcode
builtin-SwiftPerFileCompile DesignReviewSelectableView.swift
SwiftCompile normal arm64 /Users/admin/builder/spi-builder-workspace/Sources/DesignReviewer/DesignReviewSpecContainerView.swift (in target 'DesignReviewer' from project 'DesignReviewer')
cd /Users/admin/builder/spi-builder-workspace/.swiftpm/xcode
builtin-SwiftPerFileCompile DesignReviewSpecContainerView.swift
SwiftCompile normal arm64 /Users/admin/builder/spi-builder-workspace/Sources/DesignReviewer/DesignReviewSpecView.swift (in target 'DesignReviewer' from project 'DesignReviewer')
cd /Users/admin/builder/spi-builder-workspace/.swiftpm/xcode
builtin-SwiftPerFileCompile DesignReviewSpecView.swift
SwiftCompile normal arm64 /Users/admin/builder/spi-builder-workspace/Sources/DesignReviewer/DesignReviewSuboptimalAlert/DesignReviewHairlineView.swift (in target 'DesignReviewer' from project 'DesignReviewer')
cd /Users/admin/builder/spi-builder-workspace/.swiftpm/xcode
builtin-SwiftPerFileCompile DesignReviewHairlineView.swift
SwiftCompile normal arm64 /Users/admin/builder/spi-builder-workspace/Sources/DesignReviewer/DesignReviewSuboptimalAlert/DesignReviewSuboptimalAlertCoordinator.swift (in target 'DesignReviewer' from project 'DesignReviewer')
cd /Users/admin/builder/spi-builder-workspace/.swiftpm/xcode
builtin-SwiftPerFileCompile DesignReviewSuboptimalAlertCoordinator.swift
SwiftCompile normal arm64 /Users/admin/builder/spi-builder-workspace/Sources/DesignReviewer/DesignReviewSuboptimalAlert/DesignReviewSuboptimalAlertView.swift (in target 'DesignReviewer' from project 'DesignReviewer')
cd /Users/admin/builder/spi-builder-workspace/.swiftpm/xcode
builtin-SwiftPerFileCompile DesignReviewSuboptimalAlertView.swift
SwiftCompile normal arm64 /Users/admin/builder/spi-builder-workspace/Sources/DesignReviewer/DesignReviewSuboptimalAlert/DesignReviewSuboptimalAlertViewController.swift (in target 'DesignReviewer' from project 'DesignReviewer')
cd /Users/admin/builder/spi-builder-workspace/.swiftpm/xcode
builtin-SwiftPerFileCompile DesignReviewSuboptimalAlertViewController.swift
SwiftCompile normal arm64 Compiling\ UIView+DesignReviewable.swift,\ DesignReviewer.swift,\ DesignReviewExplodedHierarchyContainerView.swift,\ DesignReviewExplodedHierarchyView.swift,\ DesignReviewExplodedHierarchyViewController.swift,\ DesignReviewExplodedHierarchyViewModel.swift,\ DesignReviewSolidButton.swift,\ DesignReviewInspectorCoordinator.swift /Users/admin/builder/spi-builder-workspace/Sources/DesignReviewer/DesignReviewables/UIView+DesignReviewable.swift /Users/admin/builder/spi-builder-workspace/Sources/DesignReviewer/DesignReviewer.swift /Users/admin/builder/spi-builder-workspace/Sources/DesignReviewer/Exploded\ Hierarchy/DesignReviewExplodedHierarchyContainerView.swift /Users/admin/builder/spi-builder-workspace/Sources/DesignReviewer/Exploded\ Hierarchy/DesignReviewExplodedHierarchyView.swift /Users/admin/builder/spi-builder-workspace/Sources/DesignReviewer/Exploded\ Hierarchy/DesignReviewExplodedHierarchyViewController.swift /Users/admin/builder/spi-builder-workspace/Sources/DesignReviewer/Exploded\ Hierarchy/DesignReviewExplodedHierarchyViewModel.swift /Users/admin/builder/spi-builder-workspace/Sources/DesignReviewer/Exploded\ Hierarchy/DesignReviewSolidButton.swift /Users/admin/builder/spi-builder-workspace/Sources/DesignReviewer/Inspector/DesignReviewInspectorCoordinator.swift (in target 'DesignReviewer' from project 'DesignReviewer')
SwiftCompile normal arm64 /Users/admin/builder/spi-builder-workspace/Sources/DesignReviewer/DesignReviewables/UIView+DesignReviewable.swift (in target 'DesignReviewer' from project 'DesignReviewer')
cd /Users/admin/builder/spi-builder-workspace/.swiftpm/xcode
builtin-SwiftPerFileCompile UIView+DesignReviewable.swift
SwiftCompile normal arm64 /Users/admin/builder/spi-builder-workspace/Sources/DesignReviewer/DesignReviewer.swift (in target 'DesignReviewer' from project 'DesignReviewer')
cd /Users/admin/builder/spi-builder-workspace/.swiftpm/xcode
builtin-SwiftPerFileCompile DesignReviewer.swift
SwiftCompile normal arm64 /Users/admin/builder/spi-builder-workspace/Sources/DesignReviewer/Exploded\ Hierarchy/DesignReviewExplodedHierarchyContainerView.swift (in target 'DesignReviewer' from project 'DesignReviewer')
cd /Users/admin/builder/spi-builder-workspace/.swiftpm/xcode
builtin-SwiftPerFileCompile DesignReviewExplodedHierarchyContainerView.swift
SwiftCompile normal arm64 /Users/admin/builder/spi-builder-workspace/Sources/DesignReviewer/Exploded\ Hierarchy/DesignReviewExplodedHierarchyView.swift (in target 'DesignReviewer' from project 'DesignReviewer')
cd /Users/admin/builder/spi-builder-workspace/.swiftpm/xcode
builtin-SwiftPerFileCompile DesignReviewExplodedHierarchyView.swift
SwiftCompile normal arm64 /Users/admin/builder/spi-builder-workspace/Sources/DesignReviewer/Exploded\ Hierarchy/DesignReviewExplodedHierarchyViewController.swift (in target 'DesignReviewer' from project 'DesignReviewer')
cd /Users/admin/builder/spi-builder-workspace/.swiftpm/xcode
builtin-SwiftPerFileCompile DesignReviewExplodedHierarchyViewController.swift
SwiftCompile normal arm64 /Users/admin/builder/spi-builder-workspace/Sources/DesignReviewer/Exploded\ Hierarchy/DesignReviewExplodedHierarchyViewModel.swift (in target 'DesignReviewer' from project 'DesignReviewer')
cd /Users/admin/builder/spi-builder-workspace/.swiftpm/xcode
builtin-SwiftPerFileCompile DesignReviewExplodedHierarchyViewModel.swift
SwiftCompile normal arm64 /Users/admin/builder/spi-builder-workspace/Sources/DesignReviewer/Exploded\ Hierarchy/DesignReviewSolidButton.swift (in target 'DesignReviewer' from project 'DesignReviewer')
cd /Users/admin/builder/spi-builder-workspace/.swiftpm/xcode
builtin-SwiftPerFileCompile DesignReviewSolidButton.swift
SwiftCompile normal arm64 /Users/admin/builder/spi-builder-workspace/Sources/DesignReviewer/Inspector/DesignReviewInspectorCoordinator.swift (in target 'DesignReviewer' from project 'DesignReviewer')
cd /Users/admin/builder/spi-builder-workspace/.swiftpm/xcode
builtin-SwiftPerFileCompile DesignReviewInspectorCoordinator.swift
PruneExplicitPrecompiledModules /Users/admin/builder/spi-builder-workspace/.derivedData/Build/Intermediates.noindex/ExplicitPrecompiledModules
PruneExplicitPrecompiledModules /Users/admin/builder/spi-builder-workspace/.derivedData/Build/Intermediates.noindex/SwiftExplicitPrecompiledModules
PruneExplicitPrecompiledModules /Users/admin/builder/spi-builder-workspace/.derivedData/SDKExplicitPrecompiledModules
2026-09-18 10:57:58.189 xcodebuild[665:4267] [MT] IDERunDestination: Supported platforms for the buildables in the current scheme is empty.
2026-09-18 10:57:58.310 xcodebuild[665:4267] [MT] IDERunDestination: Supported platforms for the buildables in the current scheme is empty.
** BUILD FAILED **
The following build commands failed:
SwiftCompile normal arm64 (in target 'DesignReviewer' from project 'DesignReviewer')
SwiftEmitModule normal arm64 Emitting\ module\ for\ DesignReviewer (in target 'DesignReviewer' from project 'DesignReviewer')
Building workspace DesignReviewer with scheme DesignReviewer
(3 failures)
Command line invocation:
/Applications/Xcode-27.0.0-Release.Candidate.app/Contents/Developer/usr/bin/xcodebuild -IDEClonedSourcePackagesDirPathOverride=/Users/admin/builder/spi-builder-workspace/.dependencies -resolvePackageDependencies
Resolve Package Graph
Resolved source packages:
DesignReviewer: /Users/admin/builder/spi-builder-workspace
resolved source packages: DesignReviewer
2026-09-18 10:58:07.878 xcodebuild[761:4707] [MT] IDERunDestination: Supported platforms for the buildables in the current scheme is empty.
2026-09-18 10:58:07.983 xcodebuild[761:4707] [MT] IDERunDestination: Supported platforms for the buildables in the current scheme is empty.
{
"dependencies" : [
],
"manifest_display_name" : "DesignReviewer",
"name" : "DesignReviewer",
"path" : "/Users/admin/builder/spi-builder-workspace",
"platforms" : [
{
"name" : "ios",
"version" : "14.0"
}
],
"products" : [
{
"name" : "DesignReviewer",
"targets" : [
"DesignReviewer"
],
"type" : {
"library" : [
"automatic"
]
}
}
],
"targets" : [
{
"c99name" : "DesignReviewerTests",
"module_type" : "SwiftTarget",
"name" : "DesignReviewerTests",
"path" : "Tests/DesignReviewerTests",
"sources" : [
"DesignReviewerTests.swift"
],
"target_dependencies" : [
"DesignReviewer"
],
"type" : "test"
},
{
"c99name" : "DesignReviewer",
"module_type" : "SwiftTarget",
"name" : "DesignReviewer",
"path" : "Sources/DesignReviewer",
"product_memberships" : [
"DesignReviewer"
],
"sources" : [
"DesignReviewContainerView.swift",
"DesignReviewCoordinator.swift",
"DesignReviewCoordinatorProtocol.swift",
"DesignReviewHUD.swift",
"DesignReviewImageCapturer.swift",
"DesignReviewInspectorAttribute/CustomAttributes/DesignReviewCustomEnumAttribute.swift",
"DesignReviewInspectorAttribute/CustomAttributes/DesignReviewCustomMutableAttribute.swift",
"DesignReviewInspectorAttribute/DesignReviewEnumAttribute.swift",
"DesignReviewInspectorAttribute/DesignReviewImmutableAttribute.swift",
"DesignReviewInspectorAttribute/DesignReviewInspectorAttribute.swift",
"DesignReviewInspectorAttribute/DesignReviewMutableAttribute.swift",
"DesignReviewInspectorAttribute/DesignReviewScreenshotAttribute.swift",
"DesignReviewInspectorAttribute/DesignReviewSummaryAttribute.swift",
"DesignReviewInspectorAttribute/ReviewableDescribings/NSLayoutConstraint+ReviewableDescribing.swift",
"DesignReviewInspectorAttribute/ReviewableDescribings/UIImage+ReviewableDescribing.swift",
"DesignReviewInspectorAttribute/ReviewableDescribings/UILabel+ReviewableDescribing.swift",
"DesignReviewInspectorAttribute/ReviewableDescribings/UIStackView+ReviewableDescribing.swift",
"DesignReviewInspectorAttribute/ReviewableDescribings/UIView+ReviewableDescribing.swift",
"DesignReviewSelectableView.swift",
"DesignReviewSpecContainerView.swift",
"DesignReviewSpecView.swift",
"DesignReviewSuboptimalAlert/DesignReviewHairlineView.swift",
"DesignReviewSuboptimalAlert/DesignReviewSuboptimalAlertCoordinator.swift",
"DesignReviewSuboptimalAlert/DesignReviewSuboptimalAlertView.swift",
"DesignReviewSuboptimalAlert/DesignReviewSuboptimalAlertViewController.swift",
"DesignReviewSuboptimalAlert/DesignReviewSuboptimalAlertViewModelProtocol.swift",
"DesignReviewViewController.swift",
"DesignReviewViewModel.swift",
"DesignReviewables/DesignReviewable.swift",
"DesignReviewables/NSLayoutConstraint+DesignReviewable.swift",
"DesignReviewables/NSString+DesignReviewable.swift",
"DesignReviewables/UIColor+DesignReviewable.swift",
"DesignReviewables/UIImage+DesignReviewable.swift",
"DesignReviewables/UIView+DesignReviewable.swift",
"DesignReviewer.swift",
"Exploded Hierarchy/DesignReviewExplodedHierarchyContainerView.swift",
"Exploded Hierarchy/DesignReviewExplodedHierarchyView.swift",
"Exploded Hierarchy/DesignReviewExplodedHierarchyViewController.swift",
"Exploded Hierarchy/DesignReviewExplodedHierarchyViewModel.swift",
"Exploded Hierarchy/DesignReviewSolidButton.swift",
"Inspector/DesignReviewInspectorCoordinator.swift",
"Inspector/DesignReviewInspectorViewController.swift",
"Inspector/DesignReviewInspectorViewModel.swift",
"Inspector/TableViewCells/Custom Accessories/DesignReviewUIColorAccessoryView.swift",
"Inspector/TableViewCells/Custom Accessories/DesignReviewUIImageAccessoryView.swift",
"Inspector/TableViewCells/DesignReviewCollapsibleHeaderView.swift",
"Inspector/TableViewCells/DesignReviewInspectorScreenshotTableViewCell.swift",
"Inspector/TableViewCells/DesignReviewInspectorSummaryTableViewCell.swift",
"Inspector/TableViewCells/DesignReviewInspectorTableViewCell.swift",
"Spuddle/Keys.swift",
"Spuddle/Spuddle.swift",
"Spuddle/SpuddleContainerView.swift",
"Spuddle/SpuddleFakeWindowView.swift",
"Spuddle/SpuddleOptionsModifier/SpuddleOptionsCoordinator.swift",
"Spuddle/SpuddleOptionsModifier/SpuddleOptionsModifierView.swift",
"Spuddle/SpuddleOptionsModifier/SpuddleOptionsModifierViewModel.swift",
"Spuddle/SpuddlePlacement.swift",
"Spuddle/SpuddlePresentedViewModel.swift",
"Spuddle/SpuddleStepperModifier/SpuddleStepperCoordinator.swift",
"Spuddle/SpuddleStepperModifier/SpuddleStepperModiferView.swift",
"Spuddle/SpuddleStepperModifier/SpuddleStepperModifierViewModel.swift",
"Spuddle/SpuddleTextModifier/SpuddleTextCoordinator.swift",
"Spuddle/SpuddleTextModifier/SpuddleTextModifierView.swift",
"Spuddle/SpuddleTextModifier/SpuddleTextModifierViewModel.swift",
"Spuddle/SpuddleViewModel.swift",
"Spuddle/SpuddleWindowManager.swift",
"Spuddle/SpuddledAnimations/Animation+Extensions.swift",
"Spuddle/UIResponder+Extensions.swift",
"Spuddle/UIView+Extensions.swift",
"Spuddle/UIViewController+Extensions.swift",
"Spuddle/View+Extensions.swift",
"Utility Extensions/CGFloat+Convenience.swift",
"Utility Extensions/NSLayoutConstraint+StringBuilding.swift",
"Utility Extensions/TextContainingView.swift",
"Utility Extensions/UIColor+ColorAssets.swift",
"Utility Extensions/UIEdgeInsets+Convenience.swift",
"Utility Extensions/UIFont+Presets.swift",
"Utility Extensions/UITableView+EmptyCell.swift",
"Utility Extensions/UIView+Constraints.swift",
"Utility Extensions/UIView+StringBuilding.swift"
],
"type" : "library"
}
],
"tools_version" : "5.5"
}
{
"workspace" : {
"name" : "DesignReviewer",
"schemes" : [
"DesignReviewer"
]
}
}
2026-09-18 10:58:09.088 xcodebuild[769:4775] [MT] IDERunDestination: Supported platforms for the buildables in the current scheme is empty.
2026-09-18 10:58:09.190 xcodebuild[769:4775] [MT] IDERunDestination: Supported platforms for the buildables in the current scheme is empty.
Running build ...
env DEVELOPER_DIR=/Applications/Xcode-27.0.0-Release.Candidate.app xcrun xcodebuild -IDEClonedSourcePackagesDirPathOverride=$PWD/.dependencies -skipMacroValidation -skipPackagePluginValidation -derivedDataPath $PWD/.derivedData build -scheme DesignReviewer -destination generic/platform=tvOS
Command line invocation:
/Applications/Xcode-27.0.0-Release.Candidate.app/Contents/Developer/usr/bin/xcodebuild -IDEClonedSourcePackagesDirPathOverride=/Users/admin/builder/spi-builder-workspace/.dependencies -skipMacroValidation -skipPackagePluginValidation -derivedDataPath /Users/admin/builder/spi-builder-workspace/.derivedData build -scheme DesignReviewer -destination generic/platform=tvOS
Resolve Package Graph
Resolved source packages:
DesignReviewer: /Users/admin/builder/spi-builder-workspace
ComputePackagePrebuildTargetDependencyGraph
Prepare packages
CreateBuildRequest
SendProjectDescription
CreateBuildOperation
ComputeTargetDependencyGraph
note: Building targets in dependency order
note: Target dependency graph (3 targets)
Target 'DesignReviewer-product' in project 'DesignReviewer'
➜ Explicit dependency on target 'DesignReviewer' in project 'DesignReviewer'
➜ Explicit dependency on target 'DesignReviewer_DesignReviewer' in project 'DesignReviewer'
Target 'DesignReviewer' in project 'DesignReviewer'
➜ Explicit dependency on target 'DesignReviewer_DesignReviewer' in project 'DesignReviewer'
Target 'DesignReviewer_DesignReviewer' in project 'DesignReviewer' (no dependencies)
GatherProvisioningInputs
CreateBuildDescription
ClangStatCache /Applications/Xcode-27.0.0-Release.Candidate.app/Contents/Developer/Toolchains/XcodeDefault.xctoolchain/usr/bin/clang-stat-cache /Applications/Xcode-27.0.0-Release.Candidate.app/Contents/Developer/Platforms/AppleTVOS.platform/Developer/SDKs/AppleTVOS27.0.sdk /Users/admin/builder/spi-builder-workspace/.derivedData/SDKStatCaches.noindex/appletvos27.0-24J360-e829b21a6f8c9b70876ba0858053c044b32bfd8d43560033f8d89884cdb90028.sdkstatcache
cd /Users/admin/builder/spi-builder-workspace/.swiftpm/xcode
/Applications/Xcode-27.0.0-Release.Candidate.app/Contents/Developer/Toolchains/XcodeDefault.xctoolchain/usr/bin/clang-stat-cache /Applications/Xcode-27.0.0-Release.Candidate.app/Contents/Developer/Platforms/AppleTVOS.platform/Developer/SDKs/AppleTVOS27.0.sdk -o /Users/admin/builder/spi-builder-workspace/.derivedData/SDKStatCaches.noindex/appletvos27.0-24J360-e829b21a6f8c9b70876ba0858053c044b32bfd8d43560033f8d89884cdb90028.sdkstatcache
SwiftDriver DesignReviewer normal arm64 com.apple.xcode.tools.swift.compiler (in target 'DesignReviewer' from project 'DesignReviewer')
cd /Users/admin/builder/spi-builder-workspace/.swiftpm/xcode
builtin-SwiftDriver -- /Applications/Xcode-27.0.0-Release.Candidate.app/Contents/Developer/Toolchains/XcodeDefault.xctoolchain/usr/bin/swiftc -parse-as-library -module-name DesignReviewer -Onone @/Users/admin/builder/spi-builder-workspace/.derivedData/Build/Intermediates.noindex/DesignReviewer.build/Debug-appletvos/DesignReviewer-t.build/Objects-normal/arm64/DesignReviewer.SwiftFileList -DSWIFT_PACKAGE -DDEBUG -DSWIFT_MODULE_RESOURCE_BUNDLE_AVAILABLE -DXcode -plugin-path /Applications/Xcode-27.0.0-Release.Candidate.app/Contents/Developer/Toolchains/XcodeDefault.xctoolchain/usr/lib/swift/host/plugins/testing -enable-experimental-feature DebugDescriptionMacro -sdk /Applications/Xcode-27.0.0-Release.Candidate.app/Contents/Developer/Platforms/AppleTVOS.platform/Developer/SDKs/AppleTVOS27.0.sdk -target arm64-apple-tvos15.0 -g -module-cache-path /Users/admin/builder/spi-builder-workspace/.derivedData/ModuleCache.noindex -Xfrontend -serialize-debugging-options -enable-testing -index-store-path /Users/admin/builder/spi-builder-workspace/.derivedData/Index.noindex/DataStore -Xcc -D_LIBCPP_HARDENING_MODE\=_LIBCPP_HARDENING_MODE_DEBUG -swift-version 5 -I /Users/admin/builder/spi-builder-workspace/.derivedData/Build/Products/Debug-appletvos -Isystem /Applications/Xcode-27.0.0-Release.Candidate.app/Contents/Developer/Platforms/AppleTVOS.platform/Developer/usr/lib -F /Users/admin/builder/spi-builder-workspace/.derivedData/Build/Products/Debug-appletvos -F /Applications/Xcode-27.0.0-Release.Candidate.app/Contents/Developer/Platforms/AppleTVOS.platform/Developer/Library/Frameworks -F /Applications/Xcode-27.0.0-Release.Candidate.app/Contents/Developer/Platforms/AppleTVOS.platform/Developer/SDKs/AppleTVOS27.0.sdk/Developer/Library/Frameworks -c -j10 -enable-batch-mode -incremental -Xcc -ivfsstatcache -Xcc /Users/admin/builder/spi-builder-workspace/.derivedData/SDKStatCaches.noindex/appletvos27.0-24J360-e829b21a6f8c9b70876ba0858053c044b32bfd8d43560033f8d89884cdb90028.sdkstatcache -output-file-map /Users/admin/builder/spi-builder-workspace/.derivedData/Build/Intermediates.noindex/DesignReviewer.build/Debug-appletvos/DesignReviewer-t.build/Objects-normal/arm64/DesignReviewer-OutputFileMap.json -save-temps -no-color-diagnostics -explicit-module-build -module-cache-path /Users/admin/builder/spi-builder-workspace/.derivedData/Build/Intermediates.noindex/SwiftExplicitPrecompiledModules -clang-scanner-module-cache-path /Users/admin/builder/spi-builder-workspace/.derivedData/ModuleCache.noindex -sdk-module-cache-path /Users/admin/builder/spi-builder-workspace/.derivedData/SDKExplicitPrecompiledModules -emit-dependencies -emit-module -emit-module-path /Users/admin/builder/spi-builder-workspace/.derivedData/Build/Intermediates.noindex/DesignReviewer.build/Debug-appletvos/DesignReviewer-t.build/Objects-normal/arm64/DesignReviewer.swiftmodule -serialize-diagnostics -dependency-scan-serialize-diagnostics-path /Users/admin/builder/spi-builder-workspace/.derivedData/Build/Intermediates.noindex/DesignReviewer.build/Debug-appletvos/DesignReviewer-t.build/Objects-normal/arm64/DesignReviewer-dependency-scan.dia -validate-clang-modules-once -clang-build-session-file /Users/admin/builder/spi-builder-workspace/.derivedData/ModuleCache.noindex/Session.modulevalidation -Xcc -fmodules-prune-interval\=86400 -Xcc -fmodules-prune-after\=345600 -emit-const-values -const-gather-protocols-list /Users/admin/builder/spi-builder-workspace/.derivedData/Build/Intermediates.noindex/DesignReviewer.build/Debug-appletvos/DesignReviewer-t.build/Objects-normal/arm64/DesignReviewer_const_extract_protocols.json -Xcc -I/Users/admin/builder/spi-builder-workspace/.derivedData/Build/Products/Debug-appletvos/include -Xcc -I/Users/admin/builder/spi-builder-workspace/.derivedData/Build/Intermediates.noindex/DesignReviewer.build/Debug-appletvos/DesignReviewer-t.build/DerivedSources-normal/arm64 -Xcc -I/Users/admin/builder/spi-builder-workspace/.derivedData/Build/Intermediates.noindex/DesignReviewer.build/Debug-appletvos/DesignReviewer-t.build/DerivedSources/arm64 -Xcc -I/Users/admin/builder/spi-builder-workspace/.derivedData/Build/Intermediates.noindex/DesignReviewer.build/Debug-appletvos/DesignReviewer-t.build/DerivedSources -Xcc -DSWIFT_PACKAGE -Xcc -DDEBUG\=1 -emit-objc-header -emit-objc-header-path /Users/admin/builder/spi-builder-workspace/.derivedData/Build/Intermediates.noindex/DesignReviewer.build/Debug-appletvos/DesignReviewer-t.build/Objects-normal/arm64/DesignReviewer-Swift.h -working-directory /Users/admin/builder/spi-builder-workspace/.swiftpm/xcode -experimental-emit-module-separately -disable-cmo
SwiftCompile normal arm64 Compiling\ UIView+DesignReviewable.swift,\ DesignReviewer.swift,\ DesignReviewExplodedHierarchyContainerView.swift,\ DesignReviewExplodedHierarchyView.swift,\ DesignReviewExplodedHierarchyViewController.swift,\ DesignReviewExplodedHierarchyViewModel.swift,\ DesignReviewSolidButton.swift,\ DesignReviewInspectorCoordinator.swift /Users/admin/builder/spi-builder-workspace/Sources/DesignReviewer/DesignReviewables/UIView+DesignReviewable.swift /Users/admin/builder/spi-builder-workspace/Sources/DesignReviewer/DesignReviewer.swift /Users/admin/builder/spi-builder-workspace/Sources/DesignReviewer/Exploded\ Hierarchy/DesignReviewExplodedHierarchyContainerView.swift /Users/admin/builder/spi-builder-workspace/Sources/DesignReviewer/Exploded\ Hierarchy/DesignReviewExplodedHierarchyView.swift /Users/admin/builder/spi-builder-workspace/Sources/DesignReviewer/Exploded\ Hierarchy/DesignReviewExplodedHierarchyViewController.swift /Users/admin/builder/spi-builder-workspace/Sources/DesignReviewer/Exploded\ Hierarchy/DesignReviewExplodedHierarchyViewModel.swift /Users/admin/builder/spi-builder-workspace/Sources/DesignReviewer/Exploded\ Hierarchy/DesignReviewSolidButton.swift /Users/admin/builder/spi-builder-workspace/Sources/DesignReviewer/Inspector/DesignReviewInspectorCoordinator.swift (in target 'DesignReviewer' from project 'DesignReviewer')
/Users/admin/builder/spi-builder-workspace/Sources/DesignReviewer/DesignReviewables/UIView+DesignReviewable.swift:203:14: error: 'isMultipleTouchEnabled' is unavailable in tvOS
201 | }
202 |
203 | self.isMultipleTouchEnabled = newBool
| `- error: 'isMultipleTouchEnabled' is unavailable in tvOS
204 | }))
205 | attributes[.general]?.append(DesignReviewMutableAttribute(
/Applications/Xcode-27.0.0-Release.Candidate.app/Contents/Developer/Platforms/AppleTVOS.platform/Developer/SDKs/AppleTVOS27.0.sdk/System/Library/Frameworks/UIKit.framework/Headers/UIView.h:208:57: note: 'isMultipleTouchEnabled' has been explicitly marked unavailable here
206 | @property(nonatomic) CGPoint anchorPoint API_AVAILABLE(ios(16.0)) API_UNAVAILABLE(watchos);
207 |
208 | @property(nonatomic,getter=isMultipleTouchEnabled) BOOL multipleTouchEnabled API_UNAVAILABLE(tvos); // default is NO
| `- note: 'isMultipleTouchEnabled' has been explicitly marked unavailable here
209 | @property(nonatomic,getter=isExclusiveTouch) BOOL exclusiveTouch API_UNAVAILABLE(tvos); // default is NO
210 |
/Users/admin/builder/spi-builder-workspace/Sources/DesignReviewer/Exploded Hierarchy/DesignReviewExplodedHierarchyContainerView.swift:250:40: error: 'UIPinchGestureRecognizer' is unavailable in tvOS
248 | }
249 |
250 | @objc private func enhance(_ sender: UIPinchGestureRecognizer) {
| `- error: 'UIPinchGestureRecognizer' is unavailable in tvOS
251 | if sender.state == .began {
252 | sender.scale = zoomScale
/Applications/Xcode-27.0.0-Release.Candidate.app/Contents/Developer/Platforms/AppleTVOS.platform/Developer/SDKs/AppleTVOS27.0.sdk/System/Library/Frameworks/UIKit.framework/Headers/UIPinchGestureRecognizer.h:20:12: note: 'UIPinchGestureRecognizer' has been explicitly marked unavailable here
18 |
19 | UIKIT_EXTERN API_AVAILABLE(ios(3.2)) API_UNAVAILABLE(tvos, watchos) NS_SWIFT_UI_ACTOR
20 | @interface UIPinchGestureRecognizer : UIGestureRecognizer
| `- note: 'UIPinchGestureRecognizer' has been explicitly marked unavailable here
21 |
22 | @property (nonatomic) CGFloat scale; // scale relative to the touch points in screen coordinates
/Users/admin/builder/spi-builder-workspace/Sources/DesignReviewer/Exploded Hierarchy/DesignReviewExplodedHierarchyContainerView.swift:58:26: error: 'UIPinchGestureRecognizer' is unavailable in tvOS
56 |
57 | addGestureRecognizer(UIPanGestureRecognizer(target: self, action: #selector(deadPan)))
58 | addGestureRecognizer(UIPinchGestureRecognizer(target: self, action: #selector(enhance)))
| `- error: 'UIPinchGestureRecognizer' is unavailable in tvOS
59 | let movePan = UIPanGestureRecognizer(target: self, action: #selector(iLikeToMoveItMoveIt))
60 | movePan.minimumNumberOfTouches = 2
/Applications/Xcode-27.0.0-Release.Candidate.app/Contents/Developer/Platforms/AppleTVOS.platform/Developer/SDKs/AppleTVOS27.0.sdk/System/Library/Frameworks/UIKit.framework/Headers/UIPinchGestureRecognizer.h:20:12: note: 'UIPinchGestureRecognizer' has been explicitly marked unavailable here
18 |
19 | UIKIT_EXTERN API_AVAILABLE(ios(3.2)) API_UNAVAILABLE(tvos, watchos) NS_SWIFT_UI_ACTOR
20 | @interface UIPinchGestureRecognizer : UIGestureRecognizer
| `- note: 'UIPinchGestureRecognizer' has been explicitly marked unavailable here
21 |
22 | @property (nonatomic) CGFloat scale; // scale relative to the touch points in screen coordinates
/Users/admin/builder/spi-builder-workspace/Sources/DesignReviewer/Exploded Hierarchy/DesignReviewExplodedHierarchyContainerView.swift:60:13: error: 'minimumNumberOfTouches' is unavailable in tvOS
58 | addGestureRecognizer(UIPinchGestureRecognizer(target: self, action: #selector(enhance)))
59 | let movePan = UIPanGestureRecognizer(target: self, action: #selector(iLikeToMoveItMoveIt))
60 | movePan.minimumNumberOfTouches = 2
| `- error: 'minimumNumberOfTouches' is unavailable in tvOS
61 | addGestureRecognizer(movePan)
62 | }
/Applications/Xcode-27.0.0-Release.Candidate.app/Contents/Developer/Platforms/AppleTVOS.platform/Developer/SDKs/AppleTVOS27.0.sdk/System/Library/Frameworks/UIKit.framework/Headers/UIPanGestureRecognizer.h:33:43: note: 'minimumNumberOfTouches' has been explicitly marked unavailable here
31 | @interface UIPanGestureRecognizer : UIGestureRecognizer
32 |
33 | @property (nonatomic) NSUInteger minimumNumberOfTouches API_UNAVAILABLE(tvos); // default is 1. the minimum number of touches required to match
| `- note: 'minimumNumberOfTouches' has been explicitly marked unavailable here
34 | @property (nonatomic) NSUInteger maximumNumberOfTouches API_UNAVAILABLE(tvos); // default is UINT_MAX. the maximum number of touches that can be down
35 |
/Users/admin/builder/spi-builder-workspace/Sources/DesignReviewer/Exploded Hierarchy/DesignReviewExplodedHierarchyViewController.swift:51:28: error: 'UISlider' is unavailable in tvOS
49 | }()
50 |
51 | private lazy var slider: UISlider = {
| `- error: 'UISlider' is unavailable in tvOS
52 | let slider = UISlider()
53 | slider.isContinuous = true
/Applications/Xcode-27.0.0-Release.Candidate.app/Contents/Developer/Platforms/AppleTVOS.platform/Developer/SDKs/AppleTVOS27.0.sdk/System/Library/Frameworks/UIKit.framework/Headers/UISlider.h:26:12: note: 'UISlider' has been explicitly marked unavailable here
24 |
25 | UIKIT_EXTERN API_AVAILABLE(ios(2.0)) API_UNAVAILABLE(tvos, watchos) NS_SWIFT_UI_ACTOR
26 | @interface UISlider : UIControl <NSCoding>
| `- note: 'UISlider' has been explicitly marked unavailable here
27 |
28 | @property(nonatomic) float value; // default 0.0. this value will be pinned to min/max
/Users/admin/builder/spi-builder-workspace/Sources/DesignReviewer/Exploded Hierarchy/DesignReviewExplodedHierarchyViewController.swift:52:18: error: 'UISlider' is unavailable in tvOS
50 |
51 | private lazy var slider: UISlider = {
52 | let slider = UISlider()
| `- error: 'UISlider' is unavailable in tvOS
53 | slider.isContinuous = true
54 | slider.minimumValue = Float(CGFloat.extraExtraSmall)
/Applications/Xcode-27.0.0-Release.Candidate.app/Contents/Developer/Platforms/AppleTVOS.platform/Developer/SDKs/AppleTVOS27.0.sdk/System/Library/Frameworks/UIKit.framework/Headers/UISlider.h:26:12: note: 'UISlider' has been explicitly marked unavailable here
24 |
25 | UIKIT_EXTERN API_AVAILABLE(ios(2.0)) API_UNAVAILABLE(tvos, watchos) NS_SWIFT_UI_ACTOR
26 | @interface UISlider : UIControl <NSCoding>
| `- note: 'UISlider' has been explicitly marked unavailable here
27 |
28 | @property(nonatomic) float value; // default 0.0. this value will be pinned to min/max
/Users/admin/builder/spi-builder-workspace/Sources/DesignReviewer/Exploded Hierarchy/DesignReviewExplodedHierarchyViewController.swift:70:24: error: 'UISwitch' is unavailable in tvOS
68 | switchLabel.text = "show names"
69 | switchLabel.textColor = .monochrome5
70 | let sonOfASwitch = UISwitch()
| `- error: 'UISwitch' is unavailable in tvOS
71 | sonOfASwitch.addTarget(self, action: #selector(switchUp), for: .valueChanged)
72 |
/Applications/Xcode-27.0.0-Release.Candidate.app/Contents/Developer/Platforms/AppleTVOS.platform/Developer/SDKs/AppleTVOS27.0.sdk/System/Library/Frameworks/UIKit.framework/Headers/UISwitch.h:23:12: note: 'UISwitch' has been explicitly marked unavailable here
21 |
22 | UIKIT_EXTERN API_AVAILABLE(ios(2.0)) API_UNAVAILABLE(tvos, watchos) NS_SWIFT_UI_ACTOR
23 | @interface UISwitch : UIControl <NSCoding>
| `- note: 'UISwitch' has been explicitly marked unavailable here
24 |
25 | @property(nullable, nonatomic, strong) UIColor *onTintColor API_AVAILABLE(ios(5.0)) UI_APPEARANCE_SELECTOR;
/Users/admin/builder/spi-builder-workspace/Sources/DesignReviewer/Exploded Hierarchy/DesignReviewExplodedHierarchyViewController.swift:144:48: error: 'UISlider' is unavailable in tvOS
142 | }
143 |
144 | @objc private func sliderNoSliding(_ slider: UISlider) {
| `- error: 'UISlider' is unavailable in tvOS
145 | container.updateSpacing(slider.value)
146 | }
/Applications/Xcode-27.0.0-Release.Candidate.app/Contents/Developer/Platforms/AppleTVOS.platform/Developer/SDKs/AppleTVOS27.0.sdk/System/Library/Frameworks/UIKit.framework/Headers/UISlider.h:26:12: note: 'UISlider' has been explicitly marked unavailable here
24 |
25 | UIKIT_EXTERN API_AVAILABLE(ios(2.0)) API_UNAVAILABLE(tvos, watchos) NS_SWIFT_UI_ACTOR
26 | @interface UISlider : UIControl <NSCoding>
| `- note: 'UISlider' has been explicitly marked unavailable here
27 |
28 | @property(nonatomic) float value; // default 0.0. this value will be pinned to min/max
SwiftCompile normal arm64 /Users/admin/builder/spi-builder-workspace/Sources/DesignReviewer/DesignReviewables/UIView+DesignReviewable.swift (in target 'DesignReviewer' from project 'DesignReviewer')
cd /Users/admin/builder/spi-builder-workspace/.swiftpm/xcode
builtin-SwiftPerFileCompile UIView+DesignReviewable.swift
SwiftCompile normal arm64 /Users/admin/builder/spi-builder-workspace/Sources/DesignReviewer/DesignReviewer.swift (in target 'DesignReviewer' from project 'DesignReviewer')
cd /Users/admin/builder/spi-builder-workspace/.swiftpm/xcode
builtin-SwiftPerFileCompile DesignReviewer.swift
SwiftCompile normal arm64 /Users/admin/builder/spi-builder-workspace/Sources/DesignReviewer/Exploded\ Hierarchy/DesignReviewExplodedHierarchyContainerView.swift (in target 'DesignReviewer' from project 'DesignReviewer')
cd /Users/admin/builder/spi-builder-workspace/.swiftpm/xcode
builtin-SwiftPerFileCompile DesignReviewExplodedHierarchyContainerView.swift
SwiftCompile normal arm64 /Users/admin/builder/spi-builder-workspace/Sources/DesignReviewer/Exploded\ Hierarchy/DesignReviewExplodedHierarchyView.swift (in target 'DesignReviewer' from project 'DesignReviewer')
cd /Users/admin/builder/spi-builder-workspace/.swiftpm/xcode
builtin-SwiftPerFileCompile DesignReviewExplodedHierarchyView.swift
SwiftCompile normal arm64 /Users/admin/builder/spi-builder-workspace/Sources/DesignReviewer/Exploded\ Hierarchy/DesignReviewExplodedHierarchyViewController.swift (in target 'DesignReviewer' from project 'DesignReviewer')
cd /Users/admin/builder/spi-builder-workspace/.swiftpm/xcode
builtin-SwiftPerFileCompile DesignReviewExplodedHierarchyViewController.swift
SwiftCompile normal arm64 /Users/admin/builder/spi-builder-workspace/Sources/DesignReviewer/Exploded\ Hierarchy/DesignReviewExplodedHierarchyViewModel.swift (in target 'DesignReviewer' from project 'DesignReviewer')
cd /Users/admin/builder/spi-builder-workspace/.swiftpm/xcode
builtin-SwiftPerFileCompile DesignReviewExplodedHierarchyViewModel.swift
SwiftCompile normal arm64 /Users/admin/builder/spi-builder-workspace/Sources/DesignReviewer/Exploded\ Hierarchy/DesignReviewSolidButton.swift (in target 'DesignReviewer' from project 'DesignReviewer')
cd /Users/admin/builder/spi-builder-workspace/.swiftpm/xcode
builtin-SwiftPerFileCompile DesignReviewSolidButton.swift
SwiftCompile normal arm64 /Users/admin/builder/spi-builder-workspace/Sources/DesignReviewer/Inspector/DesignReviewInspectorCoordinator.swift (in target 'DesignReviewer' from project 'DesignReviewer')
cd /Users/admin/builder/spi-builder-workspace/.swiftpm/xcode
builtin-SwiftPerFileCompile DesignReviewInspectorCoordinator.swift
/Users/admin/builder/spi-builder-workspace/Sources/DesignReviewer/Exploded Hierarchy/DesignReviewExplodedHierarchyViewController.swift:153:41: error: 'UISwitch' is unavailable in tvOS
151 | }
152 |
153 | @objc private func switchUp(_ sender: UISwitch) {
| `- error: 'UISwitch' is unavailable in tvOS
154 | container.toggleNameVisibility(sender.isOn)
155 | }
/Applications/Xcode-27.0.0-Release.Candidate.app/Contents/Developer/Platforms/AppleTVOS.platform/Developer/SDKs/AppleTVOS27.0.sdk/System/Library/Frameworks/UIKit.framework/Headers/UISwitch.h:23:12: note: 'UISwitch' has been explicitly marked unavailable here
21 |
22 | UIKIT_EXTERN API_AVAILABLE(ios(2.0)) API_UNAVAILABLE(tvos, watchos) NS_SWIFT_UI_ACTOR
23 | @interface UISwitch : UIControl <NSCoding>
| `- note: 'UISwitch' has been explicitly marked unavailable here
24 |
25 | @property(nullable, nonatomic, strong) UIColor *onTintColor API_AVAILABLE(ios(5.0)) UI_APPEARANCE_SELECTOR;
/Users/admin/builder/spi-builder-workspace/Sources/DesignReviewer/Exploded Hierarchy/DesignReviewSolidButton.swift:68:9: warning: 'titleEdgeInsets' was deprecated in tvOS 15.0: This property is ignored when using UIButtonConfiguration [#DeprecatedDeclaration]
66 | private func updateInsets(buttonText: String?, buttonImage: UIImage?) {
67 | if buttonText != nil && buttonImage != nil {
68 | titleEdgeInsets = UIEdgeInsets(top: 0,
| `- warning: 'titleEdgeInsets' was deprecated in tvOS 15.0: This property is ignored when using UIButtonConfiguration [#DeprecatedDeclaration]
69 | left: .small,
70 | bottom: 0,
/Users/admin/builder/spi-builder-workspace/Sources/DesignReviewer/Exploded Hierarchy/DesignReviewSolidButton.swift:72:9: warning: 'contentEdgeInsets' was deprecated in tvOS 15.0: This property is ignored when using UIButtonConfiguration [#DeprecatedDeclaration]
70 | bottom: 0,
71 | right: -.small)
72 | contentEdgeInsets = UIEdgeInsets(top: 0,
| `- warning: 'contentEdgeInsets' was deprecated in tvOS 15.0: This property is ignored when using UIButtonConfiguration [#DeprecatedDeclaration]
73 | left: 0,
74 | bottom: 0,
/Users/admin/builder/spi-builder-workspace/Sources/DesignReviewer/Exploded Hierarchy/DesignReviewSolidButton.swift:78:5: warning: 'contentEdgeInsets' was deprecated in tvOS 15.0: This property is ignored when using UIButtonConfiguration [#DeprecatedDeclaration]
76 | }
77 |
78 | contentEdgeInsets = UIEdgeInsets(top: 0,
| `- warning: 'contentEdgeInsets' was deprecated in tvOS 15.0: This property is ignored when using UIButtonConfiguration [#DeprecatedDeclaration]
79 | left: .small,
80 | bottom: 0,
/Users/admin/builder/spi-builder-workspace/Sources/DesignReviewer/Exploded Hierarchy/DesignReviewSolidButton.swift:81:45: warning: 'contentEdgeInsets' was deprecated in tvOS 15.0: This property is ignored when using UIButtonConfiguration [#DeprecatedDeclaration]
79 | left: .small,
80 | bottom: 0,
81 | right: contentEdgeInsets.right + .small)
| `- warning: 'contentEdgeInsets' was deprecated in tvOS 15.0: This property is ignored when using UIButtonConfiguration [#DeprecatedDeclaration]
82 | }
83 |
/Users/admin/builder/spi-builder-workspace/Sources/DesignReviewer/Inspector/DesignReviewInspectorCoordinator.swift:172:61: error: 'UIColorPickerViewController' is unavailable in tvOS
170 |
171 | extension DesignReviewInspectorCoordinator: UIColorPickerViewControllerDelegate {
172 | func colorPickerViewControllerDidFinish(_ viewController: UIColorPickerViewController) {
| `- error: 'UIColorPickerViewController' is unavailable in tvOS
173 | currentColorPickerObserver = nil
174 |
/Applications/Xcode-27.0.0-Release.Candidate.app/Contents/Developer/Platforms/AppleTVOS.platform/Developer/SDKs/AppleTVOS27.0.sdk/System/Library/Frameworks/UIKit.framework/Headers/UIColorPickerViewController.h:43:12: note: 'UIColorPickerViewController' has been explicitly marked unavailable here
41 |
42 | UIKIT_EXTERN API_AVAILABLE(ios(14.0)) API_UNAVAILABLE(watchos, tvos) NS_SWIFT_UI_ACTOR
43 | @interface UIColorPickerViewController : UIViewController
| `- note: 'UIColorPickerViewController' has been explicitly marked unavailable here
44 |
45 | @property (nullable, weak, nonatomic) id<UIColorPickerViewControllerDelegate> delegate;
/Users/admin/builder/spi-builder-workspace/Sources/DesignReviewer/Inspector/DesignReviewInspectorCoordinator.swift:180:66: error: 'UIColorPickerViewController' is unavailable in tvOS
178 | }
179 |
180 | func colorPickerViewControllerDidSelectColor(_ viewController: UIColorPickerViewController) {
| `- error: 'UIColorPickerViewController' is unavailable in tvOS
181 | if viewController.selectedColor != currentColorPickerObserver?.initialColor {
182 | currentColorPickerObserver?.changeHandler?(viewController.selectedColor)
/Applications/Xcode-27.0.0-Release.Candidate.app/Contents/Developer/Platforms/AppleTVOS.platform/Developer/SDKs/AppleTVOS27.0.sdk/System/Library/Frameworks/UIKit.framework/Headers/UIColorPickerViewController.h:43:12: note: 'UIColorPickerViewController' has been explicitly marked unavailable here
41 |
42 | UIKIT_EXTERN API_AVAILABLE(ios(14.0)) API_UNAVAILABLE(watchos, tvos) NS_SWIFT_UI_ACTOR
43 | @interface UIColorPickerViewController : UIViewController
| `- note: 'UIColorPickerViewController' has been explicitly marked unavailable here
44 |
45 | @property (nullable, weak, nonatomic) id<UIColorPickerViewControllerDelegate> delegate;
/Users/admin/builder/spi-builder-workspace/Sources/DesignReviewer/Inspector/DesignReviewInspectorCoordinator.swift:186:52: error: 'UIColorPickerViewController' is unavailable in tvOS
184 | }
185 |
186 | func colorPickerViewController(_ viewController: UIColorPickerViewController,
| `- error: 'UIColorPickerViewController' is unavailable in tvOS
187 | didSelect color: UIColor,
188 | continuously: Bool) {
/Applications/Xcode-27.0.0-Release.Candidate.app/Contents/Developer/Platforms/AppleTVOS.platform/Developer/SDKs/AppleTVOS27.0.sdk/System/Library/Frameworks/UIKit.framework/Headers/UIColorPickerViewController.h:43:12: note: 'UIColorPickerViewController' has been explicitly marked unavailable here
41 |
42 | UIKIT_EXTERN API_AVAILABLE(ios(14.0)) API_UNAVAILABLE(watchos, tvos) NS_SWIFT_UI_ACTOR
43 | @interface UIColorPickerViewController : UIViewController
| `- note: 'UIColorPickerViewController' has been explicitly marked unavailable here
44 |
45 | @property (nullable, weak, nonatomic) id<UIColorPickerViewControllerDelegate> delegate;
/Users/admin/builder/spi-builder-workspace/Sources/DesignReviewer/Inspector/DesignReviewInspectorCoordinator.swift:171:45: error: 'UIColorPickerViewControllerDelegate' is unavailable in tvOS
169 | // MARK: - UIColorPickerViewControllerDelegate
170 |
171 | extension DesignReviewInspectorCoordinator: UIColorPickerViewControllerDelegate {
| `- error: 'UIColorPickerViewControllerDelegate' is unavailable in tvOS
172 | func colorPickerViewControllerDidFinish(_ viewController: UIColorPickerViewController) {
173 | currentColorPickerObserver = nil
/Applications/Xcode-27.0.0-Release.Candidate.app/Contents/Developer/Platforms/AppleTVOS.platform/Developer/SDKs/AppleTVOS27.0.sdk/System/Library/Frameworks/UIKit.framework/Headers/UIColorPickerViewController.h:17:11: note: 'UIColorPickerViewControllerDelegate' has been explicitly marked unavailable here
15 |
16 | UIKIT_EXTERN API_AVAILABLE(ios(14.0)) API_UNAVAILABLE(watchos, tvos) NS_SWIFT_UI_ACTOR
17 | @protocol UIColorPickerViewControllerDelegate <NSObject>
| `- note: 'UIColorPickerViewControllerDelegate' has been explicitly marked unavailable here
18 |
19 | @optional
SwiftCompile normal arm64 Compiling\ DesignReviewInspectorViewController.swift,\ DesignReviewInspectorViewModel.swift,\ DesignReviewUIColorAccessoryView.swift,\ DesignReviewUIImageAccessoryView.swift,\ DesignReviewCollapsibleHeaderView.swift,\ DesignReviewInspectorScreenshotTableViewCell.swift,\ DesignReviewInspectorSummaryTableViewCell.swift,\ DesignReviewInspectorTableViewCell.swift /Users/admin/builder/spi-builder-workspace/Sources/DesignReviewer/Inspector/DesignReviewInspectorViewController.swift /Users/admin/builder/spi-builder-workspace/Sources/DesignReviewer/Inspector/DesignReviewInspectorViewModel.swift /Users/admin/builder/spi-builder-workspace/Sources/DesignReviewer/Inspector/TableViewCells/Custom\ Accessories/DesignReviewUIColorAccessoryView.swift /Users/admin/builder/spi-builder-workspace/Sources/DesignReviewer/Inspector/TableViewCells/Custom\ Accessories/DesignReviewUIImageAccessoryView.swift /Users/admin/builder/spi-builder-workspace/Sources/DesignReviewer/Inspector/TableViewCells/DesignReviewCollapsibleHeaderView.swift /Users/admin/builder/spi-builder-workspace/Sources/DesignReviewer/Inspector/TableViewCells/DesignReviewInspectorScreenshotTableViewCell.swift /Users/admin/builder/spi-builder-workspace/Sources/DesignReviewer/Inspector/TableViewCells/DesignReviewInspectorSummaryTableViewCell.swift /Users/admin/builder/spi-builder-workspace/Sources/DesignReviewer/Inspector/TableViewCells/DesignReviewInspectorTableViewCell.swift (in target 'DesignReviewer' from project 'DesignReviewer')
/Users/admin/builder/spi-builder-workspace/Sources/DesignReviewer/Inspector/DesignReviewInspectorViewController.swift:14:40: error: 'UIImpactFeedbackGenerator' is unavailable in tvOS
12 | private let viewModel: DesignReviewInspectorViewModel
13 |
14 | private lazy var feedbackGenerator = UIImpactFeedbackGenerator(style: .light)
| `- error: 'UIImpactFeedbackGenerator' is unavailable in tvOS
15 |
16 | private(set) lazy var tableView: UITableView = {
/Applications/Xcode-27.0.0-Release.Candidate.app/Contents/Developer/Platforms/AppleTVOS.platform/Developer/SDKs/AppleTVOS27.0.sdk/System/Library/Frameworks/UIKit.framework/Headers/UIImpactFeedbackGenerator.h:25:12: note: 'UIImpactFeedbackGenerator' has been explicitly marked unavailable here
23 | // UIImpactFeedbackGenerator is used to give user feedback when an impact between UI elements occurs
24 | UIKIT_EXTERN API_AVAILABLE(ios(10.0)) API_UNAVAILABLE(visionos, tvos) API_UNAVAILABLE(watchos) NS_SWIFT_UI_ACTOR
25 | @interface UIImpactFeedbackGenerator : UIFeedbackGenerator
| `- note: 'UIImpactFeedbackGenerator' has been explicitly marked unavailable here
26 |
27 | /// set a style on the feedback generator and attach it to the provided view as an interaction.
/Users/admin/builder/spi-builder-workspace/Sources/DesignReviewer/Inspector/TableViewCells/DesignReviewInspectorSummaryTableViewCell.swift:31:5: error: 'separatorInset' is unavailable in tvOS
29 | imageView?.tintColor = .monochrome5
30 | indentationWidth = .medium
31 | separatorInset = UIEdgeInsets(top: 0, left: .large, bottom: 0, right: .large)
| `- error: 'separatorInset' is unavailable in tvOS
32 | textLabel?.font = .title
33 | textLabel?.numberOfLines = 0
/Applications/Xcode-27.0.0-Release.Candidate.app/Contents/Developer/Platforms/AppleTVOS.platform/Developer/SDKs/AppleTVOS27.0.sdk/System/Library/Frameworks/UIKit.framework/Headers/UITableViewCell.h:160:55: note: 'separatorInset' has been explicitly marked unavailable here
158 | @property (nonatomic) NSInteger indentationLevel; // adjust content indent. default is 0
159 | @property (nonatomic) CGFloat indentationWidth; // width for each level. default is 10.0
160 | @property (nonatomic) UIEdgeInsets separatorInset API_AVAILABLE(ios(7.0)) UI_APPEARANCE_SELECTOR API_UNAVAILABLE(tvos); // allows customization of the separator frame
| `- note: 'separatorInset' has been explicitly marked unavailable here
161 |
162 | @property (nonatomic, getter=isEditing) BOOL editing; // show appropriate edit controls (+/- & reorder). By default -setEditing: calls setEditing:animated: with NO for animated.
/Users/admin/builder/spi-builder-workspace/Sources/DesignReviewer/Inspector/TableViewCells/DesignReviewInspectorTableViewCell.swift:184:28: error: 'UISwitch' is unavailable in tvOS
182 | text = number.boolValue ? "true" : "false"
183 |
184 | let sonOfASwitch = UISwitch()
| `- error: 'UISwitch' is unavailable in tvOS
185 |
186 | sonOfASwitch.alpha = attribute.isModifiable ? 1 : 0.5
/Applications/Xcode-27.0.0-Release.Candidate.app/Contents/Developer/Platforms/AppleTVOS.platform/Developer/SDKs/AppleTVOS27.0.sdk/System/Library/Frameworks/UIKit.framework/Headers/UISwitch.h:23:12: note: 'UISwitch' has been explicitly marked unavailable here
21 |
22 | UIKIT_EXTERN API_AVAILABLE(ios(2.0)) API_UNAVAILABLE(tvos, watchos) NS_SWIFT_UI_ACTOR
23 | @interface UISwitch : UIControl <NSCoding>
| `- note: 'UISwitch' has been explicitly marked unavailable here
24 |
25 | @property(nullable, nonatomic, strong) UIColor *onTintColor API_AVAILABLE(ios(5.0)) UI_APPEARANCE_SELECTOR;
/Users/admin/builder/spi-builder-workspace/Sources/DesignReviewer/Inspector/TableViewCells/DesignReviewInspectorTableViewCell.swift:196:23: error: 'UIStepper' is unavailable in tvOS
194 | accessoryView = sonOfASwitch
195 | } else {
196 | let stepper = UIStepper()
| `- error: 'UIStepper' is unavailable in tvOS
197 |
198 | if let mutableAttr = attribute as? DesignReviewMutableAttribute {
/Applications/Xcode-27.0.0-Release.Candidate.app/Contents/Developer/Platforms/AppleTVOS.platform/Developer/SDKs/AppleTVOS27.0.sdk/System/Library/Frameworks/UIKit.framework/Headers/UIStepper.h:18:12: note: 'UIStepper' has been explicitly marked unavailable here
16 |
17 | UIKIT_EXTERN API_AVAILABLE(ios(5.0)) API_UNAVAILABLE(tvos, watchos) NS_SWIFT_UI_ACTOR
18 | @interface UIStepper : UIControl
| `- note: 'UIStepper' has been explicitly marked unavailable here
19 |
20 | @property(nonatomic,getter=isContinuous) BOOL continuous; // if YES, value change events are sent any time the value changes during interaction. default = YES
/Users/admin/builder/spi-builder-workspace/Sources/DesignReviewer/Inspector/TableViewCells/DesignReviewInspectorTableViewCell.swift:251:33: error: 'UIStepper' is unavailable in tvOS
249 |
250 | @objc private func accessoryInteracted(_ sender: Any) {
251 | if let stepper = sender as? UIStepper {
| `- error: 'UIStepper' is unavailable in tvOS
252 | attributeModifier?(stepper.value, nil)
253 | delegate?.inspectorTableViewCellWasModified(self)
/Applications/Xcode-27.0.0-Release.Candidate.app/Contents/Developer/Platforms/AppleTVOS.platform/Developer/SDKs/AppleTVOS27.0.sdk/System/Library/Frameworks/UIKit.framework/Headers/UIStepper.h:18:12: note: 'UIStepper' has been explicitly marked unavailable here
16 |
17 | UIKIT_EXTERN API_AVAILABLE(ios(5.0)) API_UNAVAILABLE(tvos, watchos) NS_SWIFT_UI_ACTOR
18 | @interface UIStepper : UIControl
| `- note: 'UIStepper' has been explicitly marked unavailable here
19 |
20 | @property(nonatomic,getter=isContinuous) BOOL continuous; // if YES, value change events are sent any time the value changes during interaction. default = YES
SwiftCompile normal arm64 /Users/admin/builder/spi-builder-workspace/Sources/DesignReviewer/Inspector/DesignReviewInspectorViewController.swift (in target 'DesignReviewer' from project 'DesignReviewer')
cd /Users/admin/builder/spi-builder-workspace/.swiftpm/xcode
builtin-SwiftPerFileCompile DesignReviewInspectorViewController.swift
SwiftCompile normal arm64 /Users/admin/builder/spi-builder-workspace/Sources/DesignReviewer/Inspector/DesignReviewInspectorViewModel.swift (in target 'DesignReviewer' from project 'DesignReviewer')
cd /Users/admin/builder/spi-builder-workspace/.swiftpm/xcode
builtin-SwiftPerFileCompile DesignReviewInspectorViewModel.swift
SwiftCompile normal arm64 /Users/admin/builder/spi-builder-workspace/Sources/DesignReviewer/Inspector/TableViewCells/Custom\ Accessories/DesignReviewUIColorAccessoryView.swift (in target 'DesignReviewer' from project 'DesignReviewer')
cd /Users/admin/builder/spi-builder-workspace/.swiftpm/xcode
builtin-SwiftPerFileCompile DesignReviewUIColorAccessoryView.swift
SwiftCompile normal arm64 /Users/admin/builder/spi-builder-workspace/Sources/DesignReviewer/Inspector/TableViewCells/Custom\ Accessories/DesignReviewUIImageAccessoryView.swift (in target 'DesignReviewer' from project 'DesignReviewer')
cd /Users/admin/builder/spi-builder-workspace/.swiftpm/xcode
builtin-SwiftPerFileCompile DesignReviewUIImageAccessoryView.swift
SwiftCompile normal arm64 /Users/admin/builder/spi-builder-workspace/Sources/DesignReviewer/Inspector/TableViewCells/DesignReviewCollapsibleHeaderView.swift (in target 'DesignReviewer' from project 'DesignReviewer')
cd /Users/admin/builder/spi-builder-workspace/.swiftpm/xcode
builtin-SwiftPerFileCompile DesignReviewCollapsibleHeaderView.swift
SwiftCompile normal arm64 /Users/admin/builder/spi-builder-workspace/Sources/DesignReviewer/Inspector/TableViewCells/DesignReviewInspectorScreenshotTableViewCell.swift (in target 'DesignReviewer' from project 'DesignReviewer')
cd /Users/admin/builder/spi-builder-workspace/.swiftpm/xcode
builtin-SwiftPerFileCompile DesignReviewInspectorScreenshotTableViewCell.swift
SwiftCompile normal arm64 /Users/admin/builder/spi-builder-workspace/Sources/DesignReviewer/Inspector/TableViewCells/DesignReviewInspectorSummaryTableViewCell.swift (in target 'DesignReviewer' from project 'DesignReviewer')
cd /Users/admin/builder/spi-builder-workspace/.swiftpm/xcode
builtin-SwiftPerFileCompile DesignReviewInspectorSummaryTableViewCell.swift
SwiftCompile normal arm64 /Users/admin/builder/spi-builder-workspace/Sources/DesignReviewer/Inspector/TableViewCells/DesignReviewInspectorTableViewCell.swift (in target 'DesignReviewer' from project 'DesignReviewer')
cd /Users/admin/builder/spi-builder-workspace/.swiftpm/xcode
builtin-SwiftPerFileCompile DesignReviewInspectorTableViewCell.swift
SwiftCompile normal arm64 Compiling\ Keys.swift,\ Spuddle.swift,\ SpuddleContainerView.swift,\ SpuddleFakeWindowView.swift,\ SpuddleOptionsCoordinator.swift,\ SpuddleOptionsModifierView.swift,\ SpuddleOptionsModifierViewModel.swift,\ SpuddlePlacement.swift /Users/admin/builder/spi-builder-workspace/Sources/DesignReviewer/Spuddle/Keys.swift /Users/admin/builder/spi-builder-workspace/Sources/DesignReviewer/Spuddle/Spuddle.swift /Users/admin/builder/spi-builder-workspace/Sources/DesignReviewer/Spuddle/SpuddleContainerView.swift /Users/admin/builder/spi-builder-workspace/Sources/DesignReviewer/Spuddle/SpuddleFakeWindowView.swift /Users/admin/builder/spi-builder-workspace/Sources/DesignReviewer/Spuddle/SpuddleOptionsModifier/SpuddleOptionsCoordinator.swift /Users/admin/builder/spi-builder-workspace/Sources/DesignReviewer/Spuddle/SpuddleOptionsModifier/SpuddleOptionsModifierView.swift /Users/admin/builder/spi-builder-workspace/Sources/DesignReviewer/Spuddle/SpuddleOptionsModifier/SpuddleOptionsModifierViewModel.swift /Users/admin/builder/spi-builder-workspace/Sources/DesignReviewer/Spuddle/SpuddlePlacement.swift (in target 'DesignReviewer' from project 'DesignReviewer')
/Users/admin/builder/spi-builder-workspace/Sources/DesignReviewer/Spuddle/SpuddleContainerView.swift:59:17: error: 'DragGesture' is unavailable in tvOS
57 | .apply({ view in
58 | view.simultaneousGesture(
59 | DragGesture(minimumDistance: .extraExtraSmall)
| `- error: 'DragGesture' is unavailable in tvOS
60 | .onChanged({ value in
61 | func update() {
SwiftUI.DragGesture:3:42: note: 'DragGesture' has been explicitly marked unavailable here
1 | @available(iOS 13.0, macOS 10.15, watchOS 6.0, *)
2 | @available(tvOS, unavailable)
3 | @MainActor @preconcurrency public struct DragGesture : Gesture, ~Sendable {
| `- note: 'DragGesture' has been explicitly marked unavailable here
4 | public struct Value : Equatable, Sendable {
5 | public var time: Date
/Users/admin/builder/spi-builder-workspace/Sources/DesignReviewer/Spuddle/SpuddleContainerView.swift:59:17: error: 'init(minimumDistance:coordinateSpace:)' is unavailable in tvOS
57 | .apply({ view in
58 | view.simultaneousGesture(
59 | DragGesture(minimumDistance: .extraExtraSmall)
| `- error: 'init(minimumDistance:coordinateSpace:)' is unavailable in tvOS
60 | .onChanged({ value in
61 | func update() {
SwiftUI.DragGesture.init:4:37: note: 'init(minimumDistance:coordinateSpace:)' has been explicitly marked unavailable here
2 | @available(iOS 17.0, macOS 14.0, watchOS 10.0, *)
3 | @available(tvOS, unavailable)
4 | @MainActor @preconcurrency public init(minimumDistance: CGFloat = 10, coordinateSpace: some CoordinateSpaceProtocol = .local)}
| `- note: 'init(minimumDistance:coordinateSpace:)' has been explicitly marked unavailable here
5 |
/Users/admin/builder/spi-builder-workspace/Sources/DesignReviewer/Spuddle/SpuddleOptionsModifier/SpuddleOptionsModifierView.swift:71:43: error: 'systemThickMaterial' is unavailable in tvOS
69 | Divider()
70 | }
71 | .background(VisualEffecter(.systemThickMaterial))
| `- error: 'systemThickMaterial' is unavailable in tvOS
72 | .onTapGesture {
73 | viewModel.select(option.id)
UIKit.UIBlurEffect.Style.systemThickMaterial:4:10: note: 'systemThickMaterial' has been explicitly marked unavailable here
2 | enum Style {
3 | @available(tvOS, unavailable)
4 | case systemThickMaterial }
| `- note: 'systemThickMaterial' has been explicitly marked unavailable here
5 | }
6 |
/Users/admin/builder/spi-builder-workspace/Sources/DesignReviewer/Spuddle/SpuddleOptionsModifier/SpuddleOptionsModifierView.swift:72:16: error: 'onTapGesture(count:perform:)' is only available in tvOS 16.0 or newer
39 | }
40 |
41 | struct SpuddleOptionsModifierView: View {
| `- note: add '@available' attribute to enclosing struct
42 | @ObservedObject var viewModel: SpuddleOptionsModifierViewModel
43 |
44 | var body: some View {
| `- note: add '@available' attribute to enclosing property
45 | VStack(spacing: .small) {
46 | Text("Edit")
:
70 | }
71 | .background(VisualEffecter(.systemThickMaterial))
72 | .onTapGesture {
| |- error: 'onTapGesture(count:perform:)' is only available in tvOS 16.0 or newer
| `- note: add 'if #available' version check
73 | viewModel.select(option.id)
74 | }
SwiftCompile normal arm64 /Users/admin/builder/spi-builder-workspace/Sources/DesignReviewer/Spuddle/Keys.swift (in target 'DesignReviewer' from project 'DesignReviewer')
cd /Users/admin/builder/spi-builder-workspace/.swiftpm/xcode
builtin-SwiftPerFileCompile Keys.swift
SwiftCompile normal arm64 /Users/admin/builder/spi-builder-workspace/Sources/DesignReviewer/Spuddle/Spuddle.swift (in target 'DesignReviewer' from project 'DesignReviewer')
cd /Users/admin/builder/spi-builder-workspace/.swiftpm/xcode
builtin-SwiftPerFileCompile Spuddle.swift
SwiftCompile normal arm64 /Users/admin/builder/spi-builder-workspace/Sources/DesignReviewer/Spuddle/SpuddleContainerView.swift (in target 'DesignReviewer' from project 'DesignReviewer')
cd /Users/admin/builder/spi-builder-workspace/.swiftpm/xcode
builtin-SwiftPerFileCompile SpuddleContainerView.swift
SwiftCompile normal arm64 /Users/admin/builder/spi-builder-workspace/Sources/DesignReviewer/Spuddle/SpuddleFakeWindowView.swift (in target 'DesignReviewer' from project 'DesignReviewer')
cd /Users/admin/builder/spi-builder-workspace/.swiftpm/xcode
builtin-SwiftPerFileCompile SpuddleFakeWindowView.swift
SwiftCompile normal arm64 /Users/admin/builder/spi-builder-workspace/Sources/DesignReviewer/Spuddle/SpuddleOptionsModifier/SpuddleOptionsCoordinator.swift (in target 'DesignReviewer' from project 'DesignReviewer')
cd /Users/admin/builder/spi-builder-workspace/.swiftpm/xcode
builtin-SwiftPerFileCompile SpuddleOptionsCoordinator.swift
SwiftCompile normal arm64 /Users/admin/builder/spi-builder-workspace/Sources/DesignReviewer/Spuddle/SpuddleOptionsModifier/SpuddleOptionsModifierView.swift (in target 'DesignReviewer' from project 'DesignReviewer')
cd /Users/admin/builder/spi-builder-workspace/.swiftpm/xcode
builtin-SwiftPerFileCompile SpuddleOptionsModifierView.swift
SwiftCompile normal arm64 /Users/admin/builder/spi-builder-workspace/Sources/DesignReviewer/Spuddle/SpuddleOptionsModifier/SpuddleOptionsModifierViewModel.swift (in target 'DesignReviewer' from project 'DesignReviewer')
cd /Users/admin/builder/spi-builder-workspace/.swiftpm/xcode
builtin-SwiftPerFileCompile SpuddleOptionsModifierViewModel.swift
SwiftCompile normal arm64 /Users/admin/builder/spi-builder-workspace/Sources/DesignReviewer/Spuddle/SpuddlePlacement.swift (in target 'DesignReviewer' from project 'DesignReviewer')
cd /Users/admin/builder/spi-builder-workspace/.swiftpm/xcode
builtin-SwiftPerFileCompile SpuddlePlacement.swift
SwiftCompile normal arm64 Compiling\ SpuddlePresentedViewModel.swift,\ SpuddleStepperCoordinator.swift,\ SpuddleStepperModiferView.swift,\ SpuddleStepperModifierViewModel.swift,\ SpuddleTextCoordinator.swift,\ SpuddleTextModifierView.swift,\ SpuddleTextModifierViewModel.swift,\ SpuddleViewModel.swift /Users/admin/builder/spi-builder-workspace/Sources/DesignReviewer/Spuddle/SpuddlePresentedViewModel.swift /Users/admin/builder/spi-builder-workspace/Sources/DesignReviewer/Spuddle/SpuddleStepperModifier/SpuddleStepperCoordinator.swift /Users/admin/builder/spi-builder-workspace/Sources/DesignReviewer/Spuddle/SpuddleStepperModifier/SpuddleStepperModiferView.swift /Users/admin/builder/spi-builder-workspace/Sources/DesignReviewer/Spuddle/SpuddleStepperModifier/SpuddleStepperModifierViewModel.swift /Users/admin/builder/spi-builder-workspace/Sources/DesignReviewer/Spuddle/SpuddleTextModifier/SpuddleTextCoordinator.swift /Users/admin/builder/spi-builder-workspace/Sources/DesignReviewer/Spuddle/SpuddleTextModifier/SpuddleTextModifierView.swift /Users/admin/builder/spi-builder-workspace/Sources/DesignReviewer/Spuddle/SpuddleTextModifier/SpuddleTextModifierViewModel.swift /Users/admin/builder/spi-builder-workspace/Sources/DesignReviewer/Spuddle/SpuddleViewModel.swift (in target 'DesignReviewer' from project 'DesignReviewer')
/Users/admin/builder/spi-builder-workspace/Sources/DesignReviewer/Spuddle/SpuddleStepperModifier/SpuddleStepperModiferView.swift:51:34: error: 'systemBackground' is unavailable in tvOS
49 | .foregroundColor(.secondary)
50 | .frame(width: .extraLarge, height: .extraLarge)
51 | .background(Color(.systemBackground))
| `- error: 'systemBackground' is unavailable in tvOS
52 | .cornerRadius(.medium)
53 | })
/Applications/Xcode-27.0.0-Release.Candidate.app/Contents/Developer/Platforms/AppleTVOS.platform/Developer/SDKs/AppleTVOS27.0.sdk/System/Library/Frameworks/UIKit.framework/Headers/UIInterface.h:208:49: note: 'systemBackground' has been explicitly marked unavailable here
206 | * primary background in light mode.
207 | */
208 | @property (class, nonatomic, readonly) UIColor *systemBackgroundColor API_AVAILABLE(ios(13.0)) API_UNAVAILABLE(tvos, watchos);
| `- note: 'systemBackground' has been explicitly marked unavailable here
209 | @property (class, nonatomic, readonly) UIColor *secondarySystemBackgroundColor API_AVAILABLE(ios(13.0)) API_UNAVAILABLE(tvos, watchos);
210 | @property (class, nonatomic, readonly) UIColor *tertiarySystemBackgroundColor API_AVAILABLE(ios(13.0)) API_UNAVAILABLE(tvos, watchos);
/Users/admin/builder/spi-builder-workspace/Sources/DesignReviewer/Spuddle/SpuddleStepperModifier/SpuddleStepperModiferView.swift:62:9: error: 'Stepper' is unavailable in tvOS
60 | Text("Current value: \(viewModel.currentValue)")
61 |
62 | Stepper("Stepper",
| `- error: 'Stepper' is unavailable in tvOS
63 | onIncrement: {
64 | viewModel.handleIncrement()
SwiftUI.Stepper:3:27: note: 'Stepper' has been explicitly marked unavailable here
1 | @available(iOS 13.0, macOS 10.15, watchOS 9.0, *)
2 | @available(tvOS, unavailable)
3 | nonisolated public struct Stepper<Label> : View, ~Sendable where Label : View {
| `- note: 'Stepper' has been explicitly marked unavailable here
4 | @export(implementation) nonisolated public init(@ContentBuilder label: () -> Label, onIncrement: (() -> Void)?, onDecrement: (() -> Void)?, onEditingChanged: @escaping (Bool) -> Void = { _ in })
5 | nonisolated public var body: some View { get }
/Users/admin/builder/spi-builder-workspace/Sources/DesignReviewer/Spuddle/SpuddleStepperModifier/SpuddleStepperModiferView.swift:62:9: error: 'init(_:onIncrement:onDecrement:onEditingChanged:)' is unavailable in tvOS
60 | Text("Current value: \(viewModel.currentValue)")
61 |
62 | Stepper("Stepper",
| `- error: 'init(_:onIncrement:onDecrement:onEditingChanged:)' is unavailable in tvOS
63 | onIncrement: {
64 | viewModel.handleIncrement()
SwiftUI.Stepper.init:4:22: note: 'init(_:onIncrement:onDecrement:onEditingChanged:)' has been explicitly marked unavailable here
2 | @available(watchOS 9.0, *)
3 | @available(tvOS, unavailable)
4 | nonisolated public init(_ titleKey: LocalizedStringKey, onIncrement: (() -> Void)?, onDecrement: (() -> Void)?, onEditingChanged: @escaping (Bool) -> Void = { _ in })}
| `- note: 'init(_:onIncrement:onDecrement:onEditingChanged:)' has been explicitly marked unavailable here
5 |
/Users/admin/builder/spi-builder-workspace/Sources/DesignReviewer/Spuddle/SpuddleStepperModifier/SpuddleStepperModiferView.swift:72:33: error: 'systemMaterial' is unavailable in tvOS
70 | }
71 | .padding(.large)
72 | .background(VisualEffecter(.systemMaterial))
| `- error: 'systemMaterial' is unavailable in tvOS
73 | .cornerRadius(.medium)
74 | .padding()
UIKit.UIBlurEffect.Style.systemMaterial:4:10: note: 'systemMaterial' has been explicitly marked unavailable here
2 | enum Style {
3 | @available(tvOS, unavailable)
4 | case systemMaterial }
| `- note: 'systemMaterial' has been explicitly marked unavailable here
5 | }
6 |
/Users/admin/builder/spi-builder-workspace/Sources/DesignReviewer/Spuddle/SpuddleTextModifier/SpuddleTextModifierView.swift:23:7: error: 'TextEditor' is unavailable in tvOS
21 | .bold()
22 |
23 | TextEditor(text: $viewModel.currentValue)
| `- error: 'TextEditor' is unavailable in tvOS
24 | .frame(maxHeight: 160)
25 |
SwiftUI.TextEditor:4:27: note: 'TextEditor' has been explicitly marked unavailable here
2 | @available(tvOS, unavailable)
3 | @available(watchOS, unavailable)
4 | nonisolated public struct TextEditor : View, ~Sendable {
| `- note: 'TextEditor' has been explicitly marked unavailable here
5 | nonisolated public init(text: Binding<String>)
6 | @available(iOS 18.0, macOS 15.0, visionOS 2.0, *)
SwiftCompile normal arm64 /Users/admin/builder/spi-builder-workspace/Sources/DesignReviewer/Spuddle/SpuddlePresentedViewModel.swift (in target 'DesignReviewer' from project 'DesignReviewer')
cd /Users/admin/builder/spi-builder-workspace/.swiftpm/xcode
builtin-SwiftPerFileCompile SpuddlePresentedViewModel.swift
SwiftCompile normal arm64 /Users/admin/builder/spi-builder-workspace/Sources/DesignReviewer/Spuddle/SpuddleStepperModifier/SpuddleStepperCoordinator.swift (in target 'DesignReviewer' from project 'DesignReviewer')
cd /Users/admin/builder/spi-builder-workspace/.swiftpm/xcode
builtin-SwiftPerFileCompile SpuddleStepperCoordinator.swift
SwiftCompile normal arm64 /Users/admin/builder/spi-builder-workspace/Sources/DesignReviewer/Spuddle/SpuddleStepperModifier/SpuddleStepperModiferView.swift (in target 'DesignReviewer' from project 'DesignReviewer')
cd /Users/admin/builder/spi-builder-workspace/.swiftpm/xcode
builtin-SwiftPerFileCompile SpuddleStepperModiferView.swift
SwiftCompile normal arm64 /Users/admin/builder/spi-builder-workspace/Sources/DesignReviewer/Spuddle/SpuddleStepperModifier/SpuddleStepperModifierViewModel.swift (in target 'DesignReviewer' from project 'DesignReviewer')
cd /Users/admin/builder/spi-builder-workspace/.swiftpm/xcode
builtin-SwiftPerFileCompile SpuddleStepperModifierViewModel.swift
SwiftCompile normal arm64 /Users/admin/builder/spi-builder-workspace/Sources/DesignReviewer/Spuddle/SpuddleTextModifier/SpuddleTextCoordinator.swift (in target 'DesignReviewer' from project 'DesignReviewer')
cd /Users/admin/builder/spi-builder-workspace/.swiftpm/xcode
builtin-SwiftPerFileCompile SpuddleTextCoordinator.swift
SwiftCompile normal arm64 /Users/admin/builder/spi-builder-workspace/Sources/DesignReviewer/Spuddle/SpuddleTextModifier/SpuddleTextModifierView.swift (in target 'DesignReviewer' from project 'DesignReviewer')
cd /Users/admin/builder/spi-builder-workspace/.swiftpm/xcode
builtin-SwiftPerFileCompile SpuddleTextModifierView.swift
SwiftCompile normal arm64 /Users/admin/builder/spi-builder-workspace/Sources/DesignReviewer/Spuddle/SpuddleTextModifier/SpuddleTextModifierViewModel.swift (in target 'DesignReviewer' from project 'DesignReviewer')
cd /Users/admin/builder/spi-builder-workspace/.swiftpm/xcode
builtin-SwiftPerFileCompile SpuddleTextModifierViewModel.swift
SwiftCompile normal arm64 /Users/admin/builder/spi-builder-workspace/Sources/DesignReviewer/Spuddle/SpuddleViewModel.swift (in target 'DesignReviewer' from project 'DesignReviewer')
cd /Users/admin/builder/spi-builder-workspace/.swiftpm/xcode
builtin-SwiftPerFileCompile SpuddleViewModel.swift
SwiftCompile normal arm64 Compiling\ SpuddleWindowManager.swift,\ Animation+Extensions.swift,\ UIResponder+Extensions.swift,\ UIView+Extensions.swift,\ UIViewController+Extensions.swift,\ View+Extensions.swift,\ CGFloat+Convenience.swift,\ NSLayoutConstraint+StringBuilding.swift /Users/admin/builder/spi-builder-workspace/Sources/DesignReviewer/Spuddle/SpuddleWindowManager.swift /Users/admin/builder/spi-builder-workspace/Sources/DesignReviewer/Spuddle/SpuddledAnimations/Animation+Extensions.swift /Users/admin/builder/spi-builder-workspace/Sources/DesignReviewer/Spuddle/UIResponder+Extensions.swift /Users/admin/builder/spi-builder-workspace/Sources/DesignReviewer/Spuddle/UIView+Extensions.swift /Users/admin/builder/spi-builder-workspace/Sources/DesignReviewer/Spuddle/UIViewController+Extensions.swift /Users/admin/builder/spi-builder-workspace/Sources/DesignReviewer/Spuddle/View+Extensions.swift /Users/admin/builder/spi-builder-workspace/Sources/DesignReviewer/Utility\ Extensions/CGFloat+Convenience.swift /Users/admin/builder/spi-builder-workspace/Sources/DesignReviewer/Utility\ Extensions/NSLayoutConstraint+StringBuilding.swift (in target 'DesignReviewer' from project 'DesignReviewer')
SwiftCompile normal arm64 /Users/admin/builder/spi-builder-workspace/Sources/DesignReviewer/Spuddle/SpuddleWindowManager.swift (in target 'DesignReviewer' from project 'DesignReviewer')
cd /Users/admin/builder/spi-builder-workspace/.swiftpm/xcode
builtin-SwiftPerFileCompile SpuddleWindowManager.swift
SwiftCompile normal arm64 /Users/admin/builder/spi-builder-workspace/Sources/DesignReviewer/Spuddle/SpuddledAnimations/Animation+Extensions.swift (in target 'DesignReviewer' from project 'DesignReviewer')
cd /Users/admin/builder/spi-builder-workspace/.swiftpm/xcode
builtin-SwiftPerFileCompile Animation+Extensions.swift
SwiftCompile normal arm64 /Users/admin/builder/spi-builder-workspace/Sources/DesignReviewer/Spuddle/UIResponder+Extensions.swift (in target 'DesignReviewer' from project 'DesignReviewer')
cd /Users/admin/builder/spi-builder-workspace/.swiftpm/xcode
builtin-SwiftPerFileCompile UIResponder+Extensions.swift
SwiftCompile normal arm64 /Users/admin/builder/spi-builder-workspace/Sources/DesignReviewer/Spuddle/UIView+Extensions.swift (in target 'DesignReviewer' from project 'DesignReviewer')
cd /Users/admin/builder/spi-builder-workspace/.swiftpm/xcode
builtin-SwiftPerFileCompile UIView+Extensions.swift
SwiftCompile normal arm64 /Users/admin/builder/spi-builder-workspace/Sources/DesignReviewer/Spuddle/UIViewController+Extensions.swift (in target 'DesignReviewer' from project 'DesignReviewer')
cd /Users/admin/builder/spi-builder-workspace/.swiftpm/xcode
builtin-SwiftPerFileCompile UIViewController+Extensions.swift
SwiftCompile normal arm64 /Users/admin/builder/spi-builder-workspace/Sources/DesignReviewer/Spuddle/View+Extensions.swift (in target 'DesignReviewer' from project 'DesignReviewer')
cd /Users/admin/builder/spi-builder-workspace/.swiftpm/xcode
builtin-SwiftPerFileCompile View+Extensions.swift
SwiftCompile normal arm64 /Users/admin/builder/spi-builder-workspace/Sources/DesignReviewer/Utility\ Extensions/CGFloat+Convenience.swift (in target 'DesignReviewer' from project 'DesignReviewer')
cd /Users/admin/builder/spi-builder-workspace/.swiftpm/xcode
builtin-SwiftPerFileCompile CGFloat+Convenience.swift
SwiftCompile normal arm64 /Users/admin/builder/spi-builder-workspace/Sources/DesignReviewer/Utility\ Extensions/NSLayoutConstraint+StringBuilding.swift (in target 'DesignReviewer' from project 'DesignReviewer')
cd /Users/admin/builder/spi-builder-workspace/.swiftpm/xcode
builtin-SwiftPerFileCompile NSLayoutConstraint+StringBuilding.swift
SwiftEmitModule normal arm64 Emitting\ module\ for\ DesignReviewer (in target 'DesignReviewer' from project 'DesignReviewer')
/Users/admin/builder/spi-builder-workspace/Sources/DesignReviewer/DesignReviewContainerView.swift:40:40: error: 'UIImpactFeedbackGenerator' is unavailable in tvOS
38 |
39 | // MARK: - Internal properties
40 | private lazy var feedbackGenerator = UIImpactFeedbackGenerator()
| `- error: 'UIImpactFeedbackGenerator' is unavailable in tvOS
41 |
42 | private var isPanning = false
/Applications/Xcode-27.0.0-Release.Candidate.app/Contents/Developer/Platforms/AppleTVOS.platform/Developer/SDKs/AppleTVOS27.0.sdk/System/Library/Frameworks/UIKit.framework/Headers/UIImpactFeedbackGenerator.h:25:12: note: 'UIImpactFeedbackGenerator' has been explicitly marked unavailable here
23 | // UIImpactFeedbackGenerator is used to give user feedback when an impact between UI elements occurs
24 | UIKIT_EXTERN API_AVAILABLE(ios(10.0)) API_UNAVAILABLE(visionos, tvos) API_UNAVAILABLE(watchos) NS_SWIFT_UI_ACTOR
25 | @interface UIImpactFeedbackGenerator : UIFeedbackGenerator
| `- note: 'UIImpactFeedbackGenerator' has been explicitly marked unavailable here
26 |
27 | /// set a style on the feedback generator and attach it to the provided view as an interaction.
/Users/admin/builder/spi-builder-workspace/Sources/DesignReviewer/DesignReviewHUD.swift:12:40: error: 'UIImpactFeedbackGenerator' is unavailable in tvOS
10 |
11 | class DesignReviewHUD: UIControl {
12 | private lazy var feedbackGenerator = UIImpactFeedbackGenerator(style: .light)
| `- error: 'UIImpactFeedbackGenerator' is unavailable in tvOS
13 |
14 | private lazy var visualEffectView: UIVisualEffectView = {
/Applications/Xcode-27.0.0-Release.Candidate.app/Contents/Developer/Platforms/AppleTVOS.platform/Developer/SDKs/AppleTVOS27.0.sdk/System/Library/Frameworks/UIKit.framework/Headers/UIImpactFeedbackGenerator.h:25:12: note: 'UIImpactFeedbackGenerator' has been explicitly marked unavailable here
23 | // UIImpactFeedbackGenerator is used to give user feedback when an impact between UI elements occurs
24 | UIKIT_EXTERN API_AVAILABLE(ios(10.0)) API_UNAVAILABLE(visionos, tvos) API_UNAVAILABLE(watchos) NS_SWIFT_UI_ACTOR
25 | @interface UIImpactFeedbackGenerator : UIFeedbackGenerator
| `- note: 'UIImpactFeedbackGenerator' has been explicitly marked unavailable here
26 |
27 | /// set a style on the feedback generator and attach it to the provided view as an interaction.
/Users/admin/builder/spi-builder-workspace/Sources/DesignReviewer/DesignReviewHUD.swift:17:14: error: 'systemThinMaterialDark' is unavailable in tvOS
15 | let style: UIBlurEffect.Style
16 | let image: UIImage?
17 | style = .systemThinMaterialDark
| `- error: 'systemThinMaterialDark' is unavailable in tvOS
18 | image = UIImage(systemName: "eye")?.withRenderingMode(.alwaysTemplate)
19 |
UIKit.UIBlurEffect.Style.systemThinMaterialDark:4:10: note: 'systemThinMaterialDark' has been explicitly marked unavailable here
2 | enum Style {
3 | @available(tvOS, unavailable)
4 | case systemThinMaterialDark }
| `- note: 'systemThinMaterialDark' has been explicitly marked unavailable here
5 | }
6 |
/Users/admin/builder/spi-builder-workspace/Sources/DesignReviewer/DesignReviewInspectorAttribute/CustomAttributes/DesignReviewCustomEnumAttribute.swift:55:32: warning: generic parameter 'T' shadows generic parameter from outer scope with the same name; this is an error in the Swift 6 language mode
9 |
10 | /// An enum custom attribute you wish to inspect.
11 | public struct DesignReviewCustomEnumAttribute<T>: DesignReviewCustomAttribute, Hashable where T: ReviewableDescribing, T.RawValue == Int {
| `- note: 'T' previously declared here
12 | /// The string that will be displayed in the main text label of the entry in the `DesignReviewer`
13 | public let title: String
:
53 | }
54 |
55 | private func toEnumAttribute<T>(
| `- warning: generic parameter 'T' shadows generic parameter from outer scope with the same name; this is an error in the Swift 6 language mode
56 | _ item: T,
57 | for reviewable: DesignReviewable) -> DesignReviewInspectorAttribute where T: ReviewableDescribing, T.RawValue == Int {
/Users/admin/builder/spi-builder-workspace/Sources/DesignReviewer/DesignReviewInspectorAttribute/ReviewableDescribings/NSLayoutConstraint+ReviewableDescribing.swift:10:1: warning: extension declares a conformance of imported type 'Attribute' to imported protocol 'CaseIterable'; this will not behave correctly if the owners of 'UIKit' introduce this conformance in the future
8 | import UIKit
9 |
10 | extension NSLayoutConstraint.Attribute: ReviewableDescribing {
| |- warning: extension declares a conformance of imported type 'Attribute' to imported protocol 'CaseIterable'; this will not behave correctly if the owners of 'UIKit' introduce this conformance in the future
| `- note: add '@retroactive' to silence this warning
11 | public static var allCases: [NSLayoutConstraint.Attribute] = {
12 | return [.bottom, .bottomMargin, .centerX, .centerXWithinMargins, .centerY, .centerYWithinMargins,
/Users/admin/builder/spi-builder-workspace/Sources/DesignReviewer/DesignReviewInspectorAttribute/ReviewableDescribings/NSLayoutConstraint+ReviewableDescribing.swift:67:1: warning: extension declares a conformance of imported type 'Axis' to imported protocol 'CaseIterable'; this will not behave correctly if the owners of 'UIKit' introduce this conformance in the future
65 | }
66 |
67 | extension NSLayoutConstraint.Axis: ReviewableDescribing {
| |- warning: extension declares a conformance of imported type 'Axis' to imported protocol 'CaseIterable'; this will not behave correctly if the owners of 'UIKit' introduce this conformance in the future
| `- note: add '@retroactive' to silence this warning
68 | public static var allCases: [NSLayoutConstraint.Axis] = {
69 | return [.horizontal, .vertical]
/Users/admin/builder/spi-builder-workspace/Sources/DesignReviewer/DesignReviewInspectorAttribute/ReviewableDescribings/NSLayoutConstraint+ReviewableDescribing.swift:84:1: warning: extension declares a conformance of imported type 'Relation' to imported protocol 'CaseIterable'; this will not behave correctly if the owners of 'UIKit' introduce this conformance in the future
82 | }
83 |
84 | extension NSLayoutConstraint.Relation: ReviewableDescribing {
| |- warning: extension declares a conformance of imported type 'Relation' to imported protocol 'CaseIterable'; this will not behave correctly if the owners of 'UIKit' introduce this conformance in the future
| `- note: add '@retroactive' to silence this warning
85 | public static var allCases: [NSLayoutConstraint.Relation] = {
86 | return []
/Users/admin/builder/spi-builder-workspace/Sources/DesignReviewer/DesignReviewInspectorAttribute/ReviewableDescribings/UIImage+ReviewableDescribing.swift:10:1: warning: extension declares a conformance of imported type 'RenderingMode' to imported protocol 'CaseIterable'; this will not behave correctly if the owners of 'UIKit' introduce this conformance in the future
8 | import UIKit
9 |
10 | extension UIImage.RenderingMode: ReviewableDescribing {
| |- warning: extension declares a conformance of imported type 'RenderingMode' to imported protocol 'CaseIterable'; this will not behave correctly if the owners of 'UIKit' introduce this conformance in the future
| `- note: add '@retroactive' to silence this warning
11 | public static var allCases: [UIImage.RenderingMode] {
12 | return [.alwaysOriginal, .alwaysTemplate, .automatic]
/Users/admin/builder/spi-builder-workspace/Sources/DesignReviewer/DesignReviewInspectorAttribute/ReviewableDescribings/UILabel+ReviewableDescribing.swift:10:1: warning: extension declares a conformance of imported type 'NSLineBreakMode' to imported protocol 'CaseIterable'; this will not behave correctly if the owners of 'UIKit' introduce this conformance in the future
8 | import UIKit
9 |
10 | extension NSLineBreakMode: ReviewableDescribing {
| |- warning: extension declares a conformance of imported type 'NSLineBreakMode' to imported protocol 'CaseIterable'; this will not behave correctly if the owners of 'UIKit' introduce this conformance in the future
| `- note: add '@retroactive' to silence this warning
11 | public static var allCases: [NSLineBreakMode] = {
12 | return [.byCharWrapping, .byClipping, .byTruncatingHead,
/Users/admin/builder/spi-builder-workspace/Sources/DesignReviewer/DesignReviewInspectorAttribute/ReviewableDescribings/UILabel+ReviewableDescribing.swift:36:1: warning: extension declares a conformance of imported type 'NSTextAlignment' to imported protocol 'CaseIterable'; this will not behave correctly if the owners of 'UIKit' introduce this conformance in the future
34 | }
35 |
36 | extension NSTextAlignment: ReviewableDescribing {
| |- warning: extension declares a conformance of imported type 'NSTextAlignment' to imported protocol 'CaseIterable'; this will not behave correctly if the owners of 'UIKit' introduce this conformance in the future
| `- note: add '@retroactive' to silence this warning
37 | public static var allCases: [NSTextAlignment] = {
38 | return [.center, .justified, .left, .natural, .right]
/Users/admin/builder/spi-builder-workspace/Sources/DesignReviewer/DesignReviewInspectorAttribute/ReviewableDescribings/UIStackView+ReviewableDescribing.swift:10:1: warning: extension declares a conformance of imported type 'Alignment' to imported protocol 'CaseIterable'; this will not behave correctly if the owners of 'UIKit' introduce this conformance in the future
8 | import UIKit
9 |
10 | extension UIStackView.Alignment: ReviewableDescribing {
| |- warning: extension declares a conformance of imported type 'Alignment' to imported protocol 'CaseIterable'; this will not behave correctly if the owners of 'UIKit' introduce this conformance in the future
| `- note: add '@retroactive' to silence this warning
11 | public static var allCases: [UIStackView.Alignment] = {
12 | return [.bottom, .center, .fill, .firstBaseline, .lastBaseline, .leading, .top, .trailing]
/Users/admin/builder/spi-builder-workspace/Sources/DesignReviewer/DesignReviewInspectorAttribute/ReviewableDescribings/UIStackView+ReviewableDescribing.swift:39:1: warning: extension declares a conformance of imported type 'Distribution' to imported protocol 'CaseIterable'; this will not behave correctly if the owners of 'UIKit' introduce this conformance in the future
37 | }
38 |
39 | extension UIStackView.Distribution: ReviewableDescribing {
| |- warning: extension declares a conformance of imported type 'Distribution' to imported protocol 'CaseIterable'; this will not behave correctly if the owners of 'UIKit' introduce this conformance in the future
| `- note: add '@retroactive' to silence this warning
40 | public static var allCases: [UIStackView.Distribution] = {
41 | return [.equalCentering, .equalSpacing, .fill, .fillEqually, .fillProportionally]
/Users/admin/builder/spi-builder-workspace/Sources/DesignReviewer/DesignReviewInspectorAttribute/ReviewableDescribings/UIView+ReviewableDescribing.swift:10:1: warning: extension declares a conformance of imported type 'ContentMode' to imported protocol 'CaseIterable'; this will not behave correctly if the owners of 'UIKit' introduce this conformance in the future
8 | import UIKit
9 |
10 | extension UIView.ContentMode: ReviewableDescribing {
| |- warning: extension declares a conformance of imported type 'ContentMode' to imported protocol 'CaseIterable'; this will not behave correctly if the owners of 'UIKit' introduce this conformance in the future
| `- note: add '@retroactive' to silence this warning
11 | public static var allCases: [UIView.ContentMode] = {
12 | return [.left, .right, .top, .bottom, .bottomLeft, .bottomRight, .center, .topLeft, .topRight,
/Users/admin/builder/spi-builder-workspace/Sources/DesignReviewer/DesignReviewInspectorAttribute/ReviewableDescribings/UIView+ReviewableDescribing.swift:50:1: warning: extension declares a conformance of imported type 'TintAdjustmentMode' to imported protocol 'CaseIterable'; this will not behave correctly if the owners of 'UIKit' introduce this conformance in the future
48 | }
49 |
50 | extension UIView.TintAdjustmentMode: ReviewableDescribing {
| |- warning: extension declares a conformance of imported type 'TintAdjustmentMode' to imported protocol 'CaseIterable'; this will not behave correctly if the owners of 'UIKit' introduce this conformance in the future
| `- note: add '@retroactive' to silence this warning
51 | public static var allCases: [UIView.TintAdjustmentMode] = {
52 | return [.automatic, .normal, .dimmed]
/Users/admin/builder/spi-builder-workspace/Sources/DesignReviewer/DesignReviewSuboptimalAlert/DesignReviewSuboptimalAlertView.swift:68:10: error: 'isEditable' is unavailable in tvOS
66 | view.backgroundColor = .monochrome1
67 | view.font = .body
68 | view.isEditable = true
| `- error: 'isEditable' is unavailable in tvOS
69 | view.isScrollEnabled = true
70 | view.layer.borderColor = UIColor.monochrome2.cgColor
/Applications/Xcode-27.0.0-Release.Candidate.app/Contents/Developer/Platforms/AppleTVOS.platform/Developer/SDKs/AppleTVOS27.0.sdk/System/Library/Frameworks/UIKit.framework/Headers/UITextView.h:238:45: note: 'isEditable' has been explicitly marked unavailable here
236 | @property(nonatomic, copy, nonnull) NSArray<NSValue *> *selectedRanges API_AVAILABLE(ios(26.0), tvos(26.0), visionos(26.0), watchos(26.0)) NS_REFINED_FOR_SWIFT;
237 |
238 | @property(nonatomic,getter=isEditable) BOOL editable API_UNAVAILABLE(tvos);
| `- note: 'isEditable' has been explicitly marked unavailable here
239 | // Toggle selectability, which controls the ability of the user to select content and interact with URLs & attachments. On tvOS this also makes the text view focusable.
240 | // By default, text item interaction follows selectable if the text item methods on UITextViewDelegate are not implemented; otherwise, they follow the result of the specified delegate methods.
/Users/admin/builder/spi-builder-workspace/Sources/DesignReviewer/Exploded Hierarchy/DesignReviewExplodedHierarchyContainerView.swift:250:40: error: 'UIPinchGestureRecognizer' is unavailable in tvOS
248 | }
249 |
250 | @objc private func enhance(_ sender: UIPinchGestureRecognizer) {
| `- error: 'UIPinchGestureRecognizer' is unavailable in tvOS
251 | if sender.state == .began {
252 | sender.scale = zoomScale
/Applications/Xcode-27.0.0-Release.Candidate.app/Contents/Developer/Platforms/AppleTVOS.platform/Developer/SDKs/AppleTVOS27.0.sdk/System/Library/Frameworks/UIKit.framework/Headers/UIPinchGestureRecognizer.h:20:12: note: 'UIPinchGestureRecognizer' has been explicitly marked unavailable here
18 |
19 | UIKIT_EXTERN API_AVAILABLE(ios(3.2)) API_UNAVAILABLE(tvos, watchos) NS_SWIFT_UI_ACTOR
20 | @interface UIPinchGestureRecognizer : UIGestureRecognizer
| `- note: 'UIPinchGestureRecognizer' has been explicitly marked unavailable here
21 |
22 | @property (nonatomic) CGFloat scale; // scale relative to the touch points in screen coordinates
/Users/admin/builder/spi-builder-workspace/Sources/DesignReviewer/Exploded Hierarchy/DesignReviewExplodedHierarchyViewController.swift:51:28: error: 'UISlider' is unavailable in tvOS
49 | }()
50 |
51 | private lazy var slider: UISlider = {
| `- error: 'UISlider' is unavailable in tvOS
52 | let slider = UISlider()
53 | slider.isContinuous = true
/Applications/Xcode-27.0.0-Release.Candidate.app/Contents/Developer/Platforms/AppleTVOS.platform/Developer/SDKs/AppleTVOS27.0.sdk/System/Library/Frameworks/UIKit.framework/Headers/UISlider.h:26:12: note: 'UISlider' has been explicitly marked unavailable here
24 |
25 | UIKIT_EXTERN API_AVAILABLE(ios(2.0)) API_UNAVAILABLE(tvos, watchos) NS_SWIFT_UI_ACTOR
26 | @interface UISlider : UIControl <NSCoding>
| `- note: 'UISlider' has been explicitly marked unavailable here
27 |
28 | @property(nonatomic) float value; // default 0.0. this value will be pinned to min/max
/Users/admin/builder/spi-builder-workspace/Sources/DesignReviewer/Exploded Hierarchy/DesignReviewExplodedHierarchyViewController.swift:52:18: error: 'UISlider' is unavailable in tvOS
50 |
51 | private lazy var slider: UISlider = {
52 | let slider = UISlider()
| `- error: 'UISlider' is unavailable in tvOS
53 | slider.isContinuous = true
54 | slider.minimumValue = Float(CGFloat.extraExtraSmall)
/Applications/Xcode-27.0.0-Release.Candidate.app/Contents/Developer/Platforms/AppleTVOS.platform/Developer/SDKs/AppleTVOS27.0.sdk/System/Library/Frameworks/UIKit.framework/Headers/UISlider.h:26:12: note: 'UISlider' has been explicitly marked unavailable here
24 |
25 | UIKIT_EXTERN API_AVAILABLE(ios(2.0)) API_UNAVAILABLE(tvos, watchos) NS_SWIFT_UI_ACTOR
26 | @interface UISlider : UIControl <NSCoding>
| `- note: 'UISlider' has been explicitly marked unavailable here
27 |
28 | @property(nonatomic) float value; // default 0.0. this value will be pinned to min/max
/Users/admin/builder/spi-builder-workspace/Sources/DesignReviewer/Exploded Hierarchy/DesignReviewExplodedHierarchyViewController.swift:70:24: error: 'UISwitch' is unavailable in tvOS
68 | switchLabel.text = "show names"
69 | switchLabel.textColor = .monochrome5
70 | let sonOfASwitch = UISwitch()
| `- error: 'UISwitch' is unavailable in tvOS
71 | sonOfASwitch.addTarget(self, action: #selector(switchUp), for: .valueChanged)
72 |
/Applications/Xcode-27.0.0-Release.Candidate.app/Contents/Developer/Platforms/AppleTVOS.platform/Developer/SDKs/AppleTVOS27.0.sdk/System/Library/Frameworks/UIKit.framework/Headers/UISwitch.h:23:12: note: 'UISwitch' has been explicitly marked unavailable here
21 |
22 | UIKIT_EXTERN API_AVAILABLE(ios(2.0)) API_UNAVAILABLE(tvos, watchos) NS_SWIFT_UI_ACTOR
23 | @interface UISwitch : UIControl <NSCoding>
| `- note: 'UISwitch' has been explicitly marked unavailable here
24 |
25 | @property(nullable, nonatomic, strong) UIColor *onTintColor API_AVAILABLE(ios(5.0)) UI_APPEARANCE_SELECTOR;
/Users/admin/builder/spi-builder-workspace/Sources/DesignReviewer/Exploded Hierarchy/DesignReviewExplodedHierarchyViewController.swift:144:48: error: 'UISlider' is unavailable in tvOS
142 | }
143 |
144 | @objc private func sliderNoSliding(_ slider: UISlider) {
| `- error: 'UISlider' is unavailable in tvOS
145 | container.updateSpacing(slider.value)
146 | }
/Applications/Xcode-27.0.0-Release.Candidate.app/Contents/Developer/Platforms/AppleTVOS.platform/Developer/SDKs/AppleTVOS27.0.sdk/System/Library/Frameworks/UIKit.framework/Headers/UISlider.h:26:12: note: 'UISlider' has been explicitly marked unavailable here
24 |
25 | UIKIT_EXTERN API_AVAILABLE(ios(2.0)) API_UNAVAILABLE(tvos, watchos) NS_SWIFT_UI_ACTOR
26 | @interface UISlider : UIControl <NSCoding>
| `- note: 'UISlider' has been explicitly marked unavailable here
27 |
28 | @property(nonatomic) float value; // default 0.0. this value will be pinned to min/max
/Users/admin/builder/spi-builder-workspace/Sources/DesignReviewer/Exploded Hierarchy/DesignReviewExplodedHierarchyViewController.swift:153:41: error: 'UISwitch' is unavailable in tvOS
151 | }
152 |
153 | @objc private func switchUp(_ sender: UISwitch) {
| `- error: 'UISwitch' is unavailable in tvOS
154 | container.toggleNameVisibility(sender.isOn)
155 | }
/Applications/Xcode-27.0.0-Release.Candidate.app/Contents/Developer/Platforms/AppleTVOS.platform/Developer/SDKs/AppleTVOS27.0.sdk/System/Library/Frameworks/UIKit.framework/Headers/UISwitch.h:23:12: note: 'UISwitch' has been explicitly marked unavailable here
21 |
22 | UIKIT_EXTERN API_AVAILABLE(ios(2.0)) API_UNAVAILABLE(tvos, watchos) NS_SWIFT_UI_ACTOR
23 | @interface UISwitch : UIControl <NSCoding>
| `- note: 'UISwitch' has been explicitly marked unavailable here
24 |
25 | @property(nullable, nonatomic, strong) UIColor *onTintColor API_AVAILABLE(ios(5.0)) UI_APPEARANCE_SELECTOR;
/Users/admin/builder/spi-builder-workspace/Sources/DesignReviewer/Inspector/DesignReviewInspectorCoordinator.swift:172:61: error: 'UIColorPickerViewController' is unavailable in tvOS
170 |
171 | extension DesignReviewInspectorCoordinator: UIColorPickerViewControllerDelegate {
172 | func colorPickerViewControllerDidFinish(_ viewController: UIColorPickerViewController) {
| `- error: 'UIColorPickerViewController' is unavailable in tvOS
173 | currentColorPickerObserver = nil
174 |
/Applications/Xcode-27.0.0-Release.Candidate.app/Contents/Developer/Platforms/AppleTVOS.platform/Developer/SDKs/AppleTVOS27.0.sdk/System/Library/Frameworks/UIKit.framework/Headers/UIColorPickerViewController.h:43:12: note: 'UIColorPickerViewController' has been explicitly marked unavailable here
41 |
42 | UIKIT_EXTERN API_AVAILABLE(ios(14.0)) API_UNAVAILABLE(watchos, tvos) NS_SWIFT_UI_ACTOR
43 | @interface UIColorPickerViewController : UIViewController
| `- note: 'UIColorPickerViewController' has been explicitly marked unavailable here
44 |
45 | @property (nullable, weak, nonatomic) id<UIColorPickerViewControllerDelegate> delegate;
/Users/admin/builder/spi-builder-workspace/Sources/DesignReviewer/Inspector/DesignReviewInspectorCoordinator.swift:180:66: error: 'UIColorPickerViewController' is unavailable in tvOS
178 | }
179 |
180 | func colorPickerViewControllerDidSelectColor(_ viewController: UIColorPickerViewController) {
| `- error: 'UIColorPickerViewController' is unavailable in tvOS
181 | if viewController.selectedColor != currentColorPickerObserver?.initialColor {
182 | currentColorPickerObserver?.changeHandler?(viewController.selectedColor)
/Applications/Xcode-27.0.0-Release.Candidate.app/Contents/Developer/Platforms/AppleTVOS.platform/Developer/SDKs/AppleTVOS27.0.sdk/System/Library/Frameworks/UIKit.framework/Headers/UIColorPickerViewController.h:43:12: note: 'UIColorPickerViewController' has been explicitly marked unavailable here
41 |
42 | UIKIT_EXTERN API_AVAILABLE(ios(14.0)) API_UNAVAILABLE(watchos, tvos) NS_SWIFT_UI_ACTOR
43 | @interface UIColorPickerViewController : UIViewController
| `- note: 'UIColorPickerViewController' has been explicitly marked unavailable here
44 |
45 | @property (nullable, weak, nonatomic) id<UIColorPickerViewControllerDelegate> delegate;
/Users/admin/builder/spi-builder-workspace/Sources/DesignReviewer/Inspector/DesignReviewInspectorCoordinator.swift:186:52: error: 'UIColorPickerViewController' is unavailable in tvOS
184 | }
185 |
186 | func colorPickerViewController(_ viewController: UIColorPickerViewController,
| `- error: 'UIColorPickerViewController' is unavailable in tvOS
187 | didSelect color: UIColor,
188 | continuously: Bool) {
/Applications/Xcode-27.0.0-Release.Candidate.app/Contents/Developer/Platforms/AppleTVOS.platform/Developer/SDKs/AppleTVOS27.0.sdk/System/Library/Frameworks/UIKit.framework/Headers/UIColorPickerViewController.h:43:12: note: 'UIColorPickerViewController' has been explicitly marked unavailable here
41 |
42 | UIKIT_EXTERN API_AVAILABLE(ios(14.0)) API_UNAVAILABLE(watchos, tvos) NS_SWIFT_UI_ACTOR
43 | @interface UIColorPickerViewController : UIViewController
| `- note: 'UIColorPickerViewController' has been explicitly marked unavailable here
44 |
45 | @property (nullable, weak, nonatomic) id<UIColorPickerViewControllerDelegate> delegate;
/Users/admin/builder/spi-builder-workspace/Sources/DesignReviewer/Inspector/DesignReviewInspectorCoordinator.swift:171:45: error: 'UIColorPickerViewControllerDelegate' is unavailable in tvOS
169 | // MARK: - UIColorPickerViewControllerDelegate
170 |
171 | extension DesignReviewInspectorCoordinator: UIColorPickerViewControllerDelegate {
| `- error: 'UIColorPickerViewControllerDelegate' is unavailable in tvOS
172 | func colorPickerViewControllerDidFinish(_ viewController: UIColorPickerViewController) {
173 | currentColorPickerObserver = nil
/Applications/Xcode-27.0.0-Release.Candidate.app/Contents/Developer/Platforms/AppleTVOS.platform/Developer/SDKs/AppleTVOS27.0.sdk/System/Library/Frameworks/UIKit.framework/Headers/UIColorPickerViewController.h:17:11: note: 'UIColorPickerViewControllerDelegate' has been explicitly marked unavailable here
15 |
16 | UIKIT_EXTERN API_AVAILABLE(ios(14.0)) API_UNAVAILABLE(watchos, tvos) NS_SWIFT_UI_ACTOR
17 | @protocol UIColorPickerViewControllerDelegate <NSObject>
| `- note: 'UIColorPickerViewControllerDelegate' has been explicitly marked unavailable here
18 |
19 | @optional
/Users/admin/builder/spi-builder-workspace/Sources/DesignReviewer/Inspector/DesignReviewInspectorViewController.swift:14:40: error: 'UIImpactFeedbackGenerator' is unavailable in tvOS
12 | private let viewModel: DesignReviewInspectorViewModel
13 |
14 | private lazy var feedbackGenerator = UIImpactFeedbackGenerator(style: .light)
| `- error: 'UIImpactFeedbackGenerator' is unavailable in tvOS
15 |
16 | private(set) lazy var tableView: UITableView = {
/Applications/Xcode-27.0.0-Release.Candidate.app/Contents/Developer/Platforms/AppleTVOS.platform/Developer/SDKs/AppleTVOS27.0.sdk/System/Library/Frameworks/UIKit.framework/Headers/UIImpactFeedbackGenerator.h:25:12: note: 'UIImpactFeedbackGenerator' has been explicitly marked unavailable here
23 | // UIImpactFeedbackGenerator is used to give user feedback when an impact between UI elements occurs
24 | UIKIT_EXTERN API_AVAILABLE(ios(10.0)) API_UNAVAILABLE(visionos, tvos) API_UNAVAILABLE(watchos) NS_SWIFT_UI_ACTOR
25 | @interface UIImpactFeedbackGenerator : UIFeedbackGenerator
| `- note: 'UIImpactFeedbackGenerator' has been explicitly marked unavailable here
26 |
27 | /// set a style on the feedback generator and attach it to the provided view as an interaction.
Failed frontend command:
/Applications/Xcode-27.0.0-Release.Candidate.app/Contents/Developer/Toolchains/XcodeDefault.xctoolchain/usr/bin/swift-frontend -frontend -emit-module -experimental-skip-non-inlinable-function-bodies-without-types /Users/admin/builder/spi-builder-workspace/.derivedData/Build/Intermediates.noindex/DesignReviewer.build/Debug-appletvos/DesignReviewer-t.build/DerivedSources/resource_bundle_accessor.swift /Users/admin/builder/spi-builder-workspace/Sources/DesignReviewer/DesignReviewContainerView.swift /Users/admin/builder/spi-builder-workspace/Sources/DesignReviewer/DesignReviewCoordinator.swift /Users/admin/builder/spi-builder-workspace/Sources/DesignReviewer/DesignReviewCoordinatorProtocol.swift /Users/admin/builder/spi-builder-workspace/Sources/DesignReviewer/DesignReviewHUD.swift /Users/admin/builder/spi-builder-workspace/Sources/DesignReviewer/DesignReviewImageCapturer.swift /Users/admin/builder/spi-builder-workspace/Sources/DesignReviewer/DesignReviewInspectorAttribute/CustomAttributes/DesignReviewCustomEnumAttribute.swift /Users/admin/builder/spi-builder-workspace/Sources/DesignReviewer/DesignReviewInspectorAttribute/CustomAttributes/DesignReviewCustomMutableAttribute.swift /Users/admin/builder/spi-builder-workspace/Sources/DesignReviewer/DesignReviewInspectorAttribute/DesignReviewEnumAttribute.swift /Users/admin/builder/spi-builder-workspace/Sources/DesignReviewer/DesignReviewInspectorAttribute/DesignReviewImmutableAttribute.swift /Users/admin/builder/spi-builder-workspace/Sources/DesignReviewer/DesignReviewInspectorAttribute/DesignReviewInspectorAttribute.swift /Users/admin/builder/spi-builder-workspace/Sources/DesignReviewer/DesignReviewInspectorAttribute/DesignReviewMutableAttribute.swift /Users/admin/builder/spi-builder-workspace/Sources/DesignReviewer/DesignReviewInspectorAttribute/DesignReviewScreenshotAttribute.swift /Users/admin/builder/spi-builder-workspace/Sources/DesignReviewer/DesignReviewInspectorAttribute/DesignReviewSummaryAttribute.swift /Users/admin/builder/spi-builder-workspace/Sources/DesignReviewer/DesignReviewInspectorAttribute/ReviewableDescribings/NSLayoutConstraint+ReviewableDescribing.swift /Users/admin/builder/spi-builder-workspace/Sources/DesignReviewer/DesignReviewInspectorAttribute/ReviewableDescribings/UIImage+ReviewableDescribing.swift /Users/admin/builder/spi-builder-workspace/Sources/DesignReviewer/DesignReviewInspectorAttribute/ReviewableDescribings/UILabel+ReviewableDescribing.swift /Users/admin/builder/spi-builder-workspace/Sources/DesignReviewer/DesignReviewInspectorAttribute/ReviewableDescribings/UIStackView+ReviewableDescribing.swift /Users/admin/builder/spi-builder-workspace/Sources/DesignReviewer/DesignReviewInspectorAttribute/ReviewableDescribings/UIView+ReviewableDescribing.swift /Users/admin/builder/spi-builder-workspace/Sources/DesignReviewer/DesignReviewSelectableView.swift /Users/admin/builder/spi-builder-workspace/Sources/DesignReviewer/DesignReviewSpecContainerView.swift /Users/admin/builder/spi-builder-workspace/Sources/DesignReviewer/DesignReviewSpecView.swift /Users/admin/builder/spi-builder-workspace/Sources/DesignReviewer/DesignReviewSuboptimalAlert/DesignReviewHairlineView.swift /Users/admin/builder/spi-builder-workspace/Sources/DesignReviewer/DesignReviewSuboptimalAlert/DesignReviewSuboptimalAlertCoordinator.swift /Users/admin/builder/spi-builder-workspace/Sources/DesignReviewer/DesignReviewSuboptimalAlert/DesignReviewSuboptimalAlertView.swift /Users/admin/builder/spi-builder-workspace/Sources/DesignReviewer/DesignReviewSuboptimalAlert/DesignReviewSuboptimalAlertViewController.swift /Users/admin/builder/spi-builder-workspace/Sources/DesignReviewer/DesignReviewSuboptimalAlert/DesignReviewSuboptimalAlertViewModelProtocol.swift /Users/admin/builder/spi-builder-workspace/Sources/DesignReviewer/DesignReviewViewController.swift /Users/admin/builder/spi-builder-workspace/Sources/DesignReviewer/DesignReviewViewModel.swift /Users/admin/builder/spi-builder-workspace/Sources/DesignReviewer/DesignReviewables/DesignReviewable.swift /Users/admin/builder/spi-builder-workspace/Sources/DesignReviewer/DesignReviewables/NSLayoutConstraint+DesignReviewable.swift /Users/admin/builder/spi-builder-workspace/Sources/DesignReviewer/DesignReviewables/NSString+DesignReviewable.swift /Users/admin/builder/spi-builder-workspace/Sources/DesignReviewer/DesignReviewables/UIColor+DesignReviewable.swift /Users/admin/builder/spi-builder-workspace/Sources/DesignReviewer/DesignReviewables/UIImage+DesignReviewable.swift /Users/admin/builder/spi-builder-workspace/Sources/DesignReviewer/DesignReviewables/UIView+DesignReviewable.swift /Users/admin/builder/spi-builder-workspace/Sources/DesignReviewer/DesignReviewer.swift /Users/admin/builder/spi-builder-workspace/Sources/DesignReviewer/Exploded\ Hierarchy/DesignReviewExplodedHierarchyContainerView.swift /Users/admin/builder/spi-builder-workspace/Sources/DesignReviewer/Exploded\ Hierarchy/DesignReviewExplodedHierarchyView.swift /Users/admin/builder/spi-builder-workspace/Sources/DesignReviewer/Exploded\ Hierarchy/DesignReviewExplodedHierarchyViewController.swift /Users/admin/builder/spi-builder-workspace/Sources/DesignReviewer/Exploded\ Hierarchy/DesignReviewExplodedHierarchyViewModel.swift /Users/admin/builder/spi-builder-workspace/Sources/DesignReviewer/Exploded\ Hierarchy/DesignReviewSolidButton.swift /Users/admin/builder/spi-builder-workspace/Sources/DesignReviewer/Inspector/DesignReviewInspectorCoordinator.swift /Users/admin/builder/spi-builder-workspace/Sources/DesignReviewer/Inspector/DesignReviewInspectorViewController.swift /Users/admin/builder/spi-builder-workspace/Sources/DesignReviewer/Inspector/DesignReviewInspectorViewModel.swift /Users/admin/builder/spi-builder-workspace/Sources/DesignReviewer/Inspector/TableViewCells/Custom\ Accessories/DesignReviewUIColorAccessoryView.swift /Users/admin/builder/spi-builder-workspace/Sources/DesignReviewer/Inspector/TableViewCells/Custom\ Accessories/DesignReviewUIImageAccessoryView.swift /Users/admin/builder/spi-builder-workspace/Sources/DesignReviewer/Inspector/TableViewCells/DesignReviewCollapsibleHeaderView.swift /Users/admin/builder/spi-builder-workspace/Sources/DesignReviewer/Inspector/TableViewCells/DesignReviewInspectorScreenshotTableViewCell.swift /Users/admin/builder/spi-builder-workspace/Sources/DesignReviewer/Inspector/TableViewCells/DesignReviewInspectorSummaryTableViewCell.swift /Users/admin/builder/spi-builder-workspace/Sources/DesignReviewer/Inspector/TableViewCells/DesignReviewInspectorTableViewCell.swift /Users/admin/builder/spi-builder-workspace/Sources/DesignReviewer/Spuddle/Keys.swift /Users/admin/builder/spi-builder-workspace/Sources/DesignReviewer/Spuddle/Spuddle.swift /Users/admin/builder/spi-builder-workspace/Sources/DesignReviewer/Spuddle/SpuddleContainerView.swift /Users/admin/builder/spi-builder-workspace/Sources/DesignReviewer/Spuddle/SpuddleFakeWindowView.swift /Users/admin/builder/spi-builder-workspace/Sources/DesignReviewer/Spuddle/SpuddleOptionsModifier/SpuddleOptionsCoordinator.swift /Users/admin/builder/spi-builder-workspace/Sources/DesignReviewer/Spuddle/SpuddleOptionsModifier/SpuddleOptionsModifierView.swift /Users/admin/builder/spi-builder-workspace/Sources/DesignReviewer/Spuddle/SpuddleOptionsModifier/SpuddleOptionsModifierViewModel.swift /Users/admin/builder/spi-builder-workspace/Sources/DesignReviewer/Spuddle/SpuddlePlacement.swift /Users/admin/builder/spi-builder-workspace/Sources/DesignReviewer/Spuddle/SpuddlePresentedViewModel.swift /Users/admin/builder/spi-builder-workspace/Sources/DesignReviewer/Spuddle/SpuddleStepperModifier/SpuddleStepperCoordinator.swift /Users/admin/builder/spi-builder-workspace/Sources/DesignReviewer/Spuddle/SpuddleStepperModifier/SpuddleStepperModiferView.swift /Users/admin/builder/spi-builder-workspace/Sources/DesignReviewer/Spuddle/SpuddleStepperModifier/SpuddleStepperModifierViewModel.swift /Users/admin/builder/spi-builder-workspace/Sources/DesignReviewer/Spuddle/SpuddleTextModifier/SpuddleTextCoordinator.swift /Users/admin/builder/spi-builder-workspace/Sources/DesignReviewer/Spuddle/SpuddleTextModifier/SpuddleTextModifierView.swift /Users/admin/builder/spi-builder-workspace/Sources/DesignReviewer/Spuddle/SpuddleTextModifier/SpuddleTextModifierViewModel.swift /Users/admin/builder/spi-builder-workspace/Sources/DesignReviewer/Spuddle/SpuddleViewModel.swift /Users/admin/builder/spi-builder-workspace/Sources/DesignReviewer/Spuddle/SpuddleWindowManager.swift /Users/admin/builder/spi-builder-workspace/Sources/DesignReviewer/Spuddle/SpuddledAnimations/Animation+Extensions.swift /Users/admin/builder/spi-builder-workspace/Sources/DesignReviewer/Spuddle/UIResponder+Extensions.swift /Users/admin/builder/spi-builder-workspace/Sources/DesignReviewer/Spuddle/UIView+Extensions.swift /Users/admin/builder/spi-builder-workspace/Sources/DesignReviewer/Spuddle/UIViewController+Extensions.swift /Users/admin/builder/spi-builder-workspace/Sources/DesignReviewer/Spuddle/View+Extensions.swift /Users/admin/builder/spi-builder-workspace/Sources/DesignReviewer/Utility\ Extensions/CGFloat+Convenience.swift /Users/admin/builder/spi-builder-workspace/Sources/DesignReviewer/Utility\ Extensions/NSLayoutConstraint+StringBuilding.swift /Users/admin/builder/spi-builder-workspace/Sources/DesignReviewer/Utility\ Extensions/TextContainingView.swift /Users/admin/builder/spi-builder-workspace/Sources/DesignReviewer/Utility\ Extensions/UIColor+ColorAssets.swift /Users/admin/builder/spi-builder-workspace/Sources/DesignReviewer/Utility\ Extensions/UIEdgeInsets+Convenience.swift /Users/admin/builder/spi-builder-workspace/Sources/DesignReviewer/Utility\ Extensions/UIFont+Presets.swift /Users/admin/builder/spi-builder-workspace/Sources/DesignReviewer/Utility\ Extensions/UITableView+EmptyCell.swift /Users/admin/builder/spi-builder-workspace/Sources/DesignReviewer/Utility\ Extensions/UIView+Constraints.swift /Users/admin/builder/spi-builder-workspace/Sources/DesignReviewer/Utility\ Extensions/UIView+StringBuilding.swift /Users/admin/builder/spi-builder-workspace/.derivedData/Build/Intermediates.noindex/DesignReviewer.build/Debug-appletvos/DesignReviewer-t.build/DerivedSources/GeneratedAssetSymbols.swift -target arm64-apple-tvos15.0 -module-can-import-version DeveloperToolsSupport 24.0.24 24.0.24 -module-can-import-version SwiftUI 8.0.84 8.0.84 -module-can-import-version UIKit 9127.0.84.1 9127.0.84 -disable-cross-import-overlay-search -load-resolved-plugin /Applications/Xcode-27.0.0-Release.Candidate.app/Contents/Developer/Platforms/AppleTVOS.platform/Developer/usr/lib/swift/host/plugins/libFoundationMacros.dylib\#/Applications/Xcode-27.0.0-Release.Candidate.app/Contents/Developer/Platforms/AppleTVOS.platform/Developer/usr/bin/swift-plugin-server\#FoundationMacros -load-resolved-plugin /Applications/Xcode-27.0.0-Release.Candidate.app/Contents/Developer/Platforms/AppleTVOS.platform/Developer/usr/lib/swift/host/plugins/libObservationMacros.dylib\#/Applications/Xcode-27.0.0-Release.Candidate.app/Contents/Developer/Platforms/AppleTVOS.platform/Developer/usr/bin/swift-plugin-server\#ObservationMacros -load-resolved-plugin /Applications/Xcode-27.0.0-Release.Candidate.app/Contents/Developer/Platforms/AppleTVOS.platform/Developer/usr/lib/swift/host/plugins/libPreviewsMacros.dylib\#/Applications/Xcode-27.0.0-Release.Candidate.app/Contents/Developer/Platforms/AppleTVOS.platform/Developer/usr/bin/swift-plugin-server\#PreviewsMacros -load-resolved-plugin /Applications/Xcode-27.0.0-Release.Candidate.app/Contents/Developer/Platforms/AppleTVOS.platform/Developer/usr/lib/swift/host/plugins/libSwiftMacros.dylib\#/Applications/Xcode-27.0.0-Release.Candidate.app/Contents/Developer/Platforms/AppleTVOS.platform/Developer/usr/bin/swift-plugin-server\#SwiftMacros -load-resolved-plugin /Applications/Xcode-27.0.0-Release.Candidate.app/Contents/Developer/Platforms/AppleTVOS.platform/Developer/usr/lib/swift/host/plugins/libSwiftUIMacros.dylib\#/Applications/Xcode-27.0.0-Release.Candidate.app/Contents/Developer/Platforms/AppleTVOS.platform/Developer/usr/bin/swift-plugin-server\#SwiftUIMacros -disable-implicit-swift-modules -Xcc -fno-implicit-modules -Xcc -fno-implicit-module-maps -explicit-swift-module-map-file /Users/admin/builder/spi-builder-workspace/.derivedData/Build/Intermediates.noindex/DesignReviewer.build/Debug-appletvos/DesignReviewer-t.build/Objects-normal/arm64/DesignReviewer-dependencies-1.json -Xllvm -aarch64-use-tbi -enable-objc-interop -stack-check -sdk /Applications/Xcode-27.0.0-Release.Candidate.app/Contents/Developer/Platforms/AppleTVOS.platform/Developer/SDKs/AppleTVOS27.0.sdk -I /Users/admin/builder/spi-builder-workspace/.derivedData/Build/Products/Debug-appletvos -Isystem /Applications/Xcode-27.0.0-Release.Candidate.app/Contents/Developer/Platforms/AppleTVOS.platform/Developer/usr/lib -F /Users/admin/builder/spi-builder-workspace/.derivedData/Build/Products/Debug-appletvos -F /Applications/Xcode-27.0.0-Release.Candidate.app/Contents/Developer/Platforms/AppleTVOS.platform/Developer/Library/Frameworks -F /Applications/Xcode-27.0.0-Release.Candidate.app/Contents/Developer/Platforms/AppleTVOS.platform/Developer/SDKs/AppleTVOS27.0.sdk/Developer/Library/Frameworks -module-cache-path /Users/admin/builder/spi-builder-workspace/.derivedData/Build/Intermediates.noindex/SwiftExplicitPrecompiledModules -no-color-diagnostics -Xcc -fno-color-diagnostics -enable-testing -g -debug-info-format\=dwarf -dwarf-version\=4 -swift-version 5 -Onone -D SWIFT_PACKAGE -D DEBUG -D SWIFT_MODULE_RESOURCE_BUNDLE_AVAILABLE -D Xcode -serialize-debugging-options -enable-experimental-feature DebugDescriptionMacro -empty-abi-descriptor -validate-clang-modules-once -clang-build-session-file /Users/admin/builder/spi-builder-workspace/.derivedData/ModuleCache.noindex/Session.modulevalidation -Xcc -working-directory -Xcc /Users/admin/builder/spi-builder-workspace/.swiftpm/xcode -enable-anonymous-context-mangled-names -file-compilation-dir /Users/admin/builder/spi-builder-workspace/.swiftpm/xcode -Xcc -D_LIBCPP_HARDENING_MODE\=_LIBCPP_HARDENING_MODE_DEBUG -Xcc -ivfsstatcache -Xcc /Users/admin/builder/spi-builder-workspace/.derivedData/SDKStatCaches.noindex/appletvos27.0-24J360-e829b21a6f8c9b70876ba0858053c044b32bfd8d43560033f8d89884cdb90028.sdkstatcache -Xcc -fmodules-prune-interval\=86400 -Xcc -fmodules-prune-after\=345600 -Xcc -I/Users/admin/builder/spi-builder-workspace/.derivedData/Build/Products/Debug-appletvos/include -Xcc -I/Users/admin/builder/spi-builder-workspace/.derivedData/Build/Intermediates.noindex/DesignReviewer.build/Debug-appletvos/DesignReviewer-t.build/DerivedSources-normal/arm64 -Xcc -I/Users/admin/builder/spi-builder-workspace/.derivedData/Build/Intermediates.noindex/DesignReviewer.build/Debug-appletvos/DesignReviewer-t.build/DerivedSources/arm64 -Xcc -I/Users/admin/builder/spi-builder-workspace/.derivedData/Build/Intermediates.noindex/DesignReviewer.build/Debug-appletvos/DesignReviewer-t.build/DerivedSources -Xcc -DSWIFT_PACKAGE -Xcc -DDEBUG\=1 -no-auto-bridging-header-chaining -module-name DesignReviewer -const-gather-protocols-file /Users/admin/builder/spi-builder-workspace/.derivedData/Build/Intermediates.noindex/DesignReviewer.build/Debug-appletvos/DesignReviewer-t.build/Objects-normal/arm64/DesignReviewer_const_extract_protocols.json -disable-clang-spi -clang-target arm64-apple-tvos27.0 -target-sdk-version 27.0 -target-sdk-name appletvos27.0 -in-process-plugin-server-path /Applications/Xcode-27.0.0-Release.Candidate.app/Contents/Developer/Toolchains/XcodeDefault.xctoolchain/usr/lib/swift/host/libSwiftInProcPluginServer.dylib -emit-module-doc-path /Users/admin/builder/spi-builder-workspace/.derivedData/Build/Intermediates.noindex/DesignReviewer.build/Debug-appletvos/DesignReviewer-t.build/Objects-normal/arm64/DesignReviewer.swiftdoc -emit-module-source-info-path /Users/admin/builder/spi-builder-workspace/.derivedData/Build/Intermediates.noindex/DesignReviewer.build/Debug-appletvos/DesignReviewer-t.build/Objects-normal/arm64/DesignReviewer.swiftsourceinfo -emit-objc-header-path /Users/admin/builder/spi-builder-workspace/.derivedData/Build/Intermediates.noindex/DesignReviewer.build/Debug-appletvos/DesignReviewer-t.build/Objects-normal/arm64/DesignReviewer-Swift.h -serialize-diagnostics-path /Users/admin/builder/spi-builder-workspace/.derivedData/Build/Intermediates.noindex/DesignReviewer.build/Debug-appletvos/DesignReviewer-t.build/Objects-normal/arm64/DesignReviewer-primary-emit-module.dia -emit-dependencies-path /Users/admin/builder/spi-builder-workspace/.derivedData/Build/Intermediates.noindex/DesignReviewer.build/Debug-appletvos/DesignReviewer-t.build/Objects-normal/arm64/DesignReviewer-primary-emit-module.d -parse-as-library -o /Users/admin/builder/spi-builder-workspace/.derivedData/Build/Intermediates.noindex/DesignReviewer.build/Debug-appletvos/DesignReviewer-t.build/Objects-normal/arm64/DesignReviewer.swiftmodule -emit-abi-descriptor-path /Users/admin/builder/spi-builder-workspace/.derivedData/Build/Intermediates.noindex/DesignReviewer.build/Debug-appletvos/DesignReviewer-t.build/Objects-normal/arm64/DesignReviewer.abi.json
SwiftCompile normal arm64 (in target 'DesignReviewer' from project 'DesignReviewer')
cd /Users/admin/builder/spi-builder-workspace/.swiftpm/xcode
SwiftCompile normal arm64 Compiling\ DesignReviewSuboptimalAlertViewModelProtocol.swift,\ DesignReviewViewController.swift,\ DesignReviewViewModel.swift,\ DesignReviewable.swift,\ NSLayoutConstraint+DesignReviewable.swift,\ NSString+DesignReviewable.swift,\ UIColor+DesignReviewable.swift,\ UIImage+DesignReviewable.swift /Users/admin/builder/spi-builder-workspace/Sources/DesignReviewer/DesignReviewSuboptimalAlert/DesignReviewSuboptimalAlertViewModelProtocol.swift /Users/admin/builder/spi-builder-workspace/Sources/DesignReviewer/DesignReviewViewController.swift /Users/admin/builder/spi-builder-workspace/Sources/DesignReviewer/DesignReviewViewModel.swift /Users/admin/builder/spi-builder-workspace/Sources/DesignReviewer/DesignReviewables/DesignReviewable.swift /Users/admin/builder/spi-builder-workspace/Sources/DesignReviewer/DesignReviewables/NSLayoutConstraint+DesignReviewable.swift /Users/admin/builder/spi-builder-workspace/Sources/DesignReviewer/DesignReviewables/NSString+DesignReviewable.swift /Users/admin/builder/spi-builder-workspace/Sources/DesignReviewer/DesignReviewables/UIColor+DesignReviewable.swift /Users/admin/builder/spi-builder-workspace/Sources/DesignReviewer/DesignReviewables/UIImage+DesignReviewable.swift (in target 'DesignReviewer' from project 'DesignReviewer')
SwiftCompile normal arm64 /Users/admin/builder/spi-builder-workspace/Sources/DesignReviewer/DesignReviewSuboptimalAlert/DesignReviewSuboptimalAlertViewModelProtocol.swift (in target 'DesignReviewer' from project 'DesignReviewer')
cd /Users/admin/builder/spi-builder-workspace/.swiftpm/xcode
builtin-SwiftPerFileCompile DesignReviewSuboptimalAlertViewModelProtocol.swift
SwiftCompile normal arm64 /Users/admin/builder/spi-builder-workspace/Sources/DesignReviewer/DesignReviewViewController.swift (in target 'DesignReviewer' from project 'DesignReviewer')
cd /Users/admin/builder/spi-builder-workspace/.swiftpm/xcode
builtin-SwiftPerFileCompile DesignReviewViewController.swift
SwiftCompile normal arm64 /Users/admin/builder/spi-builder-workspace/Sources/DesignReviewer/DesignReviewViewModel.swift (in target 'DesignReviewer' from project 'DesignReviewer')
cd /Users/admin/builder/spi-builder-workspace/.swiftpm/xcode
builtin-SwiftPerFileCompile DesignReviewViewModel.swift
SwiftCompile normal arm64 /Users/admin/builder/spi-builder-workspace/Sources/DesignReviewer/DesignReviewables/DesignReviewable.swift (in target 'DesignReviewer' from project 'DesignReviewer')
cd /Users/admin/builder/spi-builder-workspace/.swiftpm/xcode
builtin-SwiftPerFileCompile DesignReviewable.swift
SwiftCompile normal arm64 /Users/admin/builder/spi-builder-workspace/Sources/DesignReviewer/DesignReviewables/NSLayoutConstraint+DesignReviewable.swift (in target 'DesignReviewer' from project 'DesignReviewer')
cd /Users/admin/builder/spi-builder-workspace/.swiftpm/xcode
builtin-SwiftPerFileCompile NSLayoutConstraint+DesignReviewable.swift
SwiftCompile normal arm64 /Users/admin/builder/spi-builder-workspace/Sources/DesignReviewer/DesignReviewables/NSString+DesignReviewable.swift (in target 'DesignReviewer' from project 'DesignReviewer')
cd /Users/admin/builder/spi-builder-workspace/.swiftpm/xcode
builtin-SwiftPerFileCompile NSString+DesignReviewable.swift
SwiftCompile normal arm64 /Users/admin/builder/spi-builder-workspace/Sources/DesignReviewer/DesignReviewables/UIColor+DesignReviewable.swift (in target 'DesignReviewer' from project 'DesignReviewer')
cd /Users/admin/builder/spi-builder-workspace/.swiftpm/xcode
builtin-SwiftPerFileCompile UIColor+DesignReviewable.swift
SwiftCompile normal arm64 /Users/admin/builder/spi-builder-workspace/Sources/DesignReviewer/DesignReviewables/UIImage+DesignReviewable.swift (in target 'DesignReviewer' from project 'DesignReviewer')
cd /Users/admin/builder/spi-builder-workspace/.swiftpm/xcode
builtin-SwiftPerFileCompile UIImage+DesignReviewable.swift
SwiftCompile normal arm64 Compiling\ TextContainingView.swift,\ UIColor+ColorAssets.swift,\ UIEdgeInsets+Convenience.swift,\ UIFont+Presets.swift,\ UITableView+EmptyCell.swift,\ UIView+Constraints.swift,\ UIView+StringBuilding.swift,\ GeneratedAssetSymbols.swift /Users/admin/builder/spi-builder-workspace/Sources/DesignReviewer/Utility\ Extensions/TextContainingView.swift /Users/admin/builder/spi-builder-workspace/Sources/DesignReviewer/Utility\ Extensions/UIColor+ColorAssets.swift /Users/admin/builder/spi-builder-workspace/Sources/DesignReviewer/Utility\ Extensions/UIEdgeInsets+Convenience.swift /Users/admin/builder/spi-builder-workspace/Sources/DesignReviewer/Utility\ Extensions/UIFont+Presets.swift /Users/admin/builder/spi-builder-workspace/Sources/DesignReviewer/Utility\ Extensions/UITableView+EmptyCell.swift /Users/admin/builder/spi-builder-workspace/Sources/DesignReviewer/Utility\ Extensions/UIView+Constraints.swift /Users/admin/builder/spi-builder-workspace/Sources/DesignReviewer/Utility\ Extensions/UIView+StringBuilding.swift /Users/admin/builder/spi-builder-workspace/.derivedData/Build/Intermediates.noindex/DesignReviewer.build/Debug-appletvos/DesignReviewer-t.build/DerivedSources/GeneratedAssetSymbols.swift (in target 'DesignReviewer' from project 'DesignReviewer')
SwiftCompile normal arm64 /Users/admin/builder/spi-builder-workspace/Sources/DesignReviewer/Utility\ Extensions/TextContainingView.swift (in target 'DesignReviewer' from project 'DesignReviewer')
cd /Users/admin/builder/spi-builder-workspace/.swiftpm/xcode
builtin-SwiftPerFileCompile TextContainingView.swift
SwiftCompile normal arm64 /Users/admin/builder/spi-builder-workspace/Sources/DesignReviewer/Utility\ Extensions/UIColor+ColorAssets.swift (in target 'DesignReviewer' from project 'DesignReviewer')
cd /Users/admin/builder/spi-builder-workspace/.swiftpm/xcode
builtin-SwiftPerFileCompile UIColor+ColorAssets.swift
SwiftCompile normal arm64 /Users/admin/builder/spi-builder-workspace/Sources/DesignReviewer/Utility\ Extensions/UIEdgeInsets+Convenience.swift (in target 'DesignReviewer' from project 'DesignReviewer')
cd /Users/admin/builder/spi-builder-workspace/.swiftpm/xcode
builtin-SwiftPerFileCompile UIEdgeInsets+Convenience.swift
SwiftCompile normal arm64 /Users/admin/builder/spi-builder-workspace/Sources/DesignReviewer/Utility\ Extensions/UIFont+Presets.swift (in target 'DesignReviewer' from project 'DesignReviewer')
cd /Users/admin/builder/spi-builder-workspace/.swiftpm/xcode
builtin-SwiftPerFileCompile UIFont+Presets.swift
SwiftCompile normal arm64 /Users/admin/builder/spi-builder-workspace/Sources/DesignReviewer/Utility\ Extensions/UITableView+EmptyCell.swift (in target 'DesignReviewer' from project 'DesignReviewer')
cd /Users/admin/builder/spi-builder-workspace/.swiftpm/xcode
builtin-SwiftPerFileCompile UITableView+EmptyCell.swift
SwiftCompile normal arm64 /Users/admin/builder/spi-builder-workspace/Sources/DesignReviewer/Utility\ Extensions/UIView+Constraints.swift (in target 'DesignReviewer' from project 'DesignReviewer')
cd /Users/admin/builder/spi-builder-workspace/.swiftpm/xcode
builtin-SwiftPerFileCompile UIView+Constraints.swift
SwiftCompile normal arm64 /Users/admin/builder/spi-builder-workspace/Sources/DesignReviewer/Utility\ Extensions/UIView+StringBuilding.swift (in target 'DesignReviewer' from project 'DesignReviewer')
cd /Users/admin/builder/spi-builder-workspace/.swiftpm/xcode
builtin-SwiftPerFileCompile UIView+StringBuilding.swift
SwiftCompile normal arm64 /Users/admin/builder/spi-builder-workspace/.derivedData/Build/Intermediates.noindex/DesignReviewer.build/Debug-appletvos/DesignReviewer-t.build/DerivedSources/GeneratedAssetSymbols.swift (in target 'DesignReviewer' from project 'DesignReviewer')
cd /Users/admin/builder/spi-builder-workspace/.swiftpm/xcode
builtin-SwiftPerFileCompile GeneratedAssetSymbols.swift
SwiftCompile normal arm64 Compiling\ UIView+ReviewableDescribing.swift,\ DesignReviewSelectableView.swift,\ DesignReviewSpecContainerView.swift,\ DesignReviewSpecView.swift,\ DesignReviewHairlineView.swift,\ DesignReviewSuboptimalAlertCoordinator.swift,\ DesignReviewSuboptimalAlertView.swift,\ DesignReviewSuboptimalAlertViewController.swift /Users/admin/builder/spi-builder-workspace/Sources/DesignReviewer/DesignReviewInspectorAttribute/ReviewableDescribings/UIView+ReviewableDescribing.swift /Users/admin/builder/spi-builder-workspace/Sources/DesignReviewer/DesignReviewSelectableView.swift /Users/admin/builder/spi-builder-workspace/Sources/DesignReviewer/DesignReviewSpecContainerView.swift /Users/admin/builder/spi-builder-workspace/Sources/DesignReviewer/DesignReviewSpecView.swift /Users/admin/builder/spi-builder-workspace/Sources/DesignReviewer/DesignReviewSuboptimalAlert/DesignReviewHairlineView.swift /Users/admin/builder/spi-builder-workspace/Sources/DesignReviewer/DesignReviewSuboptimalAlert/DesignReviewSuboptimalAlertCoordinator.swift /Users/admin/builder/spi-builder-workspace/Sources/DesignReviewer/DesignReviewSuboptimalAlert/DesignReviewSuboptimalAlertView.swift /Users/admin/builder/spi-builder-workspace/Sources/DesignReviewer/DesignReviewSuboptimalAlert/DesignReviewSuboptimalAlertViewController.swift (in target 'DesignReviewer' from project 'DesignReviewer')
/Users/admin/builder/spi-builder-workspace/Sources/DesignReviewer/DesignReviewInspectorAttribute/ReviewableDescribings/UIView+ReviewableDescribing.swift:10:1: warning: extension declares a conformance of imported type 'ContentMode' to imported protocol 'CaseIterable'; this will not behave correctly if the owners of 'UIKit' introduce this conformance in the future
8 | import UIKit
9 |
10 | extension UIView.ContentMode: ReviewableDescribing {
| |- warning: extension declares a conformance of imported type 'ContentMode' to imported protocol 'CaseIterable'; this will not behave correctly if the owners of 'UIKit' introduce this conformance in the future
| `- note: add '@retroactive' to silence this warning
11 | public static var allCases: [UIView.ContentMode] = {
12 | return [.left, .right, .top, .bottom, .bottomLeft, .bottomRight, .center, .topLeft, .topRight,
/Users/admin/builder/spi-builder-workspace/Sources/DesignReviewer/DesignReviewInspectorAttribute/ReviewableDescribings/UIView+ReviewableDescribing.swift:50:1: warning: extension declares a conformance of imported type 'TintAdjustmentMode' to imported protocol 'CaseIterable'; this will not behave correctly if the owners of 'UIKit' introduce this conformance in the future
48 | }
49 |
50 | extension UIView.TintAdjustmentMode: ReviewableDescribing {
| |- warning: extension declares a conformance of imported type 'TintAdjustmentMode' to imported protocol 'CaseIterable'; this will not behave correctly if the owners of 'UIKit' introduce this conformance in the future
| `- note: add '@retroactive' to silence this warning
51 | public static var allCases: [UIView.TintAdjustmentMode] = {
52 | return [.automatic, .normal, .dimmed]
SwiftCompile normal arm64 /Users/admin/builder/spi-builder-workspace/Sources/DesignReviewer/DesignReviewInspectorAttribute/ReviewableDescribings/UIView+ReviewableDescribing.swift (in target 'DesignReviewer' from project 'DesignReviewer')
cd /Users/admin/builder/spi-builder-workspace/.swiftpm/xcode
builtin-SwiftPerFileCompile UIView+ReviewableDescribing.swift
SwiftCompile normal arm64 /Users/admin/builder/spi-builder-workspace/Sources/DesignReviewer/DesignReviewSelectableView.swift (in target 'DesignReviewer' from project 'DesignReviewer')
cd /Users/admin/builder/spi-builder-workspace/.swiftpm/xcode
builtin-SwiftPerFileCompile DesignReviewSelectableView.swift
SwiftCompile normal arm64 /Users/admin/builder/spi-builder-workspace/Sources/DesignReviewer/DesignReviewSpecContainerView.swift (in target 'DesignReviewer' from project 'DesignReviewer')
cd /Users/admin/builder/spi-builder-workspace/.swiftpm/xcode
builtin-SwiftPerFileCompile DesignReviewSpecContainerView.swift
SwiftCompile normal arm64 /Users/admin/builder/spi-builder-workspace/Sources/DesignReviewer/DesignReviewSpecView.swift (in target 'DesignReviewer' from project 'DesignReviewer')
cd /Users/admin/builder/spi-builder-workspace/.swiftpm/xcode
builtin-SwiftPerFileCompile DesignReviewSpecView.swift
SwiftCompile normal arm64 /Users/admin/builder/spi-builder-workspace/Sources/DesignReviewer/DesignReviewSuboptimalAlert/DesignReviewHairlineView.swift (in target 'DesignReviewer' from project 'DesignReviewer')
cd /Users/admin/builder/spi-builder-workspace/.swiftpm/xcode
builtin-SwiftPerFileCompile DesignReviewHairlineView.swift
SwiftCompile normal arm64 /Users/admin/builder/spi-builder-workspace/Sources/DesignReviewer/DesignReviewSuboptimalAlert/DesignReviewSuboptimalAlertCoordinator.swift (in target 'DesignReviewer' from project 'DesignReviewer')
cd /Users/admin/builder/spi-builder-workspace/.swiftpm/xcode
builtin-SwiftPerFileCompile DesignReviewSuboptimalAlertCoordinator.swift
SwiftCompile normal arm64 /Users/admin/builder/spi-builder-workspace/Sources/DesignReviewer/DesignReviewSuboptimalAlert/DesignReviewSuboptimalAlertView.swift (in target 'DesignReviewer' from project 'DesignReviewer')
cd /Users/admin/builder/spi-builder-workspace/.swiftpm/xcode
builtin-SwiftPerFileCompile DesignReviewSuboptimalAlertView.swift
SwiftCompile normal arm64 /Users/admin/builder/spi-builder-workspace/Sources/DesignReviewer/DesignReviewSuboptimalAlert/DesignReviewSuboptimalAlertViewController.swift (in target 'DesignReviewer' from project 'DesignReviewer')
cd /Users/admin/builder/spi-builder-workspace/.swiftpm/xcode
builtin-SwiftPerFileCompile DesignReviewSuboptimalAlertViewController.swift
SwiftCompile normal arm64 Compiling\ DesignReviewImmutableAttribute.swift,\ DesignReviewInspectorAttribute.swift,\ DesignReviewMutableAttribute.swift,\ DesignReviewScreenshotAttribute.swift,\ DesignReviewSummaryAttribute.swift,\ NSLayoutConstraint+ReviewableDescribing.swift,\ UIImage+ReviewableDescribing.swift,\ UILabel+ReviewableDescribing.swift,\ UIStackView+ReviewableDescribing.swift /Users/admin/builder/spi-builder-workspace/Sources/DesignReviewer/DesignReviewInspectorAttribute/DesignReviewImmutableAttribute.swift /Users/admin/builder/spi-builder-workspace/Sources/DesignReviewer/DesignReviewInspectorAttribute/DesignReviewInspectorAttribute.swift /Users/admin/builder/spi-builder-workspace/Sources/DesignReviewer/DesignReviewInspectorAttribute/DesignReviewMutableAttribute.swift /Users/admin/builder/spi-builder-workspace/Sources/DesignReviewer/DesignReviewInspectorAttribute/DesignReviewScreenshotAttribute.swift /Users/admin/builder/spi-builder-workspace/Sources/DesignReviewer/DesignReviewInspectorAttribute/DesignReviewSummaryAttribute.swift /Users/admin/builder/spi-builder-workspace/Sources/DesignReviewer/DesignReviewInspectorAttribute/ReviewableDescribings/NSLayoutConstraint+ReviewableDescribing.swift /Users/admin/builder/spi-builder-workspace/Sources/DesignReviewer/DesignReviewInspectorAttribute/ReviewableDescribings/UIImage+ReviewableDescribing.swift /Users/admin/builder/spi-builder-workspace/Sources/DesignReviewer/DesignReviewInspectorAttribute/ReviewableDescribings/UILabel+ReviewableDescribing.swift /Users/admin/builder/spi-builder-workspace/Sources/DesignReviewer/DesignReviewInspectorAttribute/ReviewableDescribings/UIStackView+ReviewableDescribing.swift (in target 'DesignReviewer' from project 'DesignReviewer')
/Users/admin/builder/spi-builder-workspace/Sources/DesignReviewer/DesignReviewInspectorAttribute/ReviewableDescribings/NSLayoutConstraint+ReviewableDescribing.swift:10:1: warning: extension declares a conformance of imported type 'Attribute' to imported protocol 'CaseIterable'; this will not behave correctly if the owners of 'UIKit' introduce this conformance in the future
8 | import UIKit
9 |
10 | extension NSLayoutConstraint.Attribute: ReviewableDescribing {
| |- warning: extension declares a conformance of imported type 'Attribute' to imported protocol 'CaseIterable'; this will not behave correctly if the owners of 'UIKit' introduce this conformance in the future
| `- note: add '@retroactive' to silence this warning
11 | public static var allCases: [NSLayoutConstraint.Attribute] = {
12 | return [.bottom, .bottomMargin, .centerX, .centerXWithinMargins, .centerY, .centerYWithinMargins,
/Users/admin/builder/spi-builder-workspace/Sources/DesignReviewer/DesignReviewInspectorAttribute/ReviewableDescribings/NSLayoutConstraint+ReviewableDescribing.swift:67:1: warning: extension declares a conformance of imported type 'Axis' to imported protocol 'CaseIterable'; this will not behave correctly if the owners of 'UIKit' introduce this conformance in the future
65 | }
66 |
67 | extension NSLayoutConstraint.Axis: ReviewableDescribing {
| |- warning: extension declares a conformance of imported type 'Axis' to imported protocol 'CaseIterable'; this will not behave correctly if the owners of 'UIKit' introduce this conformance in the future
| `- note: add '@retroactive' to silence this warning
68 | public static var allCases: [NSLayoutConstraint.Axis] = {
69 | return [.horizontal, .vertical]
/Users/admin/builder/spi-builder-workspace/Sources/DesignReviewer/DesignReviewInspectorAttribute/ReviewableDescribings/NSLayoutConstraint+ReviewableDescribing.swift:84:1: warning: extension declares a conformance of imported type 'Relation' to imported protocol 'CaseIterable'; this will not behave correctly if the owners of 'UIKit' introduce this conformance in the future
82 | }
83 |
84 | extension NSLayoutConstraint.Relation: ReviewableDescribing {
| |- warning: extension declares a conformance of imported type 'Relation' to imported protocol 'CaseIterable'; this will not behave correctly if the owners of 'UIKit' introduce this conformance in the future
| `- note: add '@retroactive' to silence this warning
85 | public static var allCases: [NSLayoutConstraint.Relation] = {
86 | return []
/Users/admin/builder/spi-builder-workspace/Sources/DesignReviewer/DesignReviewInspectorAttribute/ReviewableDescribings/UIImage+ReviewableDescribing.swift:10:1: warning: extension declares a conformance of imported type 'RenderingMode' to imported protocol 'CaseIterable'; this will not behave correctly if the owners of 'UIKit' introduce this conformance in the future
8 | import UIKit
9 |
10 | extension UIImage.RenderingMode: ReviewableDescribing {
| |- warning: extension declares a conformance of imported type 'RenderingMode' to imported protocol 'CaseIterable'; this will not behave correctly if the owners of 'UIKit' introduce this conformance in the future
| `- note: add '@retroactive' to silence this warning
11 | public static var allCases: [UIImage.RenderingMode] {
12 | return [.alwaysOriginal, .alwaysTemplate, .automatic]
/Users/admin/builder/spi-builder-workspace/Sources/DesignReviewer/DesignReviewInspectorAttribute/ReviewableDescribings/UILabel+ReviewableDescribing.swift:10:1: warning: extension declares a conformance of imported type 'NSLineBreakMode' to imported protocol 'CaseIterable'; this will not behave correctly if the owners of 'UIKit' introduce this conformance in the future
8 | import UIKit
9 |
10 | extension NSLineBreakMode: ReviewableDescribing {
| |- warning: extension declares a conformance of imported type 'NSLineBreakMode' to imported protocol 'CaseIterable'; this will not behave correctly if the owners of 'UIKit' introduce this conformance in the future
| `- note: add '@retroactive' to silence this warning
11 | public static var allCases: [NSLineBreakMode] = {
12 | return [.byCharWrapping, .byClipping, .byTruncatingHead,
/Users/admin/builder/spi-builder-workspace/Sources/DesignReviewer/DesignReviewInspectorAttribute/ReviewableDescribings/UILabel+ReviewableDescribing.swift:36:1: warning: extension declares a conformance of imported type 'NSTextAlignment' to imported protocol 'CaseIterable'; this will not behave correctly if the owners of 'UIKit' introduce this conformance in the future
34 | }
35 |
36 | extension NSTextAlignment: ReviewableDescribing {
| |- warning: extension declares a conformance of imported type 'NSTextAlignment' to imported protocol 'CaseIterable'; this will not behave correctly if the owners of 'UIKit' introduce this conformance in the future
| `- note: add '@retroactive' to silence this warning
37 | public static var allCases: [NSTextAlignment] = {
38 | return [.center, .justified, .left, .natural, .right]
/Users/admin/builder/spi-builder-workspace/Sources/DesignReviewer/DesignReviewInspectorAttribute/ReviewableDescribings/UIStackView+ReviewableDescribing.swift:10:1: warning: extension declares a conformance of imported type 'Alignment' to imported protocol 'CaseIterable'; this will not behave correctly if the owners of 'UIKit' introduce this conformance in the future
8 | import UIKit
9 |
10 | extension UIStackView.Alignment: ReviewableDescribing {
| |- warning: extension declares a conformance of imported type 'Alignment' to imported protocol 'CaseIterable'; this will not behave correctly if the owners of 'UIKit' introduce this conformance in the future
| `- note: add '@retroactive' to silence this warning
11 | public static var allCases: [UIStackView.Alignment] = {
12 | return [.bottom, .center, .fill, .firstBaseline, .lastBaseline, .leading, .top, .trailing]
SwiftCompile normal arm64 /Users/admin/builder/spi-builder-workspace/Sources/DesignReviewer/DesignReviewInspectorAttribute/DesignReviewImmutableAttribute.swift (in target 'DesignReviewer' from project 'DesignReviewer')
cd /Users/admin/builder/spi-builder-workspace/.swiftpm/xcode
builtin-SwiftPerFileCompile DesignReviewImmutableAttribute.swift
SwiftCompile normal arm64 /Users/admin/builder/spi-builder-workspace/Sources/DesignReviewer/DesignReviewInspectorAttribute/DesignReviewInspectorAttribute.swift (in target 'DesignReviewer' from project 'DesignReviewer')
cd /Users/admin/builder/spi-builder-workspace/.swiftpm/xcode
builtin-SwiftPerFileCompile DesignReviewInspectorAttribute.swift
SwiftCompile normal arm64 /Users/admin/builder/spi-builder-workspace/Sources/DesignReviewer/DesignReviewInspectorAttribute/DesignReviewMutableAttribute.swift (in target 'DesignReviewer' from project 'DesignReviewer')
cd /Users/admin/builder/spi-builder-workspace/.swiftpm/xcode
builtin-SwiftPerFileCompile DesignReviewMutableAttribute.swift
SwiftCompile normal arm64 /Users/admin/builder/spi-builder-workspace/Sources/DesignReviewer/DesignReviewInspectorAttribute/DesignReviewScreenshotAttribute.swift (in target 'DesignReviewer' from project 'DesignReviewer')
cd /Users/admin/builder/spi-builder-workspace/.swiftpm/xcode
builtin-SwiftPerFileCompile DesignReviewScreenshotAttribute.swift
SwiftCompile normal arm64 /Users/admin/builder/spi-builder-workspace/Sources/DesignReviewer/DesignReviewInspectorAttribute/DesignReviewSummaryAttribute.swift (in target 'DesignReviewer' from project 'DesignReviewer')
cd /Users/admin/builder/spi-builder-workspace/.swiftpm/xcode
builtin-SwiftPerFileCompile DesignReviewSummaryAttribute.swift
SwiftCompile normal arm64 /Users/admin/builder/spi-builder-workspace/Sources/DesignReviewer/DesignReviewInspectorAttribute/ReviewableDescribings/NSLayoutConstraint+ReviewableDescribing.swift (in target 'DesignReviewer' from project 'DesignReviewer')
cd /Users/admin/builder/spi-builder-workspace/.swiftpm/xcode
builtin-SwiftPerFileCompile NSLayoutConstraint+ReviewableDescribing.swift
SwiftCompile normal arm64 /Users/admin/builder/spi-builder-workspace/Sources/DesignReviewer/DesignReviewInspectorAttribute/ReviewableDescribings/UIImage+ReviewableDescribing.swift (in target 'DesignReviewer' from project 'DesignReviewer')
cd /Users/admin/builder/spi-builder-workspace/.swiftpm/xcode
builtin-SwiftPerFileCompile UIImage+ReviewableDescribing.swift
SwiftCompile normal arm64 /Users/admin/builder/spi-builder-workspace/Sources/DesignReviewer/DesignReviewInspectorAttribute/ReviewableDescribings/UILabel+ReviewableDescribing.swift (in target 'DesignReviewer' from project 'DesignReviewer')
cd /Users/admin/builder/spi-builder-workspace/.swiftpm/xcode
builtin-SwiftPerFileCompile UILabel+ReviewableDescribing.swift
SwiftCompile normal arm64 /Users/admin/builder/spi-builder-workspace/Sources/DesignReviewer/DesignReviewInspectorAttribute/ReviewableDescribings/UIStackView+ReviewableDescribing.swift (in target 'DesignReviewer' from project 'DesignReviewer')
cd /Users/admin/builder/spi-builder-workspace/.swiftpm/xcode
builtin-SwiftPerFileCompile UIStackView+ReviewableDescribing.swift
SwiftCompile normal arm64 Compiling\ resource_bundle_accessor.swift,\ DesignReviewContainerView.swift,\ DesignReviewCoordinator.swift,\ DesignReviewCoordinatorProtocol.swift,\ DesignReviewHUD.swift,\ DesignReviewImageCapturer.swift,\ DesignReviewCustomEnumAttribute.swift,\ DesignReviewCustomMutableAttribute.swift,\ DesignReviewEnumAttribute.swift /Users/admin/builder/spi-builder-workspace/.derivedData/Build/Intermediates.noindex/DesignReviewer.build/Debug-appletvos/DesignReviewer-t.build/DerivedSources/resource_bundle_accessor.swift /Users/admin/builder/spi-builder-workspace/Sources/DesignReviewer/DesignReviewContainerView.swift /Users/admin/builder/spi-builder-workspace/Sources/DesignReviewer/DesignReviewCoordinator.swift /Users/admin/builder/spi-builder-workspace/Sources/DesignReviewer/DesignReviewCoordinatorProtocol.swift /Users/admin/builder/spi-builder-workspace/Sources/DesignReviewer/DesignReviewHUD.swift /Users/admin/builder/spi-builder-workspace/Sources/DesignReviewer/DesignReviewImageCapturer.swift /Users/admin/builder/spi-builder-workspace/Sources/DesignReviewer/DesignReviewInspectorAttribute/CustomAttributes/DesignReviewCustomEnumAttribute.swift /Users/admin/builder/spi-builder-workspace/Sources/DesignReviewer/DesignReviewInspectorAttribute/CustomAttributes/DesignReviewCustomMutableAttribute.swift /Users/admin/builder/spi-builder-workspace/Sources/DesignReviewer/DesignReviewInspectorAttribute/DesignReviewEnumAttribute.swift (in target 'DesignReviewer' from project 'DesignReviewer')
SwiftCompile normal arm64 /Users/admin/builder/spi-builder-workspace/.derivedData/Build/Intermediates.noindex/DesignReviewer.build/Debug-appletvos/DesignReviewer-t.build/DerivedSources/resource_bundle_accessor.swift (in target 'DesignReviewer' from project 'DesignReviewer')
cd /Users/admin/builder/spi-builder-workspace/.swiftpm/xcode
builtin-SwiftPerFileCompile resource_bundle_accessor.swift
SwiftCompile normal arm64 /Users/admin/builder/spi-builder-workspace/Sources/DesignReviewer/DesignReviewContainerView.swift (in target 'DesignReviewer' from project 'DesignReviewer')
cd /Users/admin/builder/spi-builder-workspace/.swiftpm/xcode
builtin-SwiftPerFileCompile DesignReviewContainerView.swift
SwiftCompile normal arm64 /Users/admin/builder/spi-builder-workspace/Sources/DesignReviewer/DesignReviewCoordinator.swift (in target 'DesignReviewer' from project 'DesignReviewer')
cd /Users/admin/builder/spi-builder-workspace/.swiftpm/xcode
builtin-SwiftPerFileCompile DesignReviewCoordinator.swift
SwiftCompile normal arm64 /Users/admin/builder/spi-builder-workspace/Sources/DesignReviewer/DesignReviewCoordinatorProtocol.swift (in target 'DesignReviewer' from project 'DesignReviewer')
cd /Users/admin/builder/spi-builder-workspace/.swiftpm/xcode
builtin-SwiftPerFileCompile DesignReviewCoordinatorProtocol.swift
SwiftCompile normal arm64 /Users/admin/builder/spi-builder-workspace/Sources/DesignReviewer/DesignReviewHUD.swift (in target 'DesignReviewer' from project 'DesignReviewer')
cd /Users/admin/builder/spi-builder-workspace/.swiftpm/xcode
builtin-SwiftPerFileCompile DesignReviewHUD.swift
SwiftCompile normal arm64 /Users/admin/builder/spi-builder-workspace/Sources/DesignReviewer/DesignReviewImageCapturer.swift (in target 'DesignReviewer' from project 'DesignReviewer')
cd /Users/admin/builder/spi-builder-workspace/.swiftpm/xcode
builtin-SwiftPerFileCompile DesignReviewImageCapturer.swift
SwiftCompile normal arm64 /Users/admin/builder/spi-builder-workspace/Sources/DesignReviewer/DesignReviewInspectorAttribute/CustomAttributes/DesignReviewCustomEnumAttribute.swift (in target 'DesignReviewer' from project 'DesignReviewer')
cd /Users/admin/builder/spi-builder-workspace/.swiftpm/xcode
builtin-SwiftPerFileCompile DesignReviewCustomEnumAttribute.swift
SwiftCompile normal arm64 /Users/admin/builder/spi-builder-workspace/Sources/DesignReviewer/DesignReviewInspectorAttribute/CustomAttributes/DesignReviewCustomMutableAttribute.swift (in target 'DesignReviewer' from project 'DesignReviewer')
cd /Users/admin/builder/spi-builder-workspace/.swiftpm/xcode
builtin-SwiftPerFileCompile DesignReviewCustomMutableAttribute.swift
SwiftCompile normal arm64 /Users/admin/builder/spi-builder-workspace/Sources/DesignReviewer/DesignReviewInspectorAttribute/DesignReviewEnumAttribute.swift (in target 'DesignReviewer' from project 'DesignReviewer')
cd /Users/admin/builder/spi-builder-workspace/.swiftpm/xcode
builtin-SwiftPerFileCompile DesignReviewEnumAttribute.swift
PruneExplicitPrecompiledModules /Users/admin/builder/spi-builder-workspace/.derivedData/Build/Intermediates.noindex/ExplicitPrecompiledModules
PruneExplicitPrecompiledModules /Users/admin/builder/spi-builder-workspace/.derivedData/Build/Intermediates.noindex/SwiftExplicitPrecompiledModules
PruneExplicitPrecompiledModules /Users/admin/builder/spi-builder-workspace/.derivedData/SDKExplicitPrecompiledModules
2026-09-18 10:58:10.074 xcodebuild[770:4800] [MT] IDERunDestination: Supported platforms for the buildables in the current scheme is empty.
2026-09-18 10:58:10.177 xcodebuild[770:4800] [MT] IDERunDestination: Supported platforms for the buildables in the current scheme is empty.
** BUILD FAILED **
The following build commands failed:
SwiftEmitModule normal arm64 Emitting\ module\ for\ DesignReviewer (in target 'DesignReviewer' from project 'DesignReviewer')
SwiftCompile normal arm64 (in target 'DesignReviewer' from project 'DesignReviewer')
Building workspace DesignReviewer with scheme DesignReviewer
(3 failures)
BUILD FAILURE 6.4 tvOS