Build Information
Failed to build ibuild, reference master (0820d8), with Swift 6.4 for tvOS using Xcode 27.0 on 18 Sep 2026 16:09:11 UTC.
Build Command
No build command. This typically means the build failed at an early stage where we determine the build command.Build Log
========================================
RunAll
========================================
Builder version: 5.1.0
Interrupt handler set up.
========================================
Checkout
========================================
Clone URL: https://github.com/ian-mcdowell/ibuild.git
Reference: master
Initialized empty Git repository in /Users/admin/builder/spi-builder-workspace/.git/
From https://github.com/ian-mcdowell/ibuild
* branch master -> FETCH_HEAD
* [new branch] master -> origin/master
HEAD is now at 0820d8b Fixed up after validation of projects
Cloned https://github.com/ian-mcdowell/ibuild.git
Revision (git rev-parse @):
0820d8bdfc4d207a9accf2b3428b56b57e76926d
SUCCESS checkout https://github.com/ian-mcdowell/ibuild.git at master
========================================
Build
========================================
Selected platform: tvOS
Swift version: 6.4
Building package at path: $PWD
https://github.com/ian-mcdowell/ibuild.git
Command line invocation:
/Applications/Xcode-27.0.0-Release.Candidate.app/Contents/Developer/usr/bin/xcodebuild -IDEClonedSourcePackagesDirPathOverride=/Users/admin/builder/spi-builder-workspace/.dependencies -resolvePackageDependencies
Resolve Package Graph
Fetching from https://github.com/apple/swift-llbuild.git
could not find a branch named ‘master’ in https://github.com/apple/swift-llbuild.git (did you mean ‘main’?)Resolve Package Graph
Updating from https://github.com/apple/swift-llbuild.git
could not find a branch named ‘master’ in https://github.com/apple/swift-llbuild.git (did you mean ‘main’?)Resolve Package Graph
Updating from https://github.com/apple/swift-llbuild.git
could not find a branch named ‘master’ in https://github.com/apple/swift-llbuild.git (did you mean ‘main’?)Resolve Package Graph
Updating from https://github.com/apple/swift-llbuild.git
could not find a branch named ‘master’ in https://github.com/apple/swift-llbuild.git (did you mean ‘main’?)
Resolved source packages:
spi-builder-workspace: (null)
2026-09-18 12:09:09.515 xcodebuild[528:3025] Writing error result bundle to /var/folders/xq/y_g06wb113726d38xsyx71_h0000gn/T/ResultBundle_2026-18-09_12-09-0009.xcresult
xcodebuild: error: Could not resolve package dependencies:
could not find a branch named ‘master’ in https://github.com/apple/swift-llbuild.git (did you mean ‘main’?)
Command line invocation:
/Applications/Xcode-27.0.0-Release.Candidate.app/Contents/Developer/usr/bin/xcodebuild -IDEClonedSourcePackagesDirPathOverride=/Users/admin/builder/spi-builder-workspace/.dependencies -resolvePackageDependencies
Resolve Package Graph
Updating from https://github.com/apple/swift-llbuild.git
could not find a branch named ‘master’ in https://github.com/apple/swift-llbuild.git (did you mean ‘main’?)
Resolved source packages:
spi-builder-workspace: (null)
2026-09-18 12:09:11.647 xcodebuild[646:3831] Writing error result bundle to /var/folders/xq/y_g06wb113726d38xsyx71_h0000gn/T/ResultBundle_2026-18-09_12-09-0011.xcresult
xcodebuild: error: Could not resolve package dependencies:
could not find a branch named ‘master’ in https://github.com/apple/swift-llbuild.git (did you mean ‘main’?)
BUILD FAILURE 6.4 tvOS