The Swift Package Index logo.Swift Package Index

Build Information

Failed to build Spot, reference master (5cc78a), with Swift 6.4 for macOS (Xcode) using Xcode 27.0 on 16 Sep 2026 04:00:27 UTC.

Build Command

env DEVELOPER_DIR=/Applications/Xcode-27.0.0-Release.Candidate.app xcrun xcodebuild -IDEClonedSourcePackagesDirPathOverride=$PWD/.dependencies -skipMacroValidation -skipPackagePluginValidation -derivedDataPath $PWD/.derivedData build -scheme Spot -destination platform=macOS,arch=arm64

Build Log

========================================
RunAll
========================================
Builder version: 5.1.0
Interrupt handler set up.
========================================
Checkout
========================================
Clone URL: https://github.com/dhardiman/spot.git
Reference: master
Initialized empty Git repository in /Users/admin/builder/spi-builder-workspace/.git/
From https://github.com/dhardiman/spot
 * branch            master     -> FETCH_HEAD
 * [new branch]      master     -> origin/master
HEAD is now at 5cc78ae Available on iOS 9+
Cloned https://github.com/dhardiman/spot.git
Revision (git rev-parse @):
5cc78ae847e2757f3a35fd30201ec55028f9008e
SUCCESS checkout https://github.com/dhardiman/spot.git at master
========================================
Build
========================================
Selected platform:         macosXcodebuild
Swift version:             6.4
Building package at path:  $PWD
https://github.com/dhardiman/spot.git
Command line invocation:
    /Applications/Xcode-27.0.0-Release.Candidate.app/Contents/Developer/usr/bin/xcodebuild -IDEClonedSourcePackagesDirPathOverride=/Users/admin/builder/spi-builder-workspace/.dependencies -resolvePackageDependencies
resolved source packages:
{
  "dependencies" : [
  ],
  "manifest_display_name" : "Spot",
  "name" : "Spot",
  "path" : "/Users/admin/builder/spi-builder-workspace",
  "platforms" : [
  ],
  "products" : [
    {
      "name" : "Spot",
      "targets" : [
        "Spot"
      ],
      "type" : {
        "library" : [
          "automatic"
        ]
      }
    }
  ],
  "swift_languages_versions" : [
    "5"
  ],
  "targets" : [
    {
      "c99name" : "SpotTests",
      "module_type" : "SwiftTarget",
      "name" : "SpotTests",
      "path" : "Tests/SpotTests",
      "sources" : [
        "Extensions/CLLocationCoordinate2D+Equatable.swift",
        "Extensions/XCTestCase+Additions.swift",
        "LocationAccessTests.swift",
        "LocationHandlerAuthorisationTests.swift",
        "LocationHandlerPermissionTests.swift",
        "LocationHandlerRequestTests.swift",
        "LocationHandlerTests.swift",
        "LocationServiceTests.swift",
        "Mocks/LocationManagerType+Mocks.swift",
        "Mocks/MockLocationManager.swift"
      ],
      "target_dependencies" : [
        "Spot"
      ],
      "type" : "test"
    },
    {
      "c99name" : "Spot",
      "module_type" : "SwiftTarget",
      "name" : "Spot",
      "path" : "Sources/Spot",
      "product_memberships" : [
        "Spot"
      ],
      "sources" : [
        "LocationAccess.swift",
        "LocationHandler.swift",
        "LocationService.swift"
      ],
      "type" : "library"
    }
  ],
  "tools_version" : "5.0"
}
{
  "project" : {
    "configurations" : [
      "Debug",
      "Calabash",
      "Release"
    ],
    "name" : "Spot",
    "schemes" : [
      "Spot"
    ],
    "targets" : [
      "Spot",
      "SpotTests"
    ]
  }
}
Running build ...
env DEVELOPER_DIR=/Applications/Xcode-27.0.0-Release.Candidate.app xcrun xcodebuild -IDEClonedSourcePackagesDirPathOverride=$PWD/.dependencies -skipMacroValidation -skipPackagePluginValidation -derivedDataPath $PWD/.derivedData build -scheme Spot -destination platform=macOS,arch=arm64
Command line invocation:
    /Applications/Xcode-27.0.0-Release.Candidate.app/Contents/Developer/usr/bin/xcodebuild -IDEClonedSourcePackagesDirPathOverride=/Users/admin/builder/spi-builder-workspace/.dependencies -skipMacroValidation -skipPackagePluginValidation -derivedDataPath /Users/admin/builder/spi-builder-workspace/.derivedData build -scheme Spot -destination platform=macOS,arch=arm64
ComputePackagePrebuildTargetDependencyGraph
Prepare packages
CreateBuildRequest
SendProjectDescription
CreateBuildOperation
ComputeTargetDependencyGraph
note: Building targets in dependency order
note: Target dependency graph (1 target)
    Target 'Spot' in project 'Spot' (no dependencies)
GatherProvisioningInputs
CreateBuildDescription
ExecuteExternalTool /Applications/Xcode-27.0.0-Release.Candidate.app/Contents/Developer/Toolchains/XcodeDefault.xctoolchain/usr/bin/clang -v -E -dM -isysroot /Applications/Xcode-27.0.0-Release.Candidate.app/Contents/Developer/Platforms/MacOSX.platform/Developer/SDKs/MacOSX27.0.sdk -x c -c /dev/null
ExecuteExternalTool /Applications/Xcode-27.0.0-Release.Candidate.app/Contents/Developer/Toolchains/XcodeDefault.xctoolchain/usr/bin/clang -v -E -dM -arch arm64 -isysroot /Applications/Xcode-27.0.0-Release.Candidate.app/Contents/Developer/Platforms/MacOSX.platform/Developer/SDKs/MacOSX27.0.sdk -x c -c /dev/null
ExecuteExternalTool /Applications/Xcode-27.0.0-Release.Candidate.app/Contents/Developer/Toolchains/XcodeDefault.xctoolchain/usr/bin/swiftc --version
ExecuteExternalTool /Applications/Xcode-27.0.0-Release.Candidate.app/Contents/Developer/Toolchains/XcodeDefault.xctoolchain/usr/bin/ld -version_details
Build description signature: 42471a6f106ac6be9a9b606db8397286
Build description path: /Users/admin/builder/spi-builder-workspace/.derivedData/Build/Intermediates.noindex/XCBuildData/42471a6f106ac6be9a9b606db8397286.xcbuilddata
/Users/admin/builder/spi-builder-workspace/Spot.xcodeproj: error: The macOS deployment target 'MACOSX_DEPLOYMENT_TARGET' is set to 10.15, but the range of supported deployment target versions is 12.0 to 27.0.x. (in target 'Spot' from project 'Spot')
/Users/admin/builder/spi-builder-workspace/Spot.xcodeproj: warning: tasks in 'Copy Headers' are delayed by unsandboxed script phases; set ENABLE_USER_SCRIPT_SANDBOXING=YES to enable sandboxing (in target 'Spot' from project 'Spot')
warning: Run script build phase 'swiftformat' will be run during every build because it does not specify any outputs. To address this issue, either add output dependencies to the script phase, or configure it to run in every build by unchecking "Based on dependency analysis" in the script phase. (in target 'Spot' from project 'Spot')
warning: Run script build phase 'Swift Lint' will be run during every build because it does not specify any outputs. To address this issue, either add output dependencies to the script phase, or configure it to run in every build by unchecking "Based on dependency analysis" in the script phase. (in target 'Spot' from project 'Spot')
--- xcodebuild: WARNING: Using the first of multiple matching destinations:
{ platform:macOS, arch:arm64, variant:Mac Catalyst, id:e823da61c82eb217e4ba94c8dda0b9cb9820b50d, name:My Mac }
{ platform:macOS, arch:arm64, variant:Designed for [iPad,iPhone], id:e823da61c82eb217e4ba94c8dda0b9cb9820b50d, name:My Mac }
** BUILD FAILED **
The following build commands failed:
	Building project Spot with scheme Spot
(1 failure)
Command line invocation:
    /Applications/Xcode-27.0.0-Release.Candidate.app/Contents/Developer/usr/bin/xcodebuild -IDEClonedSourcePackagesDirPathOverride=/Users/admin/builder/spi-builder-workspace/.dependencies -resolvePackageDependencies
resolved source packages:
{
  "dependencies" : [
  ],
  "manifest_display_name" : "Spot",
  "name" : "Spot",
  "path" : "/Users/admin/builder/spi-builder-workspace",
  "platforms" : [
  ],
  "products" : [
    {
      "name" : "Spot",
      "targets" : [
        "Spot"
      ],
      "type" : {
        "library" : [
          "automatic"
        ]
      }
    }
  ],
  "swift_languages_versions" : [
    "5"
  ],
  "targets" : [
    {
      "c99name" : "SpotTests",
      "module_type" : "SwiftTarget",
      "name" : "SpotTests",
      "path" : "Tests/SpotTests",
      "sources" : [
        "Extensions/CLLocationCoordinate2D+Equatable.swift",
        "Extensions/XCTestCase+Additions.swift",
        "LocationAccessTests.swift",
        "LocationHandlerAuthorisationTests.swift",
        "LocationHandlerPermissionTests.swift",
        "LocationHandlerRequestTests.swift",
        "LocationHandlerTests.swift",
        "LocationServiceTests.swift",
        "Mocks/LocationManagerType+Mocks.swift",
        "Mocks/MockLocationManager.swift"
      ],
      "target_dependencies" : [
        "Spot"
      ],
      "type" : "test"
    },
    {
      "c99name" : "Spot",
      "module_type" : "SwiftTarget",
      "name" : "Spot",
      "path" : "Sources/Spot",
      "product_memberships" : [
        "Spot"
      ],
      "sources" : [
        "LocationAccess.swift",
        "LocationHandler.swift",
        "LocationService.swift"
      ],
      "type" : "library"
    }
  ],
  "tools_version" : "5.0"
}
{
  "project" : {
    "configurations" : [
      "Debug",
      "Calabash",
      "Release"
    ],
    "name" : "Spot",
    "schemes" : [
      "Spot"
    ],
    "targets" : [
      "Spot",
      "SpotTests"
    ]
  }
}
Running build ...
env DEVELOPER_DIR=/Applications/Xcode-27.0.0-Release.Candidate.app xcrun xcodebuild -IDEClonedSourcePackagesDirPathOverride=$PWD/.dependencies -skipMacroValidation -skipPackagePluginValidation -derivedDataPath $PWD/.derivedData build -scheme Spot -destination platform=macOS,arch=arm64
Command line invocation:
    /Applications/Xcode-27.0.0-Release.Candidate.app/Contents/Developer/usr/bin/xcodebuild -IDEClonedSourcePackagesDirPathOverride=/Users/admin/builder/spi-builder-workspace/.dependencies -skipMacroValidation -skipPackagePluginValidation -derivedDataPath /Users/admin/builder/spi-builder-workspace/.derivedData build -scheme Spot -destination platform=macOS,arch=arm64
ComputePackagePrebuildTargetDependencyGraph
Prepare packages
CreateBuildRequest
SendProjectDescription
CreateBuildOperation
ComputeTargetDependencyGraph
note: Building targets in dependency order
note: Target dependency graph (1 target)
    Target 'Spot' in project 'Spot' (no dependencies)
GatherProvisioningInputs
CreateBuildDescription
/Users/admin/builder/spi-builder-workspace/Spot.xcodeproj: error: The macOS deployment target 'MACOSX_DEPLOYMENT_TARGET' is set to 10.15, but the range of supported deployment target versions is 12.0 to 27.0.x. (in target 'Spot' from project 'Spot')
warning: Run script build phase 'Swift Lint' will be run during every build because it does not specify any outputs. To address this issue, either add output dependencies to the script phase, or configure it to run in every build by unchecking "Based on dependency analysis" in the script phase. (in target 'Spot' from project 'Spot')
warning: Run script build phase 'swiftformat' will be run during every build because it does not specify any outputs. To address this issue, either add output dependencies to the script phase, or configure it to run in every build by unchecking "Based on dependency analysis" in the script phase. (in target 'Spot' from project 'Spot')
/Users/admin/builder/spi-builder-workspace/Spot.xcodeproj: warning: tasks in 'Copy Headers' are delayed by unsandboxed script phases; set ENABLE_USER_SCRIPT_SANDBOXING=YES to enable sandboxing (in target 'Spot' from project 'Spot')
--- xcodebuild: WARNING: Using the first of multiple matching destinations:
{ platform:macOS, arch:arm64, variant:Mac Catalyst, id:e823da61c82eb217e4ba94c8dda0b9cb9820b50d, name:My Mac }
{ platform:macOS, arch:arm64, variant:Designed for [iPad,iPhone], id:e823da61c82eb217e4ba94c8dda0b9cb9820b50d, name:My Mac }
** BUILD FAILED **
The following build commands failed:
	Building project Spot with scheme Spot
(1 failure)
BUILD FAILURE 6.4 macosXcodebuild