The Swift Package Index logo.Swift Package Index

Build Information

Failed to build AppStoreManager, reference 2.1.0 (834a62), with Swift 6.4 for watchOS using Xcode 27.0 on 27 Sep 2026 17:42:00 UTC.

Build Command

env DEVELOPER_DIR=/Applications/Xcode-27.0.0-Release.Candidate.app xcrun xcodebuild -IDEClonedSourcePackagesDirPathOverride=$PWD/.dependencies -skipMacroValidation -skipPackagePluginValidation -derivedDataPath $PWD/.derivedData build -scheme AppStoreManager -destination generic/platform=watchOS

Build Log

Copy /Users/admin/builder/spi-builder-workspace/.derivedData/Build/Products/Debug-watchos/SimpleSerializer.swiftmodule/arm64_32-apple-watchos.swiftmodule /Users/admin/builder/spi-builder-workspace/.derivedData/Build/Intermediates.noindex/SimpleSerializer.build/Debug-watchos/SimpleSerializer-t.build/Objects-normal/arm64_32/SimpleSerializer.swiftmodule (in target 'SimpleSerializer' from project 'SimpleSerializer')
    cd /Users/admin/builder/spi-builder-workspace/.dependencies/checkouts/SimpleSerializer
    builtin-copy -exclude .DS_Store -exclude CVS -exclude .svn -exclude .git -exclude .hg -resolve-src-symlinks -rename /Users/admin/builder/spi-builder-workspace/.derivedData/Build/Intermediates.noindex/SimpleSerializer.build/Debug-watchos/SimpleSerializer-t.build/Objects-normal/arm64_32/SimpleSerializer.swiftmodule /Users/admin/builder/spi-builder-workspace/.derivedData/Build/Products/Debug-watchos/SimpleSerializer.swiftmodule/arm64_32-apple-watchos.swiftmodule
SwiftMergeGeneratedHeaders /Users/admin/builder/spi-builder-workspace/.derivedData/Build/Intermediates.noindex/GeneratedModuleMaps-watchos/SimpleSerializer-Swift.h /Users/admin/builder/spi-builder-workspace/.derivedData/Build/Intermediates.noindex/SimpleSerializer.build/Debug-watchos/SimpleSerializer-t.build/Objects-normal/arm64/SimpleSerializer-Swift.h /Users/admin/builder/spi-builder-workspace/.derivedData/Build/Intermediates.noindex/SimpleSerializer.build/Debug-watchos/SimpleSerializer-t.build/Objects-normal/arm64_32/SimpleSerializer-Swift.h (in target 'SimpleSerializer' from project 'SimpleSerializer')
    cd /Users/admin/builder/spi-builder-workspace/.dependencies/checkouts/SimpleSerializer
    builtin-swiftHeaderTool -arch arm64 /Users/admin/builder/spi-builder-workspace/.derivedData/Build/Intermediates.noindex/SimpleSerializer.build/Debug-watchos/SimpleSerializer-t.build/Objects-normal/arm64/SimpleSerializer-Swift.h -arch arm64_32 /Users/admin/builder/spi-builder-workspace/.derivedData/Build/Intermediates.noindex/SimpleSerializer.build/Debug-watchos/SimpleSerializer-t.build/Objects-normal/arm64_32/SimpleSerializer-Swift.h -o /Users/admin/builder/spi-builder-workspace/.derivedData/Build/Intermediates.noindex/GeneratedModuleMaps-watchos/SimpleSerializer-Swift.h
Copy /Users/admin/builder/spi-builder-workspace/.derivedData/Build/Products/Debug-watchos/SimpleSerializer.swiftmodule/arm64_32-apple-watchos.swiftdoc /Users/admin/builder/spi-builder-workspace/.derivedData/Build/Intermediates.noindex/SimpleSerializer.build/Debug-watchos/SimpleSerializer-t.build/Objects-normal/arm64_32/SimpleSerializer.swiftdoc (in target 'SimpleSerializer' from project 'SimpleSerializer')
    cd /Users/admin/builder/spi-builder-workspace/.dependencies/checkouts/SimpleSerializer
    builtin-copy -exclude .DS_Store -exclude CVS -exclude .svn -exclude .git -exclude .hg -resolve-src-symlinks -rename /Users/admin/builder/spi-builder-workspace/.derivedData/Build/Intermediates.noindex/SimpleSerializer.build/Debug-watchos/SimpleSerializer-t.build/Objects-normal/arm64_32/SimpleSerializer.swiftdoc /Users/admin/builder/spi-builder-workspace/.derivedData/Build/Products/Debug-watchos/SimpleSerializer.swiftmodule/arm64_32-apple-watchos.swiftdoc
Copy /Users/admin/builder/spi-builder-workspace/.derivedData/Build/Products/Debug-watchos/SimpleSerializer.swiftmodule/arm64_32-apple-watchos.abi.json /Users/admin/builder/spi-builder-workspace/.derivedData/Build/Intermediates.noindex/SimpleSerializer.build/Debug-watchos/SimpleSerializer-t.build/Objects-normal/arm64_32/SimpleSerializer.abi.json (in target 'SimpleSerializer' from project 'SimpleSerializer')
    cd /Users/admin/builder/spi-builder-workspace/.dependencies/checkouts/SimpleSerializer
    builtin-copy -exclude .DS_Store -exclude CVS -exclude .svn -exclude .git -exclude .hg -resolve-src-symlinks -rename /Users/admin/builder/spi-builder-workspace/.derivedData/Build/Intermediates.noindex/SimpleSerializer.build/Debug-watchos/SimpleSerializer-t.build/Objects-normal/arm64_32/SimpleSerializer.abi.json /Users/admin/builder/spi-builder-workspace/.derivedData/Build/Products/Debug-watchos/SimpleSerializer.swiftmodule/arm64_32-apple-watchos.abi.json
Copy /Users/admin/builder/spi-builder-workspace/.derivedData/Build/Products/Debug-watchos/SimpleSerializer.swiftmodule/arm64-apple-watchos.swiftmodule /Users/admin/builder/spi-builder-workspace/.derivedData/Build/Intermediates.noindex/SimpleSerializer.build/Debug-watchos/SimpleSerializer-t.build/Objects-normal/arm64/SimpleSerializer.swiftmodule (in target 'SimpleSerializer' from project 'SimpleSerializer')
    cd /Users/admin/builder/spi-builder-workspace/.dependencies/checkouts/SimpleSerializer
    builtin-copy -exclude .DS_Store -exclude CVS -exclude .svn -exclude .git -exclude .hg -resolve-src-symlinks -rename /Users/admin/builder/spi-builder-workspace/.derivedData/Build/Intermediates.noindex/SimpleSerializer.build/Debug-watchos/SimpleSerializer-t.build/Objects-normal/arm64/SimpleSerializer.swiftmodule /Users/admin/builder/spi-builder-workspace/.derivedData/Build/Products/Debug-watchos/SimpleSerializer.swiftmodule/arm64-apple-watchos.swiftmodule
Copy /Users/admin/builder/spi-builder-workspace/.derivedData/Build/Products/Debug-watchos/SimpleSerializer.swiftmodule/arm64-apple-watchos.swiftdoc /Users/admin/builder/spi-builder-workspace/.derivedData/Build/Intermediates.noindex/SimpleSerializer.build/Debug-watchos/SimpleSerializer-t.build/Objects-normal/arm64/SimpleSerializer.swiftdoc (in target 'SimpleSerializer' from project 'SimpleSerializer')
    cd /Users/admin/builder/spi-builder-workspace/.dependencies/checkouts/SimpleSerializer
    builtin-copy -exclude .DS_Store -exclude CVS -exclude .svn -exclude .git -exclude .hg -resolve-src-symlinks -rename /Users/admin/builder/spi-builder-workspace/.derivedData/Build/Intermediates.noindex/SimpleSerializer.build/Debug-watchos/SimpleSerializer-t.build/Objects-normal/arm64/SimpleSerializer.swiftdoc /Users/admin/builder/spi-builder-workspace/.derivedData/Build/Products/Debug-watchos/SimpleSerializer.swiftmodule/arm64-apple-watchos.swiftdoc
Copy /Users/admin/builder/spi-builder-workspace/.derivedData/Build/Products/Debug-watchos/SimpleSerializer.swiftmodule/arm64-apple-watchos.abi.json /Users/admin/builder/spi-builder-workspace/.derivedData/Build/Intermediates.noindex/SimpleSerializer.build/Debug-watchos/SimpleSerializer-t.build/Objects-normal/arm64/SimpleSerializer.abi.json (in target 'SimpleSerializer' from project 'SimpleSerializer')
    cd /Users/admin/builder/spi-builder-workspace/.dependencies/checkouts/SimpleSerializer
    builtin-copy -exclude .DS_Store -exclude CVS -exclude .svn -exclude .git -exclude .hg -resolve-src-symlinks -rename /Users/admin/builder/spi-builder-workspace/.derivedData/Build/Intermediates.noindex/SimpleSerializer.build/Debug-watchos/SimpleSerializer-t.build/Objects-normal/arm64/SimpleSerializer.abi.json /Users/admin/builder/spi-builder-workspace/.derivedData/Build/Products/Debug-watchos/SimpleSerializer.swiftmodule/arm64-apple-watchos.abi.json
SwiftDriverJobDiscovery normal arm64_32 Compiling resource_bundle_accessor.swift (in target 'SimpleSerializer' from project 'SimpleSerializer')
Copy /Users/admin/builder/spi-builder-workspace/.derivedData/Build/Products/Debug-watchos/SimpleSerializer.swiftmodule/Project/arm64-apple-watchos.swiftsourceinfo /Users/admin/builder/spi-builder-workspace/.derivedData/Build/Intermediates.noindex/SimpleSerializer.build/Debug-watchos/SimpleSerializer-t.build/Objects-normal/arm64/SimpleSerializer.swiftsourceinfo (in target 'SimpleSerializer' from project 'SimpleSerializer')
    cd /Users/admin/builder/spi-builder-workspace/.dependencies/checkouts/SimpleSerializer
    builtin-copy -exclude .DS_Store -exclude CVS -exclude .svn -exclude .git -exclude .hg -resolve-src-symlinks -rename /Users/admin/builder/spi-builder-workspace/.derivedData/Build/Intermediates.noindex/SimpleSerializer.build/Debug-watchos/SimpleSerializer-t.build/Objects-normal/arm64/SimpleSerializer.swiftsourceinfo /Users/admin/builder/spi-builder-workspace/.derivedData/Build/Products/Debug-watchos/SimpleSerializer.swiftmodule/Project/arm64-apple-watchos.swiftsourceinfo
Copy /Users/admin/builder/spi-builder-workspace/.derivedData/Build/Products/Debug-watchos/SimpleSerializer.swiftmodule/Project/arm64_32-apple-watchos.swiftsourceinfo /Users/admin/builder/spi-builder-workspace/.derivedData/Build/Intermediates.noindex/SimpleSerializer.build/Debug-watchos/SimpleSerializer-t.build/Objects-normal/arm64_32/SimpleSerializer.swiftsourceinfo (in target 'SimpleSerializer' from project 'SimpleSerializer')
    cd /Users/admin/builder/spi-builder-workspace/.dependencies/checkouts/SimpleSerializer
    builtin-copy -exclude .DS_Store -exclude CVS -exclude .svn -exclude .git -exclude .hg -resolve-src-symlinks -rename /Users/admin/builder/spi-builder-workspace/.derivedData/Build/Intermediates.noindex/SimpleSerializer.build/Debug-watchos/SimpleSerializer-t.build/Objects-normal/arm64_32/SimpleSerializer.swiftsourceinfo /Users/admin/builder/spi-builder-workspace/.derivedData/Build/Products/Debug-watchos/SimpleSerializer.swiftmodule/Project/arm64_32-apple-watchos.swiftsourceinfo
ExtractAppIntentsMetadata (in target 'SwiftletUtilities' from project 'SwiftletUtilities')
    cd /Users/admin/builder/spi-builder-workspace/.dependencies/checkouts/SwiftletUtilities
    /Applications/Xcode-27.0.0-Release.Candidate.app/Contents/Developer/Toolchains/XcodeDefault.xctoolchain/usr/bin/appintentsmetadataprocessor --toolchain-dir /var/run/com.apple.security.cryptexd/mnt/com.apple.MobileAsset.MetalToolchain-v27.1.266.1.1upzkz/Metal.xctoolchain --module-name SwiftletUtilities --sdk-root /Applications/Xcode-27.0.0-Release.Candidate.app/Contents/Developer/Platforms/WatchOS.platform/Developer/SDKs/WatchOS27.0.sdk --xcode-version 27A266a --platform-family watchOS --deployment-target 26.0 --bundle-identifier swiftletutilities.SwiftletUtilities --output /Users/admin/builder/spi-builder-workspace/.derivedData/Build/Products/Debug-watchos/SwiftletUtilities.appintents --target-triple arm64-apple-watchos26.0 --target-triple arm64_32-apple-watchos26.0 --binary-file /Users/admin/builder/spi-builder-workspace/.derivedData/Build/Products/Debug-watchos/SwiftletUtilities.o --dependency-file /Users/admin/builder/spi-builder-workspace/.derivedData/Build/Intermediates.noindex/SwiftletUtilities.build/Debug-watchos/SwiftletUtilities-t.build/Objects-normal/arm64/SwiftletUtilities_dependency_info.dat --dependency-file /Users/admin/builder/spi-builder-workspace/.derivedData/Build/Intermediates.noindex/SwiftletUtilities.build/Debug-watchos/SwiftletUtilities-t.build/Objects-normal/arm64_32/SwiftletUtilities_dependency_info.dat --stringsdata-file /Users/admin/builder/spi-builder-workspace/.derivedData/Build/Intermediates.noindex/SwiftletUtilities.build/Debug-watchos/SwiftletUtilities-t.build/Objects-normal/arm64/ExtractedAppShortcutsMetadata.stringsdata --stringsdata-file /Users/admin/builder/spi-builder-workspace/.derivedData/Build/Intermediates.noindex/SwiftletUtilities.build/Debug-watchos/SwiftletUtilities-t.build/Objects-normal/arm64_32/ExtractedAppShortcutsMetadata.stringsdata --source-file-list /Users/admin/builder/spi-builder-workspace/.derivedData/Build/Intermediates.noindex/SwiftletUtilities.build/Debug-watchos/SwiftletUtilities-t.build/Objects-normal/arm64/SwiftletUtilities.SwiftFileList --source-file-list /Users/admin/builder/spi-builder-workspace/.derivedData/Build/Intermediates.noindex/SwiftletUtilities.build/Debug-watchos/SwiftletUtilities-t.build/Objects-normal/arm64_32/SwiftletUtilities.SwiftFileList --metadata-file-list /Users/admin/builder/spi-builder-workspace/.derivedData/Build/Intermediates.noindex/SwiftletUtilities.build/Debug-watchos/SwiftletUtilities-t.build/SwiftletUtilities.DependencyMetadataFileList --static-metadata-file-list /Users/admin/builder/spi-builder-workspace/.derivedData/Build/Intermediates.noindex/SwiftletUtilities.build/Debug-watchos/SwiftletUtilities-t.build/SwiftletUtilities.DependencyStaticMetadataFileList --swift-const-vals-list /Users/admin/builder/spi-builder-workspace/.derivedData/Build/Intermediates.noindex/SwiftletUtilities.build/Debug-watchos/SwiftletUtilities-t.build/Objects-normal/arm64/SwiftletUtilities.SwiftConstValuesFileList --swift-const-vals-list /Users/admin/builder/spi-builder-workspace/.derivedData/Build/Intermediates.noindex/SwiftletUtilities.build/Debug-watchos/SwiftletUtilities-t.build/Objects-normal/arm64_32/SwiftletUtilities.SwiftConstValuesFileList --force --compile-time-extraction --deployment-aware-processing --no-app-shortcuts-localization
2026-09-27 13:41:55.429 appintentsmetadataprocessor[934:5188] Starting appintentsmetadataprocessor export
2026-09-27 13:41:55.520 appintentsmetadataprocessor[934:5188] Extracted no relevant App Intents symbols, skipping writing output
SwiftDriver AppStoreManager normal arm64_32 com.apple.xcode.tools.swift.compiler (in target 'AppStoreManager' from project 'AppStoreManager')
    cd /Users/admin/builder/spi-builder-workspace/.swiftpm/xcode
    builtin-SwiftDriver -- /Applications/Xcode-27.0.0-Release.Candidate.app/Contents/Developer/Toolchains/XcodeDefault.xctoolchain/usr/bin/swiftc -parse-as-library -module-name AppStoreManager -Onone @/Users/admin/builder/spi-builder-workspace/.derivedData/Build/Intermediates.noindex/AppStoreManager.build/Debug-watchos/AppStoreManager-t.build/Objects-normal/arm64_32/AppStoreManager.SwiftFileList -DSWIFT_PACKAGE -DDEBUG -DSWIFT_MODULE_RESOURCE_BUNDLE_AVAILABLE -DXcode -plugin-path /Applications/Xcode-27.0.0-Release.Candidate.app/Contents/Developer/Toolchains/XcodeDefault.xctoolchain/usr/lib/swift/host/plugins/testing -enable-experimental-feature DebugDescriptionMacro -sdk /Applications/Xcode-27.0.0-Release.Candidate.app/Contents/Developer/Platforms/WatchOS.platform/Developer/SDKs/WatchOS27.0.sdk -target arm64_32-apple-watchos26.0 -g -module-cache-path /Users/admin/builder/spi-builder-workspace/.derivedData/ModuleCache.noindex -Xfrontend -serialize-debugging-options -profile-coverage-mapping -profile-generate -enable-testing -index-store-path /Users/admin/builder/spi-builder-workspace/.derivedData/Index.noindex/DataStore -Xcc -D_LIBCPP_HARDENING_MODE\=_LIBCPP_HARDENING_MODE_DEBUG -swift-version 6 -I /Users/admin/builder/spi-builder-workspace/.derivedData/Build/Products/Debug-watchos -Isystem /Applications/Xcode-27.0.0-Release.Candidate.app/Contents/Developer/Platforms/WatchOS.platform/Developer/usr/lib -F /Users/admin/builder/spi-builder-workspace/.derivedData/Build/Products/Debug-watchos/PackageFrameworks -F /Users/admin/builder/spi-builder-workspace/.derivedData/Build/Products/Debug-watchos -F /Applications/Xcode-27.0.0-Release.Candidate.app/Contents/Developer/Platforms/WatchOS.platform/Developer/Library/Frameworks -F /Applications/Xcode-27.0.0-Release.Candidate.app/Contents/Developer/Platforms/WatchOS.platform/Developer/SDKs/WatchOS27.0.sdk/Developer/Library/Frameworks -c -j10 -enable-batch-mode -incremental -Xcc -ivfsstatcache -Xcc /Users/admin/builder/spi-builder-workspace/.derivedData/SDKStatCaches.noindex/watchos27.0-24R360-e829b21a6f8c9b70876ba0858053c04477534ef55a1706bf4c1112bbb242f0a2.sdkstatcache -output-file-map /Users/admin/builder/spi-builder-workspace/.derivedData/Build/Intermediates.noindex/AppStoreManager.build/Debug-watchos/AppStoreManager-t.build/Objects-normal/arm64_32/AppStoreManager-OutputFileMap.json -save-temps -no-color-diagnostics -explicit-module-build -module-cache-path /Users/admin/builder/spi-builder-workspace/.derivedData/Build/Intermediates.noindex/SwiftExplicitPrecompiledModules -clang-scanner-module-cache-path /Users/admin/builder/spi-builder-workspace/.derivedData/ModuleCache.noindex -sdk-module-cache-path /Users/admin/builder/spi-builder-workspace/.derivedData/SDKExplicitPrecompiledModules -emit-dependencies -emit-module -emit-module-path /Users/admin/builder/spi-builder-workspace/.derivedData/Build/Intermediates.noindex/AppStoreManager.build/Debug-watchos/AppStoreManager-t.build/Objects-normal/arm64_32/AppStoreManager.swiftmodule -serialize-diagnostics -dependency-scan-serialize-diagnostics-path /Users/admin/builder/spi-builder-workspace/.derivedData/Build/Intermediates.noindex/AppStoreManager.build/Debug-watchos/AppStoreManager-t.build/Objects-normal/arm64_32/AppStoreManager-dependency-scan.dia -validate-clang-modules-once -clang-build-session-file /Users/admin/builder/spi-builder-workspace/.derivedData/ModuleCache.noindex/Session.modulevalidation -Xcc -fmodules-prune-interval\=86400 -Xcc -fmodules-prune-after\=345600 -package-name spi_builder_workspace -emit-const-values -const-gather-protocols-list /Users/admin/builder/spi-builder-workspace/.derivedData/Build/Intermediates.noindex/AppStoreManager.build/Debug-watchos/AppStoreManager-t.build/Objects-normal/arm64_32/AppStoreManager_const_extract_protocols.json -Xcc -I/Users/admin/builder/spi-builder-workspace/.derivedData/Build/Products/Debug-watchos/include -Xcc -I/Users/admin/builder/spi-builder-workspace/.derivedData/Build/Intermediates.noindex/AppStoreManager.build/Debug-watchos/AppStoreManager-t.build/DerivedSources-normal/arm64_32 -Xcc -I/Users/admin/builder/spi-builder-workspace/.derivedData/Build/Intermediates.noindex/AppStoreManager.build/Debug-watchos/AppStoreManager-t.build/DerivedSources/arm64_32 -Xcc -I/Users/admin/builder/spi-builder-workspace/.derivedData/Build/Intermediates.noindex/AppStoreManager.build/Debug-watchos/AppStoreManager-t.build/DerivedSources -Xcc -DSWIFT_PACKAGE -Xcc -DDEBUG\=1 -emit-objc-header -emit-objc-header-path /Users/admin/builder/spi-builder-workspace/.derivedData/Build/Intermediates.noindex/AppStoreManager.build/Debug-watchos/AppStoreManager-t.build/Objects-normal/arm64_32/AppStoreManager-Swift.h -working-directory /Users/admin/builder/spi-builder-workspace/.swiftpm/xcode -experimental-emit-module-separately -disable-cmo
SwiftDriver AppStoreManager normal arm64 com.apple.xcode.tools.swift.compiler (in target 'AppStoreManager' from project 'AppStoreManager')
    cd /Users/admin/builder/spi-builder-workspace/.swiftpm/xcode
    builtin-SwiftDriver -- /Applications/Xcode-27.0.0-Release.Candidate.app/Contents/Developer/Toolchains/XcodeDefault.xctoolchain/usr/bin/swiftc -parse-as-library -module-name AppStoreManager -Onone @/Users/admin/builder/spi-builder-workspace/.derivedData/Build/Intermediates.noindex/AppStoreManager.build/Debug-watchos/AppStoreManager-t.build/Objects-normal/arm64/AppStoreManager.SwiftFileList -DSWIFT_PACKAGE -DDEBUG -DSWIFT_MODULE_RESOURCE_BUNDLE_AVAILABLE -DXcode -plugin-path /Applications/Xcode-27.0.0-Release.Candidate.app/Contents/Developer/Toolchains/XcodeDefault.xctoolchain/usr/lib/swift/host/plugins/testing -enable-experimental-feature DebugDescriptionMacro -sdk /Applications/Xcode-27.0.0-Release.Candidate.app/Contents/Developer/Platforms/WatchOS.platform/Developer/SDKs/WatchOS27.0.sdk -target arm64-apple-watchos26.0 -g -module-cache-path /Users/admin/builder/spi-builder-workspace/.derivedData/ModuleCache.noindex -Xfrontend -serialize-debugging-options -profile-coverage-mapping -profile-generate -enable-testing -index-store-path /Users/admin/builder/spi-builder-workspace/.derivedData/Index.noindex/DataStore -Xcc -D_LIBCPP_HARDENING_MODE\=_LIBCPP_HARDENING_MODE_DEBUG -swift-version 6 -I /Users/admin/builder/spi-builder-workspace/.derivedData/Build/Products/Debug-watchos -Isystem /Applications/Xcode-27.0.0-Release.Candidate.app/Contents/Developer/Platforms/WatchOS.platform/Developer/usr/lib -F /Users/admin/builder/spi-builder-workspace/.derivedData/Build/Products/Debug-watchos/PackageFrameworks -F /Users/admin/builder/spi-builder-workspace/.derivedData/Build/Products/Debug-watchos -F /Applications/Xcode-27.0.0-Release.Candidate.app/Contents/Developer/Platforms/WatchOS.platform/Developer/Library/Frameworks -F /Applications/Xcode-27.0.0-Release.Candidate.app/Contents/Developer/Platforms/WatchOS.platform/Developer/SDKs/WatchOS27.0.sdk/Developer/Library/Frameworks -c -j10 -enable-batch-mode -incremental -Xcc -ivfsstatcache -Xcc /Users/admin/builder/spi-builder-workspace/.derivedData/SDKStatCaches.noindex/watchos27.0-24R360-e829b21a6f8c9b70876ba0858053c04477534ef55a1706bf4c1112bbb242f0a2.sdkstatcache -output-file-map /Users/admin/builder/spi-builder-workspace/.derivedData/Build/Intermediates.noindex/AppStoreManager.build/Debug-watchos/AppStoreManager-t.build/Objects-normal/arm64/AppStoreManager-OutputFileMap.json -save-temps -no-color-diagnostics -explicit-module-build -module-cache-path /Users/admin/builder/spi-builder-workspace/.derivedData/Build/Intermediates.noindex/SwiftExplicitPrecompiledModules -clang-scanner-module-cache-path /Users/admin/builder/spi-builder-workspace/.derivedData/ModuleCache.noindex -sdk-module-cache-path /Users/admin/builder/spi-builder-workspace/.derivedData/SDKExplicitPrecompiledModules -emit-dependencies -emit-module -emit-module-path /Users/admin/builder/spi-builder-workspace/.derivedData/Build/Intermediates.noindex/AppStoreManager.build/Debug-watchos/AppStoreManager-t.build/Objects-normal/arm64/AppStoreManager.swiftmodule -serialize-diagnostics -dependency-scan-serialize-diagnostics-path /Users/admin/builder/spi-builder-workspace/.derivedData/Build/Intermediates.noindex/AppStoreManager.build/Debug-watchos/AppStoreManager-t.build/Objects-normal/arm64/AppStoreManager-dependency-scan.dia -validate-clang-modules-once -clang-build-session-file /Users/admin/builder/spi-builder-workspace/.derivedData/ModuleCache.noindex/Session.modulevalidation -Xcc -fmodules-prune-interval\=86400 -Xcc -fmodules-prune-after\=345600 -package-name spi_builder_workspace -emit-const-values -const-gather-protocols-list /Users/admin/builder/spi-builder-workspace/.derivedData/Build/Intermediates.noindex/AppStoreManager.build/Debug-watchos/AppStoreManager-t.build/Objects-normal/arm64/AppStoreManager_const_extract_protocols.json -Xcc -I/Users/admin/builder/spi-builder-workspace/.derivedData/Build/Products/Debug-watchos/include -Xcc -I/Users/admin/builder/spi-builder-workspace/.derivedData/Build/Intermediates.noindex/AppStoreManager.build/Debug-watchos/AppStoreManager-t.build/DerivedSources-normal/arm64 -Xcc -I/Users/admin/builder/spi-builder-workspace/.derivedData/Build/Intermediates.noindex/AppStoreManager.build/Debug-watchos/AppStoreManager-t.build/DerivedSources/arm64 -Xcc -I/Users/admin/builder/spi-builder-workspace/.derivedData/Build/Intermediates.noindex/AppStoreManager.build/Debug-watchos/AppStoreManager-t.build/DerivedSources -Xcc -DSWIFT_PACKAGE -Xcc -DDEBUG\=1 -emit-objc-header -emit-objc-header-path /Users/admin/builder/spi-builder-workspace/.derivedData/Build/Intermediates.noindex/AppStoreManager.build/Debug-watchos/AppStoreManager-t.build/Objects-normal/arm64/AppStoreManager-Swift.h -working-directory /Users/admin/builder/spi-builder-workspace/.swiftpm/xcode -experimental-emit-module-separately -disable-cmo
SwiftDriverJobDiscovery normal arm64 Compiling SimpleSerializeable.swift (in target 'SimpleSerializer' from project 'SimpleSerializer')
SwiftDriverJobDiscovery normal arm64 Compiling SimpleSerializeableEnum.swift (in target 'SimpleSerializer' from project 'SimpleSerializer')
SwiftDriverJobDiscovery normal arm64 Compiling resource_bundle_accessor.swift (in target 'SimpleSerializer' from project 'SimpleSerializer')
SwiftDriverJobDiscovery normal arm64_32 Compiling Deserializer.swift (in target 'SimpleSerializer' from project 'SimpleSerializer')
SwiftDriverJobDiscovery normal arm64 Compiling Deserializer.swift (in target 'SimpleSerializer' from project 'SimpleSerializer')
SwiftDriverJobDiscovery normal arm64_32 Compiling Serializer.swift (in target 'SimpleSerializer' from project 'SimpleSerializer')
SwiftDriver\ Compilation SimpleSerializer normal arm64_32 com.apple.xcode.tools.swift.compiler (in target 'SimpleSerializer' from project 'SimpleSerializer')
    cd /Users/admin/builder/spi-builder-workspace/.swiftpm/xcode
    builtin-Swift-Compilation -- /Applications/Xcode-27.0.0-Release.Candidate.app/Contents/Developer/Toolchains/XcodeDefault.xctoolchain/usr/bin/swiftc -parse-as-library -module-name SimpleSerializer -Onone @/Users/admin/builder/spi-builder-workspace/.derivedData/Build/Intermediates.noindex/SimpleSerializer.build/Debug-watchos/SimpleSerializer-t.build/Objects-normal/arm64_32/SimpleSerializer.SwiftFileList -DSWIFT_PACKAGE -DDEBUG -DSWIFT_MODULE_RESOURCE_BUNDLE_AVAILABLE -DXcode -plugin-path /Applications/Xcode-27.0.0-Release.Candidate.app/Contents/Developer/Toolchains/XcodeDefault.xctoolchain/usr/lib/swift/host/plugins/testing -enable-experimental-feature DebugDescriptionMacro -sdk /Applications/Xcode-27.0.0-Release.Candidate.app/Contents/Developer/Platforms/WatchOS.platform/Developer/SDKs/WatchOS27.0.sdk -target arm64_32-apple-watchos26.0 -g -module-cache-path /Users/admin/builder/spi-builder-workspace/.derivedData/ModuleCache.noindex -Xfrontend -serialize-debugging-options -profile-coverage-mapping -profile-generate -enable-testing -suppress-warnings -index-store-path /Users/admin/builder/spi-builder-workspace/.derivedData/Index.noindex/DataStore -Xcc -D_LIBCPP_HARDENING_MODE\=_LIBCPP_HARDENING_MODE_DEBUG -swift-version 6 -I /Users/admin/builder/spi-builder-workspace/.derivedData/Build/Products/Debug-watchos -Isystem /Applications/Xcode-27.0.0-Release.Candidate.app/Contents/Developer/Platforms/WatchOS.platform/Developer/usr/lib -F /Users/admin/builder/spi-builder-workspace/.derivedData/Build/Products/Debug-watchos/PackageFrameworks -F /Users/admin/builder/spi-builder-workspace/.derivedData/Build/Products/Debug-watchos -F /Applications/Xcode-27.0.0-Release.Candidate.app/Contents/Developer/Platforms/WatchOS.platform/Developer/Library/Frameworks -F /Applications/Xcode-27.0.0-Release.Candidate.app/Contents/Developer/Platforms/WatchOS.platform/Developer/SDKs/WatchOS27.0.sdk/Developer/Library/Frameworks -c -j10 -enable-batch-mode -incremental -Xcc -ivfsstatcache -Xcc /Users/admin/builder/spi-builder-workspace/.derivedData/SDKStatCaches.noindex/watchos27.0-24R360-e829b21a6f8c9b70876ba0858053c04477534ef55a1706bf4c1112bbb242f0a2.sdkstatcache -output-file-map /Users/admin/builder/spi-builder-workspace/.derivedData/Build/Intermediates.noindex/SimpleSerializer.build/Debug-watchos/SimpleSerializer-t.build/Objects-normal/arm64_32/SimpleSerializer-OutputFileMap.json -save-temps -no-color-diagnostics -explicit-module-build -module-cache-path /Users/admin/builder/spi-builder-workspace/.derivedData/Build/Intermediates.noindex/SwiftExplicitPrecompiledModules -clang-scanner-module-cache-path /Users/admin/builder/spi-builder-workspace/.derivedData/ModuleCache.noindex -sdk-module-cache-path /Users/admin/builder/spi-builder-workspace/.derivedData/SDKExplicitPrecompiledModules -emit-dependencies -emit-module -emit-module-path /Users/admin/builder/spi-builder-workspace/.derivedData/Build/Intermediates.noindex/SimpleSerializer.build/Debug-watchos/SimpleSerializer-t.build/Objects-normal/arm64_32/SimpleSerializer.swiftmodule -serialize-diagnostics -dependency-scan-serialize-diagnostics-path /Users/admin/builder/spi-builder-workspace/.derivedData/Build/Intermediates.noindex/SimpleSerializer.build/Debug-watchos/SimpleSerializer-t.build/Objects-normal/arm64_32/SimpleSerializer-dependency-scan.dia -user-module-version 2.5.0 -validate-clang-modules-once -clang-build-session-file /Users/admin/builder/spi-builder-workspace/.derivedData/ModuleCache.noindex/Session.modulevalidation -Xcc -fmodules-prune-interval\=86400 -Xcc -fmodules-prune-after\=345600 -package-name simpleserializer -emit-const-values -const-gather-protocols-list /Users/admin/builder/spi-builder-workspace/.derivedData/Build/Intermediates.noindex/SimpleSerializer.build/Debug-watchos/SimpleSerializer-t.build/Objects-normal/arm64_32/SimpleSerializer_const_extract_protocols.json -Xcc -I/Users/admin/builder/spi-builder-workspace/.derivedData/Build/Products/Debug-watchos/include -Xcc -I/Users/admin/builder/spi-builder-workspace/.derivedData/Build/Intermediates.noindex/SimpleSerializer.build/Debug-watchos/SimpleSerializer-t.build/DerivedSources-normal/arm64_32 -Xcc -I/Users/admin/builder/spi-builder-workspace/.derivedData/Build/Intermediates.noindex/SimpleSerializer.build/Debug-watchos/SimpleSerializer-t.build/DerivedSources/arm64_32 -Xcc -I/Users/admin/builder/spi-builder-workspace/.derivedData/Build/Intermediates.noindex/SimpleSerializer.build/Debug-watchos/SimpleSerializer-t.build/DerivedSources -Xcc -DSWIFT_PACKAGE -Xcc -DDEBUG\=1 -emit-objc-header -emit-objc-header-path /Users/admin/builder/spi-builder-workspace/.derivedData/Build/Intermediates.noindex/SimpleSerializer.build/Debug-watchos/SimpleSerializer-t.build/Objects-normal/arm64_32/SimpleSerializer-Swift.h -working-directory /Users/admin/builder/spi-builder-workspace/.swiftpm/xcode -experimental-emit-module-separately -disable-cmo
Ld /Users/admin/builder/spi-builder-workspace/.derivedData/Build/Intermediates.noindex/SimpleSerializer.build/Debug-watchos/SimpleSerializer-t.build/Objects-normal/arm64_32/Binary/SimpleSerializer.o normal arm64_32 (in target 'SimpleSerializer' from project 'SimpleSerializer')
    cd /Users/admin/builder/spi-builder-workspace/.dependencies/checkouts/SimpleSerializer
    /Applications/Xcode-27.0.0-Release.Candidate.app/Contents/Developer/Toolchains/XcodeDefault.xctoolchain/usr/bin/clang -Xlinker -reproducible -target arm64_32-apple-watchos26.0 -r -isysroot /Applications/Xcode-27.0.0-Release.Candidate.app/Contents/Developer/Platforms/WatchOS.platform/Developer/SDKs/WatchOS27.0.sdk -O0 -w -Xlinker -no_warn_duplicate_libraries -F/Users/admin/builder/spi-builder-workspace/.derivedData/Build/Intermediates.noindex/EagerLinkingTBDs/Debug-watchos -F/Users/admin/builder/spi-builder-workspace/.derivedData/Build/Products/Debug-watchos/PackageFrameworks -F/Users/admin/builder/spi-builder-workspace/.derivedData/Build/Products/Debug-watchos -iframework /Applications/Xcode-27.0.0-Release.Candidate.app/Contents/Developer/Platforms/WatchOS.platform/Developer/Library/Frameworks -iframework /Applications/Xcode-27.0.0-Release.Candidate.app/Contents/Developer/Platforms/WatchOS.platform/Developer/SDKs/WatchOS27.0.sdk/Developer/Library/Frameworks -filelist /Users/admin/builder/spi-builder-workspace/.derivedData/Build/Intermediates.noindex/SimpleSerializer.build/Debug-watchos/SimpleSerializer-t.build/Objects-normal/arm64_32/SimpleSerializer.LinkFileList -nostdlib -Xlinker -object_path_lto -Xlinker /Users/admin/builder/spi-builder-workspace/.derivedData/Build/Intermediates.noindex/SimpleSerializer.build/Debug-watchos/SimpleSerializer-t.build/Objects-normal/arm64_32/SimpleSerializer_lto.o -Xlinker -no_deduplicate -Xlinker -debug_variant -Xlinker -dependency_info -Xlinker /Users/admin/builder/spi-builder-workspace/.derivedData/Build/Intermediates.noindex/SimpleSerializer.build/Debug-watchos/SimpleSerializer-t.build/Objects-normal/arm64_32/SimpleSerializer_dependency_info.dat -fobjc-link-runtime -L/Applications/Xcode-27.0.0-Release.Candidate.app/Contents/Developer/Toolchains/XcodeDefault.xctoolchain/usr/lib/swift/watchos -L/usr/lib/swift -Xlinker -add_ast_path -Xlinker /Users/admin/builder/spi-builder-workspace/.derivedData/Build/Intermediates.noindex/SimpleSerializer.build/Debug-watchos/SimpleSerializer-t.build/Objects-normal/arm64_32/SimpleSerializer.swiftmodule -o /Users/admin/builder/spi-builder-workspace/.derivedData/Build/Intermediates.noindex/SimpleSerializer.build/Debug-watchos/SimpleSerializer-t.build/Objects-normal/arm64_32/Binary/SimpleSerializer.o
SwiftDriverJobDiscovery normal arm64 Compiling Serializer.swift (in target 'SimpleSerializer' from project 'SimpleSerializer')
SwiftDriver\ Compilation SimpleSerializer normal arm64 com.apple.xcode.tools.swift.compiler (in target 'SimpleSerializer' from project 'SimpleSerializer')
    cd /Users/admin/builder/spi-builder-workspace/.swiftpm/xcode
    builtin-Swift-Compilation -- /Applications/Xcode-27.0.0-Release.Candidate.app/Contents/Developer/Toolchains/XcodeDefault.xctoolchain/usr/bin/swiftc -parse-as-library -module-name SimpleSerializer -Onone @/Users/admin/builder/spi-builder-workspace/.derivedData/Build/Intermediates.noindex/SimpleSerializer.build/Debug-watchos/SimpleSerializer-t.build/Objects-normal/arm64/SimpleSerializer.SwiftFileList -DSWIFT_PACKAGE -DDEBUG -DSWIFT_MODULE_RESOURCE_BUNDLE_AVAILABLE -DXcode -plugin-path /Applications/Xcode-27.0.0-Release.Candidate.app/Contents/Developer/Toolchains/XcodeDefault.xctoolchain/usr/lib/swift/host/plugins/testing -enable-experimental-feature DebugDescriptionMacro -sdk /Applications/Xcode-27.0.0-Release.Candidate.app/Contents/Developer/Platforms/WatchOS.platform/Developer/SDKs/WatchOS27.0.sdk -target arm64-apple-watchos26.0 -g -module-cache-path /Users/admin/builder/spi-builder-workspace/.derivedData/ModuleCache.noindex -Xfrontend -serialize-debugging-options -profile-coverage-mapping -profile-generate -enable-testing -suppress-warnings -index-store-path /Users/admin/builder/spi-builder-workspace/.derivedData/Index.noindex/DataStore -Xcc -D_LIBCPP_HARDENING_MODE\=_LIBCPP_HARDENING_MODE_DEBUG -swift-version 6 -I /Users/admin/builder/spi-builder-workspace/.derivedData/Build/Products/Debug-watchos -Isystem /Applications/Xcode-27.0.0-Release.Candidate.app/Contents/Developer/Platforms/WatchOS.platform/Developer/usr/lib -F /Users/admin/builder/spi-builder-workspace/.derivedData/Build/Products/Debug-watchos/PackageFrameworks -F /Users/admin/builder/spi-builder-workspace/.derivedData/Build/Products/Debug-watchos -F /Applications/Xcode-27.0.0-Release.Candidate.app/Contents/Developer/Platforms/WatchOS.platform/Developer/Library/Frameworks -F /Applications/Xcode-27.0.0-Release.Candidate.app/Contents/Developer/Platforms/WatchOS.platform/Developer/SDKs/WatchOS27.0.sdk/Developer/Library/Frameworks -c -j10 -enable-batch-mode -incremental -Xcc -ivfsstatcache -Xcc /Users/admin/builder/spi-builder-workspace/.derivedData/SDKStatCaches.noindex/watchos27.0-24R360-e829b21a6f8c9b70876ba0858053c04477534ef55a1706bf4c1112bbb242f0a2.sdkstatcache -output-file-map /Users/admin/builder/spi-builder-workspace/.derivedData/Build/Intermediates.noindex/SimpleSerializer.build/Debug-watchos/SimpleSerializer-t.build/Objects-normal/arm64/SimpleSerializer-OutputFileMap.json -save-temps -no-color-diagnostics -explicit-module-build -module-cache-path /Users/admin/builder/spi-builder-workspace/.derivedData/Build/Intermediates.noindex/SwiftExplicitPrecompiledModules -clang-scanner-module-cache-path /Users/admin/builder/spi-builder-workspace/.derivedData/ModuleCache.noindex -sdk-module-cache-path /Users/admin/builder/spi-builder-workspace/.derivedData/SDKExplicitPrecompiledModules -emit-dependencies -emit-module -emit-module-path /Users/admin/builder/spi-builder-workspace/.derivedData/Build/Intermediates.noindex/SimpleSerializer.build/Debug-watchos/SimpleSerializer-t.build/Objects-normal/arm64/SimpleSerializer.swiftmodule -serialize-diagnostics -dependency-scan-serialize-diagnostics-path /Users/admin/builder/spi-builder-workspace/.derivedData/Build/Intermediates.noindex/SimpleSerializer.build/Debug-watchos/SimpleSerializer-t.build/Objects-normal/arm64/SimpleSerializer-dependency-scan.dia -user-module-version 2.5.0 -validate-clang-modules-once -clang-build-session-file /Users/admin/builder/spi-builder-workspace/.derivedData/ModuleCache.noindex/Session.modulevalidation -Xcc -fmodules-prune-interval\=86400 -Xcc -fmodules-prune-after\=345600 -package-name simpleserializer -emit-const-values -const-gather-protocols-list /Users/admin/builder/spi-builder-workspace/.derivedData/Build/Intermediates.noindex/SimpleSerializer.build/Debug-watchos/SimpleSerializer-t.build/Objects-normal/arm64/SimpleSerializer_const_extract_protocols.json -Xcc -I/Users/admin/builder/spi-builder-workspace/.derivedData/Build/Products/Debug-watchos/include -Xcc -I/Users/admin/builder/spi-builder-workspace/.derivedData/Build/Intermediates.noindex/SimpleSerializer.build/Debug-watchos/SimpleSerializer-t.build/DerivedSources-normal/arm64 -Xcc -I/Users/admin/builder/spi-builder-workspace/.derivedData/Build/Intermediates.noindex/SimpleSerializer.build/Debug-watchos/SimpleSerializer-t.build/DerivedSources/arm64 -Xcc -I/Users/admin/builder/spi-builder-workspace/.derivedData/Build/Intermediates.noindex/SimpleSerializer.build/Debug-watchos/SimpleSerializer-t.build/DerivedSources -Xcc -DSWIFT_PACKAGE -Xcc -DDEBUG\=1 -emit-objc-header -emit-objc-header-path /Users/admin/builder/spi-builder-workspace/.derivedData/Build/Intermediates.noindex/SimpleSerializer.build/Debug-watchos/SimpleSerializer-t.build/Objects-normal/arm64/SimpleSerializer-Swift.h -working-directory /Users/admin/builder/spi-builder-workspace/.swiftpm/xcode -experimental-emit-module-separately -disable-cmo
Ld /Users/admin/builder/spi-builder-workspace/.derivedData/Build/Intermediates.noindex/SimpleSerializer.build/Debug-watchos/SimpleSerializer-t.build/Objects-normal/arm64/Binary/SimpleSerializer.o normal arm64 (in target 'SimpleSerializer' from project 'SimpleSerializer')
    cd /Users/admin/builder/spi-builder-workspace/.dependencies/checkouts/SimpleSerializer
    /Applications/Xcode-27.0.0-Release.Candidate.app/Contents/Developer/Toolchains/XcodeDefault.xctoolchain/usr/bin/clang -Xlinker -reproducible -target arm64-apple-watchos26.0 -r -isysroot /Applications/Xcode-27.0.0-Release.Candidate.app/Contents/Developer/Platforms/WatchOS.platform/Developer/SDKs/WatchOS27.0.sdk -O0 -w -Xlinker -no_warn_duplicate_libraries -F/Users/admin/builder/spi-builder-workspace/.derivedData/Build/Intermediates.noindex/EagerLinkingTBDs/Debug-watchos -F/Users/admin/builder/spi-builder-workspace/.derivedData/Build/Products/Debug-watchos/PackageFrameworks -F/Users/admin/builder/spi-builder-workspace/.derivedData/Build/Products/Debug-watchos -iframework /Applications/Xcode-27.0.0-Release.Candidate.app/Contents/Developer/Platforms/WatchOS.platform/Developer/Library/Frameworks -iframework /Applications/Xcode-27.0.0-Release.Candidate.app/Contents/Developer/Platforms/WatchOS.platform/Developer/SDKs/WatchOS27.0.sdk/Developer/Library/Frameworks -filelist /Users/admin/builder/spi-builder-workspace/.derivedData/Build/Intermediates.noindex/SimpleSerializer.build/Debug-watchos/SimpleSerializer-t.build/Objects-normal/arm64/SimpleSerializer.LinkFileList -nostdlib -Xlinker -object_path_lto -Xlinker /Users/admin/builder/spi-builder-workspace/.derivedData/Build/Intermediates.noindex/SimpleSerializer.build/Debug-watchos/SimpleSerializer-t.build/Objects-normal/arm64/SimpleSerializer_lto.o -Xlinker -no_deduplicate -Xlinker -debug_variant -Xlinker -dependency_info -Xlinker /Users/admin/builder/spi-builder-workspace/.derivedData/Build/Intermediates.noindex/SimpleSerializer.build/Debug-watchos/SimpleSerializer-t.build/Objects-normal/arm64/SimpleSerializer_dependency_info.dat -fobjc-link-runtime -L/Applications/Xcode-27.0.0-Release.Candidate.app/Contents/Developer/Toolchains/XcodeDefault.xctoolchain/usr/lib/swift/watchos -L/usr/lib/swift -Xlinker -add_ast_path -Xlinker /Users/admin/builder/spi-builder-workspace/.derivedData/Build/Intermediates.noindex/SimpleSerializer.build/Debug-watchos/SimpleSerializer-t.build/Objects-normal/arm64/SimpleSerializer.swiftmodule -o /Users/admin/builder/spi-builder-workspace/.derivedData/Build/Intermediates.noindex/SimpleSerializer.build/Debug-watchos/SimpleSerializer-t.build/Objects-normal/arm64/Binary/SimpleSerializer.o
CreateUniversalBinary /Users/admin/builder/spi-builder-workspace/.derivedData/Build/Products/Debug-watchos/SimpleSerializer.o normal arm64\ arm64_32 (in target 'SimpleSerializer' from project 'SimpleSerializer')
    cd /Users/admin/builder/spi-builder-workspace/.dependencies/checkouts/SimpleSerializer
    /Applications/Xcode-27.0.0-Release.Candidate.app/Contents/Developer/Toolchains/XcodeDefault.xctoolchain/usr/bin/lipo -create /Users/admin/builder/spi-builder-workspace/.derivedData/Build/Intermediates.noindex/SimpleSerializer.build/Debug-watchos/SimpleSerializer-t.build/Objects-normal/arm64/Binary/SimpleSerializer.o /Users/admin/builder/spi-builder-workspace/.derivedData/Build/Intermediates.noindex/SimpleSerializer.build/Debug-watchos/SimpleSerializer-t.build/Objects-normal/arm64_32/Binary/SimpleSerializer.o -output /Users/admin/builder/spi-builder-workspace/.derivedData/Build/Products/Debug-watchos/SimpleSerializer.o
ExtractAppIntentsMetadata (in target 'SimpleSerializer' from project 'SimpleSerializer')
    cd /Users/admin/builder/spi-builder-workspace/.dependencies/checkouts/SimpleSerializer
    /Applications/Xcode-27.0.0-Release.Candidate.app/Contents/Developer/Toolchains/XcodeDefault.xctoolchain/usr/bin/appintentsmetadataprocessor --toolchain-dir /var/run/com.apple.security.cryptexd/mnt/com.apple.MobileAsset.MetalToolchain-v27.1.266.1.1upzkz/Metal.xctoolchain --module-name SimpleSerializer --sdk-root /Applications/Xcode-27.0.0-Release.Candidate.app/Contents/Developer/Platforms/WatchOS.platform/Developer/SDKs/WatchOS27.0.sdk --xcode-version 27A266a --platform-family watchOS --deployment-target 26.0 --bundle-identifier simpleserializer.SimpleSerializer --output /Users/admin/builder/spi-builder-workspace/.derivedData/Build/Products/Debug-watchos/SimpleSerializer.appintents --target-triple arm64-apple-watchos26.0 --target-triple arm64_32-apple-watchos26.0 --binary-file /Users/admin/builder/spi-builder-workspace/.derivedData/Build/Products/Debug-watchos/SimpleSerializer.o --dependency-file /Users/admin/builder/spi-builder-workspace/.derivedData/Build/Intermediates.noindex/SimpleSerializer.build/Debug-watchos/SimpleSerializer-t.build/Objects-normal/arm64/SimpleSerializer_dependency_info.dat --dependency-file /Users/admin/builder/spi-builder-workspace/.derivedData/Build/Intermediates.noindex/SimpleSerializer.build/Debug-watchos/SimpleSerializer-t.build/Objects-normal/arm64_32/SimpleSerializer_dependency_info.dat --stringsdata-file /Users/admin/builder/spi-builder-workspace/.derivedData/Build/Intermediates.noindex/SimpleSerializer.build/Debug-watchos/SimpleSerializer-t.build/Objects-normal/arm64/ExtractedAppShortcutsMetadata.stringsdata --stringsdata-file /Users/admin/builder/spi-builder-workspace/.derivedData/Build/Intermediates.noindex/SimpleSerializer.build/Debug-watchos/SimpleSerializer-t.build/Objects-normal/arm64_32/ExtractedAppShortcutsMetadata.stringsdata --source-file-list /Users/admin/builder/spi-builder-workspace/.derivedData/Build/Intermediates.noindex/SimpleSerializer.build/Debug-watchos/SimpleSerializer-t.build/Objects-normal/arm64/SimpleSerializer.SwiftFileList --source-file-list /Users/admin/builder/spi-builder-workspace/.derivedData/Build/Intermediates.noindex/SimpleSerializer.build/Debug-watchos/SimpleSerializer-t.build/Objects-normal/arm64_32/SimpleSerializer.SwiftFileList --metadata-file-list /Users/admin/builder/spi-builder-workspace/.derivedData/Build/Intermediates.noindex/SimpleSerializer.build/Debug-watchos/SimpleSerializer-t.build/SimpleSerializer.DependencyMetadataFileList --static-metadata-file-list /Users/admin/builder/spi-builder-workspace/.derivedData/Build/Intermediates.noindex/SimpleSerializer.build/Debug-watchos/SimpleSerializer-t.build/SimpleSerializer.DependencyStaticMetadataFileList --swift-const-vals-list /Users/admin/builder/spi-builder-workspace/.derivedData/Build/Intermediates.noindex/SimpleSerializer.build/Debug-watchos/SimpleSerializer-t.build/Objects-normal/arm64/SimpleSerializer.SwiftConstValuesFileList --swift-const-vals-list /Users/admin/builder/spi-builder-workspace/.derivedData/Build/Intermediates.noindex/SimpleSerializer.build/Debug-watchos/SimpleSerializer-t.build/Objects-normal/arm64_32/SimpleSerializer.SwiftConstValuesFileList --force --compile-time-extraction --deployment-aware-processing --no-app-shortcuts-localization
2026-09-27 13:41:55.822 appintentsmetadataprocessor[940:5365] Starting appintentsmetadataprocessor export
2026-09-27 13:41:55.882 appintentsmetadataprocessor[940:5365] Extracted no relevant App Intents symbols, skipping writing output
SwiftExplicitDependencyGeneratePcm arm64 /Users/admin/builder/spi-builder-workspace/.derivedData/SDKExplicitPrecompiledModules/StoreKit-2T6I8Y0VBC11UMC6KK6P2CTB.pcm
SwiftExplicitDependencyGeneratePcm arm64 /Users/admin/builder/spi-builder-workspace/.derivedData/SDKExplicitPrecompiledModules/LocalAuthentication-B2TFMTPZVFFVZ7Y4SFJ4HJEBL.pcm
SwiftExplicitDependencyGeneratePcm arm64_32 /Users/admin/builder/spi-builder-workspace/.derivedData/SDKExplicitPrecompiledModules/LocalAuthentication-1XZC5548OHHHWETB1RPNV8QDG.pcm
SwiftExplicitDependencyGeneratePcm arm64_32 /Users/admin/builder/spi-builder-workspace/.derivedData/SDKExplicitPrecompiledModules/StoreKit-E9RBAFGLOIACW3EM63MA7NGAB.pcm
SwiftEmitModule normal arm64 Emitting\ module\ for\ AppStoreManager (in target 'AppStoreManager' from project 'AppStoreManager')
SwiftCompile normal arm64 (in target 'AppStoreManager' from project 'AppStoreManager')
    cd /Users/admin/builder/spi-builder-workspace/.swiftpm/xcode

SwiftCompile normal arm64 Compiling\ StoreError.swift /Users/admin/builder/spi-builder-workspace/Sources/AppStoreManager/StoreError.swift (in target 'AppStoreManager' from project 'AppStoreManager')
SwiftCompile normal arm64 /Users/admin/builder/spi-builder-workspace/Sources/AppStoreManager/StoreError.swift (in target 'AppStoreManager' from project 'AppStoreManager')
    cd /Users/admin/builder/spi-builder-workspace/.swiftpm/xcode
    builtin-SwiftPerFileCompile StoreError.swift
SwiftCompile normal arm64 Compiling\ VaultProduct.swift /Users/admin/builder/spi-builder-workspace/Sources/AppStoreManager/VaultProduct.swift (in target 'AppStoreManager' from project 'AppStoreManager')
SwiftCompile normal arm64 /Users/admin/builder/spi-builder-workspace/Sources/AppStoreManager/VaultProduct.swift (in target 'AppStoreManager' from project 'AppStoreManager')
    cd /Users/admin/builder/spi-builder-workspace/.swiftpm/xcode
    builtin-SwiftPerFileCompile VaultProduct.swift
SwiftCompile normal arm64 Compiling\ resource_bundle_accessor.swift /Users/admin/builder/spi-builder-workspace/.derivedData/Build/Intermediates.noindex/AppStoreManager.build/Debug-watchos/AppStoreManager-t.build/DerivedSources/resource_bundle_accessor.swift (in target 'AppStoreManager' from project 'AppStoreManager')
SwiftCompile normal arm64 /Users/admin/builder/spi-builder-workspace/.derivedData/Build/Intermediates.noindex/AppStoreManager.build/Debug-watchos/AppStoreManager-t.build/DerivedSources/resource_bundle_accessor.swift (in target 'AppStoreManager' from project 'AppStoreManager')
    cd /Users/admin/builder/spi-builder-workspace/.swiftpm/xcode
    builtin-SwiftPerFileCompile resource_bundle_accessor.swift
SwiftCompile normal arm64 Compiling\ VersionHistory.swift /Users/admin/builder/spi-builder-workspace/Sources/AppStoreManager/VersionHistory.swift (in target 'AppStoreManager' from project 'AppStoreManager')
SwiftCompile normal arm64 /Users/admin/builder/spi-builder-workspace/Sources/AppStoreManager/VersionHistory.swift (in target 'AppStoreManager' from project 'AppStoreManager')
    cd /Users/admin/builder/spi-builder-workspace/.swiftpm/xcode
    builtin-SwiftPerFileCompile VersionHistory.swift
SwiftCompile normal arm64 Compiling\ StoreManager.swift /Users/admin/builder/spi-builder-workspace/Sources/AppStoreManager/StoreManager.swift (in target 'AppStoreManager' from project 'AppStoreManager')
/Users/admin/builder/spi-builder-workspace/Sources/AppStoreManager/StoreManager.swift:240:41: error: 'PurchaseIntent' is unavailable in watchOS
238 |     public func listenForPromotedPurchases() -> Task<Void, Error> {
239 |         return Task.detached {
240 |             for await purchaseIntent in PurchaseIntent.intents {
    |                                         `- error: 'PurchaseIntent' is unavailable in watchOS
241 |                 // Complete the purchase workflow.
242 |                 do {
StoreKit.PurchaseIntent:5:15: note: 'PurchaseIntent' has been explicitly marked unavailable here
 3 | @available(watchOS, unavailable)
 4 | @available(visionOS, unavailable)
 5 | public struct PurchaseIntent : Equatable, Sendable {
   |               `- note: 'PurchaseIntent' has been explicitly marked unavailable here
 6 |     public let product: Product
 7 |     @available(iOS 18.0, macOS 15.0, *)
Assertion failed: (Range.hasLowerEndpoint()), function getVersionString at AvailabilityRange.h:337.
(to display assertion configuration options: -Xllvm -assert-help)
Please submit a bug report (https://swift.org/contributing/#reporting-bugs) and include the crash backtrace.
Stack dump:
0.	Program arguments: /Applications/Xcode-27.0.0-Release.Candidate.app/Contents/Developer/Toolchains/XcodeDefault.xctoolchain/usr/bin/swift-frontend -frontend -c /Users/admin/builder/spi-builder-workspace/.derivedData/Build/Intermediates.noindex/AppStoreManager.build/Debug-watchos/AppStoreManager-t.build/DerivedSources/resource_bundle_accessor.swift /Users/admin/builder/spi-builder-workspace/Sources/AppStoreManager/StoreError.swift -primary-file /Users/admin/builder/spi-builder-workspace/Sources/AppStoreManager/StoreManager.swift /Users/admin/builder/spi-builder-workspace/Sources/AppStoreManager/VaultProduct.swift /Users/admin/builder/spi-builder-workspace/Sources/AppStoreManager/VersionHistory.swift -emit-dependencies-path /Users/admin/builder/spi-builder-workspace/.derivedData/Build/Intermediates.noindex/AppStoreManager.build/Debug-watchos/AppStoreManager-t.build/Objects-normal/arm64/StoreManager.d -emit-const-values-path /Users/admin/builder/spi-builder-workspace/.derivedData/Build/Intermediates.noindex/AppStoreManager.build/Debug-watchos/AppStoreManager-t.build/Objects-normal/arm64/StoreManager.swiftconstvalues -emit-reference-dependencies-path /Users/admin/builder/spi-builder-workspace/.derivedData/Build/Intermediates.noindex/AppStoreManager.build/Debug-watchos/AppStoreManager-t.build/Objects-normal/arm64/StoreManager.swiftdeps -serialize-diagnostics-path /Users/admin/builder/spi-builder-workspace/.derivedData/Build/Intermediates.noindex/AppStoreManager.build/Debug-watchos/AppStoreManager-t.build/Objects-normal/arm64/StoreManager.dia -target arm64-apple-watchos26.0 -disable-cross-import-overlay-search -swift-module-cross-import StoreKit /Applications/Xcode-27.0.0-Release.Candidate.app/Contents/Developer/Platforms/WatchOS.platform/Developer/SDKs/WatchOS.sdk/System/Library/Frameworks/StoreKit.framework/Modules/StoreKit.swiftcrossimport/SwiftUI.swiftoverlay -swift-module-cross-import StoreKit /Applications/Xcode-27.0.0-Release.Candidate.app/Contents/Developer/Platforms/WatchOS.platform/Developer/SDKs/WatchOS27.0.sdk/System/Library/Frameworks/StoreKit.framework/Modules/StoreKit.swiftcrossimport/SwiftUI.swiftoverlay -load-resolved-plugin /Applications/Xcode-27.0.0-Release.Candidate.app/Contents/Developer/Platforms/WatchOS.platform/Developer/usr/lib/swift/host/plugins/libFoundationMacros.dylib#/Applications/Xcode-27.0.0-Release.Candidate.app/Contents/Developer/Platforms/WatchOS.platform/Developer/usr/bin/swift-plugin-server#FoundationMacros -load-resolved-plugin /Applications/Xcode-27.0.0-Release.Candidate.app/Contents/Developer/Platforms/WatchOS.platform/Developer/usr/lib/swift/host/plugins/libObservationMacros.dylib#/Applications/Xcode-27.0.0-Release.Candidate.app/Contents/Developer/Platforms/WatchOS.platform/Developer/usr/bin/swift-plugin-server#ObservationMacros -load-resolved-plugin /Applications/Xcode-27.0.0-Release.Candidate.app/Contents/Developer/Platforms/WatchOS.platform/Developer/usr/lib/swift/host/plugins/libPreviewsMacros.dylib#/Applications/Xcode-27.0.0-Release.Candidate.app/Contents/Developer/Platforms/WatchOS.platform/Developer/usr/bin/swift-plugin-server#PreviewsMacros -load-resolved-plugin /Applications/Xcode-27.0.0-Release.Candidate.app/Contents/Developer/Platforms/WatchOS.platform/Developer/usr/lib/swift/host/plugins/libSwiftMacros.dylib#/Applications/Xcode-27.0.0-Release.Candidate.app/Contents/Developer/Platforms/WatchOS.platform/Developer/usr/bin/swift-plugin-server#SwiftMacros -load-resolved-plugin /Applications/Xcode-27.0.0-Release.Candidate.app/Contents/Developer/Platforms/WatchOS.platform/Developer/usr/lib/swift/host/plugins/libSwiftUIMacros.dylib#/Applications/Xcode-27.0.0-Release.Candidate.app/Contents/Developer/Platforms/WatchOS.platform/Developer/usr/bin/swift-plugin-server#SwiftUIMacros -disable-implicit-swift-modules -Xcc -fno-implicit-modules -Xcc -fno-implicit-module-maps -explicit-swift-module-map-file /Users/admin/builder/spi-builder-workspace/.derivedData/Build/Intermediates.noindex/AppStoreManager.build/Debug-watchos/AppStoreManager-t.build/Objects-normal/arm64/AppStoreManager-dependencies-1.json -Xllvm -aarch64-use-tbi -enable-objc-interop -stack-check -sdk /Applications/Xcode-27.0.0-Release.Candidate.app/Contents/Developer/Platforms/WatchOS.platform/Developer/SDKs/WatchOS27.0.sdk -I /Users/admin/builder/spi-builder-workspace/.derivedData/Build/Products/Debug-watchos -Isystem /Applications/Xcode-27.0.0-Release.Candidate.app/Contents/Developer/Platforms/WatchOS.platform/Developer/usr/lib -F /Users/admin/builder/spi-builder-workspace/.derivedData/Build/Products/Debug-watchos/PackageFrameworks -F /Users/admin/builder/spi-builder-workspace/.derivedData/Build/Products/Debug-watchos -F /Applications/Xcode-27.0.0-Release.Candidate.app/Contents/Developer/Platforms/WatchOS.platform/Developer/Library/Frameworks -F /Applications/Xcode-27.0.0-Release.Candidate.app/Contents/Developer/Platforms/WatchOS.platform/Developer/SDKs/WatchOS27.0.sdk/Developer/Library/Frameworks -module-cache-path /Users/admin/builder/spi-builder-workspace/.derivedData/Build/Intermediates.noindex/SwiftExplicitPrecompiledModules -no-color-diagnostics -Xcc -fno-color-diagnostics -enable-testing -g -debug-info-format=dwarf -dwarf-version=5 -profile-generate -profile-coverage-mapping -swift-version 6 -Onone -D SWIFT_PACKAGE -D DEBUG -D SWIFT_MODULE_RESOURCE_BUNDLE_AVAILABLE -D Xcode -serialize-debugging-options -enable-experimental-feature DebugDescriptionMacro -empty-abi-descriptor -validate-clang-modules-once -clang-build-session-file /Users/admin/builder/spi-builder-workspace/.derivedData/ModuleCache.noindex/Session.modulevalidation -Xcc -working-directory -Xcc /Users/admin/builder/spi-builder-workspace/.swiftpm/xcode -enable-anonymous-context-mangled-names -file-compilation-dir /Users/admin/builder/spi-builder-workspace/.swiftpm/xcode -Xcc -D_LIBCPP_HARDENING_MODE=_LIBCPP_HARDENING_MODE_DEBUG -Xcc -ivfsstatcache -Xcc /Users/admin/builder/spi-builder-workspace/.derivedData/SDKStatCaches.noindex/watchos27.0-24R360-e829b21a6f8c9b70876ba0858053c04477534ef55a1706bf4c1112bbb242f0a2.sdkstatcache -Xcc -fmodules-prune-interval=86400 -Xcc -fmodules-prune-after=345600 -Xcc -I/Users/admin/builder/spi-builder-workspace/.derivedData/Build/Products/Debug-watchos/include -Xcc -I/Users/admin/builder/spi-builder-workspace/.derivedData/Build/Intermediates.noindex/AppStoreManager.build/Debug-watchos/AppStoreManager-t.build/DerivedSources-normal/arm64 -Xcc -I/Users/admin/builder/spi-builder-workspace/.derivedData/Build/Intermediates.noindex/AppStoreManager.build/Debug-watchos/AppStoreManager-t.build/DerivedSources/arm64 -Xcc -I/Users/admin/builder/spi-builder-workspace/.derivedData/Build/Intermediates.noindex/AppStoreManager.build/Debug-watchos/AppStoreManager-t.build/DerivedSources -Xcc -DSWIFT_PACKAGE -Xcc -DDEBUG=1 -no-auto-bridging-header-chaining -module-name AppStoreManager -package-name spi_builder_workspace -const-gather-protocols-file /Users/admin/builder/spi-builder-workspace/.derivedData/Build/Intermediates.noindex/AppStoreManager.build/Debug-watchos/AppStoreManager-t.build/Objects-normal/arm64/AppStoreManager_const_extract_protocols.json -disable-clang-spi -clang-target arm64-apple-watchos27.0 -target-sdk-version 27.0 -target-sdk-name watchos27.0 -in-process-plugin-server-path /Applications/Xcode-27.0.0-Release.Candidate.app/Contents/Developer/Toolchains/XcodeDefault.xctoolchain/usr/lib/swift/host/libSwiftInProcPluginServer.dylib -parse-as-library -o /Users/admin/builder/spi-builder-workspace/.derivedData/Build/Intermediates.noindex/AppStoreManager.build/Debug-watchos/AppStoreManager-t.build/Objects-normal/arm64/StoreManager.o -debug-module-path /Users/admin/builder/spi-builder-workspace/.derivedData/Build/Intermediates.noindex/AppStoreManager.build/Debug-watchos/AppStoreManager-t.build/Objects-normal/arm64/AppStoreManager.swiftmodule -index-unit-output-path /AppStoreManager.build/Debug-watchos/AppStoreManager-t.build/Objects-normal/arm64/StoreManager.o -index-store-path /Users/admin/builder/spi-builder-workspace/.derivedData/Index.noindex/DataStore -index-system-modules
1.	Apple Swift version 6.4 (swiftlang-6.4.0.34.1 clang-2100.3.34.1)
2.	Compiling with the current language version
3.	While evaluating request TypeCheckPrimaryFileRequest(source_file "/Users/admin/builder/spi-builder-workspace/Sources/AppStoreManager/StoreManager.swift")
4.	While evaluating request TypeCheckFunctionBodyRequest(AppStoreManager.(file).StoreManager.listenForPromotedPurchases()@/Users/admin/builder/spi-builder-workspace/Sources/AppStoreManager/StoreManager.swift:238:17)
5.	While evaluating request DesugarForEachStmtRequest(ForEach)
6.	Assertion failed: (Range.hasLowerEndpoint()), function getVersionString at AvailabilityRange.h:337.
| 	(to display assertion configuration options: -Xllvm -assert-help)
Stack dump without symbol names (ensure you have llvm-symbolizer in your PATH or set the environment var `LLVM_SYMBOLIZER_PATH` to point to it):
0  swift-frontend           0x00000001094d7bd0
llvm::sys::PrintStackTrace(llvm::raw_ostream&, int) + 56
1  swift-frontend           0x00000001094d5358 llvm::sys::RunSignalHandlers() + 172
2  swift-frontend           0x00000001094d81c8 SignalHandler(int, __siginfo*, void*) + 360
3  libsystem_platform.dylib 0x0000000182349744 _sigtramp + 56
4  libsystem_pthread.dylib  0x000000018233f8d8 pthread_kill + 296
5  libsystem_c.dylib        0x0000000182245978 abort + 148
6  swift-frontend           0x0000000104c86bc4 _ABORT(char const*, int, char const*, llvm::function_ref<void (llvm::raw_ostream&)>) + 0
7  swift-frontend           0x0000000104c86b80 _abortWithMessage(llvm::StringRef) + 0
8  swift-frontend           0x00000001045d9a5c (anonymous namespace)::DesugarForEachStmt::emitDiagnosticsForUnavailableConformance(swift::Type, swift::AvailabilityConstraint) + 1268
9  swift-frontend           0x00000001045d0a40 swift::DesugarForEachStmtRequest::evaluate(swift::Evaluator&, swift::ForEachStmt*) const + 456
10 swift-frontend           0x0000000104c185a8 swift::DesugarForEachStmtRequest::OutputType swift::Evaluator::getResultUncached<swift::DesugarForEachStmtRequest, swift::DesugarForEachStmtRequest::OutputType swift::evaluateOrDefault<swift::DesugarForEachStmtRequest>(swift::Evaluator&, swift::DesugarForEachStmtRequest, swift::DesugarForEachStmtRequest::OutputType)::'lambda'()>(swift::DesugarForEachStmtRequest const&, swift::DesugarForEachStmtRequest::OutputType swift::evaluateOrDefault<swift::DesugarForEachStmtRequest>(swift::Evaluator&, swift::DesugarForEachStmtRequest, swift::DesugarForEachStmtRequest::OutputType)::'lambda'()) + 656
11 swift-frontend           0x00000001045d4dec (anonymous namespace)::ContextualizationWalker::walkToStmtPre(swift::Stmt*) + 340
12 swift-frontend           0x00000001048d3034 (anonymous namespace)::Traversal::visit(swift::Stmt*) + 2732
13 swift-frontend           0x000000010485b0ec swift::ASTNode::walk(swift::ASTWalker&) + 288
14 swift-frontend           0x00000001045d4ab0 (anonymous namespace)::ContextualizationWalker::walkToExprPre(swift::Expr*) + 144
15 swift-frontend           0x00000001048cff54 (anonymous namespace)::Traversal::visitDynamicMemberRefExpr(swift::DynamicMemberRefExpr*) + 48
16 swift-frontend           0x00000001048cfb88 (anonymous namespace)::Traversal::visit(swift::Expr*) + 1180
17 swift-frontend           0x00000001048d57f4 (anonymous namespace)::Traversal::visit(swift::ArgumentList*) + 260
18 swift-frontend           0x00000001048d2188 (anonymous namespace)::Traversal::visitApplyExpr(swift::ApplyExpr*) + 196
19 swift-frontend           0x00000001048cf740 (anonymous namespace)::Traversal::visit(swift::Expr*) + 84
20 swift-frontend           0x00000001048d2d6c (anonymous namespace)::Traversal::visit(swift::Stmt*) + 2020
21 swift-frontend           0x00000001048d305c (anonymous namespace)::Traversal::visit(swift::Stmt*) + 2772
22 swift-frontend           0x000000010485b0ec swift::ASTNode::walk(swift::ASTWalker&) + 288
23 swift-frontend           0x00000001045cebe4 swift::TypeCheckFunctionBodyRequest::evaluate(swift::Evaluator&, swift::AbstractFunctionDecl*) const + 2368
24 swift-frontend           0x0000000104a46838 swift::TypeCheckFunctionBodyRequest::OutputType swift::Evaluator::getResultUncached<swift::TypeCheckFunctionBodyRequest, swift::TypeCheckFunctionBodyRequest::OutputType swift::evaluateOrDefault<swift::TypeCheckFunctionBodyRequest>(swift::Evaluator&, swift::TypeCheckFunctionBodyRequest, swift::TypeCheckFunctionBodyRequest::OutputType)::'lambda'()>(swift::TypeCheckFunctionBodyRequest const&, swift::TypeCheckFunctionBodyRequest::OutputType swift::evaluateOrDefault<swift::TypeCheckFunctionBodyRequest>(swift::Evaluator&, swift::TypeCheckFunctionBodyRequest, swift::TypeCheckFunctionBodyRequest::OutputType)::'lambda'()) + 680
25 swift-frontend           0x0000000104a46474 swift::TypeCheckFunctionBodyRequest::OutputType swift::Evaluator::getResultCached<swift::TypeCheckFunctionBodyRequest, swift::TypeCheckFunctionBodyRequest::OutputType swift::evaluateOrDefault<swift::TypeCheckFunctionBodyRequest>(swift::Evaluator&, swift::TypeCheckFunctionBodyRequest, swift::TypeCheckFunctionBodyRequest::OutputType)::'lambda'(), (void*)0>(swift::TypeCheckFunctionBodyRequest const&, swift::TypeCheckFunctionBodyRequest::OutputType swift::evaluateOrDefault<swift::TypeCheckFunctionBodyRequest>(swift::Evaluator&, swift::TypeCheckFunctionBodyRequest, swift::TypeCheckFunctionBodyRequest::OutputType)::'lambda'()) + 76
26 swift-frontend           0x0000000104b0b70c swift::SourceFile::typeCheckDelayedFunctions() + 72
27 swift-frontend           0x000000010462a444 swift::TypeCheckPrimaryFileRequest::evaluate(swift::Evaluator&, swift::SourceFile*) const + 1248
28 swift-frontend           0x0000000104633244 swift::TypeCheckPrimaryFileRequest::OutputType swift::Evaluator::getResultUncached<swift::TypeCheckPrimaryFileRequest, swift::TypeCheckPrimaryFileRequest::OutputType swift::evaluateOrDefault<swift::TypeCheckPrimaryFileRequest>(swift::Evaluator&, swift::TypeCheckPrimaryFileRequest, swift::TypeCheckPrimaryFileRequest::OutputType)::'lambda'()>(swift::TypeCheckPrimaryFileRequest const&, swift::TypeCheckPrimaryFileRequest::OutputType swift::evaluateOrDefault<swift::TypeCheckPrimaryFileRequest>(swift::Evaluator&, swift::TypeCheckPrimaryFileRequest, swift::TypeCheckPrimaryFileRequest::OutputType)::'lambda'()) + 648
29 swift-frontend           0x0000000104632fa8 swift::TypeCheckPrimaryFileRequest::OutputType swift::Evaluator::getResultCached<swift::TypeCheckPrimaryFileRequest, swift::TypeCheckPrimaryFileRequest::OutputType swift::evaluateOrDefault<swift::TypeCheckPrimaryFileRequest>(swift::Evaluator&, swift::TypeCheckPrimaryFileRequest, swift::TypeCheckPrimaryFileRequest::OutputType)::'lambda'(), (void*)0>(swift::TypeCheckPrimaryFileRequest const&, swift::TypeCheckPrimaryFileRequest::OutputType swift::evaluateOrDefault<swift::TypeCheckPrimaryFileRequest>(swift::Evaluator&, swift::TypeCheckPrimaryFileRequest, swift::TypeCheckPrimaryFileRequest::OutputType)::'lambda'()) + 184
30 swift-frontend           0x000000010342c1a4 bool llvm::function_ref<bool (swift::SourceFile&)>::callback_fn<swift::CompilerInstance::performSema()::$_0>(long, swift::SourceFile&) + 116
31 swift-frontend           0x000000010342511c swift::CompilerInstance::forEachFileToTypeCheck(llvm::function_ref<bool (swift::SourceFile&)>) + 176
32 swift-frontend           0x000000010342503c swift::CompilerInstance::performSema() + 456
33 swift-frontend           0x0000000102fec918 performCompile(swift::CompilerInstance&, int&, swift::FrontendObserver*, llvm::ArrayRef<char const*>) + 556
34 swift-frontend           0x0000000102fe9dc4 swift::performFrontend(llvm::ArrayRef<char const*>, char const*, void*, swift::FrontendObserver*) + 3776
35 swift-frontend           0x0000000102f69008 swift::mainEntry(int, char const**) + 5600
36 dyld                     0x0000000181f744e4 start + 6992
Failed frontend command:
SwiftCompile normal arm64 /Users/admin/builder/spi-builder-workspace/Sources/AppStoreManager/StoreManager.swift (in target 'AppStoreManager' from project 'AppStoreManager')
    cd /Users/admin/builder/spi-builder-workspace/.swiftpm/xcode
    builtin-SwiftPerFileCompile StoreManager.swift
/Users/admin/builder/spi-builder-workspace/.derivedData/Build/Intermediates.noindex/AppStoreManager.build/Debug-watchos/AppStoreManager-t.build/Objects-normal/arm64/StoreManager.dia:1:1: warning: Could not read serialized diagnostics file: Error Domain=NSCocoaErrorDomain Code=260 "The file “StoreManager.dia” couldn’t be opened because there is no such file." UserInfo={NSFilePath=/Users/admin/builder/spi-builder-workspace/.derivedData/Build/Intermediates.noindex/AppStoreManager.build/Debug-watchos/AppStoreManager-t.build/Objects-normal/arm64/StoreManager.dia, NSURL=file:///Users/admin/builder/spi-builder-workspace/.derivedData/Build/Intermediates.noindex/AppStoreManager.build/Debug-watchos/AppStoreManager-t.build/Objects-normal/arm64/StoreManager.dia, NSUnderlyingError=0x7d6c32550 {Error Domain=NSPOSIXErrorDomain Code=2 "No such file or directory"}} (in target 'AppStoreManager' from project 'AppStoreManager')
/Applications/Xcode-27.0.0-Release.Candidate.app/Contents/Developer/Toolchains/XcodeDefault.xctoolchain/usr/bin/swift-frontend -frontend -c /Users/admin/builder/spi-builder-workspace/.derivedData/Build/Intermediates.noindex/AppStoreManager.build/Debug-watchos/AppStoreManager-t.build/DerivedSources/resource_bundle_accessor.swift /Users/admin/builder/spi-builder-workspace/Sources/AppStoreManager/StoreError.swift -primary-file /Users/admin/builder/spi-builder-workspace/Sources/AppStoreManager/StoreManager.swift /Users/admin/builder/spi-builder-workspace/Sources/AppStoreManager/VaultProduct.swift /Users/admin/builder/spi-builder-workspace/Sources/AppStoreManager/VersionHistory.swift -emit-dependencies-path /Users/admin/builder/spi-builder-workspace/.derivedData/Build/Intermediates.noindex/AppStoreManager.build/Debug-watchos/AppStoreManager-t.build/Objects-normal/arm64/StoreManager.d -emit-const-values-path /Users/admin/builder/spi-builder-workspace/.derivedData/Build/Intermediates.noindex/AppStoreManager.build/Debug-watchos/AppStoreManager-t.build/Objects-normal/arm64/StoreManager.swiftconstvalues -emit-reference-dependencies-path /Users/admin/builder/spi-builder-workspace/.derivedData/Build/Intermediates.noindex/AppStoreManager.build/Debug-watchos/AppStoreManager-t.build/Objects-normal/arm64/StoreManager.swiftdeps -serialize-diagnostics-path /Users/admin/builder/spi-builder-workspace/.derivedData/Build/Intermediates.noindex/AppStoreManager.build/Debug-watchos/AppStoreManager-t.build/Objects-normal/arm64/StoreManager.dia -target arm64-apple-watchos26.0 -disable-cross-import-overlay-search -swift-module-cross-import StoreKit /Applications/Xcode-27.0.0-Release.Candidate.app/Contents/Developer/Platforms/WatchOS.platform/Developer/SDKs/WatchOS.sdk/System/Library/Frameworks/StoreKit.framework/Modules/StoreKit.swiftcrossimport/SwiftUI.swiftoverlay -swift-module-cross-import StoreKit /Applications/Xcode-27.0.0-Release.Candidate.app/Contents/Developer/Platforms/WatchOS.platform/Developer/SDKs/WatchOS27.0.sdk/System/Library/Frameworks/StoreKit.framework/Modules/StoreKit.swiftcrossimport/SwiftUI.swiftoverlay -load-resolved-plugin /Applications/Xcode-27.0.0-Release.Candidate.app/Contents/Developer/Platforms/WatchOS.platform/Developer/usr/lib/swift/host/plugins/libFoundationMacros.dylib\#/Applications/Xcode-27.0.0-Release.Candidate.app/Contents/Developer/Platforms/WatchOS.platform/Developer/usr/bin/swift-plugin-server\#FoundationMacros -load-resolved-plugin /Applications/Xcode-27.0.0-Release.Candidate.app/Contents/Developer/Platforms/WatchOS.platform/Developer/usr/lib/swift/host/plugins/libObservationMacros.dylib\#/Applications/Xcode-27.0.0-Release.Candidate.app/Contents/Developer/Platforms/WatchOS.platform/Developer/usr/bin/swift-plugin-server\#ObservationMacros -load-resolved-plugin /Applications/Xcode-27.0.0-Release.Candidate.app/Contents/Developer/Platforms/WatchOS.platform/Developer/usr/lib/swift/host/plugins/libPreviewsMacros.dylib\#/Applications/Xcode-27.0.0-Release.Candidate.app/Contents/Developer/Platforms/WatchOS.platform/Developer/usr/bin/swift-plugin-server\#PreviewsMacros -load-resolved-plugin /Applications/Xcode-27.0.0-Release.Candidate.app/Contents/Developer/Platforms/WatchOS.platform/Developer/usr/lib/swift/host/plugins/libSwiftMacros.dylib\#/Applications/Xcode-27.0.0-Release.Candidate.app/Contents/Developer/Platforms/WatchOS.platform/Developer/usr/bin/swift-plugin-server\#SwiftMacros -load-resolved-plugin /Applications/Xcode-27.0.0-Release.Candidate.app/Contents/Developer/Platforms/WatchOS.platform/Developer/usr/lib/swift/host/plugins/libSwiftUIMacros.dylib\#/Applications/Xcode-27.0.0-Release.Candidate.app/Contents/Developer/Platforms/WatchOS.platform/Developer/usr/bin/swift-plugin-server\#SwiftUIMacros -disable-implicit-swift-modules -Xcc -fno-implicit-modules -Xcc -fno-implicit-module-maps -explicit-swift-module-map-file /Users/admin/builder/spi-builder-workspace/.derivedData/Build/Intermediates.noindex/AppStoreManager.build/Debug-watchos/AppStoreManager-t.build/Objects-normal/arm64/AppStoreManager-dependencies-1.json -Xllvm -aarch64-use-tbi -enable-objc-interop -stack-check -sdk /Applications/Xcode-27.0.0-Release.Candidate.app/Contents/Developer/Platforms/WatchOS.platform/Developer/SDKs/WatchOS27.0.sdk -I /Users/admin/builder/spi-builder-workspace/.derivedData/Build/Products/Debug-watchos -Isystem /Applications/Xcode-27.0.0-Release.Candidate.app/Contents/Developer/Platforms/WatchOS.platform/Developer/usr/lib -F /Users/admin/builder/spi-builder-workspace/.derivedData/Build/Products/Debug-watchos/PackageFrameworks -F /Users/admin/builder/spi-builder-workspace/.derivedData/Build/Products/Debug-watchos -F /Applications/Xcode-27.0.0-Release.Candidate.app/Contents/Developer/Platforms/WatchOS.platform/Developer/Library/Frameworks -F /Applications/Xcode-27.0.0-Release.Candidate.app/Contents/Developer/Platforms/WatchOS.platform/Developer/SDKs/WatchOS27.0.sdk/Developer/Library/Frameworks -module-cache-path /Users/admin/builder/spi-builder-workspace/.derivedData/Build/Intermediates.noindex/SwiftExplicitPrecompiledModules -no-color-diagnostics -Xcc -fno-color-diagnostics -enable-testing -g -debug-info-format\=dwarf -dwarf-version\=5 -profile-generate -profile-coverage-mapping -swift-version 6 -Onone -D SWIFT_PACKAGE -D DEBUG -D SWIFT_MODULE_RESOURCE_BUNDLE_AVAILABLE -D Xcode -serialize-debugging-options -enable-experimental-feature DebugDescriptionMacro -empty-abi-descriptor -validate-clang-modules-once -clang-build-session-file /Users/admin/builder/spi-builder-workspace/.derivedData/ModuleCache.noindex/Session.modulevalidation -Xcc -working-directory -Xcc /Users/admin/builder/spi-builder-workspace/.swiftpm/xcode -enable-anonymous-context-mangled-names -file-compilation-dir /Users/admin/builder/spi-builder-workspace/.swiftpm/xcode -Xcc -D_LIBCPP_HARDENING_MODE\=_LIBCPP_HARDENING_MODE_DEBUG -Xcc -ivfsstatcache -Xcc /Users/admin/builder/spi-builder-workspace/.derivedData/SDKStatCaches.noindex/watchos27.0-24R360-e829b21a6f8c9b70876ba0858053c04477534ef55a1706bf4c1112bbb242f0a2.sdkstatcache -Xcc -fmodules-prune-interval\=86400 -Xcc -fmodules-prune-after\=345600 -Xcc -I/Users/admin/builder/spi-builder-workspace/.derivedData/Build/Products/Debug-watchos/include -Xcc -I/Users/admin/builder/spi-builder-workspace/.derivedData/Build/Intermediates.noindex/AppStoreManager.build/Debug-watchos/AppStoreManager-t.build/DerivedSources-normal/arm64 -Xcc -I/Users/admin/builder/spi-builder-workspace/.derivedData/Build/Intermediates.noindex/AppStoreManager.build/Debug-watchos/AppStoreManager-t.build/DerivedSources/arm64 -Xcc -I/Users/admin/builder/spi-builder-workspace/.derivedData/Build/Intermediates.noindex/AppStoreManager.build/Debug-watchos/AppStoreManager-t.build/DerivedSources -Xcc -DSWIFT_PACKAGE -Xcc -DDEBUG\=1 -no-auto-bridging-header-chaining -module-name AppStoreManager -package-name spi_builder_workspace -const-gather-protocols-file /Users/admin/builder/spi-builder-workspace/.derivedData/Build/Intermediates.noindex/AppStoreManager.build/Debug-watchos/AppStoreManager-t.build/Objects-normal/arm64/AppStoreManager_const_extract_protocols.json -disable-clang-spi -clang-target arm64-apple-watchos27.0 -target-sdk-version 27.0 -target-sdk-name watchos27.0 -in-process-plugin-server-path /Applications/Xcode-27.0.0-Release.Candidate.app/Contents/Developer/Toolchains/XcodeDefault.xctoolchain/usr/lib/swift/host/libSwiftInProcPluginServer.dylib -parse-as-library -o /Users/admin/builder/spi-builder-workspace/.derivedData/Build/Intermediates.noindex/AppStoreManager.build/Debug-watchos/AppStoreManager-t.build/Objects-normal/arm64/StoreManager.o -debug-module-path /Users/admin/builder/spi-builder-workspace/.derivedData/Build/Intermediates.noindex/AppStoreManager.build/Debug-watchos/AppStoreManager-t.build/Objects-normal/arm64/AppStoreManager.swiftmodule -index-unit-output-path /AppStoreManager.build/Debug-watchos/AppStoreManager-t.build/Objects-normal/arm64/StoreManager.o -index-store-path /Users/admin/builder/spi-builder-workspace/.derivedData/Index.noindex/DataStore -index-system-modules
Command SwiftCompile failed with a nonzero exit code
SwiftCompile normal arm64_32 Compiling\ VaultProduct.swift /Users/admin/builder/spi-builder-workspace/Sources/AppStoreManager/VaultProduct.swift (in target 'AppStoreManager' from project 'AppStoreManager')
SwiftCompile normal arm64_32 /Users/admin/builder/spi-builder-workspace/Sources/AppStoreManager/VaultProduct.swift (in target 'AppStoreManager' from project 'AppStoreManager')
    cd /Users/admin/builder/spi-builder-workspace/.swiftpm/xcode
    builtin-SwiftPerFileCompile VaultProduct.swift
SwiftEmitModule normal arm64_32 Emitting\ module\ for\ AppStoreManager (in target 'AppStoreManager' from project 'AppStoreManager')
SwiftCompile normal arm64_32 (in target 'AppStoreManager' from project 'AppStoreManager')
    cd /Users/admin/builder/spi-builder-workspace/.swiftpm/xcode

SwiftCompile normal arm64_32 Compiling\ StoreError.swift /Users/admin/builder/spi-builder-workspace/Sources/AppStoreManager/StoreError.swift (in target 'AppStoreManager' from project 'AppStoreManager')
SwiftCompile normal arm64_32 /Users/admin/builder/spi-builder-workspace/Sources/AppStoreManager/StoreError.swift (in target 'AppStoreManager' from project 'AppStoreManager')
    cd /Users/admin/builder/spi-builder-workspace/.swiftpm/xcode
    builtin-SwiftPerFileCompile StoreError.swift
SwiftCompile normal arm64_32 Compiling\ StoreManager.swift /Users/admin/builder/spi-builder-workspace/Sources/AppStoreManager/StoreManager.swift (in target 'AppStoreManager' from project 'AppStoreManager')
/Users/admin/builder/spi-builder-workspace/Sources/AppStoreManager/StoreManager.swift:240:41: error: 'PurchaseIntent' is unavailable in watchOS
238 |     public func listenForPromotedPurchases() -> Task<Void, Error> {
239 |         return Task.detached {
240 |             for await purchaseIntent in PurchaseIntent.intents {
    |                                         `- error: 'PurchaseIntent' is unavailable in watchOS
241 |                 // Complete the purchase workflow.
242 |                 do {
StoreKit.PurchaseIntent:5:15: note: 'PurchaseIntent' has been explicitly marked unavailable here
 3 | @available(watchOS, unavailable)
 4 | @available(visionOS, unavailable)
 5 | public struct PurchaseIntent : Equatable, Sendable {
   |               `- note: 'PurchaseIntent' has been explicitly marked unavailable here
 6 |     public let product: Product
 7 |     @available(iOS 18.0, macOS 15.0, *)
Assertion failed: (Range.hasLowerEndpoint()), function getVersionString at AvailabilityRange.h:337.
(to display assertion configuration options: -Xllvm -assert-help)
Please submit a bug report (https://swift.org/contributing/#reporting-bugs) and include the crash backtrace.
Stack dump:
0.	Program arguments: /Applications/Xcode-27.0.0-Release.Candidate.app/Contents/Developer/Toolchains/XcodeDefault.xctoolchain/usr/bin/swift-frontend -frontend -c /Users/admin/builder/spi-builder-workspace/.derivedData/Build/Intermediates.noindex/AppStoreManager.build/Debug-watchos/AppStoreManager-t.build/DerivedSources/resource_bundle_accessor.swift /Users/admin/builder/spi-builder-workspace/Sources/AppStoreManager/StoreError.swift -primary-file /Users/admin/builder/spi-builder-workspace/Sources/AppStoreManager/StoreManager.swift /Users/admin/builder/spi-builder-workspace/Sources/AppStoreManager/VaultProduct.swift /Users/admin/builder/spi-builder-workspace/Sources/AppStoreManager/VersionHistory.swift -emit-dependencies-path /Users/admin/builder/spi-builder-workspace/.derivedData/Build/Intermediates.noindex/AppStoreManager.build/Debug-watchos/AppStoreManager-t.build/Objects-normal/arm64_32/StoreManager.d -emit-const-values-path /Users/admin/builder/spi-builder-workspace/.derivedData/Build/Intermediates.noindex/AppStoreManager.build/Debug-watchos/AppStoreManager-t.build/Objects-normal/arm64_32/StoreManager.swiftconstvalues -emit-reference-dependencies-path /Users/admin/builder/spi-builder-workspace/.derivedData/Build/Intermediates.noindex/AppStoreManager.build/Debug-watchos/AppStoreManager-t.build/Objects-normal/arm64_32/StoreManager.swiftdeps -serialize-diagnostics-path /Users/admin/builder/spi-builder-workspace/.derivedData/Build/Intermediates.noindex/AppStoreManager.build/Debug-watchos/AppStoreManager-t.build/Objects-normal/arm64_32/StoreManager.dia -target arm64_32-apple-watchos26.0 -disable-cross-import-overlay-search -swift-module-cross-import StoreKit /Applications/Xcode-27.0.0-Release.Candidate.app/Contents/Developer/Platforms/WatchOS.platform/Developer/SDKs/WatchOS.sdk/System/Library/Frameworks/StoreKit.framework/Modules/StoreKit.swiftcrossimport/SwiftUI.swiftoverlay -swift-module-cross-import StoreKit /Applications/Xcode-27.0.0-Release.Candidate.app/Contents/Developer/Platforms/WatchOS.platform/Developer/SDKs/WatchOS27.0.sdk/System/Library/Frameworks/StoreKit.framework/Modules/StoreKit.swiftcrossimport/SwiftUI.swiftoverlay -load-resolved-plugin /Applications/Xcode-27.0.0-Release.Candidate.app/Contents/Developer/Platforms/WatchOS.platform/Developer/usr/lib/swift/host/plugins/libFoundationMacros.dylib#/Applications/Xcode-27.0.0-Release.Candidate.app/Contents/Developer/Platforms/WatchOS.platform/Developer/usr/bin/swift-plugin-server#FoundationMacros -load-resolved-plugin /Applications/Xcode-27.0.0-Release.Candidate.app/Contents/Developer/Platforms/WatchOS.platform/Developer/usr/lib/swift/host/plugins/libObservationMacros.dylib#/Applications/Xcode-27.0.0-Release.Candidate.app/Contents/Developer/Platforms/WatchOS.platform/Developer/usr/bin/swift-plugin-server#ObservationMacros -load-resolved-plugin /Applications/Xcode-27.0.0-Release.Candidate.app/Contents/Developer/Platforms/WatchOS.platform/Developer/usr/lib/swift/host/plugins/libPreviewsMacros.dylib#/Applications/Xcode-27.0.0-Release.Candidate.app/Contents/Developer/Platforms/WatchOS.platform/Developer/usr/bin/swift-plugin-server#PreviewsMacros -load-resolved-plugin /Applications/Xcode-27.0.0-Release.Candidate.app/Contents/Developer/Platforms/WatchOS.platform/Developer/usr/lib/swift/host/plugins/libSwiftMacros.dylib#/Applications/Xcode-27.0.0-Release.Candidate.app/Contents/Developer/Platforms/WatchOS.platform/Developer/usr/bin/swift-plugin-server#SwiftMacros -load-resolved-plugin /Applications/Xcode-27.0.0-Release.Candidate.app/Contents/Developer/Platforms/WatchOS.platform/Developer/usr/lib/swift/host/plugins/libSwiftUIMacros.dylib#/Applications/Xcode-27.0.0-Release.Candidate.app/Contents/Developer/Platforms/WatchOS.platform/Developer/usr/bin/swift-plugin-server#SwiftUIMacros -disable-implicit-swift-modules -Xcc -fno-implicit-modules -Xcc -fno-implicit-module-maps -explicit-swift-module-map-file /Users/admin/builder/spi-builder-workspace/.derivedData/Build/Intermediates.noindex/AppStoreManager.build/Debug-watchos/AppStoreManager-t.build/Objects-normal/arm64_32/AppStoreManager-dependencies-2.json -enable-objc-interop -sdk /Applications/Xcode-27.0.0-Release.Candidate.app/Contents/Developer/Platforms/WatchOS.platform/Developer/SDKs/WatchOS27.0.sdk -I /Users/admin/builder/spi-builder-workspace/.derivedData/Build/Products/Debug-watchos -Isystem /Applications/Xcode-27.0.0-Release.Candidate.app/Contents/Developer/Platforms/WatchOS.platform/Developer/usr/lib -F /Users/admin/builder/spi-builder-workspace/.derivedData/Build/Products/Debug-watchos/PackageFrameworks -F /Users/admin/builder/spi-builder-workspace/.derivedData/Build/Products/Debug-watchos -F /Applications/Xcode-27.0.0-Release.Candidate.app/Contents/Developer/Platforms/WatchOS.platform/Developer/Library/Frameworks -F /Applications/Xcode-27.0.0-Release.Candidate.app/Contents/Developer/Platforms/WatchOS.platform/Developer/SDKs/WatchOS27.0.sdk/Developer/Library/Frameworks -module-cache-path /Users/admin/builder/spi-builder-workspace/.derivedData/Build/Intermediates.noindex/SwiftExplicitPrecompiledModules -no-color-diagnostics -Xcc -fno-color-diagnostics -enable-testing -g -debug-info-format=dwarf -dwarf-version=5 -profile-generate -profile-coverage-mapping -swift-version 6 -Onone -D SWIFT_PACKAGE -D DEBUG -D SWIFT_MODULE_RESOURCE_BUNDLE_AVAILABLE -D Xcode -serialize-debugging-options -enable-experimental-feature DebugDescriptionMacro -empty-abi-descriptor -validate-clang-modules-once -clang-build-session-file /Users/admin/builder/spi-builder-workspace/.derivedData/ModuleCache.noindex/Session.modulevalidation -Xcc -working-directory -Xcc /Users/admin/builder/spi-builder-workspace/.swiftpm/xcode -enable-anonymous-context-mangled-names -file-compilation-dir /Users/admin/builder/spi-builder-workspace/.swiftpm/xcode -Xcc -D_LIBCPP_HARDENING_MODE=_LIBCPP_HARDENING_MODE_DEBUG -Xcc -ivfsstatcache -Xcc /Users/admin/builder/spi-builder-workspace/.derivedData/SDKStatCaches.noindex/watchos27.0-24R360-e829b21a6f8c9b70876ba0858053c04477534ef55a1706bf4c1112bbb242f0a2.sdkstatcache -Xcc -fmodules-prune-interval=86400 -Xcc -fmodules-prune-after=345600 -Xcc -I/Users/admin/builder/spi-builder-workspace/.derivedData/Build/Products/Debug-watchos/include -Xcc -I/Users/admin/builder/spi-builder-workspace/.derivedData/Build/Intermediates.noindex/AppStoreManager.build/Debug-watchos/AppStoreManager-t.build/DerivedSources-normal/arm64_32 -Xcc -I/Users/admin/builder/spi-builder-workspace/.derivedData/Build/Intermediates.noindex/AppStoreManager.build/Debug-watchos/AppStoreManager-t.build/DerivedSources/arm64_32 -Xcc -I/Users/admin/builder/spi-builder-workspace/.derivedData/Build/Intermediates.noindex/AppStoreManager.build/Debug-watchos/AppStoreManager-t.build/DerivedSources -Xcc -DSWIFT_PACKAGE -Xcc -DDEBUG=1 -no-auto-bridging-header-chaining -module-name AppStoreManager -package-name spi_builder_workspace -const-gather-protocols-file /Users/admin/builder/spi-builder-workspace/.derivedData/Build/Intermediates.noindex/AppStoreManager.build/Debug-watchos/AppStoreManager-t.build/Objects-normal/arm64_32/AppStoreManager_const_extract_protocols.json -disable-clang-spi -clang-target arm64_32-apple-watchos27.0 -target-sdk-version 27.0 -target-sdk-name watchos27.0 -in-process-plugin-server-path /Applications/Xcode-27.0.0-Release.Candidate.app/Contents/Developer/Toolchains/XcodeDefault.xctoolchain/usr/lib/swift/host/libSwiftInProcPluginServer.dylib -parse-as-library -o /Users/admin/builder/spi-builder-workspace/.derivedData/Build/Intermediates.noindex/AppStoreManager.build/Debug-watchos/AppStoreManager-t.build/Objects-normal/arm64_32/StoreManager.o -debug-module-path /Users/admin/builder/spi-builder-workspace/.derivedData/Build/Intermediates.noindex/AppStoreManager.build/Debug-watchos/AppStoreManager-t.build/Objects-normal/arm64_32/AppStoreManager.swiftmodule -index-unit-output-path /AppStoreManager.build/Debug-watchos/AppStoreManager-t.build/Objects-normal/arm64_32/StoreManager.o -index-store-path /Users/admin/builder/spi-builder-workspace/.derivedData/Index.noindex/DataStore -index-system-modules
1.	Apple Swift version 6.4 (swiftlang-6.4.0.34.1 clang-2100.3.34.1)
2.	Compiling with the current language version
3.	While evaluating request TypeCheckPrimaryFileRequest(source_file "/Users/admin/builder/spi-builder-workspace/Sources/AppStoreManager/StoreManager.swift")
4.	While evaluating request TypeCheckFunctionBodyRequest(AppStoreManager.(file).StoreManager.listenForPromotedPurchases()@/Users/admin/builder/spi-builder-workspace/Sources/AppStoreManager/StoreManager.swift:238:17)
5.	While evaluating request DesugarForEachStmtRequest(ForEach)
6.	Assertion failed: (Range.hasLowerEndpoint()), function getVersionString at AvailabilityRange.h:337.
| 	(to display assertion configuration options: -Xllvm -assert-help)
Stack dump without symbol names (ensure you have llvm-symbolizer in your PATH or set the environment var `LLVM_SYMBOLIZER_PATH` to point to it):
0  swift-frontend           0x000000010ab8fbd0 llvm::sys::PrintStackTrace(llvm::raw_ostream&, int) + 56
1  swift-frontend           0x000000010ab8d358 llvm::sys::RunSignalHandlers() + 172
2  swift-frontend           0x000000010ab901c8 SignalHandler(int, __siginfo*, void*) + 360
3  libsystem_platform.dylib 0x0000000182349744 _sigtramp + 56
4  libsystem_pthread.dylib  0x000000018233f8d8 pthread_kill + 296
5  libsystem_c.dylib        0x0000000182245978 abort + 148
6  swift-frontend           0x000000010633ebc4 _ABORT(char const*, int, char const*, llvm::function_ref<void (llvm::raw_ostream&)>) + 0
7  swift-frontend           0x000000010633eb80 _abortWithMessage(llvm::StringRef) + 0
8  swift-frontend           0x0000000105c91a5c (anonymous namespace)::DesugarForEachStmt::emitDiagnosticsForUnavailableConformance(swift::Type, swift::AvailabilityConstraint) + 1268
9  swift-frontend           0x0000000105c88a40 swift::DesugarForEachStmtRequest::evaluate(swift::Evaluator&, swift::ForEachStmt*) const + 456
10 swift-frontend           0x00000001062d05a8 swift::DesugarForEachStmtRequest::OutputType swift::Evaluator::getResultUncached<swift::DesugarForEachStmtRequest, swift::DesugarForEachStmtRequest::OutputType swift::evaluateOrDefault<swift::DesugarForEachStmtRequest>(swift::Evaluator&, swift::DesugarForEachStmtRequest, swift::DesugarForEachStmtRequest::OutputType)::'lambda'()>(swift::DesugarForEachStmtRequest const&, swift::DesugarForEachStmtRequest::OutputType swift::evaluateOrDefault<swift::DesugarForEachStmtRequest>(swift::Evaluator&, swift::DesugarForEachStmtRequest, swift::DesugarForEachStmtRequest::OutputType)::'lambda'()) + 656
11 swift-frontend           0x0000000105c8cdec (anonymous namespace)::ContextualizationWalker::walkToStmtPre(swift::Stmt*) + 340
12 swift-frontend           0x0000000105f8b034 (anonymous namespace)::Traversal::visit(swift::Stmt*) + 2732
13 swift-frontend           0x0000000105f130ec swift::ASTNode::walk(swift::ASTWalker&) + 288
14 swift-frontend           0x0000000105c8cab0 (anonymous namespace)::ContextualizationWalker::walkToExprPre(swift::Expr*) + 144
15 swift-frontend           0x0000000105f87f54 (anonymous namespace)::Traversal::visitDynamicMemberRefExpr(swift::DynamicMemberRefExpr*) + 48
16 swift-frontend           0x0000000105f87b88 (anonymous namespace)::Traversal::visit(swift::Expr*) + 1180
17 swift-frontend           0x0000000105f8d7f4 (anonymous namespace)::Traversal::visit(swift::ArgumentList*) + 260
18 swift-frontend           0x0000000105f8a188 (anonymous namespace)::Traversal::visitApplyExpr(swift::ApplyExpr*) + 196
19 swift-frontend           0x0000000105f87740 (anonymous namespace)::Traversal::visit(swift::Expr*) + 84
20 swift-frontend           0x0000000105f8ad6c (anonymous namespace)::Traversal::visit(swift::Stmt*) + 2020
21 swift-frontend           0x0000000105f8b05c (anonymous namespace)::Traversal::visit(swift::Stmt*) + 2772
22 swift-frontend           0x0000000105f130ec swift::ASTNode::walk(swift::ASTWalker&) + 288
23 swift-frontend           0x0000000105c86be4 swift::TypeCheckFunctionBodyRequest::evaluate(swift::Evaluator&, swift::AbstractFunctionDecl*) const + 2368
24 swift-frontend           0x00000001060fe838 swift::TypeCheckFunctionBodyRequest::OutputType swift::Evaluator::getResultUncached<swift::TypeCheckFunctionBodyRequest, swift::TypeCheckFunctionBodyRequest::OutputType swift::evaluateOrDefault<swift::TypeCheckFunctionBodyRequest>(swift::Evaluator&, swift::TypeCheckFunctionBodyRequest, swift::TypeCheckFunctionBodyRequest::OutputType)::'lambda'()>(swift::TypeCheckFunctionBodyRequest const&, swift::TypeCheckFunctionBodyRequest::OutputType swift::evaluateOrDefault<swift::TypeCheckFunctionBodyRequest>(swift::Evaluator&, swift::TypeCheckFunctionBodyRequest, swift::TypeCheckFunctionBodyRequest::OutputType)::'lambda'()) + 680
25 swift-frontend           0x00000001060fe474 swift::TypeCheckFunctionBodyRequest::OutputType swift::Evaluator::getResultCached<swift::TypeCheckFunctionBodyRequest, swift::TypeCheckFunctionBodyRequest::OutputType swift::evaluateOrDefault<swift::TypeCheckFunctionBodyRequest>(swift::Evaluator&, swift::TypeCheckFunctionBodyRequest, swift::TypeCheckFunctionBodyRequest::OutputType)::'lambda'(), (void*)0>(swift::TypeCheckFunctionBodyRequest const&, swift::TypeCheckFunctionBodyRequest::OutputType swift::evaluateOrDefault<swift::TypeCheckFunctionBodyRequest>(swift::Evaluator&, swift::TypeCheckFunctionBodyRequest, swift::TypeCheckFunctionBodyRequest::OutputType)::'lambda'()) + 76
26 swift-frontend           0x00000001061c370c swift::SourceFile::typeCheckDelayedFunctions() + 72
27 swift-frontend           0x0000000105ce2444 swift::TypeCheckPrimaryFileRequest::evaluate(swift::Evaluator&, swift::SourceFile*) const + 1248
28 swift-frontend           0x0000000105ceb244 swift::TypeCheckPrimaryFileRequest::OutputType swift::Evaluator::getResultUncached<swift::TypeCheckPrimaryFileRequest, swift::TypeCheckPrimaryFileRequest::OutputType swift::evaluateOrDefault<swift::TypeCheckPrimaryFileRequest>(swift::Evaluator&, swift::TypeCheckPrimaryFileRequest, swift::TypeCheckPrimaryFileRequest::OutputType)::'lambda'()>(swift::TypeCheckPrimaryFileRequest const&, swift::TypeCheckPrimaryFileRequest::OutputType swift::evaluateOrDefault<swift::TypeCheckPrimaryFileRequest>(swift::Evaluator&, swift::TypeCheckPrimaryFileRequest, swift::TypeCheckPrimaryFileRequest::OutputType)::'lambda'()) + 648
29 swift-frontend           0x0000000105ceafa8 swift::TypeCheckPrimaryFileRequest::OutputType swift::Evaluator::getResultCached<swift::TypeCheckPrimaryFileRequest, swift::TypeCheckPrimaryFileRequest::OutputType swift::evaluateOrDefault<swift::TypeCheckPrimaryFileRequest>(swift::Evaluator&, swift::TypeCheckPrimaryFileRequest, swift::TypeCheckPrimaryFileRequest::OutputType)::'lambda'(), (void*)0>(swift::TypeCheckPrimaryFileRequest const&, swift::TypeCheckPrimaryFileRequest::OutputType swift::evaluateOrDefault<swift::TypeCheckPrimaryFileRequest>(swift::Evaluator&, swift::TypeCheckPrimaryFileRequest, swift::TypeCheckPrimaryFileRequest::OutputType)::'lambda'()) + 184
30 swift-frontend           0x0000000104ae41a4 bool llvm::function_ref<bool (swift::SourceFile&)>::callback_fn<swift::CompilerInstance::performSema()::$_0>(long, swift::SourceFile&) + 116
31 swift-frontend           0x0000000104add11c swift::CompilerInstance::forEachFileToTypeCheck(llvm::function_ref<bool (swift::SourceFile&)>) + 176
32 swift-frontend           0x0000000104add03c swift::CompilerInstance::performSema() + 456
33 swift-frontend           0x00000001046a4918 performCompile(swift::CompilerInstance&, int&, swift::FrontendObserver*, llvm::ArrayRef<char const*>) + 556
34 swift-frontend           0x00000001046a1dc4 swift::performFrontend(llvm::ArrayRef<char const*>, char const*, void*, swift::FrontendObserver*) + 3776
35 swift-frontend           0x0000000104621008 swift::mainEntry(int, char const**) + 5600
36 dyld                     0x0000000181f744e4 start + 6992
Failed frontend command:
/Applications/Xcode-27.0.0-Release.Candidate.app/Contents/Developer/Toolchains/XcodeDefault.xctoolchain/usr/bin/swift-frontend -frontend -c /Users/admin/builder/spi-builder-workspace/.derivedData/Build/Intermediates.noindex/AppStoreManager.build/Debug-watchos/AppStoreManager-t.build/DerivedSources/resource_bundle_accessor.swift /Users/admin/builder/spi-builder-workspace/Sources/AppStoreManager/StoreError.swift -primary-file /Users/admin/builder/spi-builder-workspace/Sources/AppStoreManager/StoreManager.swift /Users/admin/builder/spi-builder-workspace/Sources/AppStoreManager/VaultProduct.swift /Users/admin/builder/spi-builder-workspace/Sources/AppStoreManager/VersionHistory.swift -emit-dependencies-path /Users/admin/builder/spi-builder-workspace/.derivedData/Build/Intermediates.noindex/AppStoreManager.build/Debug-watchos/AppStoreManager-t.build/Objects-normal/arm64_32/StoreManager.d -emit-const-values-path /Users/admin/builder/spi-builder-workspace/.derivedData/Build/Intermediates.noindex/AppStoreManager.build/Debug-watchos/AppStoreManager-t.build/Objects-normal/arm64_32/StoreManager.swiftconstvalues -emit-reference-dependencies-path /Users/admin/builder/spi-builder-workspace/.derivedData/Build/Intermediates.noindex/AppStoreManager.build/Debug-watchos/AppStoreManager-t.build/Objects-normal/arm64_32/StoreManager.swiftdeps -serialize-diagnostics-path /Users/admin/builder/spi-builder-workspace/.derivedData/Build/Intermediates.noindex/AppStoreManager.build/Debug-watchos/AppStoreManager-t.build/Objects-normal/arm64_32/StoreManager.dia -target arm64_32-apple-watchos26.0 -disable-cross-import-overlay-search -swift-module-cross-import StoreKit /Applications/Xcode-27.0.0-Release.Candidate.app/Contents/Developer/Platforms/WatchOS.platform/Developer/SDKs/WatchOS.sdk/System/Library/Frameworks/StoreKit.framework/Modules/StoreKit.swiftcrossimport/SwiftUI.swiftoverlay -swift-module-cross-import StoreKit /Applications/Xcode-27.0.0-Release.Candidate.app/Contents/Developer/Platforms/WatchOS.platform/Developer/SDKs/WatchOS27.0.sdk/System/Library/Frameworks/StoreKit.framework/Modules/StoreKit.swiftcrossimport/SwiftUI.swiftoverlay -load-resolved-plugin /Applications/Xcode-27.0.0-Release.Candidate.app/Contents/Developer/Platforms/WatchOS.platform/Developer/usr/lib/swift/host/plugins/libFoundationMacros.dylib\#/Applications/Xcode-27.0.0-Release.Candidate.app/Contents/Developer/Platforms/WatchOS.platform/Developer/usr/bin/swift-plugin-server\#FoundationMacros -load-resolved-plugin /Applications/Xcode-27.0.0-Release.Candidate.app/Contents/Developer/Platforms/WatchOS.platform/Developer/usr/lib/swift/host/plugins/libObservationMacros.dylib\#/Applications/Xcode-27.0.0-Release.Candidate.app/Contents/Developer/Platforms/WatchOS.platform/Developer/usr/bin/swift-plugin-server\#ObservationMacros -load-resolved-plugin /Applications/Xcode-27.0.0-Release.Candidate.app/Contents/Developer/Platforms/WatchOS.platform/Developer/usr/lib/swift/host/plugins/libPreviewsMacros.dylib\#/Applications/Xcode-27.0.0-Release.Candidate.app/Contents/Developer/Platforms/WatchOS.platform/Developer/usr/bin/swift-plugin-server\#PreviewsMacros -load-resolved-plugin /Applications/Xcode-27.0.0-Release.Candidate.app/Contents/Developer/Platforms/WatchOS.platform/Developer/usr/lib/swift/host/plugins/libSwiftMacros.dylib\#/Applications/Xcode-27.0.0-Release.Candidate.app/Contents/Developer/Platforms/WatchOS.platform/Developer/usr/bin/swift-plugin-server\#SwiftMacros -load-resolved-plugin /Applications/Xcode-27.0.0-Release.Candidate.app/Contents/Developer/Platforms/WatchOS.platform/Developer/usr/lib/swift/host/plugins/libSwiftUIMacros.dylib\#/Applications/Xcode-27.0.0-Release.Candidate.app/Contents/Developer/Platforms/WatchOS.platform/Developer/usr/bin/swift-plugin-server\#SwiftUIMacros -disable-implicit-swift-modules -Xcc -fno-implicit-modules -Xcc -fno-implicit-module-maps -explicit-swift-module-map-file /Users/admin/builder/spi-builder-workspace/.derivedData/Build/Intermediates.noindex/AppStoreManager.build/Debug-watchos/AppStoreManager-t.build/Objects-normal/arm64_32/AppStoreManager-dependencies-2.json -enable-objc-interop -sdk /Applications/Xcode-27.0.0-Release.Candidate.app/Contents/Developer/Platforms/WatchOS.platform/Developer/SDKs/WatchOS27.0.sdk -I /Users/admin/builder/spi-builder-workspace/.derivedData/Build/Products/Debug-watchos -Isystem /Applications/Xcode-27.0.0-Release.Candidate.app/Contents/Developer/Platforms/WatchOS.platform/Developer/usr/lib -F /Users/admin/builder/spi-builder-workspace/.derivedData/Build/Products/Debug-watchos/PackageFrameworks -F /Users/admin/builder/spi-builder-workspace/.derivedData/Build/Products/Debug-watchos -F /Applications/Xcode-27.0.0-Release.Candidate.app/Contents/Developer/Platforms/WatchOS.platform/Developer/Library/Frameworks -F /Applications/Xcode-27.0.0-Release.Candidate.app/Contents/Developer/Platforms/WatchOS.platform/Developer/SDKs/WatchOS27.0.sdk/Developer/Library/Frameworks -module-cache-path /Users/admin/builder/spi-builder-workspace/.derivedData/Build/Intermediates.noindex/SwiftExplicitPrecompiledModules -no-color-diagnostics -Xcc -fno-color-diagnostics -enable-testing -g -debug-info-format\=dwarf -dwarf-version\=5 -profile-generate -profile-coverage-mapping -swift-version 6 -Onone -D SWIFT_PACKAGE -D DEBUG -D SWIFT_MODULE_RESOURCE_BUNDLE_AVAILABLE -D Xcode -serialize-debugging-options -enable-experimental-feature DebugDescriptionMacro -empty-abi-descriptor -validate-clang-modules-once -clang-build-session-file /Users/admin/builder/spi-builder-workspace/.derivedData/ModuleCache.noindex/Session.modulevalidation -Xcc -working-directory -Xcc /Users/admin/builder/spi-builder-workspace/.swiftpm/xcode -enable-anonymous-context-mangled-names -file-compilation-dir /Users/admin/builder/spi-builder-workspace/.swiftpm/xcode -Xcc -D_LIBCPP_HARDENING_MODE\=_LIBCPP_HARDENING_MODE_DEBUG -Xcc -ivfsstatcache -Xcc /Users/admin/builder/spi-builder-workspace/.derivedData/SDKStatCaches.noindex/watchos27.0-24R360-e829b21a6f8c9b70876ba0858053c04477534ef55a1706bf4c1112bbb242f0a2.sdkstatcache -Xcc -fmodules-prune-interval\=86400 -Xcc -fmodules-prune-after\=345600 -Xcc -I/Users/admin/builder/spi-builder-workspace/.derivedData/Build/Products/Debug-watchos/include -Xcc -I/Users/admin/builder/spi-builder-workspace/.derivedData/Build/Intermediates.noindex/AppStoreManager.build/Debug-watchos/AppStoreManager-t.build/DerivedSources-normal/arm64_32 -Xcc -I/Users/admin/builder/spi-builder-workspace/.derivedData/Build/Intermediates.noindex/AppStoreManager.build/Debug-watchos/AppStoreManager-t.build/DerivedSources/arm64_32 -Xcc -I/Users/admin/builder/spi-builder-workspace/.derivedData/Build/Intermediates.noindex/AppStoreManager.build/Debug-watchos/AppStoreManager-t.build/DerivedSources -Xcc -DSWIFT_PACKAGE -Xcc -DDEBUG\=1 -no-auto-bridging-header-chaining -module-name AppStoreManager -package-name spi_builder_workspace -const-gather-protocols-file /Users/admin/builder/spi-builder-workspace/.derivedData/Build/Intermediates.noindex/AppStoreManager.build/Debug-watchos/AppStoreManager-t.build/Objects-normal/arm64_32/AppStoreManager_const_extract_protocols.json -disable-clang-spi -clang-target arm64_32-apple-watchos27.0 -target-sdk-version 27.0 -target-sdk-name watchos27.0 -in-process-plugin-server-path /Applications/Xcode-27.0.0-Release.Candidate.app/Contents/Developer/Toolchains/XcodeDefault.xctoolchain/usr/lib/swift/host/libSwiftInProcPluginServer.dylib -parse-as-library -o /Users/admin/builder/spi-builder-workspace/.derivedData/Build/Intermediates.noindex/AppStoreManager.build/Debug-watchos/AppStoreManager-t.build/Objects-normal/arm64_32/StoreManager.o -debug-module-path /Users/admin/builder/spi-builder-workspace/.derivedData/Build/Intermediates.noindex/AppStoreManager.build/Debug-watchos/AppStoreManager-t.build/Objects-normal/arm64_32/AppStoreManager.swiftmodule -index-unit-output-path /AppStoreManager.build/Debug-watchos/AppStoreManager-t.build/Objects-normal/arm64_32/StoreManager.o -index-store-path /Users/admin/builder/spi-builder-workspace/.derivedData/Index.noindex/DataStore -index-system-modules
Command SwiftCompile failed with a nonzero exit code
SwiftCompile normal arm64_32 /Users/admin/builder/spi-builder-workspace/Sources/AppStoreManager/StoreManager.swift (in target 'AppStoreManager' from project 'AppStoreManager')
    cd /Users/admin/builder/spi-builder-workspace/.swiftpm/xcode
    builtin-SwiftPerFileCompile StoreManager.swift
/Users/admin/builder/spi-builder-workspace/.derivedData/Build/Intermediates.noindex/AppStoreManager.build/Debug-watchos/AppStoreManager-t.build/Objects-normal/arm64_32/StoreManager.dia:1:1: warning: Could not read serialized diagnostics file: Error Domain=NSCocoaErrorDomain Code=260 "The file “StoreManager.dia” couldn’t be opened because there is no such file." UserInfo={NSFilePath=/Users/admin/builder/spi-builder-workspace/.derivedData/Build/Intermediates.noindex/AppStoreManager.build/Debug-watchos/AppStoreManager-t.build/Objects-normal/arm64_32/StoreManager.dia, NSURL=file:///Users/admin/builder/spi-builder-workspace/.derivedData/Build/Intermediates.noindex/AppStoreManager.build/Debug-watchos/AppStoreManager-t.build/Objects-normal/arm64_32/StoreManager.dia, NSUnderlyingError=0x7d6c31830 {Error Domain=NSPOSIXErrorDomain Code=2 "No such file or directory"}} (in target 'AppStoreManager' from project 'AppStoreManager')
SwiftCompile normal arm64_32 Compiling\ resource_bundle_accessor.swift /Users/admin/builder/spi-builder-workspace/.derivedData/Build/Intermediates.noindex/AppStoreManager.build/Debug-watchos/AppStoreManager-t.build/DerivedSources/resource_bundle_accessor.swift (in target 'AppStoreManager' from project 'AppStoreManager')
SwiftCompile normal arm64_32 /Users/admin/builder/spi-builder-workspace/.derivedData/Build/Intermediates.noindex/AppStoreManager.build/Debug-watchos/AppStoreManager-t.build/DerivedSources/resource_bundle_accessor.swift (in target 'AppStoreManager' from project 'AppStoreManager')
    cd /Users/admin/builder/spi-builder-workspace/.swiftpm/xcode
    builtin-SwiftPerFileCompile resource_bundle_accessor.swift
SwiftDriverJobDiscovery normal arm64 Compiling VersionHistory.swift (in target 'AppStoreManager' from project 'AppStoreManager')
SwiftCompile normal arm64_32 Compiling\ VersionHistory.swift /Users/admin/builder/spi-builder-workspace/Sources/AppStoreManager/VersionHistory.swift (in target 'AppStoreManager' from project 'AppStoreManager')
SwiftCompile normal arm64_32 /Users/admin/builder/spi-builder-workspace/Sources/AppStoreManager/VersionHistory.swift (in target 'AppStoreManager' from project 'AppStoreManager')
    cd /Users/admin/builder/spi-builder-workspace/.swiftpm/xcode
    builtin-SwiftPerFileCompile VersionHistory.swift
SwiftDriverJobDiscovery normal arm64 Compiling resource_bundle_accessor.swift (in target 'AppStoreManager' from project 'AppStoreManager')
SwiftDriverJobDiscovery normal arm64 Emitting module for AppStoreManager (in target 'AppStoreManager' from project 'AppStoreManager')
SwiftDriver\ Compilation\ Requirements AppStoreManager normal arm64 com.apple.xcode.tools.swift.compiler (in target 'AppStoreManager' from project 'AppStoreManager')
    cd /Users/admin/builder/spi-builder-workspace/.swiftpm/xcode
    builtin-Swift-Compilation-Requirements -- /Applications/Xcode-27.0.0-Release.Candidate.app/Contents/Developer/Toolchains/XcodeDefault.xctoolchain/usr/bin/swiftc -parse-as-library -module-name AppStoreManager -Onone @/Users/admin/builder/spi-builder-workspace/.derivedData/Build/Intermediates.noindex/AppStoreManager.build/Debug-watchos/AppStoreManager-t.build/Objects-normal/arm64/AppStoreManager.SwiftFileList -DSWIFT_PACKAGE -DDEBUG -DSWIFT_MODULE_RESOURCE_BUNDLE_AVAILABLE -DXcode -plugin-path /Applications/Xcode-27.0.0-Release.Candidate.app/Contents/Developer/Toolchains/XcodeDefault.xctoolchain/usr/lib/swift/host/plugins/testing -enable-experimental-feature DebugDescriptionMacro -sdk /Applications/Xcode-27.0.0-Release.Candidate.app/Contents/Developer/Platforms/WatchOS.platform/Developer/SDKs/WatchOS27.0.sdk -target arm64-apple-watchos26.0 -g -module-cache-path /Users/admin/builder/spi-builder-workspace/.derivedData/ModuleCache.noindex -Xfrontend -serialize-debugging-options -profile-coverage-mapping -profile-generate -enable-testing -index-store-path /Users/admin/builder/spi-builder-workspace/.derivedData/Index.noindex/DataStore -Xcc -D_LIBCPP_HARDENING_MODE\=_LIBCPP_HARDENING_MODE_DEBUG -swift-version 6 -I /Users/admin/builder/spi-builder-workspace/.derivedData/Build/Products/Debug-watchos -Isystem /Applications/Xcode-27.0.0-Release.Candidate.app/Contents/Developer/Platforms/WatchOS.platform/Developer/usr/lib -F /Users/admin/builder/spi-builder-workspace/.derivedData/Build/Products/Debug-watchos/PackageFrameworks -F /Users/admin/builder/spi-builder-workspace/.derivedData/Build/Products/Debug-watchos -F /Applications/Xcode-27.0.0-Release.Candidate.app/Contents/Developer/Platforms/WatchOS.platform/Developer/Library/Frameworks -F /Applications/Xcode-27.0.0-Release.Candidate.app/Contents/Developer/Platforms/WatchOS.platform/Developer/SDKs/WatchOS27.0.sdk/Developer/Library/Frameworks -c -j10 -enable-batch-mode -incremental -Xcc -ivfsstatcache -Xcc /Users/admin/builder/spi-builder-workspace/.derivedData/SDKStatCaches.noindex/watchos27.0-24R360-e829b21a6f8c9b70876ba0858053c04477534ef55a1706bf4c1112bbb242f0a2.sdkstatcache -output-file-map /Users/admin/builder/spi-builder-workspace/.derivedData/Build/Intermediates.noindex/AppStoreManager.build/Debug-watchos/AppStoreManager-t.build/Objects-normal/arm64/AppStoreManager-OutputFileMap.json -save-temps -no-color-diagnostics -explicit-module-build -module-cache-path /Users/admin/builder/spi-builder-workspace/.derivedData/Build/Intermediates.noindex/SwiftExplicitPrecompiledModules -clang-scanner-module-cache-path /Users/admin/builder/spi-builder-workspace/.derivedData/ModuleCache.noindex -sdk-module-cache-path /Users/admin/builder/spi-builder-workspace/.derivedData/SDKExplicitPrecompiledModules -emit-dependencies -emit-module -emit-module-path /Users/admin/builder/spi-builder-workspace/.derivedData/Build/Intermediates.noindex/AppStoreManager.build/Debug-watchos/AppStoreManager-t.build/Objects-normal/arm64/AppStoreManager.swiftmodule -serialize-diagnostics -dependency-scan-serialize-diagnostics-path /Users/admin/builder/spi-builder-workspace/.derivedData/Build/Intermediates.noindex/AppStoreManager.build/Debug-watchos/AppStoreManager-t.build/Objects-normal/arm64/AppStoreManager-dependency-scan.dia -validate-clang-modules-once -clang-build-session-file /Users/admin/builder/spi-builder-workspace/.derivedData/ModuleCache.noindex/Session.modulevalidation -Xcc -fmodules-prune-interval\=86400 -Xcc -fmodules-prune-after\=345600 -package-name spi_builder_workspace -emit-const-values -const-gather-protocols-list /Users/admin/builder/spi-builder-workspace/.derivedData/Build/Intermediates.noindex/AppStoreManager.build/Debug-watchos/AppStoreManager-t.build/Objects-normal/arm64/AppStoreManager_const_extract_protocols.json -Xcc -I/Users/admin/builder/spi-builder-workspace/.derivedData/Build/Products/Debug-watchos/include -Xcc -I/Users/admin/builder/spi-builder-workspace/.derivedData/Build/Intermediates.noindex/AppStoreManager.build/Debug-watchos/AppStoreManager-t.build/DerivedSources-normal/arm64 -Xcc -I/Users/admin/builder/spi-builder-workspace/.derivedData/Build/Intermediates.noindex/AppStoreManager.build/Debug-watchos/AppStoreManager-t.build/DerivedSources/arm64 -Xcc -I/Users/admin/builder/spi-builder-workspace/.derivedData/Build/Intermediates.noindex/AppStoreManager.build/Debug-watchos/AppStoreManager-t.build/DerivedSources -Xcc -DSWIFT_PACKAGE -Xcc -DDEBUG\=1 -emit-objc-header -emit-objc-header-path /Users/admin/builder/spi-builder-workspace/.derivedData/Build/Intermediates.noindex/AppStoreManager.build/Debug-watchos/AppStoreManager-t.build/Objects-normal/arm64/AppStoreManager-Swift.h -working-directory /Users/admin/builder/spi-builder-workspace/.swiftpm/xcode -experimental-emit-module-separately -disable-cmo
Copy /Users/admin/builder/spi-builder-workspace/.derivedData/Build/Products/Debug-watchos/AppStoreManager.swiftmodule/arm64-apple-watchos.swiftmodule /Users/admin/builder/spi-builder-workspace/.derivedData/Build/Intermediates.noindex/AppStoreManager.build/Debug-watchos/AppStoreManager-t.build/Objects-normal/arm64/AppStoreManager.swiftmodule (in target 'AppStoreManager' from project 'AppStoreManager')
    cd /Users/admin/builder/spi-builder-workspace
    builtin-copy -exclude .DS_Store -exclude CVS -exclude .svn -exclude .git -exclude .hg -resolve-src-symlinks -rename /Users/admin/builder/spi-builder-workspace/.derivedData/Build/Intermediates.noindex/AppStoreManager.build/Debug-watchos/AppStoreManager-t.build/Objects-normal/arm64/AppStoreManager.swiftmodule /Users/admin/builder/spi-builder-workspace/.derivedData/Build/Products/Debug-watchos/AppStoreManager.swiftmodule/arm64-apple-watchos.swiftmodule
Copy /Users/admin/builder/spi-builder-workspace/.derivedData/Build/Products/Debug-watchos/AppStoreManager.swiftmodule/arm64-apple-watchos.swiftdoc /Users/admin/builder/spi-builder-workspace/.derivedData/Build/Intermediates.noindex/AppStoreManager.build/Debug-watchos/AppStoreManager-t.build/Objects-normal/arm64/AppStoreManager.swiftdoc (in target 'AppStoreManager' from project 'AppStoreManager')
    cd /Users/admin/builder/spi-builder-workspace
    builtin-copy -exclude .DS_Store -exclude CVS -exclude .svn -exclude .git -exclude .hg -resolve-src-symlinks -rename /Users/admin/builder/spi-builder-workspace/.derivedData/Build/Intermediates.noindex/AppStoreManager.build/Debug-watchos/AppStoreManager-t.build/Objects-normal/arm64/AppStoreManager.swiftdoc /Users/admin/builder/spi-builder-workspace/.derivedData/Build/Products/Debug-watchos/AppStoreManager.swiftmodule/arm64-apple-watchos.swiftdoc
Copy /Users/admin/builder/spi-builder-workspace/.derivedData/Build/Products/Debug-watchos/AppStoreManager.swiftmodule/arm64-apple-watchos.abi.json /Users/admin/builder/spi-builder-workspace/.derivedData/Build/Intermediates.noindex/AppStoreManager.build/Debug-watchos/AppStoreManager-t.build/Objects-normal/arm64/AppStoreManager.abi.json (in target 'AppStoreManager' from project 'AppStoreManager')
    cd /Users/admin/builder/spi-builder-workspace
    builtin-copy -exclude .DS_Store -exclude CVS -exclude .svn -exclude .git -exclude .hg -resolve-src-symlinks -rename /Users/admin/builder/spi-builder-workspace/.derivedData/Build/Intermediates.noindex/AppStoreManager.build/Debug-watchos/AppStoreManager-t.build/Objects-normal/arm64/AppStoreManager.abi.json /Users/admin/builder/spi-builder-workspace/.derivedData/Build/Products/Debug-watchos/AppStoreManager.swiftmodule/arm64-apple-watchos.abi.json
Copy /Users/admin/builder/spi-builder-workspace/.derivedData/Build/Products/Debug-watchos/AppStoreManager.swiftmodule/Project/arm64-apple-watchos.swiftsourceinfo /Users/admin/builder/spi-builder-workspace/.derivedData/Build/Intermediates.noindex/AppStoreManager.build/Debug-watchos/AppStoreManager-t.build/Objects-normal/arm64/AppStoreManager.swiftsourceinfo (in target 'AppStoreManager' from project 'AppStoreManager')
    cd /Users/admin/builder/spi-builder-workspace
    builtin-copy -exclude .DS_Store -exclude CVS -exclude .svn -exclude .git -exclude .hg -resolve-src-symlinks -rename /Users/admin/builder/spi-builder-workspace/.derivedData/Build/Intermediates.noindex/AppStoreManager.build/Debug-watchos/AppStoreManager-t.build/Objects-normal/arm64/AppStoreManager.swiftsourceinfo /Users/admin/builder/spi-builder-workspace/.derivedData/Build/Products/Debug-watchos/AppStoreManager.swiftmodule/Project/arm64-apple-watchos.swiftsourceinfo
SwiftDriverJobDiscovery normal arm64_32 Emitting module for AppStoreManager (in target 'AppStoreManager' from project 'AppStoreManager')
SwiftDriverJobDiscovery normal arm64_32 Compiling VersionHistory.swift (in target 'AppStoreManager' from project 'AppStoreManager')
SwiftDriver\ Compilation\ Requirements AppStoreManager normal arm64_32 com.apple.xcode.tools.swift.compiler (in target 'AppStoreManager' from project 'AppStoreManager')
    cd /Users/admin/builder/spi-builder-workspace/.swiftpm/xcode
    builtin-Swift-Compilation-Requirements -- /Applications/Xcode-27.0.0-Release.Candidate.app/Contents/Developer/Toolchains/XcodeDefault.xctoolchain/usr/bin/swiftc -parse-as-library -module-name AppStoreManager -Onone @/Users/admin/builder/spi-builder-workspace/.derivedData/Build/Intermediates.noindex/AppStoreManager.build/Debug-watchos/AppStoreManager-t.build/Objects-normal/arm64_32/AppStoreManager.SwiftFileList -DSWIFT_PACKAGE -DDEBUG -DSWIFT_MODULE_RESOURCE_BUNDLE_AVAILABLE -DXcode -plugin-path /Applications/Xcode-27.0.0-Release.Candidate.app/Contents/Developer/Toolchains/XcodeDefault.xctoolchain/usr/lib/swift/host/plugins/testing -enable-experimental-feature DebugDescriptionMacro -sdk /Applications/Xcode-27.0.0-Release.Candidate.app/Contents/Developer/Platforms/WatchOS.platform/Developer/SDKs/WatchOS27.0.sdk -target arm64_32-apple-watchos26.0 -g -module-cache-path /Users/admin/builder/spi-builder-workspace/.derivedData/ModuleCache.noindex -Xfrontend -serialize-debugging-options -profile-coverage-mapping -profile-generate -enable-testing -index-store-path /Users/admin/builder/spi-builder-workspace/.derivedData/Index.noindex/DataStore -Xcc -D_LIBCPP_HARDENING_MODE\=_LIBCPP_HARDENING_MODE_DEBUG -swift-version 6 -I /Users/admin/builder/spi-builder-workspace/.derivedData/Build/Products/Debug-watchos -Isystem /Applications/Xcode-27.0.0-Release.Candidate.app/Contents/Developer/Platforms/WatchOS.platform/Developer/usr/lib -F /Users/admin/builder/spi-builder-workspace/.derivedData/Build/Products/Debug-watchos/PackageFrameworks -F /Users/admin/builder/spi-builder-workspace/.derivedData/Build/Products/Debug-watchos -F /Applications/Xcode-27.0.0-Release.Candidate.app/Contents/Developer/Platforms/WatchOS.platform/Developer/Library/Frameworks -F /Applications/Xcode-27.0.0-Release.Candidate.app/Contents/Developer/Platforms/WatchOS.platform/Developer/SDKs/WatchOS27.0.sdk/Developer/Library/Frameworks -c -j10 -enable-batch-mode -incremental -Xcc -ivfsstatcache -Xcc /Users/admin/builder/spi-builder-workspace/.derivedData/SDKStatCaches.noindex/watchos27.0-24R360-e829b21a6f8c9b70876ba0858053c04477534ef55a1706bf4c1112bbb242f0a2.sdkstatcache -output-file-map /Users/admin/builder/spi-builder-workspace/.derivedData/Build/Intermediates.noindex/AppStoreManager.build/Debug-watchos/AppStoreManager-t.build/Objects-normal/arm64_32/AppStoreManager-OutputFileMap.json -save-temps -no-color-diagnostics -explicit-module-build -module-cache-path /Users/admin/builder/spi-builder-workspace/.derivedData/Build/Intermediates.noindex/SwiftExplicitPrecompiledModules -clang-scanner-module-cache-path /Users/admin/builder/spi-builder-workspace/.derivedData/ModuleCache.noindex -sdk-module-cache-path /Users/admin/builder/spi-builder-workspace/.derivedData/SDKExplicitPrecompiledModules -emit-dependencies -emit-module -emit-module-path /Users/admin/builder/spi-builder-workspace/.derivedData/Build/Intermediates.noindex/AppStoreManager.build/Debug-watchos/AppStoreManager-t.build/Objects-normal/arm64_32/AppStoreManager.swiftmodule -serialize-diagnostics -dependency-scan-serialize-diagnostics-path /Users/admin/builder/spi-builder-workspace/.derivedData/Build/Intermediates.noindex/AppStoreManager.build/Debug-watchos/AppStoreManager-t.build/Objects-normal/arm64_32/AppStoreManager-dependency-scan.dia -validate-clang-modules-once -clang-build-session-file /Users/admin/builder/spi-builder-workspace/.derivedData/ModuleCache.noindex/Session.modulevalidation -Xcc -fmodules-prune-interval\=86400 -Xcc -fmodules-prune-after\=345600 -package-name spi_builder_workspace -emit-const-values -const-gather-protocols-list /Users/admin/builder/spi-builder-workspace/.derivedData/Build/Intermediates.noindex/AppStoreManager.build/Debug-watchos/AppStoreManager-t.build/Objects-normal/arm64_32/AppStoreManager_const_extract_protocols.json -Xcc -I/Users/admin/builder/spi-builder-workspace/.derivedData/Build/Products/Debug-watchos/include -Xcc -I/Users/admin/builder/spi-builder-workspace/.derivedData/Build/Intermediates.noindex/AppStoreManager.build/Debug-watchos/AppStoreManager-t.build/DerivedSources-normal/arm64_32 -Xcc -I/Users/admin/builder/spi-builder-workspace/.derivedData/Build/Intermediates.noindex/AppStoreManager.build/Debug-watchos/AppStoreManager-t.build/DerivedSources/arm64_32 -Xcc -I/Users/admin/builder/spi-builder-workspace/.derivedData/Build/Intermediates.noindex/AppStoreManager.build/Debug-watchos/AppStoreManager-t.build/DerivedSources -Xcc -DSWIFT_PACKAGE -Xcc -DDEBUG\=1 -emit-objc-header -emit-objc-header-path /Users/admin/builder/spi-builder-workspace/.derivedData/Build/Intermediates.noindex/AppStoreManager.build/Debug-watchos/AppStoreManager-t.build/Objects-normal/arm64_32/AppStoreManager-Swift.h -working-directory /Users/admin/builder/spi-builder-workspace/.swiftpm/xcode -experimental-emit-module-separately -disable-cmo
SwiftDriverJobDiscovery normal arm64_32 Compiling resource_bundle_accessor.swift (in target 'AppStoreManager' from project 'AppStoreManager')
SwiftMergeGeneratedHeaders /Users/admin/builder/spi-builder-workspace/.derivedData/Build/Intermediates.noindex/GeneratedModuleMaps-watchos/AppStoreManager-Swift.h /Users/admin/builder/spi-builder-workspace/.derivedData/Build/Intermediates.noindex/AppStoreManager.build/Debug-watchos/AppStoreManager-t.build/Objects-normal/arm64/AppStoreManager-Swift.h /Users/admin/builder/spi-builder-workspace/.derivedData/Build/Intermediates.noindex/AppStoreManager.build/Debug-watchos/AppStoreManager-t.build/Objects-normal/arm64_32/AppStoreManager-Swift.h (in target 'AppStoreManager' from project 'AppStoreManager')
    cd /Users/admin/builder/spi-builder-workspace
    builtin-swiftHeaderTool -arch arm64 /Users/admin/builder/spi-builder-workspace/.derivedData/Build/Intermediates.noindex/AppStoreManager.build/Debug-watchos/AppStoreManager-t.build/Objects-normal/arm64/AppStoreManager-Swift.h -arch arm64_32 /Users/admin/builder/spi-builder-workspace/.derivedData/Build/Intermediates.noindex/AppStoreManager.build/Debug-watchos/AppStoreManager-t.build/Objects-normal/arm64_32/AppStoreManager-Swift.h -o /Users/admin/builder/spi-builder-workspace/.derivedData/Build/Intermediates.noindex/GeneratedModuleMaps-watchos/AppStoreManager-Swift.h
Copy /Users/admin/builder/spi-builder-workspace/.derivedData/Build/Products/Debug-watchos/AppStoreManager.swiftmodule/arm64_32-apple-watchos.swiftdoc /Users/admin/builder/spi-builder-workspace/.derivedData/Build/Intermediates.noindex/AppStoreManager.build/Debug-watchos/AppStoreManager-t.build/Objects-normal/arm64_32/AppStoreManager.swiftdoc (in target 'AppStoreManager' from project 'AppStoreManager')
    cd /Users/admin/builder/spi-builder-workspace
    builtin-copy -exclude .DS_Store -exclude CVS -exclude .svn -exclude .git -exclude .hg -resolve-src-symlinks -rename /Users/admin/builder/spi-builder-workspace/.derivedData/Build/Intermediates.noindex/AppStoreManager.build/Debug-watchos/AppStoreManager-t.build/Objects-normal/arm64_32/AppStoreManager.swiftdoc /Users/admin/builder/spi-builder-workspace/.derivedData/Build/Products/Debug-watchos/AppStoreManager.swiftmodule/arm64_32-apple-watchos.swiftdoc
Copy /Users/admin/builder/spi-builder-workspace/.derivedData/Build/Products/Debug-watchos/AppStoreManager.swiftmodule/arm64_32-apple-watchos.swiftmodule /Users/admin/builder/spi-builder-workspace/.derivedData/Build/Intermediates.noindex/AppStoreManager.build/Debug-watchos/AppStoreManager-t.build/Objects-normal/arm64_32/AppStoreManager.swiftmodule (in target 'AppStoreManager' from project 'AppStoreManager')
    cd /Users/admin/builder/spi-builder-workspace
    builtin-copy -exclude .DS_Store -exclude CVS -exclude .svn -exclude .git -exclude .hg -resolve-src-symlinks -rename /Users/admin/builder/spi-builder-workspace/.derivedData/Build/Intermediates.noindex/AppStoreManager.build/Debug-watchos/AppStoreManager-t.build/Objects-normal/arm64_32/AppStoreManager.swiftmodule /Users/admin/builder/spi-builder-workspace/.derivedData/Build/Products/Debug-watchos/AppStoreManager.swiftmodule/arm64_32-apple-watchos.swiftmodule
Copy /Users/admin/builder/spi-builder-workspace/.derivedData/Build/Products/Debug-watchos/AppStoreManager.swiftmodule/arm64_32-apple-watchos.abi.json /Users/admin/builder/spi-builder-workspace/.derivedData/Build/Intermediates.noindex/AppStoreManager.build/Debug-watchos/AppStoreManager-t.build/Objects-normal/arm64_32/AppStoreManager.abi.json (in target 'AppStoreManager' from project 'AppStoreManager')
    cd /Users/admin/builder/spi-builder-workspace
    builtin-copy -exclude .DS_Store -exclude CVS -exclude .svn -exclude .git -exclude .hg -resolve-src-symlinks -rename /Users/admin/builder/spi-builder-workspace/.derivedData/Build/Intermediates.noindex/AppStoreManager.build/Debug-watchos/AppStoreManager-t.build/Objects-normal/arm64_32/AppStoreManager.abi.json /Users/admin/builder/spi-builder-workspace/.derivedData/Build/Products/Debug-watchos/AppStoreManager.swiftmodule/arm64_32-apple-watchos.abi.json
Copy /Users/admin/builder/spi-builder-workspace/.derivedData/Build/Products/Debug-watchos/AppStoreManager.swiftmodule/Project/arm64_32-apple-watchos.swiftsourceinfo /Users/admin/builder/spi-builder-workspace/.derivedData/Build/Intermediates.noindex/AppStoreManager.build/Debug-watchos/AppStoreManager-t.build/Objects-normal/arm64_32/AppStoreManager.swiftsourceinfo (in target 'AppStoreManager' from project 'AppStoreManager')
    cd /Users/admin/builder/spi-builder-workspace
    builtin-copy -exclude .DS_Store -exclude CVS -exclude .svn -exclude .git -exclude .hg -resolve-src-symlinks -rename /Users/admin/builder/spi-builder-workspace/.derivedData/Build/Intermediates.noindex/AppStoreManager.build/Debug-watchos/AppStoreManager-t.build/Objects-normal/arm64_32/AppStoreManager.swiftsourceinfo /Users/admin/builder/spi-builder-workspace/.derivedData/Build/Products/Debug-watchos/AppStoreManager.swiftmodule/Project/arm64_32-apple-watchos.swiftsourceinfo
SwiftDriverJobDiscovery normal arm64 Compiling StoreError.swift (in target 'AppStoreManager' from project 'AppStoreManager')
SwiftDriverJobDiscovery normal arm64_32 Compiling StoreError.swift (in target 'AppStoreManager' from project 'AppStoreManager')
SwiftDriverJobDiscovery normal arm64 Compiling VaultProduct.swift (in target 'AppStoreManager' from project 'AppStoreManager')
SwiftDriverJobDiscovery normal arm64_32 Compiling VaultProduct.swift (in target 'AppStoreManager' from project 'AppStoreManager')
PruneExplicitPrecompiledModules /Users/admin/builder/spi-builder-workspace/.derivedData/SDKExplicitPrecompiledModules
PruneExplicitPrecompiledModules /Users/admin/builder/spi-builder-workspace/.derivedData/Build/Intermediates.noindex/SwiftExplicitPrecompiledModules
PruneExplicitPrecompiledModules /Users/admin/builder/spi-builder-workspace/.derivedData/Build/Intermediates.noindex/ExplicitPrecompiledModules
2026-09-27 13:41:45.318 xcodebuild[710:4119] [MT] IDERunDestination: Supported platforms for the buildables in the current scheme is empty.
** BUILD FAILED **
The following build commands failed:
	SwiftCompile normal arm64 Compiling\ StoreManager.swift /Users/admin/builder/spi-builder-workspace/Sources/AppStoreManager/StoreManager.swift (in target 'AppStoreManager' from project 'AppStoreManager')
	SwiftCompile normal arm64_32 Compiling\ StoreManager.swift /Users/admin/builder/spi-builder-workspace/Sources/AppStoreManager/StoreManager.swift (in target 'AppStoreManager' from project 'AppStoreManager')
	Building workspace AppStoreManager with scheme AppStoreManager
(3 failures)
Command line invocation:
    /Applications/Xcode-27.0.0-Release.Candidate.app/Contents/Developer/usr/bin/xcodebuild -IDEClonedSourcePackagesDirPathOverride=/Users/admin/builder/spi-builder-workspace/.dependencies -resolvePackageDependencies
Resolve Package Graph
Resolved source packages:
  SwiftletUtilities: https://github.com/Appracatappra/SwiftletUtilities @ 2.1.4
  LogManager: https://github.com/Appracatappra/LogManager @ 2.1.0
  SimpleSerializer: https://github.com/Appracatappra/SimpleSerializer @ 2.5.0
  AppStoreManager: /Users/admin/builder/spi-builder-workspace
resolved source packages: SwiftletUtilities, LogManager, SimpleSerializer, AppStoreManager
2026-09-27 13:41:57.659 xcodebuild[961:5457] [MT] IDERunDestination: Supported platforms for the buildables in the current scheme is empty.
Running build ...
env DEVELOPER_DIR=/Applications/Xcode-27.0.0-Release.Candidate.app xcrun xcodebuild -IDEClonedSourcePackagesDirPathOverride=$PWD/.dependencies -skipMacroValidation -skipPackagePluginValidation -derivedDataPath $PWD/.derivedData build -scheme AppStoreManager -destination generic/platform=watchOS
Command line invocation:
    /Applications/Xcode-27.0.0-Release.Candidate.app/Contents/Developer/usr/bin/xcodebuild -IDEClonedSourcePackagesDirPathOverride=/Users/admin/builder/spi-builder-workspace/.dependencies -skipMacroValidation -skipPackagePluginValidation -derivedDataPath /Users/admin/builder/spi-builder-workspace/.derivedData build -scheme AppStoreManager -destination generic/platform=watchOS
Resolve Package Graph
Resolved source packages:
  SwiftletUtilities: https://github.com/Appracatappra/SwiftletUtilities @ 2.1.4
  LogManager: https://github.com/Appracatappra/LogManager @ 2.1.0
  AppStoreManager: /Users/admin/builder/spi-builder-workspace
  SimpleSerializer: https://github.com/Appracatappra/SimpleSerializer @ 2.5.0
ComputePackagePrebuildTargetDependencyGraph
Prepare packages
CreateBuildRequest
SendProjectDescription
CreateBuildOperation
ComputeTargetDependencyGraph
note: Building targets in dependency order
note: Target dependency graph (12 targets)
    Target 'AppStoreManager-product' in project 'AppStoreManager'
        ➜ Explicit dependency on target 'AppStoreManager' in project 'AppStoreManager'
        ➜ Explicit dependency on target 'AppStoreManager_AppStoreManager' in project 'AppStoreManager'
        ➜ Explicit dependency on target 'LogManager-product' in project 'LogManager'
        ➜ Explicit dependency on target 'SimpleSerializer-product' in project 'SimpleSerializer'
        ➜ Explicit dependency on target 'SwiftletUtilities-product' in project 'SwiftletUtilities'
    Target 'AppStoreManager' in project 'AppStoreManager'
        ➜ Explicit dependency on target 'AppStoreManager_AppStoreManager' in project 'AppStoreManager'
        ➜ Explicit dependency on target 'LogManager-product' in project 'LogManager'
        ➜ Explicit dependency on target 'SimpleSerializer-product' in project 'SimpleSerializer'
        ➜ Explicit dependency on target 'SwiftletUtilities-product' in project 'SwiftletUtilities'
    Target 'SimpleSerializer-product' in project 'SimpleSerializer'
        ➜ Explicit dependency on target 'SimpleSerializer' in project 'SimpleSerializer'
        ➜ Explicit dependency on target 'SimpleSerializer_SimpleSerializer' in project 'SimpleSerializer'
        ➜ Explicit dependency on target 'LogManager-product' in project 'LogManager'
        ➜ Explicit dependency on target 'SwiftletUtilities-product' in project 'SwiftletUtilities'
    Target 'SimpleSerializer' in project 'SimpleSerializer'
        ➜ Explicit dependency on target 'SimpleSerializer_SimpleSerializer' in project 'SimpleSerializer'
        ➜ Explicit dependency on target 'LogManager-product' in project 'LogManager'
        ➜ Explicit dependency on target 'SwiftletUtilities-product' in project 'SwiftletUtilities'
    Target 'SwiftletUtilities-product' in project 'SwiftletUtilities'
        ➜ Explicit dependency on target 'SwiftletUtilities' in project 'SwiftletUtilities'
        ➜ Explicit dependency on target 'SwiftletUtilities_SwiftletUtilities' in project 'SwiftletUtilities'
        ➜ Explicit dependency on target 'LogManager-product' in project 'LogManager'
    Target 'SwiftletUtilities' in project 'SwiftletUtilities'
        ➜ Explicit dependency on target 'SwiftletUtilities_SwiftletUtilities' in project 'SwiftletUtilities'
        ➜ Explicit dependency on target 'LogManager-product' in project 'LogManager'
    Target 'SwiftletUtilities_SwiftletUtilities' in project 'SwiftletUtilities' (no dependencies)
    Target 'SimpleSerializer_SimpleSerializer' in project 'SimpleSerializer' (no dependencies)
    Target 'LogManager-product' in project 'LogManager'
        ➜ Explicit dependency on target 'LogManager' in project 'LogManager'
        ➜ Explicit dependency on target 'LogManager_LogManager' in project 'LogManager'
    Target 'LogManager' in project 'LogManager'
        ➜ Explicit dependency on target 'LogManager_LogManager' in project 'LogManager'
    Target 'LogManager_LogManager' in project 'LogManager' (no dependencies)
    Target 'AppStoreManager_AppStoreManager' in project 'AppStoreManager' (no dependencies)
GatherProvisioningInputs
CreateBuildDescription
ClangStatCache /Applications/Xcode-27.0.0-Release.Candidate.app/Contents/Developer/Toolchains/XcodeDefault.xctoolchain/usr/bin/clang-stat-cache /Applications/Xcode-27.0.0-Release.Candidate.app/Contents/Developer/Platforms/WatchOS.platform/Developer/SDKs/WatchOS27.0.sdk /Users/admin/builder/spi-builder-workspace/.derivedData/SDKStatCaches.noindex/watchos27.0-24R360-e829b21a6f8c9b70876ba0858053c04477534ef55a1706bf4c1112bbb242f0a2.sdkstatcache
    cd /Users/admin/builder/spi-builder-workspace/.swiftpm/xcode
    /Applications/Xcode-27.0.0-Release.Candidate.app/Contents/Developer/Toolchains/XcodeDefault.xctoolchain/usr/bin/clang-stat-cache /Applications/Xcode-27.0.0-Release.Candidate.app/Contents/Developer/Platforms/WatchOS.platform/Developer/SDKs/WatchOS27.0.sdk -o /Users/admin/builder/spi-builder-workspace/.derivedData/SDKStatCaches.noindex/watchos27.0-24R360-e829b21a6f8c9b70876ba0858053c04477534ef55a1706bf4c1112bbb242f0a2.sdkstatcache
SwiftDriver AppStoreManager normal arm64_32 com.apple.xcode.tools.swift.compiler (in target 'AppStoreManager' from project 'AppStoreManager')
    cd /Users/admin/builder/spi-builder-workspace/.swiftpm/xcode
    builtin-SwiftDriver -- /Applications/Xcode-27.0.0-Release.Candidate.app/Contents/Developer/Toolchains/XcodeDefault.xctoolchain/usr/bin/swiftc -parse-as-library -module-name AppStoreManager -Onone @/Users/admin/builder/spi-builder-workspace/.derivedData/Build/Intermediates.noindex/AppStoreManager.build/Debug-watchos/AppStoreManager-t.build/Objects-normal/arm64_32/AppStoreManager.SwiftFileList -DSWIFT_PACKAGE -DDEBUG -DSWIFT_MODULE_RESOURCE_BUNDLE_AVAILABLE -DXcode -plugin-path /Applications/Xcode-27.0.0-Release.Candidate.app/Contents/Developer/Toolchains/XcodeDefault.xctoolchain/usr/lib/swift/host/plugins/testing -enable-experimental-feature DebugDescriptionMacro -sdk /Applications/Xcode-27.0.0-Release.Candidate.app/Contents/Developer/Platforms/WatchOS.platform/Developer/SDKs/WatchOS27.0.sdk -target arm64_32-apple-watchos26.0 -g -module-cache-path /Users/admin/builder/spi-builder-workspace/.derivedData/ModuleCache.noindex -Xfrontend -serialize-debugging-options -profile-coverage-mapping -profile-generate -enable-testing -index-store-path /Users/admin/builder/spi-builder-workspace/.derivedData/Index.noindex/DataStore -Xcc -D_LIBCPP_HARDENING_MODE\=_LIBCPP_HARDENING_MODE_DEBUG -swift-version 6 -I /Users/admin/builder/spi-builder-workspace/.derivedData/Build/Products/Debug-watchos -Isystem /Applications/Xcode-27.0.0-Release.Candidate.app/Contents/Developer/Platforms/WatchOS.platform/Developer/usr/lib -F /Users/admin/builder/spi-builder-workspace/.derivedData/Build/Products/Debug-watchos/PackageFrameworks -F /Users/admin/builder/spi-builder-workspace/.derivedData/Build/Products/Debug-watchos -F /Applications/Xcode-27.0.0-Release.Candidate.app/Contents/Developer/Platforms/WatchOS.platform/Developer/Library/Frameworks -F /Applications/Xcode-27.0.0-Release.Candidate.app/Contents/Developer/Platforms/WatchOS.platform/Developer/SDKs/WatchOS27.0.sdk/Developer/Library/Frameworks -c -j10 -enable-batch-mode -incremental -Xcc -ivfsstatcache -Xcc /Users/admin/builder/spi-builder-workspace/.derivedData/SDKStatCaches.noindex/watchos27.0-24R360-e829b21a6f8c9b70876ba0858053c04477534ef55a1706bf4c1112bbb242f0a2.sdkstatcache -output-file-map /Users/admin/builder/spi-builder-workspace/.derivedData/Build/Intermediates.noindex/AppStoreManager.build/Debug-watchos/AppStoreManager-t.build/Objects-normal/arm64_32/AppStoreManager-OutputFileMap.json -save-temps -no-color-diagnostics -explicit-module-build -module-cache-path /Users/admin/builder/spi-builder-workspace/.derivedData/Build/Intermediates.noindex/SwiftExplicitPrecompiledModules -clang-scanner-module-cache-path /Users/admin/builder/spi-builder-workspace/.derivedData/ModuleCache.noindex -sdk-module-cache-path /Users/admin/builder/spi-builder-workspace/.derivedData/SDKExplicitPrecompiledModules -emit-dependencies -emit-module -emit-module-path /Users/admin/builder/spi-builder-workspace/.derivedData/Build/Intermediates.noindex/AppStoreManager.build/Debug-watchos/AppStoreManager-t.build/Objects-normal/arm64_32/AppStoreManager.swiftmodule -serialize-diagnostics -dependency-scan-serialize-diagnostics-path /Users/admin/builder/spi-builder-workspace/.derivedData/Build/Intermediates.noindex/AppStoreManager.build/Debug-watchos/AppStoreManager-t.build/Objects-normal/arm64_32/AppStoreManager-dependency-scan.dia -validate-clang-modules-once -clang-build-session-file /Users/admin/builder/spi-builder-workspace/.derivedData/ModuleCache.noindex/Session.modulevalidation -Xcc -fmodules-prune-interval\=86400 -Xcc -fmodules-prune-after\=345600 -package-name spi_builder_workspace -emit-const-values -const-gather-protocols-list /Users/admin/builder/spi-builder-workspace/.derivedData/Build/Intermediates.noindex/AppStoreManager.build/Debug-watchos/AppStoreManager-t.build/Objects-normal/arm64_32/AppStoreManager_const_extract_protocols.json -Xcc -I/Users/admin/builder/spi-builder-workspace/.derivedData/Build/Products/Debug-watchos/include -Xcc -I/Users/admin/builder/spi-builder-workspace/.derivedData/Build/Intermediates.noindex/AppStoreManager.build/Debug-watchos/AppStoreManager-t.build/DerivedSources-normal/arm64_32 -Xcc -I/Users/admin/builder/spi-builder-workspace/.derivedData/Build/Intermediates.noindex/AppStoreManager.build/Debug-watchos/AppStoreManager-t.build/DerivedSources/arm64_32 -Xcc -I/Users/admin/builder/spi-builder-workspace/.derivedData/Build/Intermediates.noindex/AppStoreManager.build/Debug-watchos/AppStoreManager-t.build/DerivedSources -Xcc -DSWIFT_PACKAGE -Xcc -DDEBUG\=1 -emit-objc-header -emit-objc-header-path /Users/admin/builder/spi-builder-workspace/.derivedData/Build/Intermediates.noindex/AppStoreManager.build/Debug-watchos/AppStoreManager-t.build/Objects-normal/arm64_32/AppStoreManager-Swift.h -working-directory /Users/admin/builder/spi-builder-workspace/.swiftpm/xcode -experimental-emit-module-separately -disable-cmo
SwiftDriver AppStoreManager normal arm64 com.apple.xcode.tools.swift.compiler (in target 'AppStoreManager' from project 'AppStoreManager')
    cd /Users/admin/builder/spi-builder-workspace/.swiftpm/xcode
    builtin-SwiftDriver -- /Applications/Xcode-27.0.0-Release.Candidate.app/Contents/Developer/Toolchains/XcodeDefault.xctoolchain/usr/bin/swiftc -parse-as-library -module-name AppStoreManager -Onone @/Users/admin/builder/spi-builder-workspace/.derivedData/Build/Intermediates.noindex/AppStoreManager.build/Debug-watchos/AppStoreManager-t.build/Objects-normal/arm64/AppStoreManager.SwiftFileList -DSWIFT_PACKAGE -DDEBUG -DSWIFT_MODULE_RESOURCE_BUNDLE_AVAILABLE -DXcode -plugin-path /Applications/Xcode-27.0.0-Release.Candidate.app/Contents/Developer/Toolchains/XcodeDefault.xctoolchain/usr/lib/swift/host/plugins/testing -enable-experimental-feature DebugDescriptionMacro -sdk /Applications/Xcode-27.0.0-Release.Candidate.app/Contents/Developer/Platforms/WatchOS.platform/Developer/SDKs/WatchOS27.0.sdk -target arm64-apple-watchos26.0 -g -module-cache-path /Users/admin/builder/spi-builder-workspace/.derivedData/ModuleCache.noindex -Xfrontend -serialize-debugging-options -profile-coverage-mapping -profile-generate -enable-testing -index-store-path /Users/admin/builder/spi-builder-workspace/.derivedData/Index.noindex/DataStore -Xcc -D_LIBCPP_HARDENING_MODE\=_LIBCPP_HARDENING_MODE_DEBUG -swift-version 6 -I /Users/admin/builder/spi-builder-workspace/.derivedData/Build/Products/Debug-watchos -Isystem /Applications/Xcode-27.0.0-Release.Candidate.app/Contents/Developer/Platforms/WatchOS.platform/Developer/usr/lib -F /Users/admin/builder/spi-builder-workspace/.derivedData/Build/Products/Debug-watchos/PackageFrameworks -F /Users/admin/builder/spi-builder-workspace/.derivedData/Build/Products/Debug-watchos -F /Applications/Xcode-27.0.0-Release.Candidate.app/Contents/Developer/Platforms/WatchOS.platform/Developer/Library/Frameworks -F /Applications/Xcode-27.0.0-Release.Candidate.app/Contents/Developer/Platforms/WatchOS.platform/Developer/SDKs/WatchOS27.0.sdk/Developer/Library/Frameworks -c -j10 -enable-batch-mode -incremental -Xcc -ivfsstatcache -Xcc /Users/admin/builder/spi-builder-workspace/.derivedData/SDKStatCaches.noindex/watchos27.0-24R360-e829b21a6f8c9b70876ba0858053c04477534ef55a1706bf4c1112bbb242f0a2.sdkstatcache -output-file-map /Users/admin/builder/spi-builder-workspace/.derivedData/Build/Intermediates.noindex/AppStoreManager.build/Debug-watchos/AppStoreManager-t.build/Objects-normal/arm64/AppStoreManager-OutputFileMap.json -save-temps -no-color-diagnostics -explicit-module-build -module-cache-path /Users/admin/builder/spi-builder-workspace/.derivedData/Build/Intermediates.noindex/SwiftExplicitPrecompiledModules -clang-scanner-module-cache-path /Users/admin/builder/spi-builder-workspace/.derivedData/ModuleCache.noindex -sdk-module-cache-path /Users/admin/builder/spi-builder-workspace/.derivedData/SDKExplicitPrecompiledModules -emit-dependencies -emit-module -emit-module-path /Users/admin/builder/spi-builder-workspace/.derivedData/Build/Intermediates.noindex/AppStoreManager.build/Debug-watchos/AppStoreManager-t.build/Objects-normal/arm64/AppStoreManager.swiftmodule -serialize-diagnostics -dependency-scan-serialize-diagnostics-path /Users/admin/builder/spi-builder-workspace/.derivedData/Build/Intermediates.noindex/AppStoreManager.build/Debug-watchos/AppStoreManager-t.build/Objects-normal/arm64/AppStoreManager-dependency-scan.dia -validate-clang-modules-once -clang-build-session-file /Users/admin/builder/spi-builder-workspace/.derivedData/ModuleCache.noindex/Session.modulevalidation -Xcc -fmodules-prune-interval\=86400 -Xcc -fmodules-prune-after\=345600 -package-name spi_builder_workspace -emit-const-values -const-gather-protocols-list /Users/admin/builder/spi-builder-workspace/.derivedData/Build/Intermediates.noindex/AppStoreManager.build/Debug-watchos/AppStoreManager-t.build/Objects-normal/arm64/AppStoreManager_const_extract_protocols.json -Xcc -I/Users/admin/builder/spi-builder-workspace/.derivedData/Build/Products/Debug-watchos/include -Xcc -I/Users/admin/builder/spi-builder-workspace/.derivedData/Build/Intermediates.noindex/AppStoreManager.build/Debug-watchos/AppStoreManager-t.build/DerivedSources-normal/arm64 -Xcc -I/Users/admin/builder/spi-builder-workspace/.derivedData/Build/Intermediates.noindex/AppStoreManager.build/Debug-watchos/AppStoreManager-t.build/DerivedSources/arm64 -Xcc -I/Users/admin/builder/spi-builder-workspace/.derivedData/Build/Intermediates.noindex/AppStoreManager.build/Debug-watchos/AppStoreManager-t.build/DerivedSources -Xcc -DSWIFT_PACKAGE -Xcc -DDEBUG\=1 -emit-objc-header -emit-objc-header-path /Users/admin/builder/spi-builder-workspace/.derivedData/Build/Intermediates.noindex/AppStoreManager.build/Debug-watchos/AppStoreManager-t.build/Objects-normal/arm64/AppStoreManager-Swift.h -working-directory /Users/admin/builder/spi-builder-workspace/.swiftpm/xcode -experimental-emit-module-separately -disable-cmo
SwiftEmitModule normal arm64_32 Emitting\ module\ for\ AppStoreManager (in target 'AppStoreManager' from project 'AppStoreManager')
SwiftCompile normal arm64_32 (in target 'AppStoreManager' from project 'AppStoreManager')
    cd /Users/admin/builder/spi-builder-workspace/.swiftpm/xcode

SwiftCompile normal arm64_32 Compiling\ StoreManager.swift /Users/admin/builder/spi-builder-workspace/Sources/AppStoreManager/StoreManager.swift (in target 'AppStoreManager' from project 'AppStoreManager')
/Users/admin/builder/spi-builder-workspace/Sources/AppStoreManager/StoreManager.swift:240:41: error: 'PurchaseIntent' is unavailable in watchOS
238 |     public func listenForPromotedPurchases() -> Task<Void, Error> {
239 |         return Task.detached {
240 |             for await purchaseIntent in PurchaseIntent.intents {
    |                                         `- error: 'PurchaseIntent' is unavailable in watchOS
241 |                 // Complete the purchase workflow.
242 |                 do {
StoreKit.PurchaseIntent:5:15: note: 'PurchaseIntent' has been explicitly marked unavailable here
 3 | @available(watchOS, unavailable)
 4 | @available(visionOS, unavailable)
 5 | public struct PurchaseIntent : Equatable, Sendable {
   |               `- note: 'PurchaseIntent' has been explicitly marked unavailable here
 6 |     public let product: Product
 7 |     @available(iOS 18.0, macOS 15.0, *)
Assertion failed: (Range.hasLowerEndpoint()), function getVersionString at AvailabilityRange.h:337.
(to display assertion configuration options: -Xllvm -assert-help)
Please submit a bug report (https://swift.org/contributing/#reporting-bugs) and include the crash backtrace.
Stack dump:
0.	Program arguments: /Applications/Xcode-27.0.0-Release.Candidate.app/Contents/Developer/Toolchains/XcodeDefault.xctoolchain/usr/bin/swift-frontend -frontend -c /Users/admin/builder/spi-builder-workspace/.derivedData/Build/Intermediates.noindex/AppStoreManager.build/Debug-watchos/AppStoreManager-t.build/DerivedSources/resource_bundle_accessor.swift /Users/admin/builder/spi-builder-workspace/Sources/AppStoreManager/StoreError.swift -primary-file /Users/admin/builder/spi-builder-workspace/Sources/AppStoreManager/StoreManager.swift /Users/admin/builder/spi-builder-workspace/Sources/AppStoreManager/VaultProduct.swift /Users/admin/builder/spi-builder-workspace/Sources/AppStoreManager/VersionHistory.swift -emit-dependencies-path /Users/admin/builder/spi-builder-workspace/.derivedData/Build/Intermediates.noindex/AppStoreManager.build/Debug-watchos/AppStoreManager-t.build/Objects-normal/arm64_32/StoreManager.d -emit-const-values-path /Users/admin/builder/spi-builder-workspace/.derivedData/Build/Intermediates.noindex/AppStoreManager.build/Debug-watchos/AppStoreManager-t.build/Objects-normal/arm64_32/StoreManager.swiftconstvalues -emit-reference-dependencies-path /Users/admin/builder/spi-builder-workspace/.derivedData/Build/Intermediates.noindex/AppStoreManager.build/Debug-watchos/AppStoreManager-t.build/Objects-normal/arm64_32/StoreManager.swiftdeps -serialize-diagnostics-path /Users/admin/builder/spi-builder-workspace/.derivedData/Build/Intermediates.noindex/AppStoreManager.build/Debug-watchos/AppStoreManager-t.build/Objects-normal/arm64_32/StoreManager.dia -target arm64_32-apple-watchos26.0 -disable-cross-import-overlay-search -swift-module-cross-import StoreKit /Applications/Xcode-27.0.0-Release.Candidate.app/Contents/Developer/Platforms/WatchOS.platform/Developer/SDKs/WatchOS.sdk/System/Library/Frameworks/StoreKit.framework/Modules/StoreKit.swiftcrossimport/SwiftUI.swiftoverlay -swift-module-cross-import StoreKit /Applications/Xcode-27.0.0-Release.Candidate.app/Contents/Developer/Platforms/WatchOS.platform/Developer/SDKs/WatchOS27.0.sdk/System/Library/Frameworks/StoreKit.framework/Modules/StoreKit.swiftcrossimport/SwiftUI.swiftoverlay -load-resolved-plugin /Applications/Xcode-27.0.0-Release.Candidate.app/Contents/Developer/Platforms/WatchOS.platform/Developer/usr/lib/swift/host/plugins/libFoundationMacros.dylib#/Applications/Xcode-27.0.0-Release.Candidate.app/Contents/Developer/Platforms/WatchOS.platform/Developer/usr/bin/swift-plugin-server#FoundationMacros -load-resolved-plugin /Applications/Xcode-27.0.0-Release.Candidate.app/Contents/Developer/Platforms/WatchOS.platform/Developer/usr/lib/swift/host/plugins/libObservationMacros.dylib#/Applications/Xcode-27.0.0-Release.Candidate.app/Contents/Developer/Platforms/WatchOS.platform/Developer/usr/bin/swift-plugin-server#ObservationMacros -load-resolved-plugin /Applications/Xcode-27.0.0-Release.Candidate.app/Contents/Developer/Platforms/WatchOS.platform/Developer/usr/lib/swift/host/plugins/libPreviewsMacros.dylib#/Applications/Xcode-27.0.0-Release.Candidate.app/Contents/Developer/Platforms/WatchOS.platform/Developer/usr/bin/swift-plugin-server#PreviewsMacros -load-resolved-plugin /Applications/Xcode-27.0.0-Release.Candidate.app/Contents/Developer/Platforms/WatchOS.platform/Developer/usr/lib/swift/host/plugins/libSwiftMacros.dylib#/Applications/Xcode-27.0.0-Release.Candidate.app/Contents/Developer/Platforms/WatchOS.platform/Developer/usr/bin/swift-plugin-server#SwiftMacros -load-resolved-plugin /Applications/Xcode-27.0.0-Release.Candidate.app/Contents/Developer/Platforms/WatchOS.platform/Developer/usr/lib/swift/host/plugins/libSwiftUIMacros.dylib#/Applications/Xcode-27.0.0-Release.Candidate.app/Contents/Developer/Platforms/WatchOS.platform/Developer/usr/bin/swift-plugin-server#SwiftUIMacros -disable-implicit-swift-modules -Xcc -fno-implicit-modules -Xcc -fno-implicit-module-maps -explicit-swift-module-map-file /Users/admin/builder/spi-builder-workspace/.derivedData/Build/Intermediates.noindex/AppStoreManager.build/Debug-watchos/AppStoreManager-t.build/Objects-normal/arm64_32/AppStoreManager-dependencies-2.json -enable-objc-interop -sdk /Applications/Xcode-27.0.0-Release.Candidate.app/Contents/Developer/Platforms/WatchOS.platform/Developer/SDKs/WatchOS27.0.sdk -I /Users/admin/builder/spi-builder-workspace/.derivedData/Build/Products/Debug-watchos -Isystem /Applications/Xcode-27.0.0-Release.Candidate.app/Contents/Developer/Platforms/WatchOS.platform/Developer/usr/lib -F /Users/admin/builder/spi-builder-workspace/.derivedData/Build/Products/Debug-watchos/PackageFrameworks -F /Users/admin/builder/spi-builder-workspace/.derivedData/Build/Products/Debug-watchos -F /Applications/Xcode-27.0.0-Release.Candidate.app/Contents/Developer/Platforms/WatchOS.platform/Developer/Library/Frameworks -F /Applications/Xcode-27.0.0-Release.Candidate.app/Contents/Developer/Platforms/WatchOS.platform/Developer/SDKs/WatchOS27.0.sdk/Developer/Library/Frameworks -module-cache-path /Users/admin/builder/spi-builder-workspace/.derivedData/Build/Intermediates.noindex/SwiftExplicitPrecompiledModules -no-color-diagnostics -Xcc -fno-color-diagnostics -enable-testing -g -debug-info-format=dwarf -dwarf-version=5 -profile-generate -profile-coverage-mapping -swift-version 6 -Onone -D SWIFT_PACKAGE -D DEBUG -D SWIFT_MODULE_RESOURCE_BUNDLE_AVAILABLE -D Xcode -serialize-debugging-options -enable-experimental-feature DebugDescriptionMacro -empty-abi-descriptor -validate-clang-modules-once -clang-build-session-file /Users/admin/builder/spi-builder-workspace/.derivedData/ModuleCache.noindex/Session.modulevalidation -Xcc -working-directory -Xcc /Users/admin/builder/spi-builder-workspace/.swiftpm/xcode -enable-anonymous-context-mangled-names -file-compilation-dir /Users/admin/builder/spi-builder-workspace/.swiftpm/xcode -Xcc -D_LIBCPP_HARDENING_MODE=_LIBCPP_HARDENING_MODE_DEBUG -Xcc -ivfsstatcache -Xcc /Users/admin/builder/spi-builder-workspace/.derivedData/SDKStatCaches.noindex/watchos27.0-24R360-e829b21a6f8c9b70876ba0858053c04477534ef55a1706bf4c1112bbb242f0a2.sdkstatcache -Xcc -fmodules-prune-interval=86400 -Xcc -fmodules-prune-after=345600 -Xcc -I/Users/admin/builder/spi-builder-workspace/.derivedData/Build/Products/Debug-watchos/include -Xcc -I/Users/admin/builder/spi-builder-workspace/.derivedData/Build/Intermediates.noindex/AppStoreManager.build/Debug-watchos/AppStoreManager-t.build/DerivedSources-normal/arm64_32 -Xcc -I/Users/admin/builder/spi-builder-workspace/.derivedData/Build/Intermediates.noindex/AppStoreManager.build/Debug-watchos/AppStoreManager-t.build/DerivedSources/arm64_32 -Xcc -I/Users/admin/builder/spi-builder-workspace/.derivedData/Build/Intermediates.noindex/AppStoreManager.build/Debug-watchos/AppStoreManager-t.build/DerivedSources -Xcc -DSWIFT_PACKAGE -Xcc -DDEBUG=1 -no-auto-bridging-header-chaining -module-name AppStoreManager -package-name spi_builder_workspace -const-gather-protocols-file /Users/admin/builder/spi-builder-workspace/.derivedData/Build/Intermediates.noindex/AppStoreManager.build/Debug-watchos/AppStoreManager-t.build/Objects-normal/arm64_32/AppStoreManager_const_extract_protocols.json -disable-clang-spi -clang-target arm64_32-apple-watchos27.0 -target-sdk-version 27.0 -target-sdk-name watchos27.0 -in-process-plugin-server-path /Applications/Xcode-27.0.0-Release.Candidate.app/Contents/Developer/Toolchains/XcodeDefault.xctoolchain/usr/lib/swift/host/libSwiftInProcPluginServer.dylib -parse-as-library -o /Users/admin/builder/spi-builder-workspace/.derivedData/Build/Intermediates.noindex/AppStoreManager.build/Debug-watchos/AppStoreManager-t.build/Objects-normal/arm64_32/StoreManager.o -debug-module-path /Users/admin/builder/spi-builder-workspace/.derivedData/Build/Intermediates.noindex/AppStoreManager.build/Debug-watchos/AppStoreManager-t.build/Objects-normal/arm64_32/AppStoreManager.swiftmodule -index-unit-output-path /AppStoreManager.build/Debug-watchos/AppStoreManager-t.build/Objects-normal/arm64_32/StoreManager.o -index-store-path /Users/admin/builder/spi-builder-workspace/.derivedData/Index.noindex/DataStore -index-system-modules
1.	Apple Swift version 6.4 (swiftlang-6.4.0.34.1 clang-2100.3.34.1)
2.	Compiling with the current language version
3.	While evaluating request TypeCheckPrimaryFileRequest(source_file "/Users/admin/builder/spi-builder-workspace/Sources/AppStoreManager/StoreManager.swift")
4.	While evaluating request TypeCheckFunctionBodyRequest(AppStoreManager.(file).StoreManager.listenForPromotedPurchases()@/Users/admin/builder/spi-builder-workspace/Sources/AppStoreManager/StoreManager.swift:238:17)
5.	While evaluating request DesugarForEachStmtRequest(ForEach)
6.	Assertion failed: (Range.hasLowerEndpoint()), function getVersionString at AvailabilityRange.h:337.
| 	(to display assertion configuration options: -Xllvm -assert-help)
Stack dump without symbol names (ensure you have llvm-symbolizer in your PATH or set the environment var `LLVM_SYMBOLIZER_PATH` to point to it):
0  swift-frontend           0x0000000106f63bd0
llvm::sys::PrintStackTrace(llvm::raw_ostream&, int) + 56
1  swift-frontend           0x0000000106f61358 llvm::sys::RunSignalHandlers() + 172
2  swift-frontend           0x0000000106f641c8 SignalHandler(int, __siginfo*, void*) + 360
3  libsystem_platform.dylib 0x0000000182349744 _sigtramp + 56
4  libsystem_pthread.dylib  0x000000018233f8d8 pthread_kill + 296
5  libsystem_c.dylib        0x0000000182245978 abort + 148
6  swift-frontend           0x0000000102712bc4 _ABORT(char const*, int, char const*, llvm::function_ref<void (llvm::raw_ostream&)>) + 0
7  swift-frontend           0x0000000102712b80 _abortWithMessage(llvm::StringRef) + 0
8  swift-frontend           0x0000000102065a5c (anonymous namespace)::DesugarForEachStmt::emitDiagnosticsForUnavailableConformance(swift::Type, swift::AvailabilityConstraint) + 1268
9  swift-frontend           0x000000010205ca40 swift::DesugarForEachStmtRequest::evaluate(swift::Evaluator&, swift::ForEachStmt*) const + 456
10 swift-frontend           0x00000001026a45a8 swift::DesugarForEachStmtRequest::OutputType swift::Evaluator::getResultUncached<swift::DesugarForEachStmtRequest, swift::DesugarForEachStmtRequest::OutputType swift::evaluateOrDefault<swift::DesugarForEachStmtRequest>(swift::Evaluator&, swift::DesugarForEachStmtRequest, swift::DesugarForEachStmtRequest::OutputType)::'lambda'()>(swift::DesugarForEachStmtRequest const&, swift::DesugarForEachStmtRequest::OutputType swift::evaluateOrDefault<swift::DesugarForEachStmtRequest>(swift::Evaluator&, swift::DesugarForEachStmtRequest, swift::DesugarForEachStmtRequest::OutputType)::'lambda'()) + 656
11 swift-frontend           0x0000000102060dec (anonymous namespace)::ContextualizationWalker::walkToStmtPre(swift::Stmt*) + 340
12 swift-frontend           0x000000010235f034 (anonymous namespace)::Traversal::visit(swift::Stmt*) + 2732
13 swift-frontend           0x00000001022e70ec swift::ASTNode::walk(swift::ASTWalker&) + 288
14 swift-frontend           0x0000000102060ab0 (anonymous namespace)::ContextualizationWalker::walkToExprPre(swift::Expr*) + 144
15 swift-frontend           0x000000010235bf54 (anonymous namespace)::Traversal::visitDynamicMemberRefExpr(swift::DynamicMemberRefExpr*) + 48
16 swift-frontend           0x000000010235bb88 (anonymous namespace)::Traversal::visit(swift::Expr*) + 1180
17 swift-frontend           0x00000001023617f4 (anonymous namespace)::Traversal::visit(swift::ArgumentList*) + 260
18 swift-frontend           0x000000010235e188 (anonymous namespace)::Traversal::visitApplyExpr(swift::ApplyExpr*) + 196
19 swift-frontend           0x000000010235b740 (anonymous namespace)::Traversal::visit(swift::Expr*) + 84
20 swift-frontend           0x000000010235ed6c (anonymous namespace)::Traversal::visit(swift::Stmt*) + 2020
21 swift-frontend           0x000000010235f05c (anonymous namespace)::Traversal::visit(swift::Stmt*) + 2772
22 swift-frontend           0x00000001022e70ec swift::ASTNode::walk(swift::ASTWalker&) + 288
23 swift-frontend           0x000000010205abe4 swift::TypeCheckFunctionBodyRequest::evaluate(swift::Evaluator&, swift::AbstractFunctionDecl*) const + 2368
24 swift-frontend           0x00000001024d2838 swift::TypeCheckFunctionBodyRequest::OutputType swift::Evaluator::getResultUncached<swift::TypeCheckFunctionBodyRequest, swift::TypeCheckFunctionBodyRequest::OutputType swift::evaluateOrDefault<swift::TypeCheckFunctionBodyRequest>(swift::Evaluator&, swift::TypeCheckFunctionBodyRequest, swift::TypeCheckFunctionBodyRequest::OutputType)::'lambda'()>(swift::TypeCheckFunctionBodyRequest const&, swift::TypeCheckFunctionBodyRequest::OutputType swift::evaluateOrDefault<swift::TypeCheckFunctionBodyRequest>(swift::Evaluator&, swift::TypeCheckFunctionBodyRequest, swift::TypeCheckFunctionBodyRequest::OutputType)::'lambda'()) + 680
25 swift-frontend           0x00000001024d2474 swift::TypeCheckFunctionBodyRequest::OutputType swift::Evaluator::getResultCached<swift::TypeCheckFunctionBodyRequest, swift::TypeCheckFunctionBodyRequest::OutputType swift::evaluateOrDefault<swift::TypeCheckFunctionBodyRequest>(swift::Evaluator&, swift::TypeCheckFunctionBodyRequest, swift::TypeCheckFunctionBodyRequest::OutputType)::'lambda'(), (void*)0>(swift::TypeCheckFunctionBodyRequest const&, swift::TypeCheckFunctionBodyRequest::OutputType swift::evaluateOrDefault<swift::TypeCheckFunctionBodyRequest>(swift::Evaluator&, swift::TypeCheckFunctionBodyRequest, swift::TypeCheckFunctionBodyRequest::OutputType)::'lambda'()) + 76
26 swift-frontend           0x000000010259770c swift::SourceFile::typeCheckDelayedFunctions() + 72
27 swift-frontend           0x00000001020b6444 swift::TypeCheckPrimaryFileRequest::evaluate(swift::Evaluator&, swift::SourceFile*) const + 1248
28 swift-frontend           0x00000001020bf244 swift::TypeCheckPrimaryFileRequest::OutputType swift::Evaluator::getResultUncached<swift::TypeCheckPrimaryFileRequest, swift::TypeCheckPrimaryFileRequest::OutputType swift::evaluateOrDefault<swift::TypeCheckPrimaryFileRequest>(swift::Evaluator&, swift::TypeCheckPrimaryFileRequest, swift::TypeCheckPrimaryFileRequest::OutputType)::'lambda'()>(swift::TypeCheckPrimaryFileRequest const&, swift::TypeCheckPrimaryFileRequest::OutputType swift::evaluateOrDefault<swift::TypeCheckPrimaryFileRequest>(swift::Evaluator&, swift::TypeCheckPrimaryFileRequest, swift::TypeCheckPrimaryFileRequest::OutputType)::'lambda'()) + 648
29 swift-frontend           0x00000001020befa8 swift::TypeCheckPrimaryFileRequest::OutputType swift::Evaluator::getResultCached<swift::TypeCheckPrimaryFileRequest, swift::TypeCheckPrimaryFileRequest::OutputType swift::evaluateOrDefault<swift::TypeCheckPrimaryFileRequest>(swift::Evaluator&, swift::TypeCheckPrimaryFileRequest, swift::TypeCheckPrimaryFileRequest::OutputType)::'lambda'(), (void*)0>(swift::TypeCheckPrimaryFileRequest const&, swift::TypeCheckPrimaryFileRequest::OutputType swift::evaluateOrDefault<swift::TypeCheckPrimaryFileRequest>(swift::Evaluator&, swift::TypeCheckPrimaryFileRequest, swift::TypeCheckPrimaryFileRequest::OutputType)::'lambda'()) + 184
30 swift-frontend           0x0000000100eb81a4 bool llvm::function_ref<bool (swift::SourceFile&)>::callback_fn<swift::CompilerInstance::performSema()::$_0>(long, swift::SourceFile&) + 116
31 swift-frontend           0x0000000100eb111c swift::CompilerInstance::forEachFileToTypeCheck(llvm::function_ref<bool (swift::SourceFile&)>) + 176
32 swift-frontend           0x0000000100eb103c swift::CompilerInstance::performSema() + 456
33 swift-frontend           0x0000000100a78918 performCompile(swift::CompilerInstance&, int&, swift::FrontendObserver*, llvm::ArrayRef<char const*>) + 556
34 swift-frontend           0x0000000100a75dc4 swift::performFrontend(llvm::ArrayRef<char const*>, char const*, void*, swift::FrontendObserver*) + 3776
35 swift-frontend           0x00000001009f5008 swift::mainEntry(int, char const**) + 5600
36 dyld                     0x0000000181f744e4 start + 6992
Failed frontend command:
SwiftCompile normal arm64_32 /Users/admin/builder/spi-builder-workspace/Sources/AppStoreManager/StoreManager.swift (in target 'AppStoreManager' from project 'AppStoreManager')
    cd /Users/admin/builder/spi-builder-workspace/.swiftpm/xcode
    builtin-SwiftPerFileCompile StoreManager.swift
/Users/admin/builder/spi-builder-workspace/.derivedData/Build/Intermediates.noindex/AppStoreManager.build/Debug-watchos/AppStoreManager-t.build/Objects-normal/arm64_32/StoreManager.dia:1:1: warning: Could not read serialized diagnostics file: Error Domain=NSCocoaErrorDomain Code=260 "The file “StoreManager.dia” couldn’t be opened because there is no such file." UserInfo={NSFilePath=/Users/admin/builder/spi-builder-workspace/.derivedData/Build/Intermediates.noindex/AppStoreManager.build/Debug-watchos/AppStoreManager-t.build/Objects-normal/arm64_32/StoreManager.dia, NSURL=file:///Users/admin/builder/spi-builder-workspace/.derivedData/Build/Intermediates.noindex/AppStoreManager.build/Debug-watchos/AppStoreManager-t.build/Objects-normal/arm64_32/StoreManager.dia, NSUnderlyingError=0xc9ee4c5d0 {Error Domain=NSPOSIXErrorDomain Code=2 "No such file or directory"}} (in target 'AppStoreManager' from project 'AppStoreManager')
/Applications/Xcode-27.0.0-Release.Candidate.app/Contents/Developer/Toolchains/XcodeDefault.xctoolchain/usr/bin/swift-frontend -frontend -c /Users/admin/builder/spi-builder-workspace/.derivedData/Build/Intermediates.noindex/AppStoreManager.build/Debug-watchos/AppStoreManager-t.build/DerivedSources/resource_bundle_accessor.swift /Users/admin/builder/spi-builder-workspace/Sources/AppStoreManager/StoreError.swift -primary-file /Users/admin/builder/spi-builder-workspace/Sources/AppStoreManager/StoreManager.swift /Users/admin/builder/spi-builder-workspace/Sources/AppStoreManager/VaultProduct.swift /Users/admin/builder/spi-builder-workspace/Sources/AppStoreManager/VersionHistory.swift -emit-dependencies-path /Users/admin/builder/spi-builder-workspace/.derivedData/Build/Intermediates.noindex/AppStoreManager.build/Debug-watchos/AppStoreManager-t.build/Objects-normal/arm64_32/StoreManager.d -emit-const-values-path /Users/admin/builder/spi-builder-workspace/.derivedData/Build/Intermediates.noindex/AppStoreManager.build/Debug-watchos/AppStoreManager-t.build/Objects-normal/arm64_32/StoreManager.swiftconstvalues -emit-reference-dependencies-path /Users/admin/builder/spi-builder-workspace/.derivedData/Build/Intermediates.noindex/AppStoreManager.build/Debug-watchos/AppStoreManager-t.build/Objects-normal/arm64_32/StoreManager.swiftdeps -serialize-diagnostics-path /Users/admin/builder/spi-builder-workspace/.derivedData/Build/Intermediates.noindex/AppStoreManager.build/Debug-watchos/AppStoreManager-t.build/Objects-normal/arm64_32/StoreManager.dia -target arm64_32-apple-watchos26.0 -disable-cross-import-overlay-search -swift-module-cross-import StoreKit /Applications/Xcode-27.0.0-Release.Candidate.app/Contents/Developer/Platforms/WatchOS.platform/Developer/SDKs/WatchOS.sdk/System/Library/Frameworks/StoreKit.framework/Modules/StoreKit.swiftcrossimport/SwiftUI.swiftoverlay -swift-module-cross-import StoreKit /Applications/Xcode-27.0.0-Release.Candidate.app/Contents/Developer/Platforms/WatchOS.platform/Developer/SDKs/WatchOS27.0.sdk/System/Library/Frameworks/StoreKit.framework/Modules/StoreKit.swiftcrossimport/SwiftUI.swiftoverlay -load-resolved-plugin /Applications/Xcode-27.0.0-Release.Candidate.app/Contents/Developer/Platforms/WatchOS.platform/Developer/usr/lib/swift/host/plugins/libFoundationMacros.dylib\#/Applications/Xcode-27.0.0-Release.Candidate.app/Contents/Developer/Platforms/WatchOS.platform/Developer/usr/bin/swift-plugin-server\#FoundationMacros -load-resolved-plugin /Applications/Xcode-27.0.0-Release.Candidate.app/Contents/Developer/Platforms/WatchOS.platform/Developer/usr/lib/swift/host/plugins/libObservationMacros.dylib\#/Applications/Xcode-27.0.0-Release.Candidate.app/Contents/Developer/Platforms/WatchOS.platform/Developer/usr/bin/swift-plugin-server\#ObservationMacros -load-resolved-plugin /Applications/Xcode-27.0.0-Release.Candidate.app/Contents/Developer/Platforms/WatchOS.platform/Developer/usr/lib/swift/host/plugins/libPreviewsMacros.dylib\#/Applications/Xcode-27.0.0-Release.Candidate.app/Contents/Developer/Platforms/WatchOS.platform/Developer/usr/bin/swift-plugin-server\#PreviewsMacros -load-resolved-plugin /Applications/Xcode-27.0.0-Release.Candidate.app/Contents/Developer/Platforms/WatchOS.platform/Developer/usr/lib/swift/host/plugins/libSwiftMacros.dylib\#/Applications/Xcode-27.0.0-Release.Candidate.app/Contents/Developer/Platforms/WatchOS.platform/Developer/usr/bin/swift-plugin-server\#SwiftMacros -load-resolved-plugin /Applications/Xcode-27.0.0-Release.Candidate.app/Contents/Developer/Platforms/WatchOS.platform/Developer/usr/lib/swift/host/plugins/libSwiftUIMacros.dylib\#/Applications/Xcode-27.0.0-Release.Candidate.app/Contents/Developer/Platforms/WatchOS.platform/Developer/usr/bin/swift-plugin-server\#SwiftUIMacros -disable-implicit-swift-modules -Xcc -fno-implicit-modules -Xcc -fno-implicit-module-maps -explicit-swift-module-map-file /Users/admin/builder/spi-builder-workspace/.derivedData/Build/Intermediates.noindex/AppStoreManager.build/Debug-watchos/AppStoreManager-t.build/Objects-normal/arm64_32/AppStoreManager-dependencies-2.json -enable-objc-interop -sdk /Applications/Xcode-27.0.0-Release.Candidate.app/Contents/Developer/Platforms/WatchOS.platform/Developer/SDKs/WatchOS27.0.sdk -I /Users/admin/builder/spi-builder-workspace/.derivedData/Build/Products/Debug-watchos -Isystem /Applications/Xcode-27.0.0-Release.Candidate.app/Contents/Developer/Platforms/WatchOS.platform/Developer/usr/lib -F /Users/admin/builder/spi-builder-workspace/.derivedData/Build/Products/Debug-watchos/PackageFrameworks -F /Users/admin/builder/spi-builder-workspace/.derivedData/Build/Products/Debug-watchos -F /Applications/Xcode-27.0.0-Release.Candidate.app/Contents/Developer/Platforms/WatchOS.platform/Developer/Library/Frameworks -F /Applications/Xcode-27.0.0-Release.Candidate.app/Contents/Developer/Platforms/WatchOS.platform/Developer/SDKs/WatchOS27.0.sdk/Developer/Library/Frameworks -module-cache-path /Users/admin/builder/spi-builder-workspace/.derivedData/Build/Intermediates.noindex/SwiftExplicitPrecompiledModules -no-color-diagnostics -Xcc -fno-color-diagnostics -enable-testing -g -debug-info-format\=dwarf -dwarf-version\=5 -profile-generate -profile-coverage-mapping -swift-version 6 -Onone -D SWIFT_PACKAGE -D DEBUG -D SWIFT_MODULE_RESOURCE_BUNDLE_AVAILABLE -D Xcode -serialize-debugging-options -enable-experimental-feature DebugDescriptionMacro -empty-abi-descriptor -validate-clang-modules-once -clang-build-session-file /Users/admin/builder/spi-builder-workspace/.derivedData/ModuleCache.noindex/Session.modulevalidation -Xcc -working-directory -Xcc /Users/admin/builder/spi-builder-workspace/.swiftpm/xcode -enable-anonymous-context-mangled-names -file-compilation-dir /Users/admin/builder/spi-builder-workspace/.swiftpm/xcode -Xcc -D_LIBCPP_HARDENING_MODE\=_LIBCPP_HARDENING_MODE_DEBUG -Xcc -ivfsstatcache -Xcc /Users/admin/builder/spi-builder-workspace/.derivedData/SDKStatCaches.noindex/watchos27.0-24R360-e829b21a6f8c9b70876ba0858053c04477534ef55a1706bf4c1112bbb242f0a2.sdkstatcache -Xcc -fmodules-prune-interval\=86400 -Xcc -fmodules-prune-after\=345600 -Xcc -I/Users/admin/builder/spi-builder-workspace/.derivedData/Build/Products/Debug-watchos/include -Xcc -I/Users/admin/builder/spi-builder-workspace/.derivedData/Build/Intermediates.noindex/AppStoreManager.build/Debug-watchos/AppStoreManager-t.build/DerivedSources-normal/arm64_32 -Xcc -I/Users/admin/builder/spi-builder-workspace/.derivedData/Build/Intermediates.noindex/AppStoreManager.build/Debug-watchos/AppStoreManager-t.build/DerivedSources/arm64_32 -Xcc -I/Users/admin/builder/spi-builder-workspace/.derivedData/Build/Intermediates.noindex/AppStoreManager.build/Debug-watchos/AppStoreManager-t.build/DerivedSources -Xcc -DSWIFT_PACKAGE -Xcc -DDEBUG\=1 -no-auto-bridging-header-chaining -module-name AppStoreManager -package-name spi_builder_workspace -const-gather-protocols-file /Users/admin/builder/spi-builder-workspace/.derivedData/Build/Intermediates.noindex/AppStoreManager.build/Debug-watchos/AppStoreManager-t.build/Objects-normal/arm64_32/AppStoreManager_const_extract_protocols.json -disable-clang-spi -clang-target arm64_32-apple-watchos27.0 -target-sdk-version 27.0 -target-sdk-name watchos27.0 -in-process-plugin-server-path /Applications/Xcode-27.0.0-Release.Candidate.app/Contents/Developer/Toolchains/XcodeDefault.xctoolchain/usr/lib/swift/host/libSwiftInProcPluginServer.dylib -parse-as-library -o /Users/admin/builder/spi-builder-workspace/.derivedData/Build/Intermediates.noindex/AppStoreManager.build/Debug-watchos/AppStoreManager-t.build/Objects-normal/arm64_32/StoreManager.o -debug-module-path /Users/admin/builder/spi-builder-workspace/.derivedData/Build/Intermediates.noindex/AppStoreManager.build/Debug-watchos/AppStoreManager-t.build/Objects-normal/arm64_32/AppStoreManager.swiftmodule -index-unit-output-path /AppStoreManager.build/Debug-watchos/AppStoreManager-t.build/Objects-normal/arm64_32/StoreManager.o -index-store-path /Users/admin/builder/spi-builder-workspace/.derivedData/Index.noindex/DataStore -index-system-modules
Command SwiftCompile failed with a nonzero exit code
SwiftEmitModule normal arm64 Emitting\ module\ for\ AppStoreManager (in target 'AppStoreManager' from project 'AppStoreManager')
SwiftCompile normal arm64 (in target 'AppStoreManager' from project 'AppStoreManager')
    cd /Users/admin/builder/spi-builder-workspace/.swiftpm/xcode

SwiftCompile normal arm64 Compiling\ StoreManager.swift /Users/admin/builder/spi-builder-workspace/Sources/AppStoreManager/StoreManager.swift (in target 'AppStoreManager' from project 'AppStoreManager')
/Users/admin/builder/spi-builder-workspace/Sources/AppStoreManager/StoreManager.swift:240:41: error: 'PurchaseIntent' is unavailable in watchOS
238 |     public func listenForPromotedPurchases() -> Task<Void, Error> {
239 |         return Task.detached {
240 |             for await purchaseIntent in PurchaseIntent.intents {
    |                                         `- error: 'PurchaseIntent' is unavailable in watchOS
241 |                 // Complete the purchase workflow.
242 |                 do {
StoreKit.PurchaseIntent:5:15: note: 'PurchaseIntent' has been explicitly marked unavailable here
 3 | @available(watchOS, unavailable)
 4 | @available(visionOS, unavailable)
 5 | public struct PurchaseIntent : Equatable, Sendable {
   |               `- note: 'PurchaseIntent' has been explicitly marked unavailable here
 6 |     public let product: Product
 7 |     @available(iOS 18.0, macOS 15.0, *)
Assertion failed: (Range.hasLowerEndpoint()), function getVersionString at AvailabilityRange.h:337.
(to display assertion configuration options: -Xllvm -assert-help)
Please submit a bug report (https://swift.org/contributing/#reporting-bugs) and include the crash backtrace.
Stack dump:
0.	Program arguments: /Applications/Xcode-27.0.0-Release.Candidate.app/Contents/Developer/Toolchains/XcodeDefault.xctoolchain/usr/bin/swift-frontend -frontend -c /Users/admin/builder/spi-builder-workspace/.derivedData/Build/Intermediates.noindex/AppStoreManager.build/Debug-watchos/AppStoreManager-t.build/DerivedSources/resource_bundle_accessor.swift /Users/admin/builder/spi-builder-workspace/Sources/AppStoreManager/StoreError.swift -primary-file /Users/admin/builder/spi-builder-workspace/Sources/AppStoreManager/StoreManager.swift /Users/admin/builder/spi-builder-workspace/Sources/AppStoreManager/VaultProduct.swift /Users/admin/builder/spi-builder-workspace/Sources/AppStoreManager/VersionHistory.swift -emit-dependencies-path /Users/admin/builder/spi-builder-workspace/.derivedData/Build/Intermediates.noindex/AppStoreManager.build/Debug-watchos/AppStoreManager-t.build/Objects-normal/arm64/StoreManager.d -emit-const-values-path /Users/admin/builder/spi-builder-workspace/.derivedData/Build/Intermediates.noindex/AppStoreManager.build/Debug-watchos/AppStoreManager-t.build/Objects-normal/arm64/StoreManager.swiftconstvalues -emit-reference-dependencies-path /Users/admin/builder/spi-builder-workspace/.derivedData/Build/Intermediates.noindex/AppStoreManager.build/Debug-watchos/AppStoreManager-t.build/Objects-normal/arm64/StoreManager.swiftdeps -serialize-diagnostics-path /Users/admin/builder/spi-builder-workspace/.derivedData/Build/Intermediates.noindex/AppStoreManager.build/Debug-watchos/AppStoreManager-t.build/Objects-normal/arm64/StoreManager.dia -target arm64-apple-watchos26.0 -disable-cross-import-overlay-search -swift-module-cross-import StoreKit /Applications/Xcode-27.0.0-Release.Candidate.app/Contents/Developer/Platforms/WatchOS.platform/Developer/SDKs/WatchOS.sdk/System/Library/Frameworks/StoreKit.framework/Modules/StoreKit.swiftcrossimport/SwiftUI.swiftoverlay -swift-module-cross-import StoreKit /Applications/Xcode-27.0.0-Release.Candidate.app/Contents/Developer/Platforms/WatchOS.platform/Developer/SDKs/WatchOS27.0.sdk/System/Library/Frameworks/StoreKit.framework/Modules/StoreKit.swiftcrossimport/SwiftUI.swiftoverlay -load-resolved-plugin /Applications/Xcode-27.0.0-Release.Candidate.app/Contents/Developer/Platforms/WatchOS.platform/Developer/usr/lib/swift/host/plugins/libFoundationMacros.dylib#/Applications/Xcode-27.0.0-Release.Candidate.app/Contents/Developer/Platforms/WatchOS.platform/Developer/usr/bin/swift-plugin-server#FoundationMacros -load-resolved-plugin /Applications/Xcode-27.0.0-Release.Candidate.app/Contents/Developer/Platforms/WatchOS.platform/Developer/usr/lib/swift/host/plugins/libObservationMacros.dylib#/Applications/Xcode-27.0.0-Release.Candidate.app/Contents/Developer/Platforms/WatchOS.platform/Developer/usr/bin/swift-plugin-server#ObservationMacros -load-resolved-plugin /Applications/Xcode-27.0.0-Release.Candidate.app/Contents/Developer/Platforms/WatchOS.platform/Developer/usr/lib/swift/host/plugins/libPreviewsMacros.dylib#/Applications/Xcode-27.0.0-Release.Candidate.app/Contents/Developer/Platforms/WatchOS.platform/Developer/usr/bin/swift-plugin-server#PreviewsMacros -load-resolved-plugin /Applications/Xcode-27.0.0-Release.Candidate.app/Contents/Developer/Platforms/WatchOS.platform/Developer/usr/lib/swift/host/plugins/libSwiftMacros.dylib#/Applications/Xcode-27.0.0-Release.Candidate.app/Contents/Developer/Platforms/WatchOS.platform/Developer/usr/bin/swift-plugin-server#SwiftMacros -load-resolved-plugin /Applications/Xcode-27.0.0-Release.Candidate.app/Contents/Developer/Platforms/WatchOS.platform/Developer/usr/lib/swift/host/plugins/libSwiftUIMacros.dylib#/Applications/Xcode-27.0.0-Release.Candidate.app/Contents/Developer/Platforms/WatchOS.platform/Developer/usr/bin/swift-plugin-server#SwiftUIMacros -disable-implicit-swift-modules -Xcc -fno-implicit-modules -Xcc -fno-implicit-module-maps -explicit-swift-module-map-file /Users/admin/builder/spi-builder-workspace/.derivedData/Build/Intermediates.noindex/AppStoreManager.build/Debug-watchos/AppStoreManager-t.build/Objects-normal/arm64/AppStoreManager-dependencies-1.json -Xllvm -aarch64-use-tbi -enable-objc-interop -stack-check -sdk /Applications/Xcode-27.0.0-Release.Candidate.app/Contents/Developer/Platforms/WatchOS.platform/Developer/SDKs/WatchOS27.0.sdk -I /Users/admin/builder/spi-builder-workspace/.derivedData/Build/Products/Debug-watchos -Isystem /Applications/Xcode-27.0.0-Release.Candidate.app/Contents/Developer/Platforms/WatchOS.platform/Developer/usr/lib -F /Users/admin/builder/spi-builder-workspace/.derivedData/Build/Products/Debug-watchos/PackageFrameworks -F /Users/admin/builder/spi-builder-workspace/.derivedData/Build/Products/Debug-watchos -F /Applications/Xcode-27.0.0-Release.Candidate.app/Contents/Developer/Platforms/WatchOS.platform/Developer/Library/Frameworks -F /Applications/Xcode-27.0.0-Release.Candidate.app/Contents/Developer/Platforms/WatchOS.platform/Developer/SDKs/WatchOS27.0.sdk/Developer/Library/Frameworks -module-cache-path /Users/admin/builder/spi-builder-workspace/.derivedData/Build/Intermediates.noindex/SwiftExplicitPrecompiledModules -no-color-diagnostics -Xcc -fno-color-diagnostics -enable-testing -g -debug-info-format=dwarf -dwarf-version=5 -profile-generate -profile-coverage-mapping -swift-version 6 -Onone -D SWIFT_PACKAGE -D DEBUG -D SWIFT_MODULE_RESOURCE_BUNDLE_AVAILABLE -D Xcode -serialize-debugging-options -enable-experimental-feature DebugDescriptionMacro -empty-abi-descriptor -validate-clang-modules-once -clang-build-session-file /Users/admin/builder/spi-builder-workspace/.derivedData/ModuleCache.noindex/Session.modulevalidation -Xcc -working-directory -Xcc /Users/admin/builder/spi-builder-workspace/.swiftpm/xcode -enable-anonymous-context-mangled-names -file-compilation-dir /Users/admin/builder/spi-builder-workspace/.swiftpm/xcode -Xcc -D_LIBCPP_HARDENING_MODE=_LIBCPP_HARDENING_MODE_DEBUG -Xcc -ivfsstatcache -Xcc /Users/admin/builder/spi-builder-workspace/.derivedData/SDKStatCaches.noindex/watchos27.0-24R360-e829b21a6f8c9b70876ba0858053c04477534ef55a1706bf4c1112bbb242f0a2.sdkstatcache -Xcc -fmodules-prune-interval=86400 -Xcc -fmodules-prune-after=345600 -Xcc -I/Users/admin/builder/spi-builder-workspace/.derivedData/Build/Products/Debug-watchos/include -Xcc -I/Users/admin/builder/spi-builder-workspace/.derivedData/Build/Intermediates.noindex/AppStoreManager.build/Debug-watchos/AppStoreManager-t.build/DerivedSources-normal/arm64 -Xcc -I/Users/admin/builder/spi-builder-workspace/.derivedData/Build/Intermediates.noindex/AppStoreManager.build/Debug-watchos/AppStoreManager-t.build/DerivedSources/arm64 -Xcc -I/Users/admin/builder/spi-builder-workspace/.derivedData/Build/Intermediates.noindex/AppStoreManager.build/Debug-watchos/AppStoreManager-t.build/DerivedSources -Xcc -DSWIFT_PACKAGE -Xcc -DDEBUG=1 -no-auto-bridging-header-chaining -module-name AppStoreManager -package-name spi_builder_workspace -const-gather-protocols-file /Users/admin/builder/spi-builder-workspace/.derivedData/Build/Intermediates.noindex/AppStoreManager.build/Debug-watchos/AppStoreManager-t.build/Objects-normal/arm64/AppStoreManager_const_extract_protocols.json -disable-clang-spi -clang-target arm64-apple-watchos27.0 -target-sdk-version 27.0 -target-sdk-name watchos27.0 -in-process-plugin-server-path /Applications/Xcode-27.0.0-Release.Candidate.app/Contents/Developer/Toolchains/XcodeDefault.xctoolchain/usr/lib/swift/host/libSwiftInProcPluginServer.dylib -parse-as-library -o /Users/admin/builder/spi-builder-workspace/.derivedData/Build/Intermediates.noindex/AppStoreManager.build/Debug-watchos/AppStoreManager-t.build/Objects-normal/arm64/StoreManager.o -debug-module-path /Users/admin/builder/spi-builder-workspace/.derivedData/Build/Intermediates.noindex/AppStoreManager.build/Debug-watchos/AppStoreManager-t.build/Objects-normal/arm64/AppStoreManager.swiftmodule -index-unit-output-path /AppStoreManager.build/Debug-watchos/AppStoreManager-t.build/Objects-normal/arm64/StoreManager.o -index-store-path /Users/admin/builder/spi-builder-workspace/.derivedData/Index.noindex/DataStore -index-system-modules
1.	Apple Swift version 6.4 (swiftlang-6.4.0.34.1 clang-2100.3.34.1)
2.	Compiling with the current language version
3.	While evaluating request TypeCheckPrimaryFileRequest(source_file "/Users/admin/builder/spi-builder-workspace/Sources/AppStoreManager/StoreManager.swift")
4.	While evaluating request TypeCheckFunctionBodyRequest(AppStoreManager.(file).StoreManager.listenForPromotedPurchases()@/Users/admin/builder/spi-builder-workspace/Sources/AppStoreManager/StoreManager.swift:238:17)
5.	While evaluating request DesugarForEachStmtRequest(ForEach)
6.	Assertion failed: (Range.hasLowerEndpoint()), function getVersionString at AvailabilityRange.h:337.
| 	(to display assertion configuration options: -Xllvm -assert-help)
Stack dump without symbol names (ensure you have llvm-symbolizer in your PATH or set the environment var `LLVM_SYMBOLIZER_PATH` to point to it):
0  swift-frontend           0x00000001072a7bd0 llvm::sys::PrintStackTrace(llvm::raw_ostream&, int) + 56
1  swift-frontend           0x00000001072a5358 llvm::sys::RunSignalHandlers() + 172
2  swift-frontend           0x00000001072a81c8 SignalHandler(int, __siginfo*, void*) + 360
3  libsystem_platform.dylib 0x0000000182349744 _sigtramp + 56
4  libsystem_pthread.dylib  0x000000018233f8d8 pthread_kill + 296
5  libsystem_c.dylib        0x0000000182245978 abort + 148
6  swift-frontend           0x0000000102a56bc4 _ABORT(char const*, int, char const*, llvm::function_ref<void (llvm::raw_ostream&)>) + 0
7  swift-frontend           0x0000000102a56b80 _abortWithMessage(llvm::StringRef) + 0
8  swift-frontend           0x00000001023a9a5c (anonymous namespace)::DesugarForEachStmt::emitDiagnosticsForUnavailableConformance(swift::Type, swift::AvailabilityConstraint) + 1268
9  swift-frontend           0x00000001023a0a40 swift::DesugarForEachStmtRequest::evaluate(swift::Evaluator&, swift::ForEachStmt*) const + 456
10 swift-frontend           0x00000001029e85a8 swift::DesugarForEachStmtRequest::OutputType swift::Evaluator::getResultUncached<swift::DesugarForEachStmtRequest, swift::DesugarForEachStmtRequest::OutputType swift::evaluateOrDefault<swift::DesugarForEachStmtRequest>(swift::Evaluator&, swift::DesugarForEachStmtRequest, swift::DesugarForEachStmtRequest::OutputType)::'lambda'()>(swift::DesugarForEachStmtRequest const&, swift::DesugarForEachStmtRequest::OutputType swift::evaluateOrDefault<swift::DesugarForEachStmtRequest>(swift::Evaluator&, swift::DesugarForEachStmtRequest, swift::DesugarForEachStmtRequest::OutputType)::'lambda'()) + 656
11 swift-frontend           0x00000001023a4dec (anonymous namespace)::ContextualizationWalker::walkToStmtPre(swift::Stmt*) + 340
12 swift-frontend           0x00000001026a3034 (anonymous namespace)::Traversal::visit(swift::Stmt*) + 2732
13 swift-frontend           0x000000010262b0ec swift::ASTNode::walk(swift::ASTWalker&) + 288
14 swift-frontend           0x00000001023a4ab0 (anonymous namespace)::ContextualizationWalker::walkToExprPre(swift::Expr*) + 144
15 swift-frontend           0x000000010269ff54 (anonymous namespace)::Traversal::visitDynamicMemberRefExpr(swift::DynamicMemberRefExpr*) + 48
16 swift-frontend           0x000000010269fb88 (anonymous namespace)::Traversal::visit(swift::Expr*) + 1180
17 swift-frontend           0x00000001026a57f4 (anonymous namespace)::Traversal::visit(swift::ArgumentList*) + 260
18 swift-frontend           0x00000001026a2188 (anonymous namespace)::Traversal::visitApplyExpr(swift::ApplyExpr*) + 196
19 swift-frontend           0x000000010269f740 (anonymous namespace)::Traversal::visit(swift::Expr*) + 84
20 swift-frontend           0x00000001026a2d6c (anonymous namespace)::Traversal::visit(swift::Stmt*) + 2020
21 swift-frontend           0x00000001026a305c (anonymous namespace)::Traversal::visit(swift::Stmt*) + 2772
22 swift-frontend           0x000000010262b0ec swift::ASTNode::walk(swift::ASTWalker&) + 288
23 swift-frontend           0x000000010239ebe4 swift::TypeCheckFunctionBodyRequest::evaluate(swift::Evaluator&, swift::AbstractFunctionDecl*) const + 2368
24 swift-frontend           0x0000000102816838 swift::TypeCheckFunctionBodyRequest::OutputType swift::Evaluator::getResultUncached<swift::TypeCheckFunctionBodyRequest, swift::TypeCheckFunctionBodyRequest::OutputType swift::evaluateOrDefault<swift::TypeCheckFunctionBodyRequest>(swift::Evaluator&, swift::TypeCheckFunctionBodyRequest, swift::TypeCheckFunctionBodyRequest::OutputType)::'lambda'()>(swift::TypeCheckFunctionBodyRequest const&, swift::TypeCheckFunctionBodyRequest::OutputType swift::evaluateOrDefault<swift::TypeCheckFunctionBodyRequest>(swift::Evaluator&, swift::TypeCheckFunctionBodyRequest, swift::TypeCheckFunctionBodyRequest::OutputType)::'lambda'()) + 680
25 swift-frontend           0x0000000102816474 swift::TypeCheckFunctionBodyRequest::OutputType swift::Evaluator::getResultCached<swift::TypeCheckFunctionBodyRequest, swift::TypeCheckFunctionBodyRequest::OutputType swift::evaluateOrDefault<swift::TypeCheckFunctionBodyRequest>(swift::Evaluator&, swift::TypeCheckFunctionBodyRequest, swift::TypeCheckFunctionBodyRequest::OutputType)::'lambda'(), (void*)0>(swift::TypeCheckFunctionBodyRequest const&, swift::TypeCheckFunctionBodyRequest::OutputType swift::evaluateOrDefault<swift::TypeCheckFunctionBodyRequest>(swift::Evaluator&, swift::TypeCheckFunctionBodyRequest, swift::TypeCheckFunctionBodyRequest::OutputType)::'lambda'()) + 76
26 swift-frontend           0x00000001028db70c swift::SourceFile::typeCheckDelayedFunctions() + 72
27 swift-frontend           0x00000001023fa444 swift::TypeCheckPrimaryFileRequest::evaluate(swift::Evaluator&, swift::SourceFile*) const + 1248
28 swift-frontend           0x0000000102403244 swift::TypeCheckPrimaryFileRequest::OutputType swift::Evaluator::getResultUncached<swift::TypeCheckPrimaryFileRequest, swift::TypeCheckPrimaryFileRequest::OutputType swift::evaluateOrDefault<swift::TypeCheckPrimaryFileRequest>(swift::Evaluator&, swift::TypeCheckPrimaryFileRequest, swift::TypeCheckPrimaryFileRequest::OutputType)::'lambda'()>(swift::TypeCheckPrimaryFileRequest const&, swift::TypeCheckPrimaryFileRequest::OutputType swift::evaluateOrDefault<swift::TypeCheckPrimaryFileRequest>(swift::Evaluator&, swift::TypeCheckPrimaryFileRequest, swift::TypeCheckPrimaryFileRequest::OutputType)::'lambda'()) + 648
29 swift-frontend           0x0000000102402fa8 swift::TypeCheckPrimaryFileRequest::OutputType swift::Evaluator::getResultCached<swift::TypeCheckPrimaryFileRequest, swift::TypeCheckPrimaryFileRequest::OutputType swift::evaluateOrDefault<swift::TypeCheckPrimaryFileRequest>(swift::Evaluator&, swift::TypeCheckPrimaryFileRequest, swift::TypeCheckPrimaryFileRequest::OutputType)::'lambda'(), (void*)0>(swift::TypeCheckPrimaryFileRequest const&, swift::TypeCheckPrimaryFileRequest::OutputType swift::evaluateOrDefault<swift::TypeCheckPrimaryFileRequest>(swift::Evaluator&, swift::TypeCheckPrimaryFileRequest, swift::TypeCheckPrimaryFileRequest::OutputType)::'lambda'()) + 184
30 swift-frontend           0x00000001011fc1a4 bool llvm::function_ref<bool (swift::SourceFile&)>::callback_fn<swift::CompilerInstance::performSema()::$_0>(long, swift::SourceFile&) + 116
31 swift-frontend           0x00000001011f511c swift::CompilerInstance::forEachFileToTypeCheck(llvm::function_ref<bool (swift::SourceFile&)>) + 176
32 swift-frontend           0x00000001011f503c swift::CompilerInstance::performSema() + 456
33 swift-frontend           0x0000000100dbc918 performCompile(swift::CompilerInstance&, int&, swift::FrontendObserver*, llvm::ArrayRef<char const*>) + 556
34 swift-frontend           0x0000000100db9dc4 swift::performFrontend(llvm::ArrayRef<char const*>, char const*, void*, swift::FrontendObserver*) + 3776
35 swift-frontend           0x0000000100d39008 swift::mainEntry(int, char const**) + 5600
36 dyld                     0x0000000181f744e4 start + 6992
Failed frontend command:
/Applications/Xcode-27.0.0-Release.Candidate.app/Contents/Developer/Toolchains/XcodeDefault.xctoolchain/usr/bin/swift-frontend -frontend -c /Users/admin/builder/spi-builder-workspace/.derivedData/Build/Intermediates.noindex/AppStoreManager.build/Debug-watchos/AppStoreManager-t.build/DerivedSources/resource_bundle_accessor.swift /Users/admin/builder/spi-builder-workspace/Sources/AppStoreManager/StoreError.swift -primary-file /Users/admin/builder/spi-builder-workspace/Sources/AppStoreManager/StoreManager.swift /Users/admin/builder/spi-builder-workspace/Sources/AppStoreManager/VaultProduct.swift /Users/admin/builder/spi-builder-workspace/Sources/AppStoreManager/VersionHistory.swift -emit-dependencies-path /Users/admin/builder/spi-builder-workspace/.derivedData/Build/Intermediates.noindex/AppStoreManager.build/Debug-watchos/AppStoreManager-t.build/Objects-normal/arm64/StoreManager.d -emit-const-values-path /Users/admin/builder/spi-builder-workspace/.derivedData/Build/Intermediates.noindex/AppStoreManager.build/Debug-watchos/AppStoreManager-t.build/Objects-normal/arm64/StoreManager.swiftconstvalues -emit-reference-dependencies-path /Users/admin/builder/spi-builder-workspace/.derivedData/Build/Intermediates.noindex/AppStoreManager.build/Debug-watchos/AppStoreManager-t.build/Objects-normal/arm64/StoreManager.swiftdeps -serialize-diagnostics-path /Users/admin/builder/spi-builder-workspace/.derivedData/Build/Intermediates.noindex/AppStoreManager.build/Debug-watchos/AppStoreManager-t.build/Objects-normal/arm64/StoreManager.dia -target arm64-apple-watchos26.0 -disable-cross-import-overlay-search -swift-module-cross-import StoreKit /Applications/Xcode-27.0.0-Release.Candidate.app/Contents/Developer/Platforms/WatchOS.platform/Developer/SDKs/WatchOS.sdk/System/Library/Frameworks/StoreKit.framework/Modules/StoreKit.swiftcrossimport/SwiftUI.swiftoverlay -swift-module-cross-import StoreKit /Applications/Xcode-27.0.0-Release.Candidate.app/Contents/Developer/Platforms/WatchOS.platform/Developer/SDKs/WatchOS27.0.sdk/System/Library/Frameworks/StoreKit.framework/Modules/StoreKit.swiftcrossimport/SwiftUI.swiftoverlay -load-resolved-plugin /Applications/Xcode-27.0.0-Release.Candidate.app/Contents/Developer/Platforms/WatchOS.platform/Developer/usr/lib/swift/host/plugins/libFoundationMacros.dylib\#/Applications/Xcode-27.0.0-Release.Candidate.app/Contents/Developer/Platforms/WatchOS.platform/Developer/usr/bin/swift-plugin-server\#FoundationMacros -load-resolved-plugin /Applications/Xcode-27.0.0-Release.Candidate.app/Contents/Developer/Platforms/WatchOS.platform/Developer/usr/lib/swift/host/plugins/libObservationMacros.dylib\#/Applications/Xcode-27.0.0-Release.Candidate.app/Contents/Developer/Platforms/WatchOS.platform/Developer/usr/bin/swift-plugin-server\#ObservationMacros -load-resolved-plugin /Applications/Xcode-27.0.0-Release.Candidate.app/Contents/Developer/Platforms/WatchOS.platform/Developer/usr/lib/swift/host/plugins/libPreviewsMacros.dylib\#/Applications/Xcode-27.0.0-Release.Candidate.app/Contents/Developer/Platforms/WatchOS.platform/Developer/usr/bin/swift-plugin-server\#PreviewsMacros -load-resolved-plugin /Applications/Xcode-27.0.0-Release.Candidate.app/Contents/Developer/Platforms/WatchOS.platform/Developer/usr/lib/swift/host/plugins/libSwiftMacros.dylib\#/Applications/Xcode-27.0.0-Release.Candidate.app/Contents/Developer/Platforms/WatchOS.platform/Developer/usr/bin/swift-plugin-server\#SwiftMacros -load-resolved-plugin /Applications/Xcode-27.0.0-Release.Candidate.app/Contents/Developer/Platforms/WatchOS.platform/Developer/usr/lib/swift/host/plugins/libSwiftUIMacros.dylib\#/Applications/Xcode-27.0.0-Release.Candidate.app/Contents/Developer/Platforms/WatchOS.platform/Developer/usr/bin/swift-plugin-server\#SwiftUIMacros -disable-implicit-swift-modules -Xcc -fno-implicit-modules -Xcc -fno-implicit-module-maps -explicit-swift-module-map-file /Users/admin/builder/spi-builder-workspace/.derivedData/Build/Intermediates.noindex/AppStoreManager.build/Debug-watchos/AppStoreManager-t.build/Objects-normal/arm64/AppStoreManager-dependencies-1.json -Xllvm -aarch64-use-tbi -enable-objc-interop -stack-check -sdk /Applications/Xcode-27.0.0-Release.Candidate.app/Contents/Developer/Platforms/WatchOS.platform/Developer/SDKs/WatchOS27.0.sdk -I /Users/admin/builder/spi-builder-workspace/.derivedData/Build/Products/Debug-watchos -Isystem /Applications/Xcode-27.0.0-Release.Candidate.app/Contents/Developer/Platforms/WatchOS.platform/Developer/usr/lib -F /Users/admin/builder/spi-builder-workspace/.derivedData/Build/Products/Debug-watchos/PackageFrameworks -F /Users/admin/builder/spi-builder-workspace/.derivedData/Build/Products/Debug-watchos -F /Applications/Xcode-27.0.0-Release.Candidate.app/Contents/Developer/Platforms/WatchOS.platform/Developer/Library/Frameworks -F /Applications/Xcode-27.0.0-Release.Candidate.app/Contents/Developer/Platforms/WatchOS.platform/Developer/SDKs/WatchOS27.0.sdk/Developer/Library/Frameworks -module-cache-path /Users/admin/builder/spi-builder-workspace/.derivedData/Build/Intermediates.noindex/SwiftExplicitPrecompiledModules -no-color-diagnostics -Xcc -fno-color-diagnostics -enable-testing -g -debug-info-format\=dwarf -dwarf-version\=5 -profile-generate -profile-coverage-mapping -swift-version 6 -Onone -D SWIFT_PACKAGE -D DEBUG -D SWIFT_MODULE_RESOURCE_BUNDLE_AVAILABLE -D Xcode -serialize-debugging-options -enable-experimental-feature DebugDescriptionMacro -empty-abi-descriptor -validate-clang-modules-once -clang-build-session-file /Users/admin/builder/spi-builder-workspace/.derivedData/ModuleCache.noindex/Session.modulevalidation -Xcc -working-directory -Xcc /Users/admin/builder/spi-builder-workspace/.swiftpm/xcode -enable-anonymous-context-mangled-names -file-compilation-dir /Users/admin/builder/spi-builder-workspace/.swiftpm/xcode -Xcc -D_LIBCPP_HARDENING_MODE\=_LIBCPP_HARDENING_MODE_DEBUG -Xcc -ivfsstatcache -Xcc /Users/admin/builder/spi-builder-workspace/.derivedData/SDKStatCaches.noindex/watchos27.0-24R360-e829b21a6f8c9b70876ba0858053c04477534ef55a1706bf4c1112bbb242f0a2.sdkstatcache -Xcc -fmodules-prune-interval\=86400 -Xcc -fmodules-prune-after\=345600 -Xcc -I/Users/admin/builder/spi-builder-workspace/.derivedData/Build/Products/Debug-watchos/include -Xcc -I/Users/admin/builder/spi-builder-workspace/.derivedData/Build/Intermediates.noindex/AppStoreManager.build/Debug-watchos/AppStoreManager-t.build/DerivedSources-normal/arm64 -Xcc -I/Users/admin/builder/spi-builder-workspace/.derivedData/Build/Intermediates.noindex/AppStoreManager.build/Debug-watchos/AppStoreManager-t.build/DerivedSources/arm64 -Xcc -I/Users/admin/builder/spi-builder-workspace/.derivedData/Build/Intermediates.noindex/AppStoreManager.build/Debug-watchos/AppStoreManager-t.build/DerivedSources -Xcc -DSWIFT_PACKAGE -Xcc -DDEBUG\=1 -no-auto-bridging-header-chaining -module-name AppStoreManager -package-name spi_builder_workspace -const-gather-protocols-file /Users/admin/builder/spi-builder-workspace/.derivedData/Build/Intermediates.noindex/AppStoreManager.build/Debug-watchos/AppStoreManager-t.build/Objects-normal/arm64/AppStoreManager_const_extract_protocols.json -disable-clang-spi -clang-target arm64-apple-watchos27.0 -target-sdk-version 27.0 -target-sdk-name watchos27.0 -in-process-plugin-server-path /Applications/Xcode-27.0.0-Release.Candidate.app/Contents/Developer/Toolchains/XcodeDefault.xctoolchain/usr/lib/swift/host/libSwiftInProcPluginServer.dylib -parse-as-library -o /Users/admin/builder/spi-builder-workspace/.derivedData/Build/Intermediates.noindex/AppStoreManager.build/Debug-watchos/AppStoreManager-t.build/Objects-normal/arm64/StoreManager.o -debug-module-path /Users/admin/builder/spi-builder-workspace/.derivedData/Build/Intermediates.noindex/AppStoreManager.build/Debug-watchos/AppStoreManager-t.build/Objects-normal/arm64/AppStoreManager.swiftmodule -index-unit-output-path /AppStoreManager.build/Debug-watchos/AppStoreManager-t.build/Objects-normal/arm64/StoreManager.o -index-store-path /Users/admin/builder/spi-builder-workspace/.derivedData/Index.noindex/DataStore -index-system-modules
Command SwiftCompile failed with a nonzero exit code
SwiftCompile normal arm64 /Users/admin/builder/spi-builder-workspace/Sources/AppStoreManager/StoreManager.swift (in target 'AppStoreManager' from project 'AppStoreManager')
    cd /Users/admin/builder/spi-builder-workspace/.swiftpm/xcode
    builtin-SwiftPerFileCompile StoreManager.swift
/Users/admin/builder/spi-builder-workspace/.derivedData/Build/Intermediates.noindex/AppStoreManager.build/Debug-watchos/AppStoreManager-t.build/Objects-normal/arm64/StoreManager.dia:1:1: warning: Could not read serialized diagnostics file: Error Domain=NSCocoaErrorDomain Code=260 "The file “StoreManager.dia” couldn’t be opened because there is no such file." UserInfo={NSFilePath=/Users/admin/builder/spi-builder-workspace/.derivedData/Build/Intermediates.noindex/AppStoreManager.build/Debug-watchos/AppStoreManager-t.build/Objects-normal/arm64/StoreManager.dia, NSURL=file:///Users/admin/builder/spi-builder-workspace/.derivedData/Build/Intermediates.noindex/AppStoreManager.build/Debug-watchos/AppStoreManager-t.build/Objects-normal/arm64/StoreManager.dia, NSUnderlyingError=0xc9ee4d3b0 {Error Domain=NSPOSIXErrorDomain Code=2 "No such file or directory"}} (in target 'AppStoreManager' from project 'AppStoreManager')
PruneExplicitPrecompiledModules /Users/admin/builder/spi-builder-workspace/.derivedData/Build/Intermediates.noindex/ExplicitPrecompiledModules
PruneExplicitPrecompiledModules /Users/admin/builder/spi-builder-workspace/.derivedData/Build/Intermediates.noindex/SwiftExplicitPrecompiledModules
PruneExplicitPrecompiledModules /Users/admin/builder/spi-builder-workspace/.derivedData/SDKExplicitPrecompiledModules
2026-09-27 13:41:58.698 xcodebuild[962:5496] [MT] IDERunDestination: Supported platforms for the buildables in the current scheme is empty.
** BUILD FAILED **
The following build commands failed:
	SwiftCompile normal arm64_32 Compiling\ StoreManager.swift /Users/admin/builder/spi-builder-workspace/Sources/AppStoreManager/StoreManager.swift (in target 'AppStoreManager' from project 'AppStoreManager')
	SwiftCompile normal arm64 Compiling\ StoreManager.swift /Users/admin/builder/spi-builder-workspace/Sources/AppStoreManager/StoreManager.swift (in target 'AppStoreManager' from project 'AppStoreManager')
	Building workspace AppStoreManager with scheme AppStoreManager
(3 failures)
BUILD FAILURE 6.4 watchOS