The Swift Package Index logo.Swift Package Index

Build Information

Failed to build ArraySwift, reference main (b0a3b9), with Swift 6.1 for Linux on 26 Jun 2026 23:30:36 UTC.

Build Command

bash -c docker run --pull=always --rm -v "checkouts-53886770-0":/host -w "$PWD" -e JAVA_HOME="/root/.sdkman/candidates/java/current" -e SPI_BUILD="1" -e SPI_PROCESSING="1" registry.gitlab.com/saguaro1/spi-images:basic-6.1-latest swift build --triple x86_64-unknown-linux-gnu 2>&1

Build Log

========================================
RunAll
========================================
Builder version: 0e64495ecc1688c3b3e031a5ef1348b5c05091ae
Interrupt handler set up.
========================================
Checkout
========================================
Clone URL: https://github.com/ChrisGVE/ArraySwift.git
Reference: main
Initialized empty Git repository in /host/spi-builder-workspace/.git/
hint: Using 'master' as the name for the initial branch. This default branch name
hint: is subject to change. To configure the initial branch name to use in all
hint: of your new repositories, which will suppress this warning, call:
hint:
hint: 	git config --global init.defaultBranch <name>
hint:
hint: Names commonly chosen instead of 'master' are 'main', 'trunk' and
hint: 'development'. The just-created branch can be renamed via this command:
hint:
hint: 	git branch -m <name>
From https://github.com/ChrisGVE/ArraySwift
 * branch            main       -> FETCH_HEAD
 * [new branch]      main       -> origin/main
HEAD is now at b0a3b90 chore(release): finalize 0.2.0 changelog date
Cloned https://github.com/ChrisGVE/ArraySwift.git
Revision (git rev-parse @):
b0a3b908704b80eb74a40106f547e046a8e4f7a2
SPI manifest file found: $PWD/.spi.yml
SUCCESS checkout https://github.com/ChrisGVE/ArraySwift.git at main
========================================
Build
========================================
Selected platform:         linux
Swift version:             6.1
Building package at path:  $PWD
https://github.com/ChrisGVE/ArraySwift.git
https://github.com/ChrisGVE/ArraySwift.git
WARNING: environment variable SUPPRESS_SWIFT_6_FLAGS is not set
Running build ...
bash -c docker run --pull=always --rm -v "checkouts-53886770-0":/host -w "$PWD" -e JAVA_HOME="/root/.sdkman/candidates/java/current" -e SPI_BUILD="1" -e SPI_PROCESSING="1" registry.gitlab.com/saguaro1/spi-images:basic-6.1-latest swift build --triple x86_64-unknown-linux-gnu -Xswiftc -Xfrontend -Xswiftc -stats-output-dir -Xswiftc -Xfrontend -Xswiftc .stats -Xswiftc -strict-concurrency=complete -Xswiftc -enable-upcoming-feature -Xswiftc StrictConcurrency -Xswiftc -enable-upcoming-feature -Xswiftc DisableOutwardActorInference -Xswiftc -enable-upcoming-feature -Xswiftc GlobalActorIsolatedTypesUsability -Xswiftc -enable-upcoming-feature -Xswiftc InferSendableFromCaptures 2>&1
basic-6.1-latest: Pulling from saguaro1/spi-images
Digest: sha256:0f094b998e61bb35b7a666f42e392cfb12929ea8fa9160622b1badd8b73d5c87
Status: Image is up to date for registry.gitlab.com/saguaro1/spi-images:basic-6.1-latest
Fetching https://github.com/apple/swift-docc-plugin
[1/2325] Fetching swift-docc-plugin
Fetched https://github.com/apple/swift-docc-plugin from cache (0.48s)
Computing version for https://github.com/apple/swift-docc-plugin
Computed https://github.com/apple/swift-docc-plugin at 1.5.0 (1.40s)
Fetching https://github.com/swiftlang/swift-docc-symbolkit
[1/3749] Fetching swift-docc-symbolkit
Fetched https://github.com/swiftlang/swift-docc-symbolkit from cache (0.57s)
Computing version for https://github.com/swiftlang/swift-docc-symbolkit
Computed https://github.com/swiftlang/swift-docc-symbolkit at 1.0.0 (0.84s)
Creating working copy for https://github.com/swiftlang/swift-docc-symbolkit
Working copy of https://github.com/swiftlang/swift-docc-symbolkit resolved at 1.0.0
Creating working copy for https://github.com/apple/swift-docc-plugin
Working copy of https://github.com/apple/swift-docc-plugin resolved at 1.5.0
[1/1] Compiling plugin Swift-DocC Preview
[2/2] Compiling plugin Swift-DocC
Building for debugging...
[2/4] Write sources
[3/4] Write swift-version-24593BA9C3E375BF.txt
error: emit-module command failed with exit code 1 (use -v to see invocation)
[5/14] Emitting module ArraySwift
/host/spi-builder-workspace/Sources/ArraySwift/NDArray.swift:11:8: error: no such module 'Accelerate'
  9 | //
 10 |
 11 | import Accelerate
    |        `- error: no such module 'Accelerate'
 12 | import Foundation
 13 |
[6/15] Compiling ArraySwift NDArrayManipulation.swift
/host/spi-builder-workspace/Sources/ArraySwift/NDArray.swift:11:8: error: no such module 'Accelerate'
  9 | //
 10 |
 11 | import Accelerate
    |        `- error: no such module 'Accelerate'
 12 | import Foundation
 13 |
[7/15] Compiling ArraySwift NDArrayMath.swift
/host/spi-builder-workspace/Sources/ArraySwift/NDArray.swift:11:8: error: no such module 'Accelerate'
  9 | //
 10 |
 11 | import Accelerate
    |        `- error: no such module 'Accelerate'
 12 | import Foundation
 13 |
[8/15] Compiling ArraySwift NDArrayReduction.swift
/host/spi-builder-workspace/Sources/ArraySwift/NDArray.swift:11:8: error: no such module 'Accelerate'
  9 | //
 10 |
 11 | import Accelerate
    |        `- error: no such module 'Accelerate'
 12 | import Foundation
 13 |
[9/15] Compiling ArraySwift NDArraySetOps.swift
/host/spi-builder-workspace/Sources/ArraySwift/NDArray.swift:11:8: error: no such module 'Accelerate'
  9 | //
 10 |
 11 | import Accelerate
    |        `- error: no such module 'Accelerate'
 12 | import Foundation
 13 |
[10/15] Compiling ArraySwift NDArrayFFT.swift
/host/spi-builder-workspace/Sources/ArraySwift/NDArray.swift:11:8: error: no such module 'Accelerate'
  9 | //
 10 |
 11 | import Accelerate
    |        `- error: no such module 'Accelerate'
 12 | import Foundation
 13 |
[11/15] Compiling ArraySwift NDArrayIndexing.swift
/host/spi-builder-workspace/Sources/ArraySwift/NDArray.swift:11:8: error: no such module 'Accelerate'
  9 | //
 10 |
 11 | import Accelerate
    |        `- error: no such module 'Accelerate'
 12 | import Foundation
 13 |
[12/15] Compiling ArraySwift NDArrayCreation.swift
/host/spi-builder-workspace/Sources/ArraySwift/NDArray.swift:11:8: error: no such module 'Accelerate'
  9 | //
 10 |
 11 | import Accelerate
    |        `- error: no such module 'Accelerate'
 12 | import Foundation
 13 |
[13/15] Compiling ArraySwift NDArrayDType.swift
/host/spi-builder-workspace/Sources/ArraySwift/NDArray.swift:11:8: error: no such module 'Accelerate'
  9 | //
 10 |
 11 | import Accelerate
    |        `- error: no such module 'Accelerate'
 12 | import Foundation
 13 |
[14/15] Compiling ArraySwift NDArray.swift
/host/spi-builder-workspace/Sources/ArraySwift/NDArray.swift:11:8: error: no such module 'Accelerate'
  9 | //
 10 |
 11 | import Accelerate
    |        `- error: no such module 'Accelerate'
 12 | import Foundation
 13 |
[15/15] Compiling ArraySwift NDArrayArithmetic.swift
/host/spi-builder-workspace/Sources/ArraySwift/NDArray.swift:11:8: error: no such module 'Accelerate'
  9 | //
 10 |
 11 | import Accelerate
    |        `- error: no such module 'Accelerate'
 12 | import Foundation
 13 |
Running build ...
bash -c docker run --pull=always --rm -v "checkouts-53886770-0":/host -w "$PWD" -e JAVA_HOME="/root/.sdkman/candidates/java/current" -e SPI_BUILD="1" -e SPI_PROCESSING="1" registry.gitlab.com/saguaro1/spi-images:basic-6.1-latest swift build --triple x86_64-unknown-linux-gnu 2>&1
basic-6.1-latest: Pulling from saguaro1/spi-images
Digest: sha256:0f094b998e61bb35b7a666f42e392cfb12929ea8fa9160622b1badd8b73d5c87
Status: Image is up to date for registry.gitlab.com/saguaro1/spi-images:basic-6.1-latest
[0/1] Planning build
[1/1] Compiling plugin Swift-DocC Preview
[2/2] Compiling plugin Swift-DocC
Building for debugging...
[2/3] Write swift-version-24593BA9C3E375BF.txt
[4/13] Compiling ArraySwift NDArrayMath.swift
/host/spi-builder-workspace/Sources/ArraySwift/NDArray.swift:11:8: error: no such module 'Accelerate'
  9 | //
 10 |
 11 | import Accelerate
    |        `- error: no such module 'Accelerate'
 12 | import Foundation
 13 |
[5/14] Compiling ArraySwift NDArraySetOps.swift
/host/spi-builder-workspace/Sources/ArraySwift/NDArray.swift:11:8: error: no such module 'Accelerate'
  9 | //
 10 |
 11 | import Accelerate
    |        `- error: no such module 'Accelerate'
 12 | import Foundation
 13 |
[6/14] Compiling ArraySwift NDArrayManipulation.swift
/host/spi-builder-workspace/Sources/ArraySwift/NDArray.swift:11:8: error: no such module 'Accelerate'
  9 | //
 10 |
 11 | import Accelerate
    |        `- error: no such module 'Accelerate'
 12 | import Foundation
 13 |
[7/14] Compiling ArraySwift NDArrayFFT.swift
/host/spi-builder-workspace/Sources/ArraySwift/NDArray.swift:11:8: error: no such module 'Accelerate'
  9 | //
 10 |
 11 | import Accelerate
    |        `- error: no such module 'Accelerate'
 12 | import Foundation
 13 |
[8/14] Compiling ArraySwift NDArrayIndexing.swift
/host/spi-builder-workspace/Sources/ArraySwift/NDArray.swift:11:8: error: no such module 'Accelerate'
  9 | //
 10 |
 11 | import Accelerate
    |        `- error: no such module 'Accelerate'
 12 | import Foundation
 13 |
[9/14] Compiling ArraySwift NDArrayReduction.swift
/host/spi-builder-workspace/Sources/ArraySwift/NDArray.swift:11:8: error: no such module 'Accelerate'
  9 | //
 10 |
 11 | import Accelerate
    |        `- error: no such module 'Accelerate'
 12 | import Foundation
 13 |
error: emit-module command failed with exit code 1 (use -v to see invocation)
[10/14] Emitting module ArraySwift
/host/spi-builder-workspace/Sources/ArraySwift/NDArray.swift:11:8: error: no such module 'Accelerate'
  9 | //
 10 |
 11 | import Accelerate
    |        `- error: no such module 'Accelerate'
 12 | import Foundation
 13 |
[11/14] Compiling ArraySwift NDArrayCreation.swift
/host/spi-builder-workspace/Sources/ArraySwift/NDArray.swift:11:8: error: no such module 'Accelerate'
  9 | //
 10 |
 11 | import Accelerate
    |        `- error: no such module 'Accelerate'
 12 | import Foundation
 13 |
[12/14] Compiling ArraySwift NDArrayDType.swift
/host/spi-builder-workspace/Sources/ArraySwift/NDArray.swift:11:8: error: no such module 'Accelerate'
  9 | //
 10 |
 11 | import Accelerate
    |        `- error: no such module 'Accelerate'
 12 | import Foundation
 13 |
[13/14] Compiling ArraySwift NDArray.swift
/host/spi-builder-workspace/Sources/ArraySwift/NDArray.swift:11:8: error: no such module 'Accelerate'
  9 | //
 10 |
 11 | import Accelerate
    |        `- error: no such module 'Accelerate'
 12 | import Foundation
 13 |
[14/14] Compiling ArraySwift NDArrayArithmetic.swift
/host/spi-builder-workspace/Sources/ArraySwift/NDArray.swift:11:8: error: no such module 'Accelerate'
  9 | //
 10 |
 11 | import Accelerate
    |        `- error: no such module 'Accelerate'
 12 | import Foundation
 13 |
BUILD FAILURE 6.1 linux