Build Information
Failed to build SwiftUIAlert, reference main (d73513), with Swift 6.4 for watchOS using Xcode 27.0 on 19 Sep 2026 07:06:27 UTC.
Build Command
env DEVELOPER_DIR=/Applications/Xcode-27.0.0-Release.Candidate.app xcrun xcodebuild -IDEClonedSourcePackagesDirPathOverride=$PWD/.dependencies -skipMacroValidation -skipPackagePluginValidation -derivedDataPath $PWD/.derivedData build -scheme SwiftUIAlert -destination generic/platform=watchOSBuild Log
SwiftDriverJobDiscovery normal arm64_32 Compiling _TextField_KeyboardType.swift, _TextView-Sizing.swift, _TextView.swift, _TextViewConfiguration.swift, _TextViewReader.swift, FontFamily.swift, SFSymbolName+Image.swift, _OnViewTraitsChange.swift, _PreferenceTraitKey.swift, _PreferenceTraitsReader.swift, _ViewTraitKeys.swift, _ViewTraitValues.swift, _ViewTraitsReader.swift, WebView.swift, _SwiftUIX_WKWebView.swift, HideTitleBar.swift, PresentWindow.swift, TitlebarConfigurationView.swift, TitlebarItem.swift, WindowOverlay.swift, WindowReader.swift, _WindowPresentationController.swift, _WindowStyle.swift, module.swift (in target 'SwiftUIX' from project 'SwiftUIX')
SwiftCompile normal arm64 Compiling\ _CocoaList.swift,\ _CocoaListCache.swift,\ _CocoaListConfiguration.swift,\ _CocoaListDataSourceType.swift,\ _CocoaListPreferences.swift,\ _CocoaListViewProvider.swift,\ _PlatformTableHeaderFooterView.swift,\ _PlatformTableView.swift,\ _PlatformTableViewCell.swift,\ _PlatformTableViewCellView.ContentHostingView.swift,\ _PlatformTableViewCellView.swift,\ _PlatformTableViewContainer.swift,\ _PlatformTableViewController.swift,\ MenuBarItem.swift,\ NSStatusItem+_CocoaMenuBarExtraCoordinator.swift,\ _AppPhaseMonitor.swift,\ _CocoaMenuBarExtraCoordinator.swift,\ Action.swift,\ DynamicAction.swift,\ ActionLabelView.swift,\ KeyedBoundedPriorityQueue.swift,\ KeyedViewCache.swift,\ _MemoizedViewContent.swift,\ ControlFlowView.swift /Users/admin/builder/spi-builder-workspace/.dependencies/checkouts/SwiftUIX/Sources/SwiftUIX/Intramodular/List/_CocoaList.swift /Users/admin/builder/spi-builder-workspace/.dependencies/checkouts/SwiftUIX/Sources/SwiftUIX/Intramodular/List/_CocoaListCache.swift /Users/admin/builder/spi-builder-workspace/.dependencies/checkouts/SwiftUIX/Sources/SwiftUIX/Intramodular/List/_CocoaListConfiguration.swift /Users/admin/builder/spi-builder-workspace/.dependencies/checkouts/SwiftUIX/Sources/SwiftUIX/Intramodular/List/_CocoaListDataSourceType.swift /Users/admin/builder/spi-builder-workspace/.dependencies/checkouts/SwiftUIX/Sources/SwiftUIX/Intramodular/List/_CocoaListPreferences.swift /Users/admin/builder/spi-builder-workspace/.dependencies/checkouts/SwiftUIX/Sources/SwiftUIX/Intramodular/List/_CocoaListViewProvider.swift /Users/admin/builder/spi-builder-workspace/.dependencies/checkouts/SwiftUIX/Sources/SwiftUIX/Intramodular/List/_PlatformTableHeaderFooterView.swift /Users/admin/builder/spi-builder-workspace/.dependencies/checkouts/SwiftUIX/Sources/SwiftUIX/Intramodular/List/_PlatformTableView.swift /Users/admin/builder/spi-builder-workspace/.dependencies/checkouts/SwiftUIX/Sources/SwiftUIX/Intramodular/List/_PlatformTableViewCell.swift /Users/admin/builder/spi-builder-workspace/.dependencies/checkouts/SwiftUIX/Sources/SwiftUIX/Intramodular/List/_PlatformTableViewCellView.ContentHostingView.swift /Users/admin/builder/spi-builder-workspace/.dependencies/checkouts/SwiftUIX/Sources/SwiftUIX/Intramodular/List/_PlatformTableViewCellView.swift /Users/admin/builder/spi-builder-workspace/.dependencies/checkouts/SwiftUIX/Sources/SwiftUIX/Intramodular/List/_PlatformTableViewContainer.swift /Users/admin/builder/spi-builder-workspace/.dependencies/checkouts/SwiftUIX/Sources/SwiftUIX/Intramodular/List/_PlatformTableViewController.swift /Users/admin/builder/spi-builder-workspace/.dependencies/checkouts/SwiftUIX/Sources/SwiftUIX/Intramodular/Menu\ Bar/MenuBarItem.swift /Users/admin/builder/spi-builder-workspace/.dependencies/checkouts/SwiftUIX/Sources/SwiftUIX/Intramodular/Menu\ Bar/NSStatusItem+_CocoaMenuBarExtraCoordinator.swift /Users/admin/builder/spi-builder-workspace/.dependencies/checkouts/SwiftUIX/Sources/SwiftUIX/Intramodular/Menu\ Bar/_AppPhaseMonitor.swift /Users/admin/builder/spi-builder-workspace/.dependencies/checkouts/SwiftUIX/Sources/SwiftUIX/Intramodular/Menu\ Bar/_CocoaMenuBarExtraCoordinator.swift /Users/admin/builder/spi-builder-workspace/.dependencies/checkouts/SwiftUIX/Sources/SwiftUIX/Intramodular/Miscellaneous/Action/Action.swift /Users/admin/builder/spi-builder-workspace/.dependencies/checkouts/SwiftUIX/Sources/SwiftUIX/Intramodular/Miscellaneous/Action/DynamicAction.swift /Users/admin/builder/spi-builder-workspace/.dependencies/checkouts/SwiftUIX/Sources/SwiftUIX/Intramodular/Miscellaneous/ActionLabelView.swift /Users/admin/builder/spi-builder-workspace/.dependencies/checkouts/SwiftUIX/Sources/SwiftUIX/Intramodular/Miscellaneous/Caching/KeyedBoundedPriorityQueue.swift /Users/admin/builder/spi-builder-workspace/.dependencies/checkouts/SwiftUIX/Sources/SwiftUIX/Intramodular/Miscellaneous/Caching/KeyedViewCache.swift /Users/admin/builder/spi-builder-workspace/.dependencies/checkouts/SwiftUIX/Sources/SwiftUIX/Intramodular/Miscellaneous/Caching/_MemoizedViewContent.swift /Users/admin/builder/spi-builder-workspace/.dependencies/checkouts/SwiftUIX/Sources/SwiftUIX/Intramodular/Miscellaneous/Control\ Flow/ControlFlowView.swift (in target 'SwiftUIX' from project 'SwiftUIX')
SwiftCompile normal arm64 /Users/admin/builder/spi-builder-workspace/.dependencies/checkouts/SwiftUIX/Sources/SwiftUIX/Intramodular/List/_CocoaList.swift (in target 'SwiftUIX' from project 'SwiftUIX')
cd /Users/admin/builder/spi-builder-workspace/.swiftpm/xcode
builtin-SwiftPerFileCompile _CocoaList.swift
SwiftCompile normal arm64 /Users/admin/builder/spi-builder-workspace/.dependencies/checkouts/SwiftUIX/Sources/SwiftUIX/Intramodular/List/_CocoaListCache.swift (in target 'SwiftUIX' from project 'SwiftUIX')
cd /Users/admin/builder/spi-builder-workspace/.swiftpm/xcode
builtin-SwiftPerFileCompile _CocoaListCache.swift
SwiftCompile normal arm64 /Users/admin/builder/spi-builder-workspace/.dependencies/checkouts/SwiftUIX/Sources/SwiftUIX/Intramodular/List/_CocoaListConfiguration.swift (in target 'SwiftUIX' from project 'SwiftUIX')
cd /Users/admin/builder/spi-builder-workspace/.swiftpm/xcode
builtin-SwiftPerFileCompile _CocoaListConfiguration.swift
SwiftCompile normal arm64 /Users/admin/builder/spi-builder-workspace/.dependencies/checkouts/SwiftUIX/Sources/SwiftUIX/Intramodular/List/_CocoaListDataSourceType.swift (in target 'SwiftUIX' from project 'SwiftUIX')
cd /Users/admin/builder/spi-builder-workspace/.swiftpm/xcode
builtin-SwiftPerFileCompile _CocoaListDataSourceType.swift
SwiftCompile normal arm64 /Users/admin/builder/spi-builder-workspace/.dependencies/checkouts/SwiftUIX/Sources/SwiftUIX/Intramodular/List/_CocoaListPreferences.swift (in target 'SwiftUIX' from project 'SwiftUIX')
cd /Users/admin/builder/spi-builder-workspace/.swiftpm/xcode
builtin-SwiftPerFileCompile _CocoaListPreferences.swift
SwiftCompile normal arm64 /Users/admin/builder/spi-builder-workspace/.dependencies/checkouts/SwiftUIX/Sources/SwiftUIX/Intramodular/List/_CocoaListViewProvider.swift (in target 'SwiftUIX' from project 'SwiftUIX')
cd /Users/admin/builder/spi-builder-workspace/.swiftpm/xcode
builtin-SwiftPerFileCompile _CocoaListViewProvider.swift
SwiftCompile normal arm64 /Users/admin/builder/spi-builder-workspace/.dependencies/checkouts/SwiftUIX/Sources/SwiftUIX/Intramodular/List/_PlatformTableHeaderFooterView.swift (in target 'SwiftUIX' from project 'SwiftUIX')
cd /Users/admin/builder/spi-builder-workspace/.swiftpm/xcode
builtin-SwiftPerFileCompile _PlatformTableHeaderFooterView.swift
SwiftCompile normal arm64 /Users/admin/builder/spi-builder-workspace/.dependencies/checkouts/SwiftUIX/Sources/SwiftUIX/Intramodular/List/_PlatformTableView.swift (in target 'SwiftUIX' from project 'SwiftUIX')
cd /Users/admin/builder/spi-builder-workspace/.swiftpm/xcode
builtin-SwiftPerFileCompile _PlatformTableView.swift
SwiftCompile normal arm64 /Users/admin/builder/spi-builder-workspace/.dependencies/checkouts/SwiftUIX/Sources/SwiftUIX/Intramodular/List/_PlatformTableViewCell.swift (in target 'SwiftUIX' from project 'SwiftUIX')
cd /Users/admin/builder/spi-builder-workspace/.swiftpm/xcode
builtin-SwiftPerFileCompile _PlatformTableViewCell.swift
SwiftCompile normal arm64 /Users/admin/builder/spi-builder-workspace/.dependencies/checkouts/SwiftUIX/Sources/SwiftUIX/Intramodular/List/_PlatformTableViewCellView.ContentHostingView.swift (in target 'SwiftUIX' from project 'SwiftUIX')
cd /Users/admin/builder/spi-builder-workspace/.swiftpm/xcode
builtin-SwiftPerFileCompile _PlatformTableViewCellView.ContentHostingView.swift
SwiftCompile normal arm64 /Users/admin/builder/spi-builder-workspace/.dependencies/checkouts/SwiftUIX/Sources/SwiftUIX/Intramodular/List/_PlatformTableViewCellView.swift (in target 'SwiftUIX' from project 'SwiftUIX')
cd /Users/admin/builder/spi-builder-workspace/.swiftpm/xcode
builtin-SwiftPerFileCompile _PlatformTableViewCellView.swift
SwiftCompile normal arm64 /Users/admin/builder/spi-builder-workspace/.dependencies/checkouts/SwiftUIX/Sources/SwiftUIX/Intramodular/List/_PlatformTableViewContainer.swift (in target 'SwiftUIX' from project 'SwiftUIX')
cd /Users/admin/builder/spi-builder-workspace/.swiftpm/xcode
builtin-SwiftPerFileCompile _PlatformTableViewContainer.swift
SwiftCompile normal arm64 /Users/admin/builder/spi-builder-workspace/.dependencies/checkouts/SwiftUIX/Sources/SwiftUIX/Intramodular/List/_PlatformTableViewController.swift (in target 'SwiftUIX' from project 'SwiftUIX')
cd /Users/admin/builder/spi-builder-workspace/.swiftpm/xcode
builtin-SwiftPerFileCompile _PlatformTableViewController.swift
SwiftCompile normal arm64 /Users/admin/builder/spi-builder-workspace/.dependencies/checkouts/SwiftUIX/Sources/SwiftUIX/Intramodular/Menu\ Bar/MenuBarItem.swift (in target 'SwiftUIX' from project 'SwiftUIX')
cd /Users/admin/builder/spi-builder-workspace/.swiftpm/xcode
builtin-SwiftPerFileCompile MenuBarItem.swift
SwiftCompile normal arm64 /Users/admin/builder/spi-builder-workspace/.dependencies/checkouts/SwiftUIX/Sources/SwiftUIX/Intramodular/Menu\ Bar/NSStatusItem+_CocoaMenuBarExtraCoordinator.swift (in target 'SwiftUIX' from project 'SwiftUIX')
cd /Users/admin/builder/spi-builder-workspace/.swiftpm/xcode
builtin-SwiftPerFileCompile NSStatusItem+_CocoaMenuBarExtraCoordinator.swift
SwiftCompile normal arm64 /Users/admin/builder/spi-builder-workspace/.dependencies/checkouts/SwiftUIX/Sources/SwiftUIX/Intramodular/Menu\ Bar/_AppPhaseMonitor.swift (in target 'SwiftUIX' from project 'SwiftUIX')
cd /Users/admin/builder/spi-builder-workspace/.swiftpm/xcode
builtin-SwiftPerFileCompile _AppPhaseMonitor.swift
SwiftCompile normal arm64 /Users/admin/builder/spi-builder-workspace/.dependencies/checkouts/SwiftUIX/Sources/SwiftUIX/Intramodular/Menu\ Bar/_CocoaMenuBarExtraCoordinator.swift (in target 'SwiftUIX' from project 'SwiftUIX')
cd /Users/admin/builder/spi-builder-workspace/.swiftpm/xcode
builtin-SwiftPerFileCompile _CocoaMenuBarExtraCoordinator.swift
SwiftCompile normal arm64 /Users/admin/builder/spi-builder-workspace/.dependencies/checkouts/SwiftUIX/Sources/SwiftUIX/Intramodular/Miscellaneous/Action/Action.swift (in target 'SwiftUIX' from project 'SwiftUIX')
cd /Users/admin/builder/spi-builder-workspace/.swiftpm/xcode
builtin-SwiftPerFileCompile Action.swift
SwiftCompile normal arm64 /Users/admin/builder/spi-builder-workspace/.dependencies/checkouts/SwiftUIX/Sources/SwiftUIX/Intramodular/Miscellaneous/Action/DynamicAction.swift (in target 'SwiftUIX' from project 'SwiftUIX')
cd /Users/admin/builder/spi-builder-workspace/.swiftpm/xcode
builtin-SwiftPerFileCompile DynamicAction.swift
SwiftCompile normal arm64 /Users/admin/builder/spi-builder-workspace/.dependencies/checkouts/SwiftUIX/Sources/SwiftUIX/Intramodular/Miscellaneous/ActionLabelView.swift (in target 'SwiftUIX' from project 'SwiftUIX')
cd /Users/admin/builder/spi-builder-workspace/.swiftpm/xcode
builtin-SwiftPerFileCompile ActionLabelView.swift
SwiftCompile normal arm64 /Users/admin/builder/spi-builder-workspace/.dependencies/checkouts/SwiftUIX/Sources/SwiftUIX/Intramodular/Miscellaneous/Caching/KeyedBoundedPriorityQueue.swift (in target 'SwiftUIX' from project 'SwiftUIX')
cd /Users/admin/builder/spi-builder-workspace/.swiftpm/xcode
builtin-SwiftPerFileCompile KeyedBoundedPriorityQueue.swift
SwiftCompile normal arm64 /Users/admin/builder/spi-builder-workspace/.dependencies/checkouts/SwiftUIX/Sources/SwiftUIX/Intramodular/Miscellaneous/Caching/KeyedViewCache.swift (in target 'SwiftUIX' from project 'SwiftUIX')
cd /Users/admin/builder/spi-builder-workspace/.swiftpm/xcode
builtin-SwiftPerFileCompile KeyedViewCache.swift
SwiftCompile normal arm64 /Users/admin/builder/spi-builder-workspace/.dependencies/checkouts/SwiftUIX/Sources/SwiftUIX/Intramodular/Miscellaneous/Caching/_MemoizedViewContent.swift (in target 'SwiftUIX' from project 'SwiftUIX')
cd /Users/admin/builder/spi-builder-workspace/.swiftpm/xcode
builtin-SwiftPerFileCompile _MemoizedViewContent.swift
SwiftCompile normal arm64 /Users/admin/builder/spi-builder-workspace/.dependencies/checkouts/SwiftUIX/Sources/SwiftUIX/Intramodular/Miscellaneous/Control\ Flow/ControlFlowView.swift (in target 'SwiftUIX' from project 'SwiftUIX')
cd /Users/admin/builder/spi-builder-workspace/.swiftpm/xcode
builtin-SwiftPerFileCompile ControlFlowView.swift
SwiftCompile normal arm64_32 Compiling\ EnvironmentPropagator.swift,\ LocalizedErrorHandler.swift,\ _TryCatchView.swift,\ HoverReader.swift,\ _SwiftUIX_KeyPress.swift,\ FocusRingType.swift,\ _SwiftUIX_MoveCommandDirection.swift,\ Axis3D.swift,\ Flip3D.swift,\ FrameReader.swift,\ HorizontalLine.swift,\ InitialContentAlignment.swift,\ IntrinsicGeometryReader.swift,\ IntrinsicSizeReader.swift,\ OptionalDimensions.swift,\ PartlyRoundedRectangle.swift,\ RectangleCorner.swift,\ RelativeFrame.swift,\ RoundedHexagon.swift,\ RoundedRhombus.swift,\ Square.swift,\ _AnchorSourceValue.swift,\ DraggabilityViewModifier.swift,\ EdgeSwipeGestureOverlay.swift /Users/admin/builder/spi-builder-workspace/.dependencies/checkouts/SwiftUIX/Sources/SwiftUIX/Intramodular/Environment/EnvironmentPropagator.swift /Users/admin/builder/spi-builder-workspace/.dependencies/checkouts/SwiftUIX/Sources/SwiftUIX/Intramodular/Error\ Handling/LocalizedErrorHandler.swift /Users/admin/builder/spi-builder-workspace/.dependencies/checkouts/SwiftUIX/Sources/SwiftUIX/Intramodular/Error\ Handling/_TryCatchView.swift /Users/admin/builder/spi-builder-workspace/.dependencies/checkouts/SwiftUIX/Sources/SwiftUIX/Intramodular/Event\ Handling/HoverReader.swift /Users/admin/builder/spi-builder-workspace/.dependencies/checkouts/SwiftUIX/Sources/SwiftUIX/Intramodular/Event\ Handling/_SwiftUIX_KeyPress.swift /Users/admin/builder/spi-builder-workspace/.dependencies/checkouts/SwiftUIX/Sources/SwiftUIX/Intramodular/Focus/FocusRingType.swift /Users/admin/builder/spi-builder-workspace/.dependencies/checkouts/SwiftUIX/Sources/SwiftUIX/Intramodular/Focus/_SwiftUIX_MoveCommandDirection.swift /Users/admin/builder/spi-builder-workspace/.dependencies/checkouts/SwiftUIX/Sources/SwiftUIX/Intramodular/Geometry/Axis3D.swift /Users/admin/builder/spi-builder-workspace/.dependencies/checkouts/SwiftUIX/Sources/SwiftUIX/Intramodular/Geometry/Flip3D.swift /Users/admin/builder/spi-builder-workspace/.dependencies/checkouts/SwiftUIX/Sources/SwiftUIX/Intramodular/Geometry/FrameReader.swift /Users/admin/builder/spi-builder-workspace/.dependencies/checkouts/SwiftUIX/Sources/SwiftUIX/Intramodular/Geometry/HorizontalLine.swift /Users/admin/builder/spi-builder-workspace/.dependencies/checkouts/SwiftUIX/Sources/SwiftUIX/Intramodular/Geometry/InitialContentAlignment.swift /Users/admin/builder/spi-builder-workspace/.dependencies/checkouts/SwiftUIX/Sources/SwiftUIX/Intramodular/Geometry/IntrinsicGeometryReader.swift /Users/admin/builder/spi-builder-workspace/.dependencies/checkouts/SwiftUIX/Sources/SwiftUIX/Intramodular/Geometry/IntrinsicSizeReader.swift /Users/admin/builder/spi-builder-workspace/.dependencies/checkouts/SwiftUIX/Sources/SwiftUIX/Intramodular/Geometry/OptionalDimensions.swift /Users/admin/builder/spi-builder-workspace/.dependencies/checkouts/SwiftUIX/Sources/SwiftUIX/Intramodular/Geometry/PartlyRoundedRectangle.swift /Users/admin/builder/spi-builder-workspace/.dependencies/checkouts/SwiftUIX/Sources/SwiftUIX/Intramodular/Geometry/RectangleCorner.swift /Users/admin/builder/spi-builder-workspace/.dependencies/checkouts/SwiftUIX/Sources/SwiftUIX/Intramodular/Geometry/RelativeFrame.swift /Users/admin/builder/spi-builder-workspace/.dependencies/checkouts/SwiftUIX/Sources/SwiftUIX/Intramodular/Geometry/RoundedHexagon.swift /Users/admin/builder/spi-builder-workspace/.dependencies/checkouts/SwiftUIX/Sources/SwiftUIX/Intramodular/Geometry/RoundedRhombus.swift /Users/admin/builder/spi-builder-workspace/.dependencies/checkouts/SwiftUIX/Sources/SwiftUIX/Intramodular/Geometry/Square.swift /Users/admin/builder/spi-builder-workspace/.dependencies/checkouts/SwiftUIX/Sources/SwiftUIX/Intramodular/Geometry/_AnchorSourceValue.swift /Users/admin/builder/spi-builder-workspace/.dependencies/checkouts/SwiftUIX/Sources/SwiftUIX/Intramodular/Gestures/DraggabilityViewModifier.swift /Users/admin/builder/spi-builder-workspace/.dependencies/checkouts/SwiftUIX/Sources/SwiftUIX/Intramodular/Gestures/EdgeSwipeGestureOverlay.swift (in target 'SwiftUIX' from project 'SwiftUIX')
SwiftCompile normal arm64_32 /Users/admin/builder/spi-builder-workspace/.dependencies/checkouts/SwiftUIX/Sources/SwiftUIX/Intramodular/Environment/EnvironmentPropagator.swift (in target 'SwiftUIX' from project 'SwiftUIX')
cd /Users/admin/builder/spi-builder-workspace/.swiftpm/xcode
builtin-SwiftPerFileCompile EnvironmentPropagator.swift
SwiftCompile normal arm64_32 /Users/admin/builder/spi-builder-workspace/.dependencies/checkouts/SwiftUIX/Sources/SwiftUIX/Intramodular/Error\ Handling/LocalizedErrorHandler.swift (in target 'SwiftUIX' from project 'SwiftUIX')
cd /Users/admin/builder/spi-builder-workspace/.swiftpm/xcode
builtin-SwiftPerFileCompile LocalizedErrorHandler.swift
SwiftCompile normal arm64_32 /Users/admin/builder/spi-builder-workspace/.dependencies/checkouts/SwiftUIX/Sources/SwiftUIX/Intramodular/Error\ Handling/_TryCatchView.swift (in target 'SwiftUIX' from project 'SwiftUIX')
cd /Users/admin/builder/spi-builder-workspace/.swiftpm/xcode
builtin-SwiftPerFileCompile _TryCatchView.swift
SwiftCompile normal arm64_32 /Users/admin/builder/spi-builder-workspace/.dependencies/checkouts/SwiftUIX/Sources/SwiftUIX/Intramodular/Event\ Handling/HoverReader.swift (in target 'SwiftUIX' from project 'SwiftUIX')
cd /Users/admin/builder/spi-builder-workspace/.swiftpm/xcode
builtin-SwiftPerFileCompile HoverReader.swift
SwiftCompile normal arm64_32 /Users/admin/builder/spi-builder-workspace/.dependencies/checkouts/SwiftUIX/Sources/SwiftUIX/Intramodular/Event\ Handling/_SwiftUIX_KeyPress.swift (in target 'SwiftUIX' from project 'SwiftUIX')
cd /Users/admin/builder/spi-builder-workspace/.swiftpm/xcode
builtin-SwiftPerFileCompile _SwiftUIX_KeyPress.swift
SwiftCompile normal arm64_32 /Users/admin/builder/spi-builder-workspace/.dependencies/checkouts/SwiftUIX/Sources/SwiftUIX/Intramodular/Focus/FocusRingType.swift (in target 'SwiftUIX' from project 'SwiftUIX')
cd /Users/admin/builder/spi-builder-workspace/.swiftpm/xcode
builtin-SwiftPerFileCompile FocusRingType.swift
SwiftCompile normal arm64_32 /Users/admin/builder/spi-builder-workspace/.dependencies/checkouts/SwiftUIX/Sources/SwiftUIX/Intramodular/Focus/_SwiftUIX_MoveCommandDirection.swift (in target 'SwiftUIX' from project 'SwiftUIX')
cd /Users/admin/builder/spi-builder-workspace/.swiftpm/xcode
builtin-SwiftPerFileCompile _SwiftUIX_MoveCommandDirection.swift
SwiftCompile normal arm64_32 /Users/admin/builder/spi-builder-workspace/.dependencies/checkouts/SwiftUIX/Sources/SwiftUIX/Intramodular/Geometry/Axis3D.swift (in target 'SwiftUIX' from project 'SwiftUIX')
cd /Users/admin/builder/spi-builder-workspace/.swiftpm/xcode
builtin-SwiftPerFileCompile Axis3D.swift
SwiftCompile normal arm64_32 /Users/admin/builder/spi-builder-workspace/.dependencies/checkouts/SwiftUIX/Sources/SwiftUIX/Intramodular/Geometry/Flip3D.swift (in target 'SwiftUIX' from project 'SwiftUIX')
cd /Users/admin/builder/spi-builder-workspace/.swiftpm/xcode
builtin-SwiftPerFileCompile Flip3D.swift
SwiftCompile normal arm64_32 /Users/admin/builder/spi-builder-workspace/.dependencies/checkouts/SwiftUIX/Sources/SwiftUIX/Intramodular/Geometry/FrameReader.swift (in target 'SwiftUIX' from project 'SwiftUIX')
cd /Users/admin/builder/spi-builder-workspace/.swiftpm/xcode
builtin-SwiftPerFileCompile FrameReader.swift
SwiftCompile normal arm64_32 /Users/admin/builder/spi-builder-workspace/.dependencies/checkouts/SwiftUIX/Sources/SwiftUIX/Intramodular/Geometry/HorizontalLine.swift (in target 'SwiftUIX' from project 'SwiftUIX')
cd /Users/admin/builder/spi-builder-workspace/.swiftpm/xcode
builtin-SwiftPerFileCompile HorizontalLine.swift
SwiftCompile normal arm64_32 /Users/admin/builder/spi-builder-workspace/.dependencies/checkouts/SwiftUIX/Sources/SwiftUIX/Intramodular/Geometry/InitialContentAlignment.swift (in target 'SwiftUIX' from project 'SwiftUIX')
cd /Users/admin/builder/spi-builder-workspace/.swiftpm/xcode
builtin-SwiftPerFileCompile InitialContentAlignment.swift
SwiftCompile normal arm64_32 /Users/admin/builder/spi-builder-workspace/.dependencies/checkouts/SwiftUIX/Sources/SwiftUIX/Intramodular/Geometry/IntrinsicGeometryReader.swift (in target 'SwiftUIX' from project 'SwiftUIX')
cd /Users/admin/builder/spi-builder-workspace/.swiftpm/xcode
builtin-SwiftPerFileCompile IntrinsicGeometryReader.swift
SwiftCompile normal arm64_32 /Users/admin/builder/spi-builder-workspace/.dependencies/checkouts/SwiftUIX/Sources/SwiftUIX/Intramodular/Geometry/IntrinsicSizeReader.swift (in target 'SwiftUIX' from project 'SwiftUIX')
cd /Users/admin/builder/spi-builder-workspace/.swiftpm/xcode
builtin-SwiftPerFileCompile IntrinsicSizeReader.swift
SwiftCompile normal arm64_32 /Users/admin/builder/spi-builder-workspace/.dependencies/checkouts/SwiftUIX/Sources/SwiftUIX/Intramodular/Geometry/OptionalDimensions.swift (in target 'SwiftUIX' from project 'SwiftUIX')
cd /Users/admin/builder/spi-builder-workspace/.swiftpm/xcode
builtin-SwiftPerFileCompile OptionalDimensions.swift
SwiftCompile normal arm64_32 /Users/admin/builder/spi-builder-workspace/.dependencies/checkouts/SwiftUIX/Sources/SwiftUIX/Intramodular/Geometry/PartlyRoundedRectangle.swift (in target 'SwiftUIX' from project 'SwiftUIX')
cd /Users/admin/builder/spi-builder-workspace/.swiftpm/xcode
builtin-SwiftPerFileCompile PartlyRoundedRectangle.swift
SwiftCompile normal arm64_32 /Users/admin/builder/spi-builder-workspace/.dependencies/checkouts/SwiftUIX/Sources/SwiftUIX/Intramodular/Geometry/RectangleCorner.swift (in target 'SwiftUIX' from project 'SwiftUIX')
cd /Users/admin/builder/spi-builder-workspace/.swiftpm/xcode
builtin-SwiftPerFileCompile RectangleCorner.swift
SwiftCompile normal arm64_32 /Users/admin/builder/spi-builder-workspace/.dependencies/checkouts/SwiftUIX/Sources/SwiftUIX/Intramodular/Geometry/RelativeFrame.swift (in target 'SwiftUIX' from project 'SwiftUIX')
cd /Users/admin/builder/spi-builder-workspace/.swiftpm/xcode
builtin-SwiftPerFileCompile RelativeFrame.swift
SwiftCompile normal arm64_32 /Users/admin/builder/spi-builder-workspace/.dependencies/checkouts/SwiftUIX/Sources/SwiftUIX/Intramodular/Geometry/RoundedHexagon.swift (in target 'SwiftUIX' from project 'SwiftUIX')
cd /Users/admin/builder/spi-builder-workspace/.swiftpm/xcode
builtin-SwiftPerFileCompile RoundedHexagon.swift
SwiftCompile normal arm64_32 /Users/admin/builder/spi-builder-workspace/.dependencies/checkouts/SwiftUIX/Sources/SwiftUIX/Intramodular/Geometry/RoundedRhombus.swift (in target 'SwiftUIX' from project 'SwiftUIX')
cd /Users/admin/builder/spi-builder-workspace/.swiftpm/xcode
builtin-SwiftPerFileCompile RoundedRhombus.swift
SwiftCompile normal arm64_32 /Users/admin/builder/spi-builder-workspace/.dependencies/checkouts/SwiftUIX/Sources/SwiftUIX/Intramodular/Geometry/Square.swift (in target 'SwiftUIX' from project 'SwiftUIX')
cd /Users/admin/builder/spi-builder-workspace/.swiftpm/xcode
builtin-SwiftPerFileCompile Square.swift
SwiftCompile normal arm64_32 /Users/admin/builder/spi-builder-workspace/.dependencies/checkouts/SwiftUIX/Sources/SwiftUIX/Intramodular/Geometry/_AnchorSourceValue.swift (in target 'SwiftUIX' from project 'SwiftUIX')
cd /Users/admin/builder/spi-builder-workspace/.swiftpm/xcode
builtin-SwiftPerFileCompile _AnchorSourceValue.swift
SwiftCompile normal arm64_32 /Users/admin/builder/spi-builder-workspace/.dependencies/checkouts/SwiftUIX/Sources/SwiftUIX/Intramodular/Gestures/DraggabilityViewModifier.swift (in target 'SwiftUIX' from project 'SwiftUIX')
cd /Users/admin/builder/spi-builder-workspace/.swiftpm/xcode
builtin-SwiftPerFileCompile DraggabilityViewModifier.swift
SwiftCompile normal arm64_32 /Users/admin/builder/spi-builder-workspace/.dependencies/checkouts/SwiftUIX/Sources/SwiftUIX/Intramodular/Gestures/EdgeSwipeGestureOverlay.swift (in target 'SwiftUIX' from project 'SwiftUIX')
cd /Users/admin/builder/spi-builder-workspace/.swiftpm/xcode
builtin-SwiftPerFileCompile EdgeSwipeGestureOverlay.swift
SwiftDriverJobDiscovery normal arm64_32 Compiling CocoaHostingCollectionViewSupplementaryView.swift, CollectionView.swift, CollectionViewDropDelegate.swift, CollectionViewLayout.swift, CollectionViewReader.swift, _CollectionOrListCellPreferences.swift, _CollectionView.DataSource.swift, _CollectionView.swift, _CollectionViewConfiguration.swift, _CollectionViewElementContent.swift, _CollectionViewItemContent.swift, DocumentPicker.swift, FileImportLink.swift, FileImporter.swift, AnyFileDropDelegate.swift, DragDelegate.swift, DragItem.swift, _DragSourceDropDestinationView.swift, _SwiftUIX_DropDelegate.swift, _SwiftUIX_DropInfo.swift, AnyStroke.swift, BlurEffectView.swift, VisualEffectBlurView.swift, VisualEffectView.swift (in target 'SwiftUIX' from project 'SwiftUIX')
Ld /Users/admin/builder/spi-builder-workspace/.derivedData/Build/Intermediates.noindex/SwiftUIX.build/Debug-watchos/_SwiftUIX-t.build/Objects-normal/arm64/Binary/_SwiftUIX.o normal arm64 (in target '_SwiftUIX' from project 'SwiftUIX')
cd /Users/admin/builder/spi-builder-workspace/.dependencies/checkouts/SwiftUIX
/Applications/Xcode-27.0.0-Release.Candidate.app/Contents/Developer/Toolchains/XcodeDefault.xctoolchain/usr/bin/clang -Xlinker -reproducible -target arm64-apple-watchos9.0 -r -isysroot /Applications/Xcode-27.0.0-Release.Candidate.app/Contents/Developer/Platforms/WatchOS.platform/Developer/SDKs/WatchOS27.0.sdk -O0 -w -Xlinker -no_warn_duplicate_libraries -F/Users/admin/builder/spi-builder-workspace/.derivedData/Build/Intermediates.noindex/EagerLinkingTBDs/Debug-watchos -F/Users/admin/builder/spi-builder-workspace/.derivedData/Build/Products/Debug-watchos -iframework /Applications/Xcode-27.0.0-Release.Candidate.app/Contents/Developer/Platforms/WatchOS.platform/Developer/Library/Frameworks -iframework /Applications/Xcode-27.0.0-Release.Candidate.app/Contents/Developer/Platforms/WatchOS.platform/Developer/SDKs/WatchOS27.0.sdk/Developer/Library/Frameworks -filelist /Users/admin/builder/spi-builder-workspace/.derivedData/Build/Intermediates.noindex/SwiftUIX.build/Debug-watchos/_SwiftUIX-t.build/Objects-normal/arm64/_SwiftUIX.LinkFileList -nostdlib -Xlinker -object_path_lto -Xlinker /Users/admin/builder/spi-builder-workspace/.derivedData/Build/Intermediates.noindex/SwiftUIX.build/Debug-watchos/_SwiftUIX-t.build/Objects-normal/arm64/_SwiftUIX_lto.o -Xlinker -no_deduplicate -Xlinker -debug_variant -Xlinker -dependency_info -Xlinker /Users/admin/builder/spi-builder-workspace/.derivedData/Build/Intermediates.noindex/SwiftUIX.build/Debug-watchos/_SwiftUIX-t.build/Objects-normal/arm64/_SwiftUIX_dependency_info.dat -fobjc-link-runtime -L/Applications/Xcode-27.0.0-Release.Candidate.app/Contents/Developer/Toolchains/XcodeDefault.xctoolchain/usr/lib/swift/watchos -L/usr/lib/swift -Xlinker -add_ast_path -Xlinker /Users/admin/builder/spi-builder-workspace/.derivedData/Build/Intermediates.noindex/SwiftUIX.build/Debug-watchos/_SwiftUIX-t.build/Objects-normal/arm64/_SwiftUIX.swiftmodule -o /Users/admin/builder/spi-builder-workspace/.derivedData/Build/Intermediates.noindex/SwiftUIX.build/Debug-watchos/_SwiftUIX-t.build/Objects-normal/arm64/Binary/_SwiftUIX.o
SwiftDriverJobDiscovery normal arm64 Compiling HitTestView.swift, SwipeGestureOverlay.swift, FeedbackGenerator.swift, ImagePicker.swift, _AnyImage.swift, _SwiftUI_ImageProvider.swift, AddKeyboardPadding.swift, Keyboard.swift, PerformActionOnKeyboardShortcut.swift, AutomaticAxisStack.swift, AxisStack.swift, XStack.swift, CocoaList-Initializers.swift, CocoaList-Modifiers.swift, CocoaList-UIKit.swift, CocoaList.swift, CocoaListReader.swift, IdentifiedListSection.swift, ListRowManager.swift, ListSection.swift, ListSeparatorStyleNoneModifier.swift, _CocoaList+_VariadicViewChildren.swift, _CocoaList-AppKit.swift, _CocoaList-Auxiliary.swift (in target 'SwiftUIX' from project 'SwiftUIX')
SwiftCompile normal arm64_32 Compiling\ _AnyShapeStyle.swift,\ _ViewShadowStyle.swift,\ DelayedState.swift,\ EnvironmentObject.Member.swift,\ EnvironmentObject.Optional.swift,\ EnvironmentObjectOrObservedObject.swift,\ EnvironmentObjectOrState.swift,\ ExistentialStateObject.swift,\ LazyState.swift,\ ObservableState.swift,\ ObservedObject.Optional.swift,\ ObservedPublisher.swift,\ ObservedValue.swift,\ PersistentObject.swift,\ StateObject.Optional.swift,\ StateOrBinding.swift,\ ThrottledDelayedState.swift,\ TimerState.swift,\ UserStorage.swift,\ ViewStorage.swift,\ WeakState.swift,\ _SwiftUIX_RenderIgnored.swift,\ EditMenuPresenter.swift,\ EnvironmentInsertions.swift /Users/admin/builder/spi-builder-workspace/.dependencies/checkouts/SwiftUIX/Sources/SwiftUIX/Intramodular/Drawing\ &\ Graphics/_AnyShapeStyle.swift /Users/admin/builder/spi-builder-workspace/.dependencies/checkouts/SwiftUIX/Sources/SwiftUIX/Intramodular/Drawing\ &\ Graphics/_ViewShadowStyle.swift /Users/admin/builder/spi-builder-workspace/.dependencies/checkouts/SwiftUIX/Sources/SwiftUIX/Intramodular/Dynamic\ Properties/DelayedState.swift /Users/admin/builder/spi-builder-workspace/.dependencies/checkouts/SwiftUIX/Sources/SwiftUIX/Intramodular/Dynamic\ Properties/EnvironmentObject.Member.swift /Users/admin/builder/spi-builder-workspace/.dependencies/checkouts/SwiftUIX/Sources/SwiftUIX/Intramodular/Dynamic\ Properties/EnvironmentObject.Optional.swift /Users/admin/builder/spi-builder-workspace/.dependencies/checkouts/SwiftUIX/Sources/SwiftUIX/Intramodular/Dynamic\ Properties/EnvironmentObjectOrObservedObject.swift /Users/admin/builder/spi-builder-workspace/.dependencies/checkouts/SwiftUIX/Sources/SwiftUIX/Intramodular/Dynamic\ Properties/EnvironmentObjectOrState.swift /Users/admin/builder/spi-builder-workspace/.dependencies/checkouts/SwiftUIX/Sources/SwiftUIX/Intramodular/Dynamic\ Properties/ExistentialStateObject.swift /Users/admin/builder/spi-builder-workspace/.dependencies/checkouts/SwiftUIX/Sources/SwiftUIX/Intramodular/Dynamic\ Properties/LazyState.swift /Users/admin/builder/spi-builder-workspace/.dependencies/checkouts/SwiftUIX/Sources/SwiftUIX/Intramodular/Dynamic\ Properties/ObservableState.swift /Users/admin/builder/spi-builder-workspace/.dependencies/checkouts/SwiftUIX/Sources/SwiftUIX/Intramodular/Dynamic\ Properties/ObservedObject.Optional.swift /Users/admin/builder/spi-builder-workspace/.dependencies/checkouts/SwiftUIX/Sources/SwiftUIX/Intramodular/Dynamic\ Properties/ObservedPublisher.swift /Users/admin/builder/spi-builder-workspace/.dependencies/checkouts/SwiftUIX/Sources/SwiftUIX/Intramodular/Dynamic\ Properties/ObservedValue.swift /Users/admin/builder/spi-builder-workspace/.dependencies/checkouts/SwiftUIX/Sources/SwiftUIX/Intramodular/Dynamic\ Properties/PersistentObject.swift /Users/admin/builder/spi-builder-workspace/.dependencies/checkouts/SwiftUIX/Sources/SwiftUIX/Intramodular/Dynamic\ Properties/StateObject.Optional.swift /Users/admin/builder/spi-builder-workspace/.dependencies/checkouts/SwiftUIX/Sources/SwiftUIX/Intramodular/Dynamic\ Properties/StateOrBinding.swift /Users/admin/builder/spi-builder-workspace/.dependencies/checkouts/SwiftUIX/Sources/SwiftUIX/Intramodular/Dynamic\ Properties/ThrottledDelayedState.swift /Users/admin/builder/spi-builder-workspace/.dependencies/checkouts/SwiftUIX/Sources/SwiftUIX/Intramodular/Dynamic\ Properties/TimerState.swift /Users/admin/builder/spi-builder-workspace/.dependencies/checkouts/SwiftUIX/Sources/SwiftUIX/Intramodular/Dynamic\ Properties/UserStorage.swift /Users/admin/builder/spi-builder-workspace/.dependencies/checkouts/SwiftUIX/Sources/SwiftUIX/Intramodular/Dynamic\ Properties/ViewStorage.swift /Users/admin/builder/spi-builder-workspace/.dependencies/checkouts/SwiftUIX/Sources/SwiftUIX/Intramodular/Dynamic\ Properties/WeakState.swift /Users/admin/builder/spi-builder-workspace/.dependencies/checkouts/SwiftUIX/Sources/SwiftUIX/Intramodular/Dynamic\ Properties/_SwiftUIX_RenderIgnored.swift /Users/admin/builder/spi-builder-workspace/.dependencies/checkouts/SwiftUIX/Sources/SwiftUIX/Intramodular/Edit\ Menu/EditMenuPresenter.swift /Users/admin/builder/spi-builder-workspace/.dependencies/checkouts/SwiftUIX/Sources/SwiftUIX/Intramodular/Environment/EnvironmentInsertions.swift (in target 'SwiftUIX' from project 'SwiftUIX')
SwiftCompile normal arm64_32 /Users/admin/builder/spi-builder-workspace/.dependencies/checkouts/SwiftUIX/Sources/SwiftUIX/Intramodular/Drawing\ &\ Graphics/_AnyShapeStyle.swift (in target 'SwiftUIX' from project 'SwiftUIX')
cd /Users/admin/builder/spi-builder-workspace/.swiftpm/xcode
builtin-SwiftPerFileCompile _AnyShapeStyle.swift
SwiftCompile normal arm64_32 /Users/admin/builder/spi-builder-workspace/.dependencies/checkouts/SwiftUIX/Sources/SwiftUIX/Intramodular/Drawing\ &\ Graphics/_ViewShadowStyle.swift (in target 'SwiftUIX' from project 'SwiftUIX')
cd /Users/admin/builder/spi-builder-workspace/.swiftpm/xcode
builtin-SwiftPerFileCompile _ViewShadowStyle.swift
SwiftCompile normal arm64_32 /Users/admin/builder/spi-builder-workspace/.dependencies/checkouts/SwiftUIX/Sources/SwiftUIX/Intramodular/Dynamic\ Properties/DelayedState.swift (in target 'SwiftUIX' from project 'SwiftUIX')
cd /Users/admin/builder/spi-builder-workspace/.swiftpm/xcode
builtin-SwiftPerFileCompile DelayedState.swift
SwiftCompile normal arm64_32 /Users/admin/builder/spi-builder-workspace/.dependencies/checkouts/SwiftUIX/Sources/SwiftUIX/Intramodular/Dynamic\ Properties/EnvironmentObject.Member.swift (in target 'SwiftUIX' from project 'SwiftUIX')
cd /Users/admin/builder/spi-builder-workspace/.swiftpm/xcode
builtin-SwiftPerFileCompile EnvironmentObject.Member.swift
SwiftCompile normal arm64_32 /Users/admin/builder/spi-builder-workspace/.dependencies/checkouts/SwiftUIX/Sources/SwiftUIX/Intramodular/Dynamic\ Properties/EnvironmentObject.Optional.swift (in target 'SwiftUIX' from project 'SwiftUIX')
cd /Users/admin/builder/spi-builder-workspace/.swiftpm/xcode
builtin-SwiftPerFileCompile EnvironmentObject.Optional.swift
SwiftCompile normal arm64_32 /Users/admin/builder/spi-builder-workspace/.dependencies/checkouts/SwiftUIX/Sources/SwiftUIX/Intramodular/Dynamic\ Properties/EnvironmentObjectOrObservedObject.swift (in target 'SwiftUIX' from project 'SwiftUIX')
cd /Users/admin/builder/spi-builder-workspace/.swiftpm/xcode
builtin-SwiftPerFileCompile EnvironmentObjectOrObservedObject.swift
SwiftCompile normal arm64_32 /Users/admin/builder/spi-builder-workspace/.dependencies/checkouts/SwiftUIX/Sources/SwiftUIX/Intramodular/Dynamic\ Properties/EnvironmentObjectOrState.swift (in target 'SwiftUIX' from project 'SwiftUIX')
cd /Users/admin/builder/spi-builder-workspace/.swiftpm/xcode
builtin-SwiftPerFileCompile EnvironmentObjectOrState.swift
SwiftCompile normal arm64_32 /Users/admin/builder/spi-builder-workspace/.dependencies/checkouts/SwiftUIX/Sources/SwiftUIX/Intramodular/Dynamic\ Properties/ExistentialStateObject.swift (in target 'SwiftUIX' from project 'SwiftUIX')
cd /Users/admin/builder/spi-builder-workspace/.swiftpm/xcode
builtin-SwiftPerFileCompile ExistentialStateObject.swift
SwiftCompile normal arm64_32 /Users/admin/builder/spi-builder-workspace/.dependencies/checkouts/SwiftUIX/Sources/SwiftUIX/Intramodular/Dynamic\ Properties/LazyState.swift (in target 'SwiftUIX' from project 'SwiftUIX')
cd /Users/admin/builder/spi-builder-workspace/.swiftpm/xcode
builtin-SwiftPerFileCompile LazyState.swift
SwiftCompile normal arm64_32 /Users/admin/builder/spi-builder-workspace/.dependencies/checkouts/SwiftUIX/Sources/SwiftUIX/Intramodular/Dynamic\ Properties/ObservableState.swift (in target 'SwiftUIX' from project 'SwiftUIX')
cd /Users/admin/builder/spi-builder-workspace/.swiftpm/xcode
builtin-SwiftPerFileCompile ObservableState.swift
SwiftCompile normal arm64_32 /Users/admin/builder/spi-builder-workspace/.dependencies/checkouts/SwiftUIX/Sources/SwiftUIX/Intramodular/Dynamic\ Properties/ObservedObject.Optional.swift (in target 'SwiftUIX' from project 'SwiftUIX')
cd /Users/admin/builder/spi-builder-workspace/.swiftpm/xcode
builtin-SwiftPerFileCompile ObservedObject.Optional.swift
SwiftCompile normal arm64_32 /Users/admin/builder/spi-builder-workspace/.dependencies/checkouts/SwiftUIX/Sources/SwiftUIX/Intramodular/Dynamic\ Properties/ObservedPublisher.swift (in target 'SwiftUIX' from project 'SwiftUIX')
cd /Users/admin/builder/spi-builder-workspace/.swiftpm/xcode
builtin-SwiftPerFileCompile ObservedPublisher.swift
SwiftCompile normal arm64_32 /Users/admin/builder/spi-builder-workspace/.dependencies/checkouts/SwiftUIX/Sources/SwiftUIX/Intramodular/Dynamic\ Properties/ObservedValue.swift (in target 'SwiftUIX' from project 'SwiftUIX')
cd /Users/admin/builder/spi-builder-workspace/.swiftpm/xcode
builtin-SwiftPerFileCompile ObservedValue.swift
SwiftCompile normal arm64_32 /Users/admin/builder/spi-builder-workspace/.dependencies/checkouts/SwiftUIX/Sources/SwiftUIX/Intramodular/Dynamic\ Properties/PersistentObject.swift (in target 'SwiftUIX' from project 'SwiftUIX')
cd /Users/admin/builder/spi-builder-workspace/.swiftpm/xcode
builtin-SwiftPerFileCompile PersistentObject.swift
SwiftCompile normal arm64_32 /Users/admin/builder/spi-builder-workspace/.dependencies/checkouts/SwiftUIX/Sources/SwiftUIX/Intramodular/Dynamic\ Properties/StateObject.Optional.swift (in target 'SwiftUIX' from project 'SwiftUIX')
cd /Users/admin/builder/spi-builder-workspace/.swiftpm/xcode
builtin-SwiftPerFileCompile StateObject.Optional.swift
SwiftCompile normal arm64_32 /Users/admin/builder/spi-builder-workspace/.dependencies/checkouts/SwiftUIX/Sources/SwiftUIX/Intramodular/Dynamic\ Properties/StateOrBinding.swift (in target 'SwiftUIX' from project 'SwiftUIX')
cd /Users/admin/builder/spi-builder-workspace/.swiftpm/xcode
builtin-SwiftPerFileCompile StateOrBinding.swift
SwiftCompile normal arm64_32 /Users/admin/builder/spi-builder-workspace/.dependencies/checkouts/SwiftUIX/Sources/SwiftUIX/Intramodular/Dynamic\ Properties/ThrottledDelayedState.swift (in target 'SwiftUIX' from project 'SwiftUIX')
cd /Users/admin/builder/spi-builder-workspace/.swiftpm/xcode
builtin-SwiftPerFileCompile ThrottledDelayedState.swift
SwiftCompile normal arm64_32 /Users/admin/builder/spi-builder-workspace/.dependencies/checkouts/SwiftUIX/Sources/SwiftUIX/Intramodular/Dynamic\ Properties/TimerState.swift (in target 'SwiftUIX' from project 'SwiftUIX')
cd /Users/admin/builder/spi-builder-workspace/.swiftpm/xcode
builtin-SwiftPerFileCompile TimerState.swift
SwiftCompile normal arm64_32 /Users/admin/builder/spi-builder-workspace/.dependencies/checkouts/SwiftUIX/Sources/SwiftUIX/Intramodular/Dynamic\ Properties/UserStorage.swift (in target 'SwiftUIX' from project 'SwiftUIX')
cd /Users/admin/builder/spi-builder-workspace/.swiftpm/xcode
builtin-SwiftPerFileCompile UserStorage.swift
SwiftCompile normal arm64_32 /Users/admin/builder/spi-builder-workspace/.dependencies/checkouts/SwiftUIX/Sources/SwiftUIX/Intramodular/Dynamic\ Properties/ViewStorage.swift (in target 'SwiftUIX' from project 'SwiftUIX')
cd /Users/admin/builder/spi-builder-workspace/.swiftpm/xcode
builtin-SwiftPerFileCompile ViewStorage.swift
SwiftCompile normal arm64_32 /Users/admin/builder/spi-builder-workspace/.dependencies/checkouts/SwiftUIX/Sources/SwiftUIX/Intramodular/Dynamic\ Properties/WeakState.swift (in target 'SwiftUIX' from project 'SwiftUIX')
cd /Users/admin/builder/spi-builder-workspace/.swiftpm/xcode
builtin-SwiftPerFileCompile WeakState.swift
SwiftCompile normal arm64_32 /Users/admin/builder/spi-builder-workspace/.dependencies/checkouts/SwiftUIX/Sources/SwiftUIX/Intramodular/Dynamic\ Properties/_SwiftUIX_RenderIgnored.swift (in target 'SwiftUIX' from project 'SwiftUIX')
cd /Users/admin/builder/spi-builder-workspace/.swiftpm/xcode
builtin-SwiftPerFileCompile _SwiftUIX_RenderIgnored.swift
SwiftCompile normal arm64_32 /Users/admin/builder/spi-builder-workspace/.dependencies/checkouts/SwiftUIX/Sources/SwiftUIX/Intramodular/Edit\ Menu/EditMenuPresenter.swift (in target 'SwiftUIX' from project 'SwiftUIX')
cd /Users/admin/builder/spi-builder-workspace/.swiftpm/xcode
builtin-SwiftPerFileCompile EditMenuPresenter.swift
SwiftCompile normal arm64_32 /Users/admin/builder/spi-builder-workspace/.dependencies/checkouts/SwiftUIX/Sources/SwiftUIX/Intramodular/Environment/EnvironmentInsertions.swift (in target 'SwiftUIX' from project 'SwiftUIX')
cd /Users/admin/builder/spi-builder-workspace/.swiftpm/xcode
builtin-SwiftPerFileCompile EnvironmentInsertions.swift
SwiftDriverJobDiscovery normal arm64_32 Compiling UIHostingVisualEffectBlurView.swift, View.configureUINavigationController.swift, SwiftUI+PreferenceKey.swift, SwiftUI+opaque_View.swift, ActivityIndicator.swift, ChangePredicatedAnimation.swift, AppActivityView.swift, _CocoaApplicationDelegateAdaptor.swift, CocoaHostingController+PreferenceKey.swift, CocoaHostingController+Utilities.swift, CocoaHostingController.swift, CocoaViewController.swift, _AppKitOrUIKitRepresented.swift, _AppKitOrUIKitViewRepresentableUpdate.swift, _CocoaHostingView.swift, _CocoaSwiftUIViewHosting.swift, _CocoaSwiftUIViewHostingViewProvider.swift, _RepresentableAppKitOrUIKitView.swift, CocoaCollectionElementHostingController.swift, CocoaHostingCollectionViewCell.swift, CocoaHostingCollectionViewController+_CollectionViewProxyBase.swift, CocoaHostingCollectionViewController.Cache.swift, CocoaHostingCollectionViewController.DragAndDropDelegate.swift, CocoaHostingCollectionViewController.swift (in target 'SwiftUIX' from project 'SwiftUIX')
SwiftCompile normal arm64 Compiling\ AnyTransition.swift,\ App++.swift,\ Axis++.swift,\ Color++.swift,\ DisclosureGroup++.swift,\ EquatableView+.swift,\ Font++.swift,\ Font.TextStyle++.swift,\ ForEach++.swift,\ GeometryReader++.swift,\ Image++.swift,\ KeyEquivalent++.swift,\ KeyboardShortcut++.swift,\ LinearGradient++.swift,\ Mirror++.swift,\ NavigationLink++.swift,\ OutlineGroup++.swift,\ Path++.swift,\ Picker++.swift,\ Section++.swift,\ Settings++.swift,\ Shape++.swift,\ Text++.swift,\ Transaction++.swift,\ VStack++.swift /Users/admin/builder/spi-builder-workspace/.dependencies/checkouts/SwiftUIX/Sources/SwiftUIX/Intermodular/Extensions/SwiftUI/AnyTransition.swift /Users/admin/builder/spi-builder-workspace/.dependencies/checkouts/SwiftUIX/Sources/SwiftUIX/Intermodular/Extensions/SwiftUI/App++.swift /Users/admin/builder/spi-builder-workspace/.dependencies/checkouts/SwiftUIX/Sources/SwiftUIX/Intermodular/Extensions/SwiftUI/Axis++.swift /Users/admin/builder/spi-builder-workspace/.dependencies/checkouts/SwiftUIX/Sources/SwiftUIX/Intermodular/Extensions/SwiftUI/Color++.swift /Users/admin/builder/spi-builder-workspace/.dependencies/checkouts/SwiftUIX/Sources/SwiftUIX/Intermodular/Extensions/SwiftUI/DisclosureGroup++.swift /Users/admin/builder/spi-builder-workspace/.dependencies/checkouts/SwiftUIX/Sources/SwiftUIX/Intermodular/Extensions/SwiftUI/EquatableView+.swift /Users/admin/builder/spi-builder-workspace/.dependencies/checkouts/SwiftUIX/Sources/SwiftUIX/Intermodular/Extensions/SwiftUI/Font++.swift /Users/admin/builder/spi-builder-workspace/.dependencies/checkouts/SwiftUIX/Sources/SwiftUIX/Intermodular/Extensions/SwiftUI/Font.TextStyle++.swift /Users/admin/builder/spi-builder-workspace/.dependencies/checkouts/SwiftUIX/Sources/SwiftUIX/Intermodular/Extensions/SwiftUI/ForEach++.swift /Users/admin/builder/spi-builder-workspace/.dependencies/checkouts/SwiftUIX/Sources/SwiftUIX/Intermodular/Extensions/SwiftUI/GeometryReader++.swift /Users/admin/builder/spi-builder-workspace/.dependencies/checkouts/SwiftUIX/Sources/SwiftUIX/Intermodular/Extensions/SwiftUI/Image++.swift /Users/admin/builder/spi-builder-workspace/.dependencies/checkouts/SwiftUIX/Sources/SwiftUIX/Intermodular/Extensions/SwiftUI/KeyEquivalent++.swift /Users/admin/builder/spi-builder-workspace/.dependencies/checkouts/SwiftUIX/Sources/SwiftUIX/Intermodular/Extensions/SwiftUI/KeyboardShortcut++.swift /Users/admin/builder/spi-builder-workspace/.dependencies/checkouts/SwiftUIX/Sources/SwiftUIX/Intermodular/Extensions/SwiftUI/LinearGradient++.swift /Users/admin/builder/spi-builder-workspace/.dependencies/checkouts/SwiftUIX/Sources/SwiftUIX/Intermodular/Extensions/SwiftUI/Mirror++.swift /Users/admin/builder/spi-builder-workspace/.dependencies/checkouts/SwiftUIX/Sources/SwiftUIX/Intermodular/Extensions/SwiftUI/NavigationLink++.swift /Users/admin/builder/spi-builder-workspace/.dependencies/checkouts/SwiftUIX/Sources/SwiftUIX/Intermodular/Extensions/SwiftUI/OutlineGroup++.swift /Users/admin/builder/spi-builder-workspace/.dependencies/checkouts/SwiftUIX/Sources/SwiftUIX/Intermodular/Extensions/SwiftUI/Path++.swift /Users/admin/builder/spi-builder-workspace/.dependencies/checkouts/SwiftUIX/Sources/SwiftUIX/Intermodular/Extensions/SwiftUI/Picker++.swift /Users/admin/builder/spi-builder-workspace/.dependencies/checkouts/SwiftUIX/Sources/SwiftUIX/Intermodular/Extensions/SwiftUI/Section++.swift /Users/admin/builder/spi-builder-workspace/.dependencies/checkouts/SwiftUIX/Sources/SwiftUIX/Intermodular/Extensions/SwiftUI/Settings++.swift /Users/admin/builder/spi-builder-workspace/.dependencies/checkouts/SwiftUIX/Sources/SwiftUIX/Intermodular/Extensions/SwiftUI/Shape++.swift /Users/admin/builder/spi-builder-workspace/.dependencies/checkouts/SwiftUIX/Sources/SwiftUIX/Intermodular/Extensions/SwiftUI/Text++.swift /Users/admin/builder/spi-builder-workspace/.dependencies/checkouts/SwiftUIX/Sources/SwiftUIX/Intermodular/Extensions/SwiftUI/Transaction++.swift /Users/admin/builder/spi-builder-workspace/.dependencies/checkouts/SwiftUIX/Sources/SwiftUIX/Intermodular/Extensions/SwiftUI/VStack++.swift (in target 'SwiftUIX' from project 'SwiftUIX')
SwiftCompile normal arm64 /Users/admin/builder/spi-builder-workspace/.dependencies/checkouts/SwiftUIX/Sources/SwiftUIX/Intermodular/Extensions/SwiftUI/AnyTransition.swift (in target 'SwiftUIX' from project 'SwiftUIX')
cd /Users/admin/builder/spi-builder-workspace/.swiftpm/xcode
builtin-SwiftPerFileCompile AnyTransition.swift
SwiftCompile normal arm64 /Users/admin/builder/spi-builder-workspace/.dependencies/checkouts/SwiftUIX/Sources/SwiftUIX/Intermodular/Extensions/SwiftUI/App++.swift (in target 'SwiftUIX' from project 'SwiftUIX')
cd /Users/admin/builder/spi-builder-workspace/.swiftpm/xcode
builtin-SwiftPerFileCompile App++.swift
SwiftCompile normal arm64 /Users/admin/builder/spi-builder-workspace/.dependencies/checkouts/SwiftUIX/Sources/SwiftUIX/Intermodular/Extensions/SwiftUI/Axis++.swift (in target 'SwiftUIX' from project 'SwiftUIX')
cd /Users/admin/builder/spi-builder-workspace/.swiftpm/xcode
builtin-SwiftPerFileCompile Axis++.swift
SwiftCompile normal arm64 /Users/admin/builder/spi-builder-workspace/.dependencies/checkouts/SwiftUIX/Sources/SwiftUIX/Intermodular/Extensions/SwiftUI/Color++.swift (in target 'SwiftUIX' from project 'SwiftUIX')
cd /Users/admin/builder/spi-builder-workspace/.swiftpm/xcode
builtin-SwiftPerFileCompile Color++.swift
SwiftCompile normal arm64 /Users/admin/builder/spi-builder-workspace/.dependencies/checkouts/SwiftUIX/Sources/SwiftUIX/Intermodular/Extensions/SwiftUI/DisclosureGroup++.swift (in target 'SwiftUIX' from project 'SwiftUIX')
cd /Users/admin/builder/spi-builder-workspace/.swiftpm/xcode
builtin-SwiftPerFileCompile DisclosureGroup++.swift
SwiftCompile normal arm64 /Users/admin/builder/spi-builder-workspace/.dependencies/checkouts/SwiftUIX/Sources/SwiftUIX/Intermodular/Extensions/SwiftUI/EquatableView+.swift (in target 'SwiftUIX' from project 'SwiftUIX')
cd /Users/admin/builder/spi-builder-workspace/.swiftpm/xcode
builtin-SwiftPerFileCompile EquatableView+.swift
SwiftCompile normal arm64 /Users/admin/builder/spi-builder-workspace/.dependencies/checkouts/SwiftUIX/Sources/SwiftUIX/Intermodular/Extensions/SwiftUI/Font++.swift (in target 'SwiftUIX' from project 'SwiftUIX')
cd /Users/admin/builder/spi-builder-workspace/.swiftpm/xcode
builtin-SwiftPerFileCompile Font++.swift
SwiftCompile normal arm64 /Users/admin/builder/spi-builder-workspace/.dependencies/checkouts/SwiftUIX/Sources/SwiftUIX/Intermodular/Extensions/SwiftUI/Font.TextStyle++.swift (in target 'SwiftUIX' from project 'SwiftUIX')
cd /Users/admin/builder/spi-builder-workspace/.swiftpm/xcode
builtin-SwiftPerFileCompile Font.TextStyle++.swift
SwiftCompile normal arm64 /Users/admin/builder/spi-builder-workspace/.dependencies/checkouts/SwiftUIX/Sources/SwiftUIX/Intermodular/Extensions/SwiftUI/ForEach++.swift (in target 'SwiftUIX' from project 'SwiftUIX')
cd /Users/admin/builder/spi-builder-workspace/.swiftpm/xcode
builtin-SwiftPerFileCompile ForEach++.swift
SwiftCompile normal arm64 /Users/admin/builder/spi-builder-workspace/.dependencies/checkouts/SwiftUIX/Sources/SwiftUIX/Intermodular/Extensions/SwiftUI/GeometryReader++.swift (in target 'SwiftUIX' from project 'SwiftUIX')
cd /Users/admin/builder/spi-builder-workspace/.swiftpm/xcode
builtin-SwiftPerFileCompile GeometryReader++.swift
SwiftCompile normal arm64 /Users/admin/builder/spi-builder-workspace/.dependencies/checkouts/SwiftUIX/Sources/SwiftUIX/Intermodular/Extensions/SwiftUI/Image++.swift (in target 'SwiftUIX' from project 'SwiftUIX')
cd /Users/admin/builder/spi-builder-workspace/.swiftpm/xcode
builtin-SwiftPerFileCompile Image++.swift
SwiftCompile normal arm64 /Users/admin/builder/spi-builder-workspace/.dependencies/checkouts/SwiftUIX/Sources/SwiftUIX/Intermodular/Extensions/SwiftUI/KeyEquivalent++.swift (in target 'SwiftUIX' from project 'SwiftUIX')
cd /Users/admin/builder/spi-builder-workspace/.swiftpm/xcode
builtin-SwiftPerFileCompile KeyEquivalent++.swift
SwiftCompile normal arm64 /Users/admin/builder/spi-builder-workspace/.dependencies/checkouts/SwiftUIX/Sources/SwiftUIX/Intermodular/Extensions/SwiftUI/KeyboardShortcut++.swift (in target 'SwiftUIX' from project 'SwiftUIX')
cd /Users/admin/builder/spi-builder-workspace/.swiftpm/xcode
builtin-SwiftPerFileCompile KeyboardShortcut++.swift
SwiftCompile normal arm64 /Users/admin/builder/spi-builder-workspace/.dependencies/checkouts/SwiftUIX/Sources/SwiftUIX/Intermodular/Extensions/SwiftUI/LinearGradient++.swift (in target 'SwiftUIX' from project 'SwiftUIX')
cd /Users/admin/builder/spi-builder-workspace/.swiftpm/xcode
builtin-SwiftPerFileCompile LinearGradient++.swift
SwiftCompile normal arm64 /Users/admin/builder/spi-builder-workspace/.dependencies/checkouts/SwiftUIX/Sources/SwiftUIX/Intermodular/Extensions/SwiftUI/Mirror++.swift (in target 'SwiftUIX' from project 'SwiftUIX')
cd /Users/admin/builder/spi-builder-workspace/.swiftpm/xcode
builtin-SwiftPerFileCompile Mirror++.swift
SwiftCompile normal arm64 /Users/admin/builder/spi-builder-workspace/.dependencies/checkouts/SwiftUIX/Sources/SwiftUIX/Intermodular/Extensions/SwiftUI/NavigationLink++.swift (in target 'SwiftUIX' from project 'SwiftUIX')
cd /Users/admin/builder/spi-builder-workspace/.swiftpm/xcode
builtin-SwiftPerFileCompile NavigationLink++.swift
SwiftCompile normal arm64 /Users/admin/builder/spi-builder-workspace/.dependencies/checkouts/SwiftUIX/Sources/SwiftUIX/Intermodular/Extensions/SwiftUI/OutlineGroup++.swift (in target 'SwiftUIX' from project 'SwiftUIX')
cd /Users/admin/builder/spi-builder-workspace/.swiftpm/xcode
builtin-SwiftPerFileCompile OutlineGroup++.swift
SwiftCompile normal arm64 /Users/admin/builder/spi-builder-workspace/.dependencies/checkouts/SwiftUIX/Sources/SwiftUIX/Intermodular/Extensions/SwiftUI/Path++.swift (in target 'SwiftUIX' from project 'SwiftUIX')
cd /Users/admin/builder/spi-builder-workspace/.swiftpm/xcode
builtin-SwiftPerFileCompile Path++.swift
SwiftCompile normal arm64 /Users/admin/builder/spi-builder-workspace/.dependencies/checkouts/SwiftUIX/Sources/SwiftUIX/Intermodular/Extensions/SwiftUI/Picker++.swift (in target 'SwiftUIX' from project 'SwiftUIX')
cd /Users/admin/builder/spi-builder-workspace/.swiftpm/xcode
builtin-SwiftPerFileCompile Picker++.swift
SwiftCompile normal arm64 /Users/admin/builder/spi-builder-workspace/.dependencies/checkouts/SwiftUIX/Sources/SwiftUIX/Intermodular/Extensions/SwiftUI/Section++.swift (in target 'SwiftUIX' from project 'SwiftUIX')
cd /Users/admin/builder/spi-builder-workspace/.swiftpm/xcode
builtin-SwiftPerFileCompile Section++.swift
SwiftCompile normal arm64 /Users/admin/builder/spi-builder-workspace/.dependencies/checkouts/SwiftUIX/Sources/SwiftUIX/Intermodular/Extensions/SwiftUI/Settings++.swift (in target 'SwiftUIX' from project 'SwiftUIX')
cd /Users/admin/builder/spi-builder-workspace/.swiftpm/xcode
builtin-SwiftPerFileCompile Settings++.swift
SwiftCompile normal arm64 /Users/admin/builder/spi-builder-workspace/.dependencies/checkouts/SwiftUIX/Sources/SwiftUIX/Intermodular/Extensions/SwiftUI/Shape++.swift (in target 'SwiftUIX' from project 'SwiftUIX')
cd /Users/admin/builder/spi-builder-workspace/.swiftpm/xcode
builtin-SwiftPerFileCompile Shape++.swift
SwiftCompile normal arm64 /Users/admin/builder/spi-builder-workspace/.dependencies/checkouts/SwiftUIX/Sources/SwiftUIX/Intermodular/Extensions/SwiftUI/Text++.swift (in target 'SwiftUIX' from project 'SwiftUIX')
cd /Users/admin/builder/spi-builder-workspace/.swiftpm/xcode
builtin-SwiftPerFileCompile Text++.swift
SwiftCompile normal arm64 /Users/admin/builder/spi-builder-workspace/.dependencies/checkouts/SwiftUIX/Sources/SwiftUIX/Intermodular/Extensions/SwiftUI/Transaction++.swift (in target 'SwiftUIX' from project 'SwiftUIX')
cd /Users/admin/builder/spi-builder-workspace/.swiftpm/xcode
builtin-SwiftPerFileCompile Transaction++.swift
SwiftCompile normal arm64 /Users/admin/builder/spi-builder-workspace/.dependencies/checkouts/SwiftUIX/Sources/SwiftUIX/Intermodular/Extensions/SwiftUI/VStack++.swift (in target 'SwiftUIX' from project 'SwiftUIX')
cd /Users/admin/builder/spi-builder-workspace/.swiftpm/xcode
builtin-SwiftPerFileCompile VStack++.swift
CreateUniversalBinary /Users/admin/builder/spi-builder-workspace/.derivedData/Build/Products/Debug-watchos/_SwiftUIX.o normal arm64\ arm64_32 (in target '_SwiftUIX' from project 'SwiftUIX')
cd /Users/admin/builder/spi-builder-workspace/.dependencies/checkouts/SwiftUIX
/Applications/Xcode-27.0.0-Release.Candidate.app/Contents/Developer/Toolchains/XcodeDefault.xctoolchain/usr/bin/lipo -create /Users/admin/builder/spi-builder-workspace/.derivedData/Build/Intermediates.noindex/SwiftUIX.build/Debug-watchos/_SwiftUIX-t.build/Objects-normal/arm64/Binary/_SwiftUIX.o /Users/admin/builder/spi-builder-workspace/.derivedData/Build/Intermediates.noindex/SwiftUIX.build/Debug-watchos/_SwiftUIX-t.build/Objects-normal/arm64_32/Binary/_SwiftUIX.o -output /Users/admin/builder/spi-builder-workspace/.derivedData/Build/Products/Debug-watchos/_SwiftUIX.o
SwiftDriverJobDiscovery normal arm64 Compiling _AnyShapeStyle.swift, _ViewShadowStyle.swift, DelayedState.swift, EnvironmentObject.Member.swift, EnvironmentObject.Optional.swift, EnvironmentObjectOrObservedObject.swift, EnvironmentObjectOrState.swift, ExistentialStateObject.swift, LazyState.swift, ObservableState.swift, ObservedObject.Optional.swift, ObservedPublisher.swift, ObservedValue.swift, PersistentObject.swift, StateObject.Optional.swift, StateOrBinding.swift, ThrottledDelayedState.swift, TimerState.swift, UserStorage.swift, ViewStorage.swift, WeakState.swift, _SwiftUIX_RenderIgnored.swift, EditMenuPresenter.swift, EnvironmentInsertions.swift (in target 'SwiftUIX' from project 'SwiftUIX')
SwiftCompile normal arm64_32 Compiling\ FullScreenCoverLink.swift,\ NavigationPresentationLink.swift,\ PopoverPresentationLink.swift,\ PresentationLink.swift,\ PresentationLinkView.swift,\ ModalPresentationStyle.swift,\ CocoaPopover.swift,\ Popover.swift,\ PresentationManager.swift,\ PresentationTransitionPhase.swift,\ PresentationView.swift,\ _PopoverPresentationPreferences.swift,\ _ForEachSubview.swift,\ _VariadicViewAdapter.swift,\ _VariadicViewChildren.swift,\ _WithDynamicPropertyExistential.swift,\ OrientationLock.swift,\ PopoverAttachmentTarget.swift,\ Screen.swift,\ UserInterfaceIdiom.swift,\ UserInterfaceOrientation.swift,\ _CoordinateSpaceRelative.swift,\ _ScreenOrCoordinateSpace.swift,\ CocoaScrollView.swift /Users/admin/builder/spi-builder-workspace/.dependencies/checkouts/SwiftUIX/Sources/SwiftUIX/Intramodular/Presentation/Link/FullScreenCoverLink.swift /Users/admin/builder/spi-builder-workspace/.dependencies/checkouts/SwiftUIX/Sources/SwiftUIX/Intramodular/Presentation/Link/NavigationPresentationLink.swift /Users/admin/builder/spi-builder-workspace/.dependencies/checkouts/SwiftUIX/Sources/SwiftUIX/Intramodular/Presentation/Link/PopoverPresentationLink.swift /Users/admin/builder/spi-builder-workspace/.dependencies/checkouts/SwiftUIX/Sources/SwiftUIX/Intramodular/Presentation/Link/PresentationLink.swift /Users/admin/builder/spi-builder-workspace/.dependencies/checkouts/SwiftUIX/Sources/SwiftUIX/Intramodular/Presentation/Link/PresentationLinkView.swift /Users/admin/builder/spi-builder-workspace/.dependencies/checkouts/SwiftUIX/Sources/SwiftUIX/Intramodular/Presentation/ModalPresentationStyle.swift /Users/admin/builder/spi-builder-workspace/.dependencies/checkouts/SwiftUIX/Sources/SwiftUIX/Intramodular/Presentation/Popover/CocoaPopover.swift /Users/admin/builder/spi-builder-workspace/.dependencies/checkouts/SwiftUIX/Sources/SwiftUIX/Intramodular/Presentation/Popover/Popover.swift /Users/admin/builder/spi-builder-workspace/.dependencies/checkouts/SwiftUIX/Sources/SwiftUIX/Intramodular/Presentation/PresentationManager.swift /Users/admin/builder/spi-builder-workspace/.dependencies/checkouts/SwiftUIX/Sources/SwiftUIX/Intramodular/Presentation/PresentationTransitionPhase.swift /Users/admin/builder/spi-builder-workspace/.dependencies/checkouts/SwiftUIX/Sources/SwiftUIX/Intramodular/Presentation/PresentationView.swift /Users/admin/builder/spi-builder-workspace/.dependencies/checkouts/SwiftUIX/Sources/SwiftUIX/Intramodular/Presentation/_PopoverPresentationPreferences.swift /Users/admin/builder/spi-builder-workspace/.dependencies/checkouts/SwiftUIX/Sources/SwiftUIX/Intramodular/Runtime/_ForEachSubview.swift /Users/admin/builder/spi-builder-workspace/.dependencies/checkouts/SwiftUIX/Sources/SwiftUIX/Intramodular/Runtime/_VariadicViewAdapter.swift /Users/admin/builder/spi-builder-workspace/.dependencies/checkouts/SwiftUIX/Sources/SwiftUIX/Intramodular/Runtime/_VariadicViewChildren.swift /Users/admin/builder/spi-builder-workspace/.dependencies/checkouts/SwiftUIX/Sources/SwiftUIX/Intramodular/Runtime/_WithDynamicPropertyExistential.swift /Users/admin/builder/spi-builder-workspace/.dependencies/checkouts/SwiftUIX/Sources/SwiftUIX/Intramodular/Screen/OrientationLock.swift /Users/admin/builder/spi-builder-workspace/.dependencies/checkouts/SwiftUIX/Sources/SwiftUIX/Intramodular/Screen/PopoverAttachmentTarget.swift /Users/admin/builder/spi-builder-workspace/.dependencies/checkouts/SwiftUIX/Sources/SwiftUIX/Intramodular/Screen/Screen.swift /Users/admin/builder/spi-builder-workspace/.dependencies/checkouts/SwiftUIX/Sources/SwiftUIX/Intramodular/Screen/UserInterfaceIdiom.swift /Users/admin/builder/spi-builder-workspace/.dependencies/checkouts/SwiftUIX/Sources/SwiftUIX/Intramodular/Screen/UserInterfaceOrientation.swift /Users/admin/builder/spi-builder-workspace/.dependencies/checkouts/SwiftUIX/Sources/SwiftUIX/Intramodular/Screen/_CoordinateSpaceRelative.swift /Users/admin/builder/spi-builder-workspace/.dependencies/checkouts/SwiftUIX/Sources/SwiftUIX/Intramodular/Screen/_ScreenOrCoordinateSpace.swift /Users/admin/builder/spi-builder-workspace/.dependencies/checkouts/SwiftUIX/Sources/SwiftUIX/Intramodular/Scroll\ View/CocoaScrollView.swift (in target 'SwiftUIX' from project 'SwiftUIX')
SwiftCompile normal arm64_32 /Users/admin/builder/spi-builder-workspace/.dependencies/checkouts/SwiftUIX/Sources/SwiftUIX/Intramodular/Presentation/Link/FullScreenCoverLink.swift (in target 'SwiftUIX' from project 'SwiftUIX')
cd /Users/admin/builder/spi-builder-workspace/.swiftpm/xcode
builtin-SwiftPerFileCompile FullScreenCoverLink.swift
SwiftCompile normal arm64_32 /Users/admin/builder/spi-builder-workspace/.dependencies/checkouts/SwiftUIX/Sources/SwiftUIX/Intramodular/Presentation/Link/NavigationPresentationLink.swift (in target 'SwiftUIX' from project 'SwiftUIX')
cd /Users/admin/builder/spi-builder-workspace/.swiftpm/xcode
builtin-SwiftPerFileCompile NavigationPresentationLink.swift
SwiftCompile normal arm64_32 /Users/admin/builder/spi-builder-workspace/.dependencies/checkouts/SwiftUIX/Sources/SwiftUIX/Intramodular/Presentation/Link/PopoverPresentationLink.swift (in target 'SwiftUIX' from project 'SwiftUIX')
cd /Users/admin/builder/spi-builder-workspace/.swiftpm/xcode
builtin-SwiftPerFileCompile PopoverPresentationLink.swift
SwiftCompile normal arm64_32 /Users/admin/builder/spi-builder-workspace/.dependencies/checkouts/SwiftUIX/Sources/SwiftUIX/Intramodular/Presentation/Link/PresentationLink.swift (in target 'SwiftUIX' from project 'SwiftUIX')
cd /Users/admin/builder/spi-builder-workspace/.swiftpm/xcode
builtin-SwiftPerFileCompile PresentationLink.swift
SwiftCompile normal arm64_32 /Users/admin/builder/spi-builder-workspace/.dependencies/checkouts/SwiftUIX/Sources/SwiftUIX/Intramodular/Presentation/Link/PresentationLinkView.swift (in target 'SwiftUIX' from project 'SwiftUIX')
cd /Users/admin/builder/spi-builder-workspace/.swiftpm/xcode
builtin-SwiftPerFileCompile PresentationLinkView.swift
SwiftCompile normal arm64_32 /Users/admin/builder/spi-builder-workspace/.dependencies/checkouts/SwiftUIX/Sources/SwiftUIX/Intramodular/Presentation/ModalPresentationStyle.swift (in target 'SwiftUIX' from project 'SwiftUIX')
cd /Users/admin/builder/spi-builder-workspace/.swiftpm/xcode
builtin-SwiftPerFileCompile ModalPresentationStyle.swift
SwiftCompile normal arm64_32 /Users/admin/builder/spi-builder-workspace/.dependencies/checkouts/SwiftUIX/Sources/SwiftUIX/Intramodular/Presentation/Popover/CocoaPopover.swift (in target 'SwiftUIX' from project 'SwiftUIX')
cd /Users/admin/builder/spi-builder-workspace/.swiftpm/xcode
builtin-SwiftPerFileCompile CocoaPopover.swift
SwiftCompile normal arm64_32 /Users/admin/builder/spi-builder-workspace/.dependencies/checkouts/SwiftUIX/Sources/SwiftUIX/Intramodular/Presentation/Popover/Popover.swift (in target 'SwiftUIX' from project 'SwiftUIX')
cd /Users/admin/builder/spi-builder-workspace/.swiftpm/xcode
builtin-SwiftPerFileCompile Popover.swift
SwiftCompile normal arm64_32 /Users/admin/builder/spi-builder-workspace/.dependencies/checkouts/SwiftUIX/Sources/SwiftUIX/Intramodular/Presentation/PresentationManager.swift (in target 'SwiftUIX' from project 'SwiftUIX')
cd /Users/admin/builder/spi-builder-workspace/.swiftpm/xcode
builtin-SwiftPerFileCompile PresentationManager.swift
SwiftCompile normal arm64_32 /Users/admin/builder/spi-builder-workspace/.dependencies/checkouts/SwiftUIX/Sources/SwiftUIX/Intramodular/Presentation/PresentationTransitionPhase.swift (in target 'SwiftUIX' from project 'SwiftUIX')
cd /Users/admin/builder/spi-builder-workspace/.swiftpm/xcode
builtin-SwiftPerFileCompile PresentationTransitionPhase.swift
SwiftCompile normal arm64_32 /Users/admin/builder/spi-builder-workspace/.dependencies/checkouts/SwiftUIX/Sources/SwiftUIX/Intramodular/Presentation/PresentationView.swift (in target 'SwiftUIX' from project 'SwiftUIX')
cd /Users/admin/builder/spi-builder-workspace/.swiftpm/xcode
builtin-SwiftPerFileCompile PresentationView.swift
SwiftCompile normal arm64_32 /Users/admin/builder/spi-builder-workspace/.dependencies/checkouts/SwiftUIX/Sources/SwiftUIX/Intramodular/Presentation/_PopoverPresentationPreferences.swift (in target 'SwiftUIX' from project 'SwiftUIX')
cd /Users/admin/builder/spi-builder-workspace/.swiftpm/xcode
builtin-SwiftPerFileCompile _PopoverPresentationPreferences.swift
SwiftCompile normal arm64_32 /Users/admin/builder/spi-builder-workspace/.dependencies/checkouts/SwiftUIX/Sources/SwiftUIX/Intramodular/Runtime/_ForEachSubview.swift (in target 'SwiftUIX' from project 'SwiftUIX')
cd /Users/admin/builder/spi-builder-workspace/.swiftpm/xcode
builtin-SwiftPerFileCompile _ForEachSubview.swift
SwiftCompile normal arm64_32 /Users/admin/builder/spi-builder-workspace/.dependencies/checkouts/SwiftUIX/Sources/SwiftUIX/Intramodular/Runtime/_VariadicViewAdapter.swift (in target 'SwiftUIX' from project 'SwiftUIX')
cd /Users/admin/builder/spi-builder-workspace/.swiftpm/xcode
builtin-SwiftPerFileCompile _VariadicViewAdapter.swift
SwiftCompile normal arm64_32 /Users/admin/builder/spi-builder-workspace/.dependencies/checkouts/SwiftUIX/Sources/SwiftUIX/Intramodular/Runtime/_VariadicViewChildren.swift (in target 'SwiftUIX' from project 'SwiftUIX')
cd /Users/admin/builder/spi-builder-workspace/.swiftpm/xcode
builtin-SwiftPerFileCompile _VariadicViewChildren.swift
SwiftCompile normal arm64_32 /Users/admin/builder/spi-builder-workspace/.dependencies/checkouts/SwiftUIX/Sources/SwiftUIX/Intramodular/Runtime/_WithDynamicPropertyExistential.swift (in target 'SwiftUIX' from project 'SwiftUIX')
cd /Users/admin/builder/spi-builder-workspace/.swiftpm/xcode
builtin-SwiftPerFileCompile _WithDynamicPropertyExistential.swift
SwiftCompile normal arm64_32 /Users/admin/builder/spi-builder-workspace/.dependencies/checkouts/SwiftUIX/Sources/SwiftUIX/Intramodular/Screen/OrientationLock.swift (in target 'SwiftUIX' from project 'SwiftUIX')
cd /Users/admin/builder/spi-builder-workspace/.swiftpm/xcode
builtin-SwiftPerFileCompile OrientationLock.swift
SwiftCompile normal arm64_32 /Users/admin/builder/spi-builder-workspace/.dependencies/checkouts/SwiftUIX/Sources/SwiftUIX/Intramodular/Screen/PopoverAttachmentTarget.swift (in target 'SwiftUIX' from project 'SwiftUIX')
cd /Users/admin/builder/spi-builder-workspace/.swiftpm/xcode
builtin-SwiftPerFileCompile PopoverAttachmentTarget.swift
SwiftCompile normal arm64_32 /Users/admin/builder/spi-builder-workspace/.dependencies/checkouts/SwiftUIX/Sources/SwiftUIX/Intramodular/Screen/Screen.swift (in target 'SwiftUIX' from project 'SwiftUIX')
cd /Users/admin/builder/spi-builder-workspace/.swiftpm/xcode
builtin-SwiftPerFileCompile Screen.swift
SwiftCompile normal arm64_32 /Users/admin/builder/spi-builder-workspace/.dependencies/checkouts/SwiftUIX/Sources/SwiftUIX/Intramodular/Screen/UserInterfaceIdiom.swift (in target 'SwiftUIX' from project 'SwiftUIX')
cd /Users/admin/builder/spi-builder-workspace/.swiftpm/xcode
builtin-SwiftPerFileCompile UserInterfaceIdiom.swift
SwiftCompile normal arm64_32 /Users/admin/builder/spi-builder-workspace/.dependencies/checkouts/SwiftUIX/Sources/SwiftUIX/Intramodular/Screen/UserInterfaceOrientation.swift (in target 'SwiftUIX' from project 'SwiftUIX')
cd /Users/admin/builder/spi-builder-workspace/.swiftpm/xcode
builtin-SwiftPerFileCompile UserInterfaceOrientation.swift
SwiftCompile normal arm64_32 /Users/admin/builder/spi-builder-workspace/.dependencies/checkouts/SwiftUIX/Sources/SwiftUIX/Intramodular/Screen/_CoordinateSpaceRelative.swift (in target 'SwiftUIX' from project 'SwiftUIX')
cd /Users/admin/builder/spi-builder-workspace/.swiftpm/xcode
builtin-SwiftPerFileCompile _CoordinateSpaceRelative.swift
SwiftCompile normal arm64_32 /Users/admin/builder/spi-builder-workspace/.dependencies/checkouts/SwiftUIX/Sources/SwiftUIX/Intramodular/Screen/_ScreenOrCoordinateSpace.swift (in target 'SwiftUIX' from project 'SwiftUIX')
cd /Users/admin/builder/spi-builder-workspace/.swiftpm/xcode
builtin-SwiftPerFileCompile _ScreenOrCoordinateSpace.swift
SwiftCompile normal arm64_32 /Users/admin/builder/spi-builder-workspace/.dependencies/checkouts/SwiftUIX/Sources/SwiftUIX/Intramodular/Scroll\ View/CocoaScrollView.swift (in target 'SwiftUIX' from project 'SwiftUIX')
cd /Users/admin/builder/spi-builder-workspace/.swiftpm/xcode
builtin-SwiftPerFileCompile CocoaScrollView.swift
SwiftDriverJobDiscovery normal arm64 Compiling _TextField_KeyboardType.swift, _TextView-Sizing.swift, _TextView.swift, _TextViewConfiguration.swift, _TextViewReader.swift, FontFamily.swift, SFSymbolName+Image.swift, _OnViewTraitsChange.swift, _PreferenceTraitKey.swift, _PreferenceTraitsReader.swift, _ViewTraitKeys.swift, _ViewTraitValues.swift, _ViewTraitsReader.swift, WebView.swift, _SwiftUIX_WKWebView.swift, HideTitleBar.swift, PresentWindow.swift, TitlebarConfigurationView.swift, TitlebarItem.swift, WindowOverlay.swift, WindowReader.swift, _WindowPresentationController.swift, _WindowStyle.swift, module.swift (in target 'SwiftUIX' from project 'SwiftUIX')
SwiftCompile normal arm64 Compiling\ CocoaHostingCollectionViewSupplementaryView.swift,\ CollectionView.swift,\ CollectionViewDropDelegate.swift,\ CollectionViewLayout.swift,\ CollectionViewReader.swift,\ _CollectionOrListCellPreferences.swift,\ _CollectionView.DataSource.swift,\ _CollectionView.swift,\ _CollectionViewConfiguration.swift,\ _CollectionViewElementContent.swift,\ _CollectionViewItemContent.swift,\ DocumentPicker.swift,\ FileImportLink.swift,\ FileImporter.swift,\ AnyFileDropDelegate.swift,\ DragDelegate.swift,\ DragItem.swift,\ _DragSourceDropDestinationView.swift,\ _SwiftUIX_DropDelegate.swift,\ _SwiftUIX_DropInfo.swift,\ AnyStroke.swift,\ BlurEffectView.swift,\ VisualEffectBlurView.swift,\ VisualEffectView.swift /Users/admin/builder/spi-builder-workspace/.dependencies/checkouts/SwiftUIX/Sources/SwiftUIX/Intramodular/Collection\ View/CocoaHostingCollectionViewSupplementaryView.swift /Users/admin/builder/spi-builder-workspace/.dependencies/checkouts/SwiftUIX/Sources/SwiftUIX/Intramodular/Collection\ View/CollectionView.swift /Users/admin/builder/spi-builder-workspace/.dependencies/checkouts/SwiftUIX/Sources/SwiftUIX/Intramodular/Collection\ View/CollectionViewDropDelegate.swift /Users/admin/builder/spi-builder-workspace/.dependencies/checkouts/SwiftUIX/Sources/SwiftUIX/Intramodular/Collection\ View/CollectionViewLayout.swift /Users/admin/builder/spi-builder-workspace/.dependencies/checkouts/SwiftUIX/Sources/SwiftUIX/Intramodular/Collection\ View/CollectionViewReader.swift /Users/admin/builder/spi-builder-workspace/.dependencies/checkouts/SwiftUIX/Sources/SwiftUIX/Intramodular/Collection\ View/_CollectionOrListCellPreferences.swift /Users/admin/builder/spi-builder-workspace/.dependencies/checkouts/SwiftUIX/Sources/SwiftUIX/Intramodular/Collection\ View/_CollectionView.DataSource.swift /Users/admin/builder/spi-builder-workspace/.dependencies/checkouts/SwiftUIX/Sources/SwiftUIX/Intramodular/Collection\ View/_CollectionView.swift /Users/admin/builder/spi-builder-workspace/.dependencies/checkouts/SwiftUIX/Sources/SwiftUIX/Intramodular/Collection\ View/_CollectionViewConfiguration.swift /Users/admin/builder/spi-builder-workspace/.dependencies/checkouts/SwiftUIX/Sources/SwiftUIX/Intramodular/Collection\ View/_CollectionViewElementContent.swift /Users/admin/builder/spi-builder-workspace/.dependencies/checkouts/SwiftUIX/Sources/SwiftUIX/Intramodular/Collection\ View/_CollectionViewItemContent.swift /Users/admin/builder/spi-builder-workspace/.dependencies/checkouts/SwiftUIX/Sources/SwiftUIX/Intramodular/Documents/DocumentPicker.swift /Users/admin/builder/spi-builder-workspace/.dependencies/checkouts/SwiftUIX/Sources/SwiftUIX/Intramodular/Documents/FileImportLink.swift /Users/admin/builder/spi-builder-workspace/.dependencies/checkouts/SwiftUIX/Sources/SwiftUIX/Intramodular/Documents/FileImporter.swift /Users/admin/builder/spi-builder-workspace/.dependencies/checkouts/SwiftUIX/Sources/SwiftUIX/Intramodular/Drag\ &\ Drop/AnyFileDropDelegate.swift /Users/admin/builder/spi-builder-workspace/.dependencies/checkouts/SwiftUIX/Sources/SwiftUIX/Intramodular/Drag\ &\ Drop/DragDelegate.swift /Users/admin/builder/spi-builder-workspace/.dependencies/checkouts/SwiftUIX/Sources/SwiftUIX/Intramodular/Drag\ &\ Drop/DragItem.swift /Users/admin/builder/spi-builder-workspace/.dependencies/checkouts/SwiftUIX/Sources/SwiftUIX/Intramodular/Drag\ &\ Drop/_DragSourceDropDestinationView.swift /Users/admin/builder/spi-builder-workspace/.dependencies/checkouts/SwiftUIX/Sources/SwiftUIX/Intramodular/Drag\ &\ Drop/_SwiftUIX_DropDelegate.swift /Users/admin/builder/spi-builder-workspace/.dependencies/checkouts/SwiftUIX/Sources/SwiftUIX/Intramodular/Drag\ &\ Drop/_SwiftUIX_DropInfo.swift /Users/admin/builder/spi-builder-workspace/.dependencies/checkouts/SwiftUIX/Sources/SwiftUIX/Intramodular/Drawing\ &\ Graphics/AnyStroke.swift /Users/admin/builder/spi-builder-workspace/.dependencies/checkouts/SwiftUIX/Sources/SwiftUIX/Intramodular/Drawing\ &\ Graphics/Visual\ Effects/BlurEffectView.swift /Users/admin/builder/spi-builder-workspace/.dependencies/checkouts/SwiftUIX/Sources/SwiftUIX/Intramodular/Drawing\ &\ Graphics/Visual\ Effects/VisualEffectBlurView.swift /Users/admin/builder/spi-builder-workspace/.dependencies/checkouts/SwiftUIX/Sources/SwiftUIX/Intramodular/Drawing\ &\ Graphics/Visual\ Effects/VisualEffectView.swift (in target 'SwiftUIX' from project 'SwiftUIX')
SwiftCompile normal arm64 /Users/admin/builder/spi-builder-workspace/.dependencies/checkouts/SwiftUIX/Sources/SwiftUIX/Intramodular/Collection\ View/CocoaHostingCollectionViewSupplementaryView.swift (in target 'SwiftUIX' from project 'SwiftUIX')
cd /Users/admin/builder/spi-builder-workspace/.swiftpm/xcode
builtin-SwiftPerFileCompile CocoaHostingCollectionViewSupplementaryView.swift
SwiftCompile normal arm64 /Users/admin/builder/spi-builder-workspace/.dependencies/checkouts/SwiftUIX/Sources/SwiftUIX/Intramodular/Collection\ View/CollectionView.swift (in target 'SwiftUIX' from project 'SwiftUIX')
cd /Users/admin/builder/spi-builder-workspace/.swiftpm/xcode
builtin-SwiftPerFileCompile CollectionView.swift
SwiftCompile normal arm64 /Users/admin/builder/spi-builder-workspace/.dependencies/checkouts/SwiftUIX/Sources/SwiftUIX/Intramodular/Collection\ View/CollectionViewDropDelegate.swift (in target 'SwiftUIX' from project 'SwiftUIX')
cd /Users/admin/builder/spi-builder-workspace/.swiftpm/xcode
builtin-SwiftPerFileCompile CollectionViewDropDelegate.swift
SwiftCompile normal arm64 /Users/admin/builder/spi-builder-workspace/.dependencies/checkouts/SwiftUIX/Sources/SwiftUIX/Intramodular/Collection\ View/CollectionViewLayout.swift (in target 'SwiftUIX' from project 'SwiftUIX')
cd /Users/admin/builder/spi-builder-workspace/.swiftpm/xcode
builtin-SwiftPerFileCompile CollectionViewLayout.swift
SwiftCompile normal arm64 /Users/admin/builder/spi-builder-workspace/.dependencies/checkouts/SwiftUIX/Sources/SwiftUIX/Intramodular/Collection\ View/CollectionViewReader.swift (in target 'SwiftUIX' from project 'SwiftUIX')
cd /Users/admin/builder/spi-builder-workspace/.swiftpm/xcode
builtin-SwiftPerFileCompile CollectionViewReader.swift
SwiftCompile normal arm64 /Users/admin/builder/spi-builder-workspace/.dependencies/checkouts/SwiftUIX/Sources/SwiftUIX/Intramodular/Collection\ View/_CollectionOrListCellPreferences.swift (in target 'SwiftUIX' from project 'SwiftUIX')
cd /Users/admin/builder/spi-builder-workspace/.swiftpm/xcode
builtin-SwiftPerFileCompile _CollectionOrListCellPreferences.swift
SwiftCompile normal arm64 /Users/admin/builder/spi-builder-workspace/.dependencies/checkouts/SwiftUIX/Sources/SwiftUIX/Intramodular/Collection\ View/_CollectionView.DataSource.swift (in target 'SwiftUIX' from project 'SwiftUIX')
cd /Users/admin/builder/spi-builder-workspace/.swiftpm/xcode
builtin-SwiftPerFileCompile _CollectionView.DataSource.swift
SwiftCompile normal arm64 /Users/admin/builder/spi-builder-workspace/.dependencies/checkouts/SwiftUIX/Sources/SwiftUIX/Intramodular/Collection\ View/_CollectionView.swift (in target 'SwiftUIX' from project 'SwiftUIX')
cd /Users/admin/builder/spi-builder-workspace/.swiftpm/xcode
builtin-SwiftPerFileCompile _CollectionView.swift
SwiftCompile normal arm64 /Users/admin/builder/spi-builder-workspace/.dependencies/checkouts/SwiftUIX/Sources/SwiftUIX/Intramodular/Collection\ View/_CollectionViewConfiguration.swift (in target 'SwiftUIX' from project 'SwiftUIX')
cd /Users/admin/builder/spi-builder-workspace/.swiftpm/xcode
builtin-SwiftPerFileCompile _CollectionViewConfiguration.swift
SwiftCompile normal arm64 /Users/admin/builder/spi-builder-workspace/.dependencies/checkouts/SwiftUIX/Sources/SwiftUIX/Intramodular/Collection\ View/_CollectionViewElementContent.swift (in target 'SwiftUIX' from project 'SwiftUIX')
cd /Users/admin/builder/spi-builder-workspace/.swiftpm/xcode
builtin-SwiftPerFileCompile _CollectionViewElementContent.swift
SwiftCompile normal arm64 /Users/admin/builder/spi-builder-workspace/.dependencies/checkouts/SwiftUIX/Sources/SwiftUIX/Intramodular/Collection\ View/_CollectionViewItemContent.swift (in target 'SwiftUIX' from project 'SwiftUIX')
cd /Users/admin/builder/spi-builder-workspace/.swiftpm/xcode
builtin-SwiftPerFileCompile _CollectionViewItemContent.swift
SwiftCompile normal arm64 /Users/admin/builder/spi-builder-workspace/.dependencies/checkouts/SwiftUIX/Sources/SwiftUIX/Intramodular/Documents/DocumentPicker.swift (in target 'SwiftUIX' from project 'SwiftUIX')
cd /Users/admin/builder/spi-builder-workspace/.swiftpm/xcode
builtin-SwiftPerFileCompile DocumentPicker.swift
SwiftCompile normal arm64 /Users/admin/builder/spi-builder-workspace/.dependencies/checkouts/SwiftUIX/Sources/SwiftUIX/Intramodular/Documents/FileImportLink.swift (in target 'SwiftUIX' from project 'SwiftUIX')
cd /Users/admin/builder/spi-builder-workspace/.swiftpm/xcode
builtin-SwiftPerFileCompile FileImportLink.swift
SwiftCompile normal arm64 /Users/admin/builder/spi-builder-workspace/.dependencies/checkouts/SwiftUIX/Sources/SwiftUIX/Intramodular/Documents/FileImporter.swift (in target 'SwiftUIX' from project 'SwiftUIX')
cd /Users/admin/builder/spi-builder-workspace/.swiftpm/xcode
builtin-SwiftPerFileCompile FileImporter.swift
SwiftCompile normal arm64 /Users/admin/builder/spi-builder-workspace/.dependencies/checkouts/SwiftUIX/Sources/SwiftUIX/Intramodular/Drag\ &\ Drop/AnyFileDropDelegate.swift (in target 'SwiftUIX' from project 'SwiftUIX')
cd /Users/admin/builder/spi-builder-workspace/.swiftpm/xcode
builtin-SwiftPerFileCompile AnyFileDropDelegate.swift
SwiftCompile normal arm64 /Users/admin/builder/spi-builder-workspace/.dependencies/checkouts/SwiftUIX/Sources/SwiftUIX/Intramodular/Drag\ &\ Drop/DragDelegate.swift (in target 'SwiftUIX' from project 'SwiftUIX')
cd /Users/admin/builder/spi-builder-workspace/.swiftpm/xcode
builtin-SwiftPerFileCompile DragDelegate.swift
SwiftCompile normal arm64 /Users/admin/builder/spi-builder-workspace/.dependencies/checkouts/SwiftUIX/Sources/SwiftUIX/Intramodular/Drag\ &\ Drop/DragItem.swift (in target 'SwiftUIX' from project 'SwiftUIX')
cd /Users/admin/builder/spi-builder-workspace/.swiftpm/xcode
builtin-SwiftPerFileCompile DragItem.swift
SwiftCompile normal arm64 /Users/admin/builder/spi-builder-workspace/.dependencies/checkouts/SwiftUIX/Sources/SwiftUIX/Intramodular/Drag\ &\ Drop/_DragSourceDropDestinationView.swift (in target 'SwiftUIX' from project 'SwiftUIX')
cd /Users/admin/builder/spi-builder-workspace/.swiftpm/xcode
builtin-SwiftPerFileCompile _DragSourceDropDestinationView.swift
SwiftCompile normal arm64 /Users/admin/builder/spi-builder-workspace/.dependencies/checkouts/SwiftUIX/Sources/SwiftUIX/Intramodular/Drag\ &\ Drop/_SwiftUIX_DropDelegate.swift (in target 'SwiftUIX' from project 'SwiftUIX')
cd /Users/admin/builder/spi-builder-workspace/.swiftpm/xcode
builtin-SwiftPerFileCompile _SwiftUIX_DropDelegate.swift
SwiftCompile normal arm64 /Users/admin/builder/spi-builder-workspace/.dependencies/checkouts/SwiftUIX/Sources/SwiftUIX/Intramodular/Drag\ &\ Drop/_SwiftUIX_DropInfo.swift (in target 'SwiftUIX' from project 'SwiftUIX')
cd /Users/admin/builder/spi-builder-workspace/.swiftpm/xcode
builtin-SwiftPerFileCompile _SwiftUIX_DropInfo.swift
SwiftCompile normal arm64 /Users/admin/builder/spi-builder-workspace/.dependencies/checkouts/SwiftUIX/Sources/SwiftUIX/Intramodular/Drawing\ &\ Graphics/AnyStroke.swift (in target 'SwiftUIX' from project 'SwiftUIX')
cd /Users/admin/builder/spi-builder-workspace/.swiftpm/xcode
builtin-SwiftPerFileCompile AnyStroke.swift
SwiftCompile normal arm64 /Users/admin/builder/spi-builder-workspace/.dependencies/checkouts/SwiftUIX/Sources/SwiftUIX/Intramodular/Drawing\ &\ Graphics/Visual\ Effects/BlurEffectView.swift (in target 'SwiftUIX' from project 'SwiftUIX')
cd /Users/admin/builder/spi-builder-workspace/.swiftpm/xcode
builtin-SwiftPerFileCompile BlurEffectView.swift
SwiftCompile normal arm64 /Users/admin/builder/spi-builder-workspace/.dependencies/checkouts/SwiftUIX/Sources/SwiftUIX/Intramodular/Drawing\ &\ Graphics/Visual\ Effects/VisualEffectBlurView.swift (in target 'SwiftUIX' from project 'SwiftUIX')
cd /Users/admin/builder/spi-builder-workspace/.swiftpm/xcode
builtin-SwiftPerFileCompile VisualEffectBlurView.swift
SwiftCompile normal arm64 /Users/admin/builder/spi-builder-workspace/.dependencies/checkouts/SwiftUIX/Sources/SwiftUIX/Intramodular/Drawing\ &\ Graphics/Visual\ Effects/VisualEffectView.swift (in target 'SwiftUIX' from project 'SwiftUIX')
cd /Users/admin/builder/spi-builder-workspace/.swiftpm/xcode
builtin-SwiftPerFileCompile VisualEffectView.swift
SwiftCompile normal arm64 Compiling\ AnyButtonStyle.swift,\ AnyForEach.swift,\ AnyViewModifier.swift,\ DefaultTextInputType.swift,\ DragGesture.Value+.swift,\ DynamicProperty+.swift,\ EnvironmentKey+.swift,\ EnvironmentValues+.swift,\ EnvironmentValues+Gesture.swift,\ EnvironmentValues+Metatype.swift,\ Font+.swift,\ HoverEffect.swift,\ Labeled.swift,\ LazyView.swift,\ LinearGradient+.swift,\ ListStyle+.swift,\ Menu+.swift,\ PreferenceKey+.swift,\ RedactionReasons.swift,\ RoundedRectangle+.swift,\ SidebarListStyle+.swift,\ Spacer+.swift,\ TabView+.swift,\ TapGesture+.swift,\ UserInterfaceSizeClass+.swift /Users/admin/builder/spi-builder-workspace/.dependencies/checkouts/SwiftUIX/Sources/SwiftUIX/Intermodular/Helpers/SwiftUI/AnyButtonStyle.swift /Users/admin/builder/spi-builder-workspace/.dependencies/checkouts/SwiftUIX/Sources/SwiftUIX/Intermodular/Helpers/SwiftUI/AnyForEach.swift /Users/admin/builder/spi-builder-workspace/.dependencies/checkouts/SwiftUIX/Sources/SwiftUIX/Intermodular/Helpers/SwiftUI/AnyViewModifier.swift /Users/admin/builder/spi-builder-workspace/.dependencies/checkouts/SwiftUIX/Sources/SwiftUIX/Intermodular/Helpers/SwiftUI/DefaultTextInputType.swift /Users/admin/builder/spi-builder-workspace/.dependencies/checkouts/SwiftUIX/Sources/SwiftUIX/Intermodular/Helpers/SwiftUI/DragGesture.Value+.swift /Users/admin/builder/spi-builder-workspace/.dependencies/checkouts/SwiftUIX/Sources/SwiftUIX/Intermodular/Helpers/SwiftUI/DynamicProperty+.swift /Users/admin/builder/spi-builder-workspace/.dependencies/checkouts/SwiftUIX/Sources/SwiftUIX/Intermodular/Helpers/SwiftUI/EnvironmentKey+.swift /Users/admin/builder/spi-builder-workspace/.dependencies/checkouts/SwiftUIX/Sources/SwiftUIX/Intermodular/Helpers/SwiftUI/EnvironmentValues+.swift /Users/admin/builder/spi-builder-workspace/.dependencies/checkouts/SwiftUIX/Sources/SwiftUIX/Intermodular/Helpers/SwiftUI/EnvironmentValues+Gesture.swift /Users/admin/builder/spi-builder-workspace/.dependencies/checkouts/SwiftUIX/Sources/SwiftUIX/Intermodular/Helpers/SwiftUI/EnvironmentValues+Metatype.swift /Users/admin/builder/spi-builder-workspace/.dependencies/checkouts/SwiftUIX/Sources/SwiftUIX/Intermodular/Helpers/SwiftUI/Font+.swift /Users/admin/builder/spi-builder-workspace/.dependencies/checkouts/SwiftUIX/Sources/SwiftUIX/Intermodular/Helpers/SwiftUI/HoverEffect.swift /Users/admin/builder/spi-builder-workspace/.dependencies/checkouts/SwiftUIX/Sources/SwiftUIX/Intermodular/Helpers/SwiftUI/Labeled.swift /Users/admin/builder/spi-builder-workspace/.dependencies/checkouts/SwiftUIX/Sources/SwiftUIX/Intermodular/Helpers/SwiftUI/LazyView.swift /Users/admin/builder/spi-builder-workspace/.dependencies/checkouts/SwiftUIX/Sources/SwiftUIX/Intermodular/Helpers/SwiftUI/LinearGradient+.swift /Users/admin/builder/spi-builder-workspace/.dependencies/checkouts/SwiftUIX/Sources/SwiftUIX/Intermodular/Helpers/SwiftUI/ListStyle+.swift /Users/admin/builder/spi-builder-workspace/.dependencies/checkouts/SwiftUIX/Sources/SwiftUIX/Intermodular/Helpers/SwiftUI/Menu+.swift /Users/admin/builder/spi-builder-workspace/.dependencies/checkouts/SwiftUIX/Sources/SwiftUIX/Intermodular/Helpers/SwiftUI/PreferenceKey+.swift /Users/admin/builder/spi-builder-workspace/.dependencies/checkouts/SwiftUIX/Sources/SwiftUIX/Intermodular/Helpers/SwiftUI/RedactionReasons.swift /Users/admin/builder/spi-builder-workspace/.dependencies/checkouts/SwiftUIX/Sources/SwiftUIX/Intermodular/Helpers/SwiftUI/RoundedRectangle+.swift /Users/admin/builder/spi-builder-workspace/.dependencies/checkouts/SwiftUIX/Sources/SwiftUIX/Intermodular/Helpers/SwiftUI/SidebarListStyle+.swift /Users/admin/builder/spi-builder-workspace/.dependencies/checkouts/SwiftUIX/Sources/SwiftUIX/Intermodular/Helpers/SwiftUI/Spacer+.swift /Users/admin/builder/spi-builder-workspace/.dependencies/checkouts/SwiftUIX/Sources/SwiftUIX/Intermodular/Helpers/SwiftUI/TabView+.swift /Users/admin/builder/spi-builder-workspace/.dependencies/checkouts/SwiftUIX/Sources/SwiftUIX/Intermodular/Helpers/SwiftUI/TapGesture+.swift /Users/admin/builder/spi-builder-workspace/.dependencies/checkouts/SwiftUIX/Sources/SwiftUIX/Intermodular/Helpers/SwiftUI/UserInterfaceSizeClass+.swift (in target 'SwiftUIX' from project 'SwiftUIX')
SwiftCompile normal arm64 /Users/admin/builder/spi-builder-workspace/.dependencies/checkouts/SwiftUIX/Sources/SwiftUIX/Intermodular/Helpers/SwiftUI/AnyButtonStyle.swift (in target 'SwiftUIX' from project 'SwiftUIX')
cd /Users/admin/builder/spi-builder-workspace/.swiftpm/xcode
builtin-SwiftPerFileCompile AnyButtonStyle.swift
SwiftCompile normal arm64 /Users/admin/builder/spi-builder-workspace/.dependencies/checkouts/SwiftUIX/Sources/SwiftUIX/Intermodular/Helpers/SwiftUI/AnyForEach.swift (in target 'SwiftUIX' from project 'SwiftUIX')
cd /Users/admin/builder/spi-builder-workspace/.swiftpm/xcode
builtin-SwiftPerFileCompile AnyForEach.swift
SwiftCompile normal arm64 /Users/admin/builder/spi-builder-workspace/.dependencies/checkouts/SwiftUIX/Sources/SwiftUIX/Intermodular/Helpers/SwiftUI/AnyViewModifier.swift (in target 'SwiftUIX' from project 'SwiftUIX')
cd /Users/admin/builder/spi-builder-workspace/.swiftpm/xcode
builtin-SwiftPerFileCompile AnyViewModifier.swift
SwiftCompile normal arm64 /Users/admin/builder/spi-builder-workspace/.dependencies/checkouts/SwiftUIX/Sources/SwiftUIX/Intermodular/Helpers/SwiftUI/DefaultTextInputType.swift (in target 'SwiftUIX' from project 'SwiftUIX')
cd /Users/admin/builder/spi-builder-workspace/.swiftpm/xcode
builtin-SwiftPerFileCompile DefaultTextInputType.swift
SwiftCompile normal arm64 /Users/admin/builder/spi-builder-workspace/.dependencies/checkouts/SwiftUIX/Sources/SwiftUIX/Intermodular/Helpers/SwiftUI/DragGesture.Value+.swift (in target 'SwiftUIX' from project 'SwiftUIX')
cd /Users/admin/builder/spi-builder-workspace/.swiftpm/xcode
builtin-SwiftPerFileCompile DragGesture.Value+.swift
SwiftCompile normal arm64 /Users/admin/builder/spi-builder-workspace/.dependencies/checkouts/SwiftUIX/Sources/SwiftUIX/Intermodular/Helpers/SwiftUI/DynamicProperty+.swift (in target 'SwiftUIX' from project 'SwiftUIX')
cd /Users/admin/builder/spi-builder-workspace/.swiftpm/xcode
builtin-SwiftPerFileCompile DynamicProperty+.swift
SwiftCompile normal arm64 /Users/admin/builder/spi-builder-workspace/.dependencies/checkouts/SwiftUIX/Sources/SwiftUIX/Intermodular/Helpers/SwiftUI/EnvironmentKey+.swift (in target 'SwiftUIX' from project 'SwiftUIX')
cd /Users/admin/builder/spi-builder-workspace/.swiftpm/xcode
builtin-SwiftPerFileCompile EnvironmentKey+.swift
SwiftCompile normal arm64 /Users/admin/builder/spi-builder-workspace/.dependencies/checkouts/SwiftUIX/Sources/SwiftUIX/Intermodular/Helpers/SwiftUI/EnvironmentValues+.swift (in target 'SwiftUIX' from project 'SwiftUIX')
cd /Users/admin/builder/spi-builder-workspace/.swiftpm/xcode
builtin-SwiftPerFileCompile EnvironmentValues+.swift
SwiftCompile normal arm64 /Users/admin/builder/spi-builder-workspace/.dependencies/checkouts/SwiftUIX/Sources/SwiftUIX/Intermodular/Helpers/SwiftUI/EnvironmentValues+Gesture.swift (in target 'SwiftUIX' from project 'SwiftUIX')
cd /Users/admin/builder/spi-builder-workspace/.swiftpm/xcode
builtin-SwiftPerFileCompile EnvironmentValues+Gesture.swift
SwiftCompile normal arm64 /Users/admin/builder/spi-builder-workspace/.dependencies/checkouts/SwiftUIX/Sources/SwiftUIX/Intermodular/Helpers/SwiftUI/EnvironmentValues+Metatype.swift (in target 'SwiftUIX' from project 'SwiftUIX')
cd /Users/admin/builder/spi-builder-workspace/.swiftpm/xcode
builtin-SwiftPerFileCompile EnvironmentValues+Metatype.swift
SwiftCompile normal arm64 /Users/admin/builder/spi-builder-workspace/.dependencies/checkouts/SwiftUIX/Sources/SwiftUIX/Intermodular/Helpers/SwiftUI/Font+.swift (in target 'SwiftUIX' from project 'SwiftUIX')
cd /Users/admin/builder/spi-builder-workspace/.swiftpm/xcode
builtin-SwiftPerFileCompile Font+.swift
SwiftCompile normal arm64 /Users/admin/builder/spi-builder-workspace/.dependencies/checkouts/SwiftUIX/Sources/SwiftUIX/Intermodular/Helpers/SwiftUI/HoverEffect.swift (in target 'SwiftUIX' from project 'SwiftUIX')
cd /Users/admin/builder/spi-builder-workspace/.swiftpm/xcode
builtin-SwiftPerFileCompile HoverEffect.swift
SwiftCompile normal arm64 /Users/admin/builder/spi-builder-workspace/.dependencies/checkouts/SwiftUIX/Sources/SwiftUIX/Intermodular/Helpers/SwiftUI/Labeled.swift (in target 'SwiftUIX' from project 'SwiftUIX')
cd /Users/admin/builder/spi-builder-workspace/.swiftpm/xcode
builtin-SwiftPerFileCompile Labeled.swift
SwiftCompile normal arm64 /Users/admin/builder/spi-builder-workspace/.dependencies/checkouts/SwiftUIX/Sources/SwiftUIX/Intermodular/Helpers/SwiftUI/LazyView.swift (in target 'SwiftUIX' from project 'SwiftUIX')
cd /Users/admin/builder/spi-builder-workspace/.swiftpm/xcode
builtin-SwiftPerFileCompile LazyView.swift
SwiftCompile normal arm64 /Users/admin/builder/spi-builder-workspace/.dependencies/checkouts/SwiftUIX/Sources/SwiftUIX/Intermodular/Helpers/SwiftUI/LinearGradient+.swift (in target 'SwiftUIX' from project 'SwiftUIX')
cd /Users/admin/builder/spi-builder-workspace/.swiftpm/xcode
builtin-SwiftPerFileCompile LinearGradient+.swift
SwiftCompile normal arm64 /Users/admin/builder/spi-builder-workspace/.dependencies/checkouts/SwiftUIX/Sources/SwiftUIX/Intermodular/Helpers/SwiftUI/ListStyle+.swift (in target 'SwiftUIX' from project 'SwiftUIX')
cd /Users/admin/builder/spi-builder-workspace/.swiftpm/xcode
builtin-SwiftPerFileCompile ListStyle+.swift
SwiftCompile normal arm64 /Users/admin/builder/spi-builder-workspace/.dependencies/checkouts/SwiftUIX/Sources/SwiftUIX/Intermodular/Helpers/SwiftUI/Menu+.swift (in target 'SwiftUIX' from project 'SwiftUIX')
cd /Users/admin/builder/spi-builder-workspace/.swiftpm/xcode
builtin-SwiftPerFileCompile Menu+.swift
SwiftCompile normal arm64 /Users/admin/builder/spi-builder-workspace/.dependencies/checkouts/SwiftUIX/Sources/SwiftUIX/Intermodular/Helpers/SwiftUI/PreferenceKey+.swift (in target 'SwiftUIX' from project 'SwiftUIX')
cd /Users/admin/builder/spi-builder-workspace/.swiftpm/xcode
builtin-SwiftPerFileCompile PreferenceKey+.swift
SwiftCompile normal arm64 /Users/admin/builder/spi-builder-workspace/.dependencies/checkouts/SwiftUIX/Sources/SwiftUIX/Intermodular/Helpers/SwiftUI/RedactionReasons.swift (in target 'SwiftUIX' from project 'SwiftUIX')
cd /Users/admin/builder/spi-builder-workspace/.swiftpm/xcode
builtin-SwiftPerFileCompile RedactionReasons.swift
SwiftCompile normal arm64 /Users/admin/builder/spi-builder-workspace/.dependencies/checkouts/SwiftUIX/Sources/SwiftUIX/Intermodular/Helpers/SwiftUI/RoundedRectangle+.swift (in target 'SwiftUIX' from project 'SwiftUIX')
cd /Users/admin/builder/spi-builder-workspace/.swiftpm/xcode
builtin-SwiftPerFileCompile RoundedRectangle+.swift
SwiftCompile normal arm64 /Users/admin/builder/spi-builder-workspace/.dependencies/checkouts/SwiftUIX/Sources/SwiftUIX/Intermodular/Helpers/SwiftUI/SidebarListStyle+.swift (in target 'SwiftUIX' from project 'SwiftUIX')
cd /Users/admin/builder/spi-builder-workspace/.swiftpm/xcode
builtin-SwiftPerFileCompile SidebarListStyle+.swift
SwiftCompile normal arm64 /Users/admin/builder/spi-builder-workspace/.dependencies/checkouts/SwiftUIX/Sources/SwiftUIX/Intermodular/Helpers/SwiftUI/Spacer+.swift (in target 'SwiftUIX' from project 'SwiftUIX')
cd /Users/admin/builder/spi-builder-workspace/.swiftpm/xcode
builtin-SwiftPerFileCompile Spacer+.swift
SwiftCompile normal arm64 /Users/admin/builder/spi-builder-workspace/.dependencies/checkouts/SwiftUIX/Sources/SwiftUIX/Intermodular/Helpers/SwiftUI/TabView+.swift (in target 'SwiftUIX' from project 'SwiftUIX')
cd /Users/admin/builder/spi-builder-workspace/.swiftpm/xcode
builtin-SwiftPerFileCompile TabView+.swift
SwiftCompile normal arm64 /Users/admin/builder/spi-builder-workspace/.dependencies/checkouts/SwiftUIX/Sources/SwiftUIX/Intermodular/Helpers/SwiftUI/TapGesture+.swift (in target 'SwiftUIX' from project 'SwiftUIX')
cd /Users/admin/builder/spi-builder-workspace/.swiftpm/xcode
builtin-SwiftPerFileCompile TapGesture+.swift
SwiftCompile normal arm64 /Users/admin/builder/spi-builder-workspace/.dependencies/checkouts/SwiftUIX/Sources/SwiftUIX/Intermodular/Helpers/SwiftUI/UserInterfaceSizeClass+.swift (in target 'SwiftUIX' from project 'SwiftUIX')
cd /Users/admin/builder/spi-builder-workspace/.swiftpm/xcode
builtin-SwiftPerFileCompile UserInterfaceSizeClass+.swift
SwiftDriverJobDiscovery normal arm64_32 Compiling AnyTransition.swift, App++.swift, Axis++.swift, Color++.swift, DisclosureGroup++.swift, EquatableView+.swift, Font++.swift, Font.TextStyle++.swift, ForEach++.swift, GeometryReader++.swift, Image++.swift, KeyEquivalent++.swift, KeyboardShortcut++.swift, LinearGradient++.swift, Mirror++.swift, NavigationLink++.swift, OutlineGroup++.swift, Path++.swift, Picker++.swift, Section++.swift, Settings++.swift, Shape++.swift, Text++.swift, Transaction++.swift, VStack++.swift (in target 'SwiftUIX' from project 'SwiftUIX')
SwiftCompile normal arm64_32 Compiling\ View.alignmentGuide+.swift,\ View.frame+.swift,\ View.hoverEffect+.swift,\ View.modify.swift,\ View.onChange+.swift,\ View.onDrag+.swift,\ View.onHover+.swift,\ View.onReceive+.swift,\ View.padding+.swift,\ View.redacted+.swift,\ View.scrollBounceBehavior+.swift,\ View.shadow+.swift,\ View.sheetBackground.swift,\ View.tintColor.swift,\ _AnyApp.swift,\ _DynamicViewContentTraitValues.swift,\ _ViewListMaker.swift,\ _opaque_View.swift,\ withAnimation+.swift,\ UIHostingAlignTransitioningDelegate.swift,\ UIHostingControllerTransitioningDelegate.swift,\ UIHostingPageViewController.swift,\ UIHostingScrollView.swift,\ UIHostingView.swift /Users/admin/builder/spi-builder-workspace/.dependencies/checkouts/SwiftUIX/Sources/SwiftUIX/Intermodular/Helpers/SwiftUI/View.alignmentGuide+.swift /Users/admin/builder/spi-builder-workspace/.dependencies/checkouts/SwiftUIX/Sources/SwiftUIX/Intermodular/Helpers/SwiftUI/View.frame+.swift /Users/admin/builder/spi-builder-workspace/.dependencies/checkouts/SwiftUIX/Sources/SwiftUIX/Intermodular/Helpers/SwiftUI/View.hoverEffect+.swift /Users/admin/builder/spi-builder-workspace/.dependencies/checkouts/SwiftUIX/Sources/SwiftUIX/Intermodular/Helpers/SwiftUI/View.modify.swift /Users/admin/builder/spi-builder-workspace/.dependencies/checkouts/SwiftUIX/Sources/SwiftUIX/Intermodular/Helpers/SwiftUI/View.onChange+.swift /Users/admin/builder/spi-builder-workspace/.dependencies/checkouts/SwiftUIX/Sources/SwiftUIX/Intermodular/Helpers/SwiftUI/View.onDrag+.swift /Users/admin/builder/spi-builder-workspace/.dependencies/checkouts/SwiftUIX/Sources/SwiftUIX/Intermodular/Helpers/SwiftUI/View.onHover+.swift /Users/admin/builder/spi-builder-workspace/.dependencies/checkouts/SwiftUIX/Sources/SwiftUIX/Intermodular/Helpers/SwiftUI/View.onReceive+.swift /Users/admin/builder/spi-builder-workspace/.dependencies/checkouts/SwiftUIX/Sources/SwiftUIX/Intermodular/Helpers/SwiftUI/View.padding+.swift /Users/admin/builder/spi-builder-workspace/.dependencies/checkouts/SwiftUIX/Sources/SwiftUIX/Intermodular/Helpers/SwiftUI/View.redacted+.swift /Users/admin/builder/spi-builder-workspace/.dependencies/checkouts/SwiftUIX/Sources/SwiftUIX/Intermodular/Helpers/SwiftUI/View.scrollBounceBehavior+.swift /Users/admin/builder/spi-builder-workspace/.dependencies/checkouts/SwiftUIX/Sources/SwiftUIX/Intermodular/Helpers/SwiftUI/View.shadow+.swift /Users/admin/builder/spi-builder-workspace/.dependencies/checkouts/SwiftUIX/Sources/SwiftUIX/Intermodular/Helpers/SwiftUI/View.sheetBackground.swift /Users/admin/builder/spi-builder-workspace/.dependencies/checkouts/SwiftUIX/Sources/SwiftUIX/Intermodular/Helpers/SwiftUI/View.tintColor.swift /Users/admin/builder/spi-builder-workspace/.dependencies/checkouts/SwiftUIX/Sources/SwiftUIX/Intermodular/Helpers/SwiftUI/_AnyApp.swift /Users/admin/builder/spi-builder-workspace/.dependencies/checkouts/SwiftUIX/Sources/SwiftUIX/Intermodular/Helpers/SwiftUI/_DynamicViewContentTraitValues.swift /Users/admin/builder/spi-builder-workspace/.dependencies/checkouts/SwiftUIX/Sources/SwiftUIX/Intermodular/Helpers/SwiftUI/_ViewListMaker.swift /Users/admin/builder/spi-builder-workspace/.dependencies/checkouts/SwiftUIX/Sources/SwiftUIX/Intermodular/Helpers/SwiftUI/_opaque_View.swift /Users/admin/builder/spi-builder-workspace/.dependencies/checkouts/SwiftUIX/Sources/SwiftUIX/Intermodular/Helpers/SwiftUI/withAnimation+.swift /Users/admin/builder/spi-builder-workspace/.dependencies/checkouts/SwiftUIX/Sources/SwiftUIX/Intermodular/Helpers/UIKit/UIHostingAlignTransitioningDelegate.swift /Users/admin/builder/spi-builder-workspace/.dependencies/checkouts/SwiftUIX/Sources/SwiftUIX/Intermodular/Helpers/UIKit/UIHostingControllerTransitioningDelegate.swift /Users/admin/builder/spi-builder-workspace/.dependencies/checkouts/SwiftUIX/Sources/SwiftUIX/Intermodular/Helpers/UIKit/UIHostingPageViewController.swift /Users/admin/builder/spi-builder-workspace/.dependencies/checkouts/SwiftUIX/Sources/SwiftUIX/Intermodular/Helpers/UIKit/UIHostingScrollView.swift /Users/admin/builder/spi-builder-workspace/.dependencies/checkouts/SwiftUIX/Sources/SwiftUIX/Intermodular/Helpers/UIKit/UIHostingView.swift (in target 'SwiftUIX' from project 'SwiftUIX')
SwiftCompile normal arm64_32 /Users/admin/builder/spi-builder-workspace/.dependencies/checkouts/SwiftUIX/Sources/SwiftUIX/Intermodular/Helpers/SwiftUI/View.alignmentGuide+.swift (in target 'SwiftUIX' from project 'SwiftUIX')
cd /Users/admin/builder/spi-builder-workspace/.swiftpm/xcode
builtin-SwiftPerFileCompile View.alignmentGuide+.swift
SwiftCompile normal arm64_32 /Users/admin/builder/spi-builder-workspace/.dependencies/checkouts/SwiftUIX/Sources/SwiftUIX/Intermodular/Helpers/SwiftUI/View.frame+.swift (in target 'SwiftUIX' from project 'SwiftUIX')
cd /Users/admin/builder/spi-builder-workspace/.swiftpm/xcode
builtin-SwiftPerFileCompile View.frame+.swift
SwiftCompile normal arm64_32 /Users/admin/builder/spi-builder-workspace/.dependencies/checkouts/SwiftUIX/Sources/SwiftUIX/Intermodular/Helpers/SwiftUI/View.hoverEffect+.swift (in target 'SwiftUIX' from project 'SwiftUIX')
cd /Users/admin/builder/spi-builder-workspace/.swiftpm/xcode
builtin-SwiftPerFileCompile View.hoverEffect+.swift
SwiftCompile normal arm64_32 /Users/admin/builder/spi-builder-workspace/.dependencies/checkouts/SwiftUIX/Sources/SwiftUIX/Intermodular/Helpers/SwiftUI/View.modify.swift (in target 'SwiftUIX' from project 'SwiftUIX')
cd /Users/admin/builder/spi-builder-workspace/.swiftpm/xcode
builtin-SwiftPerFileCompile View.modify.swift
SwiftCompile normal arm64_32 /Users/admin/builder/spi-builder-workspace/.dependencies/checkouts/SwiftUIX/Sources/SwiftUIX/Intermodular/Helpers/SwiftUI/View.onChange+.swift (in target 'SwiftUIX' from project 'SwiftUIX')
cd /Users/admin/builder/spi-builder-workspace/.swiftpm/xcode
builtin-SwiftPerFileCompile View.onChange+.swift
SwiftCompile normal arm64_32 /Users/admin/builder/spi-builder-workspace/.dependencies/checkouts/SwiftUIX/Sources/SwiftUIX/Intermodular/Helpers/SwiftUI/View.onDrag+.swift (in target 'SwiftUIX' from project 'SwiftUIX')
cd /Users/admin/builder/spi-builder-workspace/.swiftpm/xcode
builtin-SwiftPerFileCompile View.onDrag+.swift
SwiftCompile normal arm64_32 /Users/admin/builder/spi-builder-workspace/.dependencies/checkouts/SwiftUIX/Sources/SwiftUIX/Intermodular/Helpers/SwiftUI/View.onHover+.swift (in target 'SwiftUIX' from project 'SwiftUIX')
cd /Users/admin/builder/spi-builder-workspace/.swiftpm/xcode
builtin-SwiftPerFileCompile View.onHover+.swift
SwiftCompile normal arm64_32 /Users/admin/builder/spi-builder-workspace/.dependencies/checkouts/SwiftUIX/Sources/SwiftUIX/Intermodular/Helpers/SwiftUI/View.onReceive+.swift (in target 'SwiftUIX' from project 'SwiftUIX')
cd /Users/admin/builder/spi-builder-workspace/.swiftpm/xcode
builtin-SwiftPerFileCompile View.onReceive+.swift
SwiftCompile normal arm64_32 /Users/admin/builder/spi-builder-workspace/.dependencies/checkouts/SwiftUIX/Sources/SwiftUIX/Intermodular/Helpers/SwiftUI/View.padding+.swift (in target 'SwiftUIX' from project 'SwiftUIX')
cd /Users/admin/builder/spi-builder-workspace/.swiftpm/xcode
builtin-SwiftPerFileCompile View.padding+.swift
SwiftCompile normal arm64_32 /Users/admin/builder/spi-builder-workspace/.dependencies/checkouts/SwiftUIX/Sources/SwiftUIX/Intermodular/Helpers/SwiftUI/View.redacted+.swift (in target 'SwiftUIX' from project 'SwiftUIX')
cd /Users/admin/builder/spi-builder-workspace/.swiftpm/xcode
builtin-SwiftPerFileCompile View.redacted+.swift
SwiftCompile normal arm64_32 /Users/admin/builder/spi-builder-workspace/.dependencies/checkouts/SwiftUIX/Sources/SwiftUIX/Intermodular/Helpers/SwiftUI/View.scrollBounceBehavior+.swift (in target 'SwiftUIX' from project 'SwiftUIX')
cd /Users/admin/builder/spi-builder-workspace/.swiftpm/xcode
builtin-SwiftPerFileCompile View.scrollBounceBehavior+.swift
SwiftCompile normal arm64_32 /Users/admin/builder/spi-builder-workspace/.dependencies/checkouts/SwiftUIX/Sources/SwiftUIX/Intermodular/Helpers/SwiftUI/View.shadow+.swift (in target 'SwiftUIX' from project 'SwiftUIX')
cd /Users/admin/builder/spi-builder-workspace/.swiftpm/xcode
builtin-SwiftPerFileCompile View.shadow+.swift
SwiftCompile normal arm64_32 /Users/admin/builder/spi-builder-workspace/.dependencies/checkouts/SwiftUIX/Sources/SwiftUIX/Intermodular/Helpers/SwiftUI/View.sheetBackground.swift (in target 'SwiftUIX' from project 'SwiftUIX')
cd /Users/admin/builder/spi-builder-workspace/.swiftpm/xcode
builtin-SwiftPerFileCompile View.sheetBackground.swift
SwiftCompile normal arm64_32 /Users/admin/builder/spi-builder-workspace/.dependencies/checkouts/SwiftUIX/Sources/SwiftUIX/Intermodular/Helpers/SwiftUI/View.tintColor.swift (in target 'SwiftUIX' from project 'SwiftUIX')
cd /Users/admin/builder/spi-builder-workspace/.swiftpm/xcode
builtin-SwiftPerFileCompile View.tintColor.swift
SwiftCompile normal arm64_32 /Users/admin/builder/spi-builder-workspace/.dependencies/checkouts/SwiftUIX/Sources/SwiftUIX/Intermodular/Helpers/SwiftUI/_AnyApp.swift (in target 'SwiftUIX' from project 'SwiftUIX')
cd /Users/admin/builder/spi-builder-workspace/.swiftpm/xcode
builtin-SwiftPerFileCompile _AnyApp.swift
SwiftCompile normal arm64_32 /Users/admin/builder/spi-builder-workspace/.dependencies/checkouts/SwiftUIX/Sources/SwiftUIX/Intermodular/Helpers/SwiftUI/_DynamicViewContentTraitValues.swift (in target 'SwiftUIX' from project 'SwiftUIX')
cd /Users/admin/builder/spi-builder-workspace/.swiftpm/xcode
builtin-SwiftPerFileCompile _DynamicViewContentTraitValues.swift
SwiftCompile normal arm64_32 /Users/admin/builder/spi-builder-workspace/.dependencies/checkouts/SwiftUIX/Sources/SwiftUIX/Intermodular/Helpers/SwiftUI/_ViewListMaker.swift (in target 'SwiftUIX' from project 'SwiftUIX')
cd /Users/admin/builder/spi-builder-workspace/.swiftpm/xcode
builtin-SwiftPerFileCompile _ViewListMaker.swift
SwiftCompile normal arm64_32 /Users/admin/builder/spi-builder-workspace/.dependencies/checkouts/SwiftUIX/Sources/SwiftUIX/Intermodular/Helpers/SwiftUI/_opaque_View.swift (in target 'SwiftUIX' from project 'SwiftUIX')
cd /Users/admin/builder/spi-builder-workspace/.swiftpm/xcode
builtin-SwiftPerFileCompile _opaque_View.swift
SwiftCompile normal arm64_32 /Users/admin/builder/spi-builder-workspace/.dependencies/checkouts/SwiftUIX/Sources/SwiftUIX/Intermodular/Helpers/SwiftUI/withAnimation+.swift (in target 'SwiftUIX' from project 'SwiftUIX')
cd /Users/admin/builder/spi-builder-workspace/.swiftpm/xcode
builtin-SwiftPerFileCompile withAnimation+.swift
SwiftCompile normal arm64_32 /Users/admin/builder/spi-builder-workspace/.dependencies/checkouts/SwiftUIX/Sources/SwiftUIX/Intermodular/Helpers/UIKit/UIHostingAlignTransitioningDelegate.swift (in target 'SwiftUIX' from project 'SwiftUIX')
cd /Users/admin/builder/spi-builder-workspace/.swiftpm/xcode
builtin-SwiftPerFileCompile UIHostingAlignTransitioningDelegate.swift
SwiftCompile normal arm64_32 /Users/admin/builder/spi-builder-workspace/.dependencies/checkouts/SwiftUIX/Sources/SwiftUIX/Intermodular/Helpers/UIKit/UIHostingControllerTransitioningDelegate.swift (in target 'SwiftUIX' from project 'SwiftUIX')
cd /Users/admin/builder/spi-builder-workspace/.swiftpm/xcode
builtin-SwiftPerFileCompile UIHostingControllerTransitioningDelegate.swift
SwiftCompile normal arm64_32 /Users/admin/builder/spi-builder-workspace/.dependencies/checkouts/SwiftUIX/Sources/SwiftUIX/Intermodular/Helpers/UIKit/UIHostingPageViewController.swift (in target 'SwiftUIX' from project 'SwiftUIX')
cd /Users/admin/builder/spi-builder-workspace/.swiftpm/xcode
builtin-SwiftPerFileCompile UIHostingPageViewController.swift
SwiftCompile normal arm64_32 /Users/admin/builder/spi-builder-workspace/.dependencies/checkouts/SwiftUIX/Sources/SwiftUIX/Intermodular/Helpers/UIKit/UIHostingScrollView.swift (in target 'SwiftUIX' from project 'SwiftUIX')
cd /Users/admin/builder/spi-builder-workspace/.swiftpm/xcode
builtin-SwiftPerFileCompile UIHostingScrollView.swift
SwiftCompile normal arm64_32 /Users/admin/builder/spi-builder-workspace/.dependencies/checkouts/SwiftUIX/Sources/SwiftUIX/Intermodular/Helpers/UIKit/UIHostingView.swift (in target 'SwiftUIX' from project 'SwiftUIX')
cd /Users/admin/builder/spi-builder-workspace/.swiftpm/xcode
builtin-SwiftPerFileCompile UIHostingView.swift
SwiftDriverJobDiscovery normal arm64 Compiling FullScreenCoverLink.swift, NavigationPresentationLink.swift, PopoverPresentationLink.swift, PresentationLink.swift, PresentationLinkView.swift, ModalPresentationStyle.swift, CocoaPopover.swift, Popover.swift, PresentationManager.swift, PresentationTransitionPhase.swift, PresentationView.swift, _PopoverPresentationPreferences.swift, _ForEachSubview.swift, _VariadicViewAdapter.swift, _VariadicViewChildren.swift, _WithDynamicPropertyExistential.swift, OrientationLock.swift, PopoverAttachmentTarget.swift, Screen.swift, UserInterfaceIdiom.swift, UserInterfaceOrientation.swift, _CoordinateSpaceRelative.swift, _ScreenOrCoordinateSpace.swift, CocoaScrollView.swift (in target 'SwiftUIX' from project 'SwiftUIX')
SwiftDriverJobDiscovery normal arm64_32 Compiling _CocoaList.swift, _CocoaListCache.swift, _CocoaListConfiguration.swift, _CocoaListDataSourceType.swift, _CocoaListPreferences.swift, _CocoaListViewProvider.swift, _PlatformTableHeaderFooterView.swift, _PlatformTableView.swift, _PlatformTableViewCell.swift, _PlatformTableViewCellView.ContentHostingView.swift, _PlatformTableViewCellView.swift, _PlatformTableViewContainer.swift, _PlatformTableViewController.swift, MenuBarItem.swift, NSStatusItem+_CocoaMenuBarExtraCoordinator.swift, _AppPhaseMonitor.swift, _CocoaMenuBarExtraCoordinator.swift, Action.swift, DynamicAction.swift, ActionLabelView.swift, KeyedBoundedPriorityQueue.swift, KeyedViewCache.swift, _MemoizedViewContent.swift, ControlFlowView.swift (in target 'SwiftUIX' from project 'SwiftUIX')
ExtractAppIntentsMetadata (in target '_SwiftUIX' from project 'SwiftUIX')
cd /Users/admin/builder/spi-builder-workspace/.dependencies/checkouts/SwiftUIX
/Applications/Xcode-27.0.0-Release.Candidate.app/Contents/Developer/Toolchains/XcodeDefault.xctoolchain/usr/bin/appintentsmetadataprocessor --toolchain-dir /var/run/com.apple.security.cryptexd/mnt/com.apple.MobileAsset.MetalToolchain-v27.1.266.1.XoPMIn/Metal.xctoolchain --module-name _SwiftUIX --sdk-root /Applications/Xcode-27.0.0-Release.Candidate.app/Contents/Developer/Platforms/WatchOS.platform/Developer/SDKs/WatchOS27.0.sdk --xcode-version 27A266a --platform-family watchOS --deployment-target 9.0 --bundle-identifier swiftuix.-SwiftUIX --output /Users/admin/builder/spi-builder-workspace/.derivedData/Build/Products/Debug-watchos/_SwiftUIX.appintents --target-triple arm64-apple-watchos9.0 --target-triple arm64_32-apple-watchos9.0 --binary-file /Users/admin/builder/spi-builder-workspace/.derivedData/Build/Products/Debug-watchos/_SwiftUIX.o --dependency-file /Users/admin/builder/spi-builder-workspace/.derivedData/Build/Intermediates.noindex/SwiftUIX.build/Debug-watchos/_SwiftUIX-t.build/Objects-normal/arm64/_SwiftUIX_dependency_info.dat --dependency-file /Users/admin/builder/spi-builder-workspace/.derivedData/Build/Intermediates.noindex/SwiftUIX.build/Debug-watchos/_SwiftUIX-t.build/Objects-normal/arm64_32/_SwiftUIX_dependency_info.dat --stringsdata-file /Users/admin/builder/spi-builder-workspace/.derivedData/Build/Intermediates.noindex/SwiftUIX.build/Debug-watchos/_SwiftUIX-t.build/Objects-normal/arm64/ExtractedAppShortcutsMetadata.stringsdata --stringsdata-file /Users/admin/builder/spi-builder-workspace/.derivedData/Build/Intermediates.noindex/SwiftUIX.build/Debug-watchos/_SwiftUIX-t.build/Objects-normal/arm64_32/ExtractedAppShortcutsMetadata.stringsdata --source-file-list /Users/admin/builder/spi-builder-workspace/.derivedData/Build/Intermediates.noindex/SwiftUIX.build/Debug-watchos/_SwiftUIX-t.build/Objects-normal/arm64/_SwiftUIX.SwiftFileList --source-file-list /Users/admin/builder/spi-builder-workspace/.derivedData/Build/Intermediates.noindex/SwiftUIX.build/Debug-watchos/_SwiftUIX-t.build/Objects-normal/arm64_32/_SwiftUIX.SwiftFileList --metadata-file-list /Users/admin/builder/spi-builder-workspace/.derivedData/Build/Intermediates.noindex/SwiftUIX.build/Debug-watchos/_SwiftUIX-t.build/_SwiftUIX.DependencyMetadataFileList --static-metadata-file-list /Users/admin/builder/spi-builder-workspace/.derivedData/Build/Intermediates.noindex/SwiftUIX.build/Debug-watchos/_SwiftUIX-t.build/_SwiftUIX.DependencyStaticMetadataFileList --swift-const-vals-list /Users/admin/builder/spi-builder-workspace/.derivedData/Build/Intermediates.noindex/SwiftUIX.build/Debug-watchos/_SwiftUIX-t.build/Objects-normal/arm64/_SwiftUIX.SwiftConstValuesFileList --swift-const-vals-list /Users/admin/builder/spi-builder-workspace/.derivedData/Build/Intermediates.noindex/SwiftUIX.build/Debug-watchos/_SwiftUIX-t.build/Objects-normal/arm64_32/_SwiftUIX.SwiftConstValuesFileList --force --compile-time-extraction --deployment-aware-processing --no-app-shortcuts-localization
2026-09-19 03:06:20.667 appintentsmetadataprocessor[955:6181] Starting appintentsmetadataprocessor export
2026-09-19 03:06:20.786 appintentsmetadataprocessor[955:6181] Extracted no relevant App Intents symbols, skipping writing output
SwiftDriverJobDiscovery normal arm64_32 Compiling AnyButtonStyle.swift, AnyForEach.swift, AnyViewModifier.swift, DefaultTextInputType.swift, DragGesture.Value+.swift, DynamicProperty+.swift, EnvironmentKey+.swift, EnvironmentValues+.swift, EnvironmentValues+Gesture.swift, EnvironmentValues+Metatype.swift, Font+.swift, HoverEffect.swift, Labeled.swift, LazyView.swift, LinearGradient+.swift, ListStyle+.swift, Menu+.swift, PreferenceKey+.swift, RedactionReasons.swift, RoundedRectangle+.swift, SidebarListStyle+.swift, Spacer+.swift, TabView+.swift, TapGesture+.swift, UserInterfaceSizeClass+.swift (in target 'SwiftUIX' from project 'SwiftUIX')
SwiftDriver SwiftUIAlert normal arm64 com.apple.xcode.tools.swift.compiler (in target 'SwiftUIAlert' from project 'SwiftUIAlert')
cd /Users/admin/builder/spi-builder-workspace/.swiftpm/xcode
builtin-SwiftDriver -- /Applications/Xcode-27.0.0-Release.Candidate.app/Contents/Developer/Toolchains/XcodeDefault.xctoolchain/usr/bin/swiftc -parse-as-library -module-name SwiftUIAlert -Onone @/Users/admin/builder/spi-builder-workspace/.derivedData/Build/Intermediates.noindex/SwiftUIAlert.build/Debug-watchos/SwiftUIAlert-t.build/Objects-normal/arm64/SwiftUIAlert.SwiftFileList -DSWIFT_PACKAGE -DDEBUG -DSWIFT_MODULE_RESOURCE_BUNDLE_UNAVAILABLE -DXcode -plugin-path /Applications/Xcode-27.0.0-Release.Candidate.app/Contents/Developer/Toolchains/XcodeDefault.xctoolchain/usr/lib/swift/host/plugins/testing -enable-experimental-feature DebugDescriptionMacro -sdk /Applications/Xcode-27.0.0-Release.Candidate.app/Contents/Developer/Platforms/WatchOS.platform/Developer/SDKs/WatchOS27.0.sdk -target arm64-apple-watchos9.0 -g -module-cache-path /Users/admin/builder/spi-builder-workspace/.derivedData/ModuleCache.noindex -Xfrontend -serialize-debugging-options -profile-coverage-mapping -profile-generate -enable-testing -index-store-path /Users/admin/builder/spi-builder-workspace/.derivedData/Index.noindex/DataStore -Xcc -D_LIBCPP_HARDENING_MODE\=_LIBCPP_HARDENING_MODE_DEBUG -swift-version 5 -I /Users/admin/builder/spi-builder-workspace/.derivedData/Build/Products/Debug-watchos -Isystem /Applications/Xcode-27.0.0-Release.Candidate.app/Contents/Developer/Platforms/WatchOS.platform/Developer/usr/lib -F /Users/admin/builder/spi-builder-workspace/.derivedData/Build/Products/Debug-watchos/PackageFrameworks -F /Users/admin/builder/spi-builder-workspace/.derivedData/Build/Products/Debug-watchos -F /Applications/Xcode-27.0.0-Release.Candidate.app/Contents/Developer/Platforms/WatchOS.platform/Developer/Library/Frameworks -F /Applications/Xcode-27.0.0-Release.Candidate.app/Contents/Developer/Platforms/WatchOS.platform/Developer/SDKs/WatchOS27.0.sdk/Developer/Library/Frameworks -c -j10 -enable-batch-mode -incremental -Xcc -ivfsstatcache -Xcc /Users/admin/builder/spi-builder-workspace/.derivedData/SDKStatCaches.noindex/watchos27.0-24R360-e829b21a6f8c9b70876ba0858053c04477534ef55a1706bf4c1112bbb242f0a2.sdkstatcache -output-file-map /Users/admin/builder/spi-builder-workspace/.derivedData/Build/Intermediates.noindex/SwiftUIAlert.build/Debug-watchos/SwiftUIAlert-t.build/Objects-normal/arm64/SwiftUIAlert-OutputFileMap.json -save-temps -no-color-diagnostics -explicit-module-build -module-cache-path /Users/admin/builder/spi-builder-workspace/.derivedData/Build/Intermediates.noindex/SwiftExplicitPrecompiledModules -clang-scanner-module-cache-path /Users/admin/builder/spi-builder-workspace/.derivedData/ModuleCache.noindex -sdk-module-cache-path /Users/admin/builder/spi-builder-workspace/.derivedData/SDKExplicitPrecompiledModules -emit-dependencies -emit-module -emit-module-path /Users/admin/builder/spi-builder-workspace/.derivedData/Build/Intermediates.noindex/SwiftUIAlert.build/Debug-watchos/SwiftUIAlert-t.build/Objects-normal/arm64/SwiftUIAlert.swiftmodule -serialize-diagnostics -dependency-scan-serialize-diagnostics-path /Users/admin/builder/spi-builder-workspace/.derivedData/Build/Intermediates.noindex/SwiftUIAlert.build/Debug-watchos/SwiftUIAlert-t.build/Objects-normal/arm64/SwiftUIAlert-dependency-scan.dia -validate-clang-modules-once -clang-build-session-file /Users/admin/builder/spi-builder-workspace/.derivedData/ModuleCache.noindex/Session.modulevalidation -Xcc -fmodules-prune-interval\=86400 -Xcc -fmodules-prune-after\=345600 -emit-const-values -const-gather-protocols-list /Users/admin/builder/spi-builder-workspace/.derivedData/Build/Intermediates.noindex/SwiftUIAlert.build/Debug-watchos/SwiftUIAlert-t.build/Objects-normal/arm64/SwiftUIAlert_const_extract_protocols.json -Xcc -I/Users/admin/builder/spi-builder-workspace/.derivedData/Build/Products/Debug-watchos/include -Xcc -I/Users/admin/builder/spi-builder-workspace/.derivedData/Build/Intermediates.noindex/SwiftUIAlert.build/Debug-watchos/SwiftUIAlert-t.build/DerivedSources-normal/arm64 -Xcc -I/Users/admin/builder/spi-builder-workspace/.derivedData/Build/Intermediates.noindex/SwiftUIAlert.build/Debug-watchos/SwiftUIAlert-t.build/DerivedSources/arm64 -Xcc -I/Users/admin/builder/spi-builder-workspace/.derivedData/Build/Intermediates.noindex/SwiftUIAlert.build/Debug-watchos/SwiftUIAlert-t.build/DerivedSources -Xcc -DSWIFT_PACKAGE -Xcc -DDEBUG\=1 -emit-objc-header -emit-objc-header-path /Users/admin/builder/spi-builder-workspace/.derivedData/Build/Intermediates.noindex/SwiftUIAlert.build/Debug-watchos/SwiftUIAlert-t.build/Objects-normal/arm64/SwiftUIAlert-Swift.h -working-directory /Users/admin/builder/spi-builder-workspace/.swiftpm/xcode -experimental-emit-module-separately -disable-cmo
SwiftDriver SwiftUIAlert normal arm64_32 com.apple.xcode.tools.swift.compiler (in target 'SwiftUIAlert' from project 'SwiftUIAlert')
cd /Users/admin/builder/spi-builder-workspace/.swiftpm/xcode
builtin-SwiftDriver -- /Applications/Xcode-27.0.0-Release.Candidate.app/Contents/Developer/Toolchains/XcodeDefault.xctoolchain/usr/bin/swiftc -parse-as-library -module-name SwiftUIAlert -Onone @/Users/admin/builder/spi-builder-workspace/.derivedData/Build/Intermediates.noindex/SwiftUIAlert.build/Debug-watchos/SwiftUIAlert-t.build/Objects-normal/arm64_32/SwiftUIAlert.SwiftFileList -DSWIFT_PACKAGE -DDEBUG -DSWIFT_MODULE_RESOURCE_BUNDLE_UNAVAILABLE -DXcode -plugin-path /Applications/Xcode-27.0.0-Release.Candidate.app/Contents/Developer/Toolchains/XcodeDefault.xctoolchain/usr/lib/swift/host/plugins/testing -enable-experimental-feature DebugDescriptionMacro -sdk /Applications/Xcode-27.0.0-Release.Candidate.app/Contents/Developer/Platforms/WatchOS.platform/Developer/SDKs/WatchOS27.0.sdk -target arm64_32-apple-watchos9.0 -g -module-cache-path /Users/admin/builder/spi-builder-workspace/.derivedData/ModuleCache.noindex -Xfrontend -serialize-debugging-options -profile-coverage-mapping -profile-generate -enable-testing -index-store-path /Users/admin/builder/spi-builder-workspace/.derivedData/Index.noindex/DataStore -Xcc -D_LIBCPP_HARDENING_MODE\=_LIBCPP_HARDENING_MODE_DEBUG -swift-version 5 -I /Users/admin/builder/spi-builder-workspace/.derivedData/Build/Products/Debug-watchos -Isystem /Applications/Xcode-27.0.0-Release.Candidate.app/Contents/Developer/Platforms/WatchOS.platform/Developer/usr/lib -F /Users/admin/builder/spi-builder-workspace/.derivedData/Build/Products/Debug-watchos/PackageFrameworks -F /Users/admin/builder/spi-builder-workspace/.derivedData/Build/Products/Debug-watchos -F /Applications/Xcode-27.0.0-Release.Candidate.app/Contents/Developer/Platforms/WatchOS.platform/Developer/Library/Frameworks -F /Applications/Xcode-27.0.0-Release.Candidate.app/Contents/Developer/Platforms/WatchOS.platform/Developer/SDKs/WatchOS27.0.sdk/Developer/Library/Frameworks -c -j10 -enable-batch-mode -incremental -Xcc -ivfsstatcache -Xcc /Users/admin/builder/spi-builder-workspace/.derivedData/SDKStatCaches.noindex/watchos27.0-24R360-e829b21a6f8c9b70876ba0858053c04477534ef55a1706bf4c1112bbb242f0a2.sdkstatcache -output-file-map /Users/admin/builder/spi-builder-workspace/.derivedData/Build/Intermediates.noindex/SwiftUIAlert.build/Debug-watchos/SwiftUIAlert-t.build/Objects-normal/arm64_32/SwiftUIAlert-OutputFileMap.json -save-temps -no-color-diagnostics -explicit-module-build -module-cache-path /Users/admin/builder/spi-builder-workspace/.derivedData/Build/Intermediates.noindex/SwiftExplicitPrecompiledModules -clang-scanner-module-cache-path /Users/admin/builder/spi-builder-workspace/.derivedData/ModuleCache.noindex -sdk-module-cache-path /Users/admin/builder/spi-builder-workspace/.derivedData/SDKExplicitPrecompiledModules -emit-dependencies -emit-module -emit-module-path /Users/admin/builder/spi-builder-workspace/.derivedData/Build/Intermediates.noindex/SwiftUIAlert.build/Debug-watchos/SwiftUIAlert-t.build/Objects-normal/arm64_32/SwiftUIAlert.swiftmodule -serialize-diagnostics -dependency-scan-serialize-diagnostics-path /Users/admin/builder/spi-builder-workspace/.derivedData/Build/Intermediates.noindex/SwiftUIAlert.build/Debug-watchos/SwiftUIAlert-t.build/Objects-normal/arm64_32/SwiftUIAlert-dependency-scan.dia -validate-clang-modules-once -clang-build-session-file /Users/admin/builder/spi-builder-workspace/.derivedData/ModuleCache.noindex/Session.modulevalidation -Xcc -fmodules-prune-interval\=86400 -Xcc -fmodules-prune-after\=345600 -emit-const-values -const-gather-protocols-list /Users/admin/builder/spi-builder-workspace/.derivedData/Build/Intermediates.noindex/SwiftUIAlert.build/Debug-watchos/SwiftUIAlert-t.build/Objects-normal/arm64_32/SwiftUIAlert_const_extract_protocols.json -Xcc -I/Users/admin/builder/spi-builder-workspace/.derivedData/Build/Products/Debug-watchos/include -Xcc -I/Users/admin/builder/spi-builder-workspace/.derivedData/Build/Intermediates.noindex/SwiftUIAlert.build/Debug-watchos/SwiftUIAlert-t.build/DerivedSources-normal/arm64_32 -Xcc -I/Users/admin/builder/spi-builder-workspace/.derivedData/Build/Intermediates.noindex/SwiftUIAlert.build/Debug-watchos/SwiftUIAlert-t.build/DerivedSources/arm64_32 -Xcc -I/Users/admin/builder/spi-builder-workspace/.derivedData/Build/Intermediates.noindex/SwiftUIAlert.build/Debug-watchos/SwiftUIAlert-t.build/DerivedSources -Xcc -DSWIFT_PACKAGE -Xcc -DDEBUG\=1 -emit-objc-header -emit-objc-header-path /Users/admin/builder/spi-builder-workspace/.derivedData/Build/Intermediates.noindex/SwiftUIAlert.build/Debug-watchos/SwiftUIAlert-t.build/Objects-normal/arm64_32/SwiftUIAlert-Swift.h -working-directory /Users/admin/builder/spi-builder-workspace/.swiftpm/xcode -experimental-emit-module-separately -disable-cmo
SwiftDriverJobDiscovery normal arm64 Compiling _CocoaList.swift, _CocoaListCache.swift, _CocoaListConfiguration.swift, _CocoaListDataSourceType.swift, _CocoaListPreferences.swift, _CocoaListViewProvider.swift, _PlatformTableHeaderFooterView.swift, _PlatformTableView.swift, _PlatformTableViewCell.swift, _PlatformTableViewCellView.ContentHostingView.swift, _PlatformTableViewCellView.swift, _PlatformTableViewContainer.swift, _PlatformTableViewController.swift, MenuBarItem.swift, NSStatusItem+_CocoaMenuBarExtraCoordinator.swift, _AppPhaseMonitor.swift, _CocoaMenuBarExtraCoordinator.swift, Action.swift, DynamicAction.swift, ActionLabelView.swift, KeyedBoundedPriorityQueue.swift, KeyedViewCache.swift, _MemoizedViewContent.swift, ControlFlowView.swift (in target 'SwiftUIX' from project 'SwiftUIX')
SwiftDriverJobDiscovery normal arm64 Compiling CocoaHostingCollectionViewSupplementaryView.swift, CollectionView.swift, CollectionViewDropDelegate.swift, CollectionViewLayout.swift, CollectionViewReader.swift, _CollectionOrListCellPreferences.swift, _CollectionView.DataSource.swift, _CollectionView.swift, _CollectionViewConfiguration.swift, _CollectionViewElementContent.swift, _CollectionViewItemContent.swift, DocumentPicker.swift, FileImportLink.swift, FileImporter.swift, AnyFileDropDelegate.swift, DragDelegate.swift, DragItem.swift, _DragSourceDropDestinationView.swift, _SwiftUIX_DropDelegate.swift, _SwiftUIX_DropInfo.swift, AnyStroke.swift, BlurEffectView.swift, VisualEffectBlurView.swift, VisualEffectView.swift (in target 'SwiftUIX' from project 'SwiftUIX')
SwiftEmitModule normal arm64 Emitting\ module\ for\ SwiftUIAlert (in target 'SwiftUIAlert' from project 'SwiftUIAlert')
SwiftCompile normal arm64 (in target 'SwiftUIAlert' from project 'SwiftUIAlert')
cd /Users/admin/builder/spi-builder-workspace/.swiftpm/xcode
SwiftCompile normal arm64 Compiling\ UIAlertAction.swift /Users/admin/builder/spi-builder-workspace/Sources/SwiftUIAlert/Extensions/UIAlertAction.swift (in target 'SwiftUIAlert' from project 'SwiftUIAlert')
/Users/admin/builder/spi-builder-workspace/Sources/SwiftUIAlert/Extensions/UIAlertAction.swift:14:38: error: 'UIAlertAction' is unavailable in watchOS
12 |
13 | extension UIAlertAction {
14 | public static func ok(handler: ((UIAlertAction) -> Void)? = nil) -> UIAlertAction {
| `- error: 'UIAlertAction' is unavailable in watchOS
15 | UIAlertAction(title: NSLocalizedString("Ok", comment: "Ok button in alert"), style: .default, handler: handler)
16 | }
/Applications/Xcode-27.0.0-Release.Candidate.app/Contents/Developer/Platforms/WatchOS.platform/Developer/SDKs/WatchOS27.0.sdk/System/Library/Frameworks/UIKit.framework/Headers/UIAlertController.h:32:12: note: 'UIAlertAction' has been explicitly marked unavailable here
30 |
31 | UIKIT_EXTERN API_AVAILABLE(ios(8.0)) API_UNAVAILABLE(watchos) NS_SWIFT_UI_ACTOR
32 | @interface UIAlertAction : NSObject <NSCopying>
| `- note: 'UIAlertAction' has been explicitly marked unavailable here
33 |
34 | + (instancetype)actionWithTitle:(nullable NSString *)title style:(UIAlertActionStyle)style handler:(void (^ __nullable)(UIAlertAction *action))handler;
/Users/admin/builder/spi-builder-workspace/Sources/SwiftUIAlert/Extensions/UIAlertAction.swift:14:73: error: 'UIAlertAction' is unavailable in watchOS
12 |
13 | extension UIAlertAction {
14 | public static func ok(handler: ((UIAlertAction) -> Void)? = nil) -> UIAlertAction {
| `- error: 'UIAlertAction' is unavailable in watchOS
15 | UIAlertAction(title: NSLocalizedString("Ok", comment: "Ok button in alert"), style: .default, handler: handler)
16 | }
/Applications/Xcode-27.0.0-Release.Candidate.app/Contents/Developer/Platforms/WatchOS.platform/Developer/SDKs/WatchOS27.0.sdk/System/Library/Frameworks/UIKit.framework/Headers/UIAlertController.h:32:12: note: 'UIAlertAction' has been explicitly marked unavailable here
30 |
31 | UIKIT_EXTERN API_AVAILABLE(ios(8.0)) API_UNAVAILABLE(watchos) NS_SWIFT_UI_ACTOR
32 | @interface UIAlertAction : NSObject <NSCopying>
| `- note: 'UIAlertAction' has been explicitly marked unavailable here
33 |
34 | + (instancetype)actionWithTitle:(nullable NSString *)title style:(UIAlertActionStyle)style handler:(void (^ __nullable)(UIAlertAction *action))handler;
/Users/admin/builder/spi-builder-workspace/Sources/SwiftUIAlert/Extensions/UIAlertAction.swift:13:11: error: 'UIAlertAction' is unavailable in watchOS
11 | import UIKit
12 |
13 | extension UIAlertAction {
| `- error: 'UIAlertAction' is unavailable in watchOS
14 | public static func ok(handler: ((UIAlertAction) -> Void)? = nil) -> UIAlertAction {
15 | UIAlertAction(title: NSLocalizedString("Ok", comment: "Ok button in alert"), style: .default, handler: handler)
/Applications/Xcode-27.0.0-Release.Candidate.app/Contents/Developer/Platforms/WatchOS.platform/Developer/SDKs/WatchOS27.0.sdk/System/Library/Frameworks/UIKit.framework/Headers/UIAlertController.h:32:12: note: 'UIAlertAction' has been explicitly marked unavailable here
30 |
31 | UIKIT_EXTERN API_AVAILABLE(ios(8.0)) API_UNAVAILABLE(watchos) NS_SWIFT_UI_ACTOR
32 | @interface UIAlertAction : NSObject <NSCopying>
| `- note: 'UIAlertAction' has been explicitly marked unavailable here
33 |
34 | + (instancetype)actionWithTitle:(nullable NSString *)title style:(UIAlertActionStyle)style handler:(void (^ __nullable)(UIAlertAction *action))handler;
/Users/admin/builder/spi-builder-workspace/Sources/SwiftUIAlert/Extensions/UIAlertAction.swift:15:9: error: 'UIAlertAction' is unavailable in watchOS
13 | extension UIAlertAction {
14 | public static func ok(handler: ((UIAlertAction) -> Void)? = nil) -> UIAlertAction {
15 | UIAlertAction(title: NSLocalizedString("Ok", comment: "Ok button in alert"), style: .default, handler: handler)
| `- error: 'UIAlertAction' is unavailable in watchOS
16 | }
17 | }
/Applications/Xcode-27.0.0-Release.Candidate.app/Contents/Developer/Platforms/WatchOS.platform/Developer/SDKs/WatchOS27.0.sdk/System/Library/Frameworks/UIKit.framework/Headers/UIAlertController.h:32:12: note: 'UIAlertAction' has been explicitly marked unavailable here
30 |
31 | UIKIT_EXTERN API_AVAILABLE(ios(8.0)) API_UNAVAILABLE(watchos) NS_SWIFT_UI_ACTOR
32 | @interface UIAlertAction : NSObject <NSCopying>
| `- note: 'UIAlertAction' has been explicitly marked unavailable here
33 |
34 | + (instancetype)actionWithTitle:(nullable NSString *)title style:(UIAlertActionStyle)style handler:(void (^ __nullable)(UIAlertAction *action))handler;
Failed frontend command:
/Applications/Xcode-27.0.0-Release.Candidate.app/Contents/Developer/Toolchains/XcodeDefault.xctoolchain/usr/bin/swift-frontend -frontend -c /Users/admin/builder/spi-builder-workspace/Sources/SwiftUIAlert/AlertTextfield.swift -primary-file /Users/admin/builder/spi-builder-workspace/Sources/SwiftUIAlert/Extensions/UIAlertAction.swift /Users/admin/builder/spi-builder-workspace/Sources/SwiftUIAlert/SwiftUIAlert.swift -emit-dependencies-path /Users/admin/builder/spi-builder-workspace/.derivedData/Build/Intermediates.noindex/SwiftUIAlert.build/Debug-watchos/SwiftUIAlert-t.build/Objects-normal/arm64/UIAlertAction.d -emit-const-values-path /Users/admin/builder/spi-builder-workspace/.derivedData/Build/Intermediates.noindex/SwiftUIAlert.build/Debug-watchos/SwiftUIAlert-t.build/Objects-normal/arm64/UIAlertAction.swiftconstvalues -emit-reference-dependencies-path /Users/admin/builder/spi-builder-workspace/.derivedData/Build/Intermediates.noindex/SwiftUIAlert.build/Debug-watchos/SwiftUIAlert-t.build/Objects-normal/arm64/UIAlertAction.swiftdeps -serialize-diagnostics-path /Users/admin/builder/spi-builder-workspace/.derivedData/Build/Intermediates.noindex/SwiftUIAlert.build/Debug-watchos/SwiftUIAlert-t.build/Objects-normal/arm64/UIAlertAction.dia -target arm64-apple-watchos9.0 -module-can-import-version UIKit 9127.0.84.1 9127.0.84 -disable-cross-import-overlay-search -load-resolved-plugin /Applications/Xcode-27.0.0-Release.Candidate.app/Contents/Developer/Platforms/WatchOS.platform/Developer/usr/lib/swift/host/plugins/libFoundationMacros.dylib\#/Applications/Xcode-27.0.0-Release.Candidate.app/Contents/Developer/Platforms/WatchOS.platform/Developer/usr/bin/swift-plugin-server\#FoundationMacros -load-resolved-plugin /Applications/Xcode-27.0.0-Release.Candidate.app/Contents/Developer/Platforms/WatchOS.platform/Developer/usr/lib/swift/host/plugins/libObservationMacros.dylib\#/Applications/Xcode-27.0.0-Release.Candidate.app/Contents/Developer/Platforms/WatchOS.platform/Developer/usr/bin/swift-plugin-server\#ObservationMacros -load-resolved-plugin /Applications/Xcode-27.0.0-Release.Candidate.app/Contents/Developer/Platforms/WatchOS.platform/Developer/usr/lib/swift/host/plugins/libPreviewsMacros.dylib\#/Applications/Xcode-27.0.0-Release.Candidate.app/Contents/Developer/Platforms/WatchOS.platform/Developer/usr/bin/swift-plugin-server\#PreviewsMacros -load-resolved-plugin /Applications/Xcode-27.0.0-Release.Candidate.app/Contents/Developer/Platforms/WatchOS.platform/Developer/usr/lib/swift/host/plugins/libSwiftMacros.dylib\#/Applications/Xcode-27.0.0-Release.Candidate.app/Contents/Developer/Platforms/WatchOS.platform/Developer/usr/bin/swift-plugin-server\#SwiftMacros -load-resolved-plugin /Applications/Xcode-27.0.0-Release.Candidate.app/Contents/Developer/Platforms/WatchOS.platform/Developer/usr/lib/swift/host/plugins/libSwiftUIMacros.dylib\#/Applications/Xcode-27.0.0-Release.Candidate.app/Contents/Developer/Platforms/WatchOS.platform/Developer/usr/bin/swift-plugin-server\#SwiftUIMacros -disable-implicit-swift-modules -Xcc -fno-implicit-modules -Xcc -fno-implicit-module-maps -explicit-swift-module-map-file /Users/admin/builder/spi-builder-workspace/.derivedData/Build/Intermediates.noindex/SwiftUIAlert.build/Debug-watchos/SwiftUIAlert-t.build/Objects-normal/arm64/SwiftUIAlert-dependencies-1.json -Xllvm -aarch64-use-tbi -enable-objc-interop -stack-check -sdk /Applications/Xcode-27.0.0-Release.Candidate.app/Contents/Developer/Platforms/WatchOS.platform/Developer/SDKs/WatchOS27.0.sdk -I /Users/admin/builder/spi-builder-workspace/.derivedData/Build/Products/Debug-watchos -Isystem /Applications/Xcode-27.0.0-Release.Candidate.app/Contents/Developer/Platforms/WatchOS.platform/Developer/usr/lib -F /Users/admin/builder/spi-builder-workspace/.derivedData/Build/Products/Debug-watchos/PackageFrameworks -F /Users/admin/builder/spi-builder-workspace/.derivedData/Build/Products/Debug-watchos -F /Applications/Xcode-27.0.0-Release.Candidate.app/Contents/Developer/Platforms/WatchOS.platform/Developer/Library/Frameworks -F /Applications/Xcode-27.0.0-Release.Candidate.app/Contents/Developer/Platforms/WatchOS.platform/Developer/SDKs/WatchOS27.0.sdk/Developer/Library/Frameworks -module-cache-path /Users/admin/builder/spi-builder-workspace/.derivedData/Build/Intermediates.noindex/SwiftExplicitPrecompiledModules -no-color-diagnostics -Xcc -fno-color-diagnostics -enable-testing -g -debug-info-format\=dwarf -dwarf-version\=4 -profile-generate -profile-coverage-mapping -swift-version 5 -Onone -D SWIFT_PACKAGE -D DEBUG -D SWIFT_MODULE_RESOURCE_BUNDLE_UNAVAILABLE -D Xcode -serialize-debugging-options -enable-experimental-feature DebugDescriptionMacro -empty-abi-descriptor -validate-clang-modules-once -clang-build-session-file /Users/admin/builder/spi-builder-workspace/.derivedData/ModuleCache.noindex/Session.modulevalidation -Xcc -working-directory -Xcc /Users/admin/builder/spi-builder-workspace/.swiftpm/xcode -enable-anonymous-context-mangled-names -file-compilation-dir /Users/admin/builder/spi-builder-workspace/.swiftpm/xcode -Xcc -D_LIBCPP_HARDENING_MODE\=_LIBCPP_HARDENING_MODE_DEBUG -Xcc -ivfsstatcache -Xcc /Users/admin/builder/spi-builder-workspace/.derivedData/SDKStatCaches.noindex/watchos27.0-24R360-e829b21a6f8c9b70876ba0858053c04477534ef55a1706bf4c1112bbb242f0a2.sdkstatcache -Xcc -fmodules-prune-interval\=86400 -Xcc -fmodules-prune-after\=345600 -Xcc -I/Users/admin/builder/spi-builder-workspace/.derivedData/Build/Products/Debug-watchos/include -Xcc -I/Users/admin/builder/spi-builder-workspace/.derivedData/Build/Intermediates.noindex/SwiftUIAlert.build/Debug-watchos/SwiftUIAlert-t.build/DerivedSources-normal/arm64 -Xcc -I/Users/admin/builder/spi-builder-workspace/.derivedData/Build/Intermediates.noindex/SwiftUIAlert.build/Debug-watchos/SwiftUIAlert-t.build/DerivedSources/arm64 -Xcc -I/Users/admin/builder/spi-builder-workspace/.derivedData/Build/Intermediates.noindex/SwiftUIAlert.build/Debug-watchos/SwiftUIAlert-t.build/DerivedSources -Xcc -DSWIFT_PACKAGE -Xcc -DDEBUG\=1 -no-auto-bridging-header-chaining -module-name SwiftUIAlert -const-gather-protocols-file /Users/admin/builder/spi-builder-workspace/.derivedData/Build/Intermediates.noindex/SwiftUIAlert.build/Debug-watchos/SwiftUIAlert-t.build/Objects-normal/arm64/SwiftUIAlert_const_extract_protocols.json -disable-clang-spi -clang-target arm64-apple-watchos27.0 -target-sdk-version 27.0 -target-sdk-name watchos27.0 -in-process-plugin-server-path /Applications/Xcode-27.0.0-Release.Candidate.app/Contents/Developer/Toolchains/XcodeDefault.xctoolchain/usr/lib/swift/host/libSwiftInProcPluginServer.dylib -parse-as-library -o /Users/admin/builder/spi-builder-workspace/.derivedData/Build/Intermediates.noindex/SwiftUIAlert.build/Debug-watchos/SwiftUIAlert-t.build/Objects-normal/arm64/UIAlertAction.o -debug-module-path /Users/admin/builder/spi-builder-workspace/.derivedData/Build/Intermediates.noindex/SwiftUIAlert.build/Debug-watchos/SwiftUIAlert-t.build/Objects-normal/arm64/SwiftUIAlert.swiftmodule -index-unit-output-path /SwiftUIAlert.build/Debug-watchos/SwiftUIAlert-t.build/Objects-normal/arm64/UIAlertAction.o -index-store-path /Users/admin/builder/spi-builder-workspace/.derivedData/Index.noindex/DataStore -index-system-modules
SwiftCompile normal arm64 /Users/admin/builder/spi-builder-workspace/Sources/SwiftUIAlert/Extensions/UIAlertAction.swift (in target 'SwiftUIAlert' from project 'SwiftUIAlert')
cd /Users/admin/builder/spi-builder-workspace/.swiftpm/xcode
builtin-SwiftPerFileCompile UIAlertAction.swift
SwiftCompile normal arm64 Compiling\ AlertTextfield.swift /Users/admin/builder/spi-builder-workspace/Sources/SwiftUIAlert/AlertTextfield.swift (in target 'SwiftUIAlert' from project 'SwiftUIAlert')
SwiftCompile normal arm64 /Users/admin/builder/spi-builder-workspace/Sources/SwiftUIAlert/AlertTextfield.swift (in target 'SwiftUIAlert' from project 'SwiftUIAlert')
cd /Users/admin/builder/spi-builder-workspace/.swiftpm/xcode
builtin-SwiftPerFileCompile AlertTextfield.swift
SwiftCompile normal arm64 Compiling\ SwiftUIAlert.swift /Users/admin/builder/spi-builder-workspace/Sources/SwiftUIAlert/SwiftUIAlert.swift (in target 'SwiftUIAlert' from project 'SwiftUIAlert')
SwiftCompile normal arm64 /Users/admin/builder/spi-builder-workspace/Sources/SwiftUIAlert/SwiftUIAlert.swift (in target 'SwiftUIAlert' from project 'SwiftUIAlert')
cd /Users/admin/builder/spi-builder-workspace/.swiftpm/xcode
builtin-SwiftPerFileCompile SwiftUIAlert.swift
SwiftEmitModule normal arm64_32 Emitting\ module\ for\ SwiftUIAlert (in target 'SwiftUIAlert' from project 'SwiftUIAlert')
SwiftCompile normal arm64_32 (in target 'SwiftUIAlert' from project 'SwiftUIAlert')
cd /Users/admin/builder/spi-builder-workspace/.swiftpm/xcode
PruneExplicitPrecompiledModules /Users/admin/builder/spi-builder-workspace/.derivedData/SDKExplicitPrecompiledModules
PruneExplicitPrecompiledModules /Users/admin/builder/spi-builder-workspace/.derivedData/Build/Intermediates.noindex/SwiftExplicitPrecompiledModules
PruneExplicitPrecompiledModules /Users/admin/builder/spi-builder-workspace/.derivedData/Build/Intermediates.noindex/ExplicitPrecompiledModules
2026-09-19 03:06:02.997 xcodebuild[718:4390] [MT] IDERunDestination: Supported platforms for the buildables in the current scheme is empty.
** BUILD FAILED **
The following build commands failed:
SwiftCompile normal arm64 Compiling\ UIAlertAction.swift /Users/admin/builder/spi-builder-workspace/Sources/SwiftUIAlert/Extensions/UIAlertAction.swift (in target 'SwiftUIAlert' from project 'SwiftUIAlert')
SwiftCompile normal arm64 /Users/admin/builder/spi-builder-workspace/Sources/SwiftUIAlert/Extensions/UIAlertAction.swift (in target 'SwiftUIAlert' from project 'SwiftUIAlert')
Building workspace SwiftUIAlert with scheme SwiftUIAlert
(3 failures)
Command line invocation:
/Applications/Xcode-27.0.0-Release.Candidate.app/Contents/Developer/usr/bin/xcodebuild -IDEClonedSourcePackagesDirPathOverride=/Users/admin/builder/spi-builder-workspace/.dependencies -resolvePackageDependencies
Resolve Package Graph
Resolved source packages:
SwiftUIAlert: /Users/admin/builder/spi-builder-workspace
SwiftUIX: https://github.com/SwiftUIX/SwiftUIX @ 0.3.2
resolved source packages: SwiftUIAlert, SwiftUIX
2026-09-19 03:06:22.686 xcodebuild[961:6472] [MT] IDERunDestination: Supported platforms for the buildables in the current scheme is empty.
{
"dependencies" : [
{
"identity" : "swiftuix",
"requirement" : {
"range" : [
{
"lower_bound" : "0.1.1",
"upper_bound" : "1.0.0"
}
]
},
"type" : "sourceControl",
"url" : "https://github.com/SwiftUIX/SwiftUIX"
}
],
"manifest_display_name" : "SwiftUIAlert",
"name" : "SwiftUIAlert",
"path" : "/Users/admin/builder/spi-builder-workspace",
"platforms" : [
{
"name" : "ios",
"version" : "14.0"
},
{
"name" : "watchos",
"version" : "7.0"
},
{
"name" : "tvos",
"version" : "14.0"
},
{
"name" : "macos",
"version" : "11.0"
}
],
"products" : [
{
"name" : "SwiftUIAlert",
"targets" : [
"SwiftUIAlert"
],
"type" : {
"library" : [
"automatic"
]
}
}
],
"targets" : [
{
"c99name" : "SwiftUIAlertTests",
"module_type" : "SwiftTarget",
"name" : "SwiftUIAlertTests",
"path" : "Tests/SwiftUIAlertTests",
"sources" : [
"SwiftUIAlertTests.swift"
],
"target_dependencies" : [
"SwiftUIAlert"
],
"type" : "test"
},
{
"c99name" : "SwiftUIAlert",
"module_type" : "SwiftTarget",
"name" : "SwiftUIAlert",
"path" : "Sources/SwiftUIAlert",
"product_dependencies" : [
"SwiftUIX"
],
"product_memberships" : [
"SwiftUIAlert"
],
"sources" : [
"AlertTextfield.swift",
"Extensions/UIAlertAction.swift",
"SwiftUIAlert.swift"
],
"type" : "library"
}
],
"tools_version" : "5.7"
}
{
"workspace" : {
"name" : "SwiftUIAlert",
"schemes" : [
"SwiftUIAlert"
]
}
}
2026-09-19 03:06:24.083 xcodebuild[969:6547] [MT] IDERunDestination: Supported platforms for the buildables in the current scheme is empty.
Running build ...
env DEVELOPER_DIR=/Applications/Xcode-27.0.0-Release.Candidate.app xcrun xcodebuild -IDEClonedSourcePackagesDirPathOverride=$PWD/.dependencies -skipMacroValidation -skipPackagePluginValidation -derivedDataPath $PWD/.derivedData build -scheme SwiftUIAlert -destination generic/platform=watchOS
Command line invocation:
/Applications/Xcode-27.0.0-Release.Candidate.app/Contents/Developer/usr/bin/xcodebuild -IDEClonedSourcePackagesDirPathOverride=/Users/admin/builder/spi-builder-workspace/.dependencies -skipMacroValidation -skipPackagePluginValidation -derivedDataPath /Users/admin/builder/spi-builder-workspace/.derivedData build -scheme SwiftUIAlert -destination generic/platform=watchOS
Resolve Package Graph
Resolved source packages:
SwiftUIAlert: /Users/admin/builder/spi-builder-workspace
SwiftUIX: https://github.com/SwiftUIX/SwiftUIX @ 0.3.2
ComputePackagePrebuildTargetDependencyGraph
Prepare packages
CreateBuildRequest
SendProjectDescription
CreateBuildOperation
ComputeTargetDependencyGraph
note: Building targets in dependency order
note: Target dependency graph (5 targets)
Target 'SwiftUIAlert-product' in project 'SwiftUIAlert'
➜ Explicit dependency on target 'SwiftUIAlert' in project 'SwiftUIAlert'
➜ Explicit dependency on target 'SwiftUIX-product' in project 'SwiftUIX'
Target 'SwiftUIAlert' in project 'SwiftUIAlert'
➜ Explicit dependency on target 'SwiftUIX-product' in project 'SwiftUIX'
Target 'SwiftUIX-product' in project 'SwiftUIX'
➜ Explicit dependency on target '_SwiftUIX' in project 'SwiftUIX'
➜ Explicit dependency on target 'SwiftUIX' in project 'SwiftUIX'
Target 'SwiftUIX' in project 'SwiftUIX'
➜ Explicit dependency on target '_SwiftUIX' in project 'SwiftUIX'
Target '_SwiftUIX' in project 'SwiftUIX' (no dependencies)
GatherProvisioningInputs
CreateBuildDescription
ClangStatCache /Applications/Xcode-27.0.0-Release.Candidate.app/Contents/Developer/Toolchains/XcodeDefault.xctoolchain/usr/bin/clang-stat-cache /Applications/Xcode-27.0.0-Release.Candidate.app/Contents/Developer/Platforms/WatchOS.platform/Developer/SDKs/WatchOS27.0.sdk /Users/admin/builder/spi-builder-workspace/.derivedData/SDKStatCaches.noindex/watchos27.0-24R360-e829b21a6f8c9b70876ba0858053c04477534ef55a1706bf4c1112bbb242f0a2.sdkstatcache
cd /Users/admin/builder/spi-builder-workspace/.swiftpm/xcode
/Applications/Xcode-27.0.0-Release.Candidate.app/Contents/Developer/Toolchains/XcodeDefault.xctoolchain/usr/bin/clang-stat-cache /Applications/Xcode-27.0.0-Release.Candidate.app/Contents/Developer/Platforms/WatchOS.platform/Developer/SDKs/WatchOS27.0.sdk -o /Users/admin/builder/spi-builder-workspace/.derivedData/SDKStatCaches.noindex/watchos27.0-24R360-e829b21a6f8c9b70876ba0858053c04477534ef55a1706bf4c1112bbb242f0a2.sdkstatcache
SwiftDriver SwiftUIX normal arm64_32 com.apple.xcode.tools.swift.compiler (in target 'SwiftUIX' from project 'SwiftUIX')
cd /Users/admin/builder/spi-builder-workspace/.swiftpm/xcode
builtin-SwiftDriver -- /Applications/Xcode-27.0.0-Release.Candidate.app/Contents/Developer/Toolchains/XcodeDefault.xctoolchain/usr/bin/swiftc -parse-as-library -module-name SwiftUIX -Onone @/Users/admin/builder/spi-builder-workspace/.derivedData/Build/Intermediates.noindex/SwiftUIX.build/Debug-watchos/SwiftUIX-t.build/Objects-normal/arm64_32/SwiftUIX.SwiftFileList -DSWIFT_PACKAGE -DDEBUG -DSWIFT_MODULE_RESOURCE_BUNDLE_UNAVAILABLE -DXcode -plugin-path /Applications/Xcode-27.0.0-Release.Candidate.app/Contents/Developer/Toolchains/XcodeDefault.xctoolchain/usr/lib/swift/host/plugins/testing -enable-experimental-feature DebugDescriptionMacro -sdk /Applications/Xcode-27.0.0-Release.Candidate.app/Contents/Developer/Platforms/WatchOS.platform/Developer/SDKs/WatchOS27.0.sdk -target arm64_32-apple-watchos9.0 -g -module-cache-path /Users/admin/builder/spi-builder-workspace/.derivedData/ModuleCache.noindex -Xfrontend -serialize-debugging-options -profile-coverage-mapping -profile-generate -enable-testing -suppress-warnings -index-store-path /Users/admin/builder/spi-builder-workspace/.derivedData/Index.noindex/DataStore -Xcc -D_LIBCPP_HARDENING_MODE\=_LIBCPP_HARDENING_MODE_DEBUG -swift-version 5 -I /Users/admin/builder/spi-builder-workspace/.derivedData/Build/Products/Debug-watchos -Isystem /Applications/Xcode-27.0.0-Release.Candidate.app/Contents/Developer/Platforms/WatchOS.platform/Developer/usr/lib -F /Users/admin/builder/spi-builder-workspace/.derivedData/Build/Products/Debug-watchos/PackageFrameworks -F /Users/admin/builder/spi-builder-workspace/.derivedData/Build/Products/Debug-watchos -F /Applications/Xcode-27.0.0-Release.Candidate.app/Contents/Developer/Platforms/WatchOS.platform/Developer/Library/Frameworks -F /Applications/Xcode-27.0.0-Release.Candidate.app/Contents/Developer/Platforms/WatchOS.platform/Developer/SDKs/WatchOS27.0.sdk/Developer/Library/Frameworks -c -j10 -enable-batch-mode -incremental -Xcc -ivfsstatcache -Xcc /Users/admin/builder/spi-builder-workspace/.derivedData/SDKStatCaches.noindex/watchos27.0-24R360-e829b21a6f8c9b70876ba0858053c04477534ef55a1706bf4c1112bbb242f0a2.sdkstatcache -output-file-map /Users/admin/builder/spi-builder-workspace/.derivedData/Build/Intermediates.noindex/SwiftUIX.build/Debug-watchos/SwiftUIX-t.build/Objects-normal/arm64_32/SwiftUIX-OutputFileMap.json -save-temps -no-color-diagnostics -explicit-module-build -module-cache-path /Users/admin/builder/spi-builder-workspace/.derivedData/Build/Intermediates.noindex/SwiftExplicitPrecompiledModules -clang-scanner-module-cache-path /Users/admin/builder/spi-builder-workspace/.derivedData/ModuleCache.noindex -sdk-module-cache-path /Users/admin/builder/spi-builder-workspace/.derivedData/SDKExplicitPrecompiledModules -emit-dependencies -emit-module -emit-module-path /Users/admin/builder/spi-builder-workspace/.derivedData/Build/Intermediates.noindex/SwiftUIX.build/Debug-watchos/SwiftUIX-t.build/Objects-normal/arm64_32/SwiftUIX.swiftmodule -serialize-diagnostics -dependency-scan-serialize-diagnostics-path /Users/admin/builder/spi-builder-workspace/.derivedData/Build/Intermediates.noindex/SwiftUIX.build/Debug-watchos/SwiftUIX-t.build/Objects-normal/arm64_32/SwiftUIX-dependency-scan.dia -validate-clang-modules-once -clang-build-session-file /Users/admin/builder/spi-builder-workspace/.derivedData/ModuleCache.noindex/Session.modulevalidation -Xcc -fmodules-prune-interval\=86400 -Xcc -fmodules-prune-after\=345600 -package-name swiftuix -emit-const-values -const-gather-protocols-list /Users/admin/builder/spi-builder-workspace/.derivedData/Build/Intermediates.noindex/SwiftUIX.build/Debug-watchos/SwiftUIX-t.build/Objects-normal/arm64_32/SwiftUIX_const_extract_protocols.json -Xcc -I/Users/admin/builder/spi-builder-workspace/.derivedData/Build/Products/Debug-watchos/include -Xcc -I/Users/admin/builder/spi-builder-workspace/.derivedData/Build/Intermediates.noindex/SwiftUIX.build/Debug-watchos/SwiftUIX-t.build/DerivedSources-normal/arm64_32 -Xcc -I/Users/admin/builder/spi-builder-workspace/.derivedData/Build/Intermediates.noindex/SwiftUIX.build/Debug-watchos/SwiftUIX-t.build/DerivedSources/arm64_32 -Xcc -I/Users/admin/builder/spi-builder-workspace/.derivedData/Build/Intermediates.noindex/SwiftUIX.build/Debug-watchos/SwiftUIX-t.build/DerivedSources -Xcc -DSWIFT_PACKAGE -Xcc -DDEBUG\=1 -emit-objc-header -emit-objc-header-path /Users/admin/builder/spi-builder-workspace/.derivedData/Build/Intermediates.noindex/SwiftUIX.build/Debug-watchos/SwiftUIX-t.build/Objects-normal/arm64_32/SwiftUIX-Swift.h -working-directory /Users/admin/builder/spi-builder-workspace/.swiftpm/xcode -experimental-emit-module-separately -disable-cmo
SwiftDriver SwiftUIX normal arm64 com.apple.xcode.tools.swift.compiler (in target 'SwiftUIX' from project 'SwiftUIX')
cd /Users/admin/builder/spi-builder-workspace/.swiftpm/xcode
builtin-SwiftDriver -- /Applications/Xcode-27.0.0-Release.Candidate.app/Contents/Developer/Toolchains/XcodeDefault.xctoolchain/usr/bin/swiftc -parse-as-library -module-name SwiftUIX -Onone @/Users/admin/builder/spi-builder-workspace/.derivedData/Build/Intermediates.noindex/SwiftUIX.build/Debug-watchos/SwiftUIX-t.build/Objects-normal/arm64/SwiftUIX.SwiftFileList -DSWIFT_PACKAGE -DDEBUG -DSWIFT_MODULE_RESOURCE_BUNDLE_UNAVAILABLE -DXcode -plugin-path /Applications/Xcode-27.0.0-Release.Candidate.app/Contents/Developer/Toolchains/XcodeDefault.xctoolchain/usr/lib/swift/host/plugins/testing -enable-experimental-feature DebugDescriptionMacro -sdk /Applications/Xcode-27.0.0-Release.Candidate.app/Contents/Developer/Platforms/WatchOS.platform/Developer/SDKs/WatchOS27.0.sdk -target arm64-apple-watchos9.0 -g -module-cache-path /Users/admin/builder/spi-builder-workspace/.derivedData/ModuleCache.noindex -Xfrontend -serialize-debugging-options -profile-coverage-mapping -profile-generate -enable-testing -suppress-warnings -index-store-path /Users/admin/builder/spi-builder-workspace/.derivedData/Index.noindex/DataStore -Xcc -D_LIBCPP_HARDENING_MODE\=_LIBCPP_HARDENING_MODE_DEBUG -swift-version 5 -I /Users/admin/builder/spi-builder-workspace/.derivedData/Build/Products/Debug-watchos -Isystem /Applications/Xcode-27.0.0-Release.Candidate.app/Contents/Developer/Platforms/WatchOS.platform/Developer/usr/lib -F /Users/admin/builder/spi-builder-workspace/.derivedData/Build/Products/Debug-watchos/PackageFrameworks -F /Users/admin/builder/spi-builder-workspace/.derivedData/Build/Products/Debug-watchos -F /Applications/Xcode-27.0.0-Release.Candidate.app/Contents/Developer/Platforms/WatchOS.platform/Developer/Library/Frameworks -F /Applications/Xcode-27.0.0-Release.Candidate.app/Contents/Developer/Platforms/WatchOS.platform/Developer/SDKs/WatchOS27.0.sdk/Developer/Library/Frameworks -c -j10 -enable-batch-mode -incremental -Xcc -ivfsstatcache -Xcc /Users/admin/builder/spi-builder-workspace/.derivedData/SDKStatCaches.noindex/watchos27.0-24R360-e829b21a6f8c9b70876ba0858053c04477534ef55a1706bf4c1112bbb242f0a2.sdkstatcache -output-file-map /Users/admin/builder/spi-builder-workspace/.derivedData/Build/Intermediates.noindex/SwiftUIX.build/Debug-watchos/SwiftUIX-t.build/Objects-normal/arm64/SwiftUIX-OutputFileMap.json -save-temps -no-color-diagnostics -explicit-module-build -module-cache-path /Users/admin/builder/spi-builder-workspace/.derivedData/Build/Intermediates.noindex/SwiftExplicitPrecompiledModules -clang-scanner-module-cache-path /Users/admin/builder/spi-builder-workspace/.derivedData/ModuleCache.noindex -sdk-module-cache-path /Users/admin/builder/spi-builder-workspace/.derivedData/SDKExplicitPrecompiledModules -emit-dependencies -emit-module -emit-module-path /Users/admin/builder/spi-builder-workspace/.derivedData/Build/Intermediates.noindex/SwiftUIX.build/Debug-watchos/SwiftUIX-t.build/Objects-normal/arm64/SwiftUIX.swiftmodule -serialize-diagnostics -dependency-scan-serialize-diagnostics-path /Users/admin/builder/spi-builder-workspace/.derivedData/Build/Intermediates.noindex/SwiftUIX.build/Debug-watchos/SwiftUIX-t.build/Objects-normal/arm64/SwiftUIX-dependency-scan.dia -validate-clang-modules-once -clang-build-session-file /Users/admin/builder/spi-builder-workspace/.derivedData/ModuleCache.noindex/Session.modulevalidation -Xcc -fmodules-prune-interval\=86400 -Xcc -fmodules-prune-after\=345600 -package-name swiftuix -emit-const-values -const-gather-protocols-list /Users/admin/builder/spi-builder-workspace/.derivedData/Build/Intermediates.noindex/SwiftUIX.build/Debug-watchos/SwiftUIX-t.build/Objects-normal/arm64/SwiftUIX_const_extract_protocols.json -Xcc -I/Users/admin/builder/spi-builder-workspace/.derivedData/Build/Products/Debug-watchos/include -Xcc -I/Users/admin/builder/spi-builder-workspace/.derivedData/Build/Intermediates.noindex/SwiftUIX.build/Debug-watchos/SwiftUIX-t.build/DerivedSources-normal/arm64 -Xcc -I/Users/admin/builder/spi-builder-workspace/.derivedData/Build/Intermediates.noindex/SwiftUIX.build/Debug-watchos/SwiftUIX-t.build/DerivedSources/arm64 -Xcc -I/Users/admin/builder/spi-builder-workspace/.derivedData/Build/Intermediates.noindex/SwiftUIX.build/Debug-watchos/SwiftUIX-t.build/DerivedSources -Xcc -DSWIFT_PACKAGE -Xcc -DDEBUG\=1 -emit-objc-header -emit-objc-header-path /Users/admin/builder/spi-builder-workspace/.derivedData/Build/Intermediates.noindex/SwiftUIX.build/Debug-watchos/SwiftUIX-t.build/Objects-normal/arm64/SwiftUIX-Swift.h -working-directory /Users/admin/builder/spi-builder-workspace/.swiftpm/xcode -experimental-emit-module-separately -disable-cmo
SwiftDriver SwiftUIAlert normal arm64_32 com.apple.xcode.tools.swift.compiler (in target 'SwiftUIAlert' from project 'SwiftUIAlert')
cd /Users/admin/builder/spi-builder-workspace/.swiftpm/xcode
builtin-SwiftDriver -- /Applications/Xcode-27.0.0-Release.Candidate.app/Contents/Developer/Toolchains/XcodeDefault.xctoolchain/usr/bin/swiftc -parse-as-library -module-name SwiftUIAlert -Onone @/Users/admin/builder/spi-builder-workspace/.derivedData/Build/Intermediates.noindex/SwiftUIAlert.build/Debug-watchos/SwiftUIAlert-t.build/Objects-normal/arm64_32/SwiftUIAlert.SwiftFileList -DSWIFT_PACKAGE -DDEBUG -DSWIFT_MODULE_RESOURCE_BUNDLE_UNAVAILABLE -DXcode -plugin-path /Applications/Xcode-27.0.0-Release.Candidate.app/Contents/Developer/Toolchains/XcodeDefault.xctoolchain/usr/lib/swift/host/plugins/testing -enable-experimental-feature DebugDescriptionMacro -sdk /Applications/Xcode-27.0.0-Release.Candidate.app/Contents/Developer/Platforms/WatchOS.platform/Developer/SDKs/WatchOS27.0.sdk -target arm64_32-apple-watchos9.0 -g -module-cache-path /Users/admin/builder/spi-builder-workspace/.derivedData/ModuleCache.noindex -Xfrontend -serialize-debugging-options -profile-coverage-mapping -profile-generate -enable-testing -index-store-path /Users/admin/builder/spi-builder-workspace/.derivedData/Index.noindex/DataStore -Xcc -D_LIBCPP_HARDENING_MODE\=_LIBCPP_HARDENING_MODE_DEBUG -swift-version 5 -I /Users/admin/builder/spi-builder-workspace/.derivedData/Build/Products/Debug-watchos -Isystem /Applications/Xcode-27.0.0-Release.Candidate.app/Contents/Developer/Platforms/WatchOS.platform/Developer/usr/lib -F /Users/admin/builder/spi-builder-workspace/.derivedData/Build/Products/Debug-watchos/PackageFrameworks -F /Users/admin/builder/spi-builder-workspace/.derivedData/Build/Products/Debug-watchos -F /Applications/Xcode-27.0.0-Release.Candidate.app/Contents/Developer/Platforms/WatchOS.platform/Developer/Library/Frameworks -F /Applications/Xcode-27.0.0-Release.Candidate.app/Contents/Developer/Platforms/WatchOS.platform/Developer/SDKs/WatchOS27.0.sdk/Developer/Library/Frameworks -c -j10 -enable-batch-mode -incremental -Xcc -ivfsstatcache -Xcc /Users/admin/builder/spi-builder-workspace/.derivedData/SDKStatCaches.noindex/watchos27.0-24R360-e829b21a6f8c9b70876ba0858053c04477534ef55a1706bf4c1112bbb242f0a2.sdkstatcache -output-file-map /Users/admin/builder/spi-builder-workspace/.derivedData/Build/Intermediates.noindex/SwiftUIAlert.build/Debug-watchos/SwiftUIAlert-t.build/Objects-normal/arm64_32/SwiftUIAlert-OutputFileMap.json -save-temps -no-color-diagnostics -explicit-module-build -module-cache-path /Users/admin/builder/spi-builder-workspace/.derivedData/Build/Intermediates.noindex/SwiftExplicitPrecompiledModules -clang-scanner-module-cache-path /Users/admin/builder/spi-builder-workspace/.derivedData/ModuleCache.noindex -sdk-module-cache-path /Users/admin/builder/spi-builder-workspace/.derivedData/SDKExplicitPrecompiledModules -emit-dependencies -emit-module -emit-module-path /Users/admin/builder/spi-builder-workspace/.derivedData/Build/Intermediates.noindex/SwiftUIAlert.build/Debug-watchos/SwiftUIAlert-t.build/Objects-normal/arm64_32/SwiftUIAlert.swiftmodule -serialize-diagnostics -dependency-scan-serialize-diagnostics-path /Users/admin/builder/spi-builder-workspace/.derivedData/Build/Intermediates.noindex/SwiftUIAlert.build/Debug-watchos/SwiftUIAlert-t.build/Objects-normal/arm64_32/SwiftUIAlert-dependency-scan.dia -validate-clang-modules-once -clang-build-session-file /Users/admin/builder/spi-builder-workspace/.derivedData/ModuleCache.noindex/Session.modulevalidation -Xcc -fmodules-prune-interval\=86400 -Xcc -fmodules-prune-after\=345600 -emit-const-values -const-gather-protocols-list /Users/admin/builder/spi-builder-workspace/.derivedData/Build/Intermediates.noindex/SwiftUIAlert.build/Debug-watchos/SwiftUIAlert-t.build/Objects-normal/arm64_32/SwiftUIAlert_const_extract_protocols.json -Xcc -I/Users/admin/builder/spi-builder-workspace/.derivedData/Build/Products/Debug-watchos/include -Xcc -I/Users/admin/builder/spi-builder-workspace/.derivedData/Build/Intermediates.noindex/SwiftUIAlert.build/Debug-watchos/SwiftUIAlert-t.build/DerivedSources-normal/arm64_32 -Xcc -I/Users/admin/builder/spi-builder-workspace/.derivedData/Build/Intermediates.noindex/SwiftUIAlert.build/Debug-watchos/SwiftUIAlert-t.build/DerivedSources/arm64_32 -Xcc -I/Users/admin/builder/spi-builder-workspace/.derivedData/Build/Intermediates.noindex/SwiftUIAlert.build/Debug-watchos/SwiftUIAlert-t.build/DerivedSources -Xcc -DSWIFT_PACKAGE -Xcc -DDEBUG\=1 -emit-objc-header -emit-objc-header-path /Users/admin/builder/spi-builder-workspace/.derivedData/Build/Intermediates.noindex/SwiftUIAlert.build/Debug-watchos/SwiftUIAlert-t.build/Objects-normal/arm64_32/SwiftUIAlert-Swift.h -working-directory /Users/admin/builder/spi-builder-workspace/.swiftpm/xcode -experimental-emit-module-separately -disable-cmo
SwiftDriver SwiftUIAlert normal arm64 com.apple.xcode.tools.swift.compiler (in target 'SwiftUIAlert' from project 'SwiftUIAlert')
cd /Users/admin/builder/spi-builder-workspace/.swiftpm/xcode
builtin-SwiftDriver -- /Applications/Xcode-27.0.0-Release.Candidate.app/Contents/Developer/Toolchains/XcodeDefault.xctoolchain/usr/bin/swiftc -parse-as-library -module-name SwiftUIAlert -Onone @/Users/admin/builder/spi-builder-workspace/.derivedData/Build/Intermediates.noindex/SwiftUIAlert.build/Debug-watchos/SwiftUIAlert-t.build/Objects-normal/arm64/SwiftUIAlert.SwiftFileList -DSWIFT_PACKAGE -DDEBUG -DSWIFT_MODULE_RESOURCE_BUNDLE_UNAVAILABLE -DXcode -plugin-path /Applications/Xcode-27.0.0-Release.Candidate.app/Contents/Developer/Toolchains/XcodeDefault.xctoolchain/usr/lib/swift/host/plugins/testing -enable-experimental-feature DebugDescriptionMacro -sdk /Applications/Xcode-27.0.0-Release.Candidate.app/Contents/Developer/Platforms/WatchOS.platform/Developer/SDKs/WatchOS27.0.sdk -target arm64-apple-watchos9.0 -g -module-cache-path /Users/admin/builder/spi-builder-workspace/.derivedData/ModuleCache.noindex -Xfrontend -serialize-debugging-options -profile-coverage-mapping -profile-generate -enable-testing -index-store-path /Users/admin/builder/spi-builder-workspace/.derivedData/Index.noindex/DataStore -Xcc -D_LIBCPP_HARDENING_MODE\=_LIBCPP_HARDENING_MODE_DEBUG -swift-version 5 -I /Users/admin/builder/spi-builder-workspace/.derivedData/Build/Products/Debug-watchos -Isystem /Applications/Xcode-27.0.0-Release.Candidate.app/Contents/Developer/Platforms/WatchOS.platform/Developer/usr/lib -F /Users/admin/builder/spi-builder-workspace/.derivedData/Build/Products/Debug-watchos/PackageFrameworks -F /Users/admin/builder/spi-builder-workspace/.derivedData/Build/Products/Debug-watchos -F /Applications/Xcode-27.0.0-Release.Candidate.app/Contents/Developer/Platforms/WatchOS.platform/Developer/Library/Frameworks -F /Applications/Xcode-27.0.0-Release.Candidate.app/Contents/Developer/Platforms/WatchOS.platform/Developer/SDKs/WatchOS27.0.sdk/Developer/Library/Frameworks -c -j10 -enable-batch-mode -incremental -Xcc -ivfsstatcache -Xcc /Users/admin/builder/spi-builder-workspace/.derivedData/SDKStatCaches.noindex/watchos27.0-24R360-e829b21a6f8c9b70876ba0858053c04477534ef55a1706bf4c1112bbb242f0a2.sdkstatcache -output-file-map /Users/admin/builder/spi-builder-workspace/.derivedData/Build/Intermediates.noindex/SwiftUIAlert.build/Debug-watchos/SwiftUIAlert-t.build/Objects-normal/arm64/SwiftUIAlert-OutputFileMap.json -save-temps -no-color-diagnostics -explicit-module-build -module-cache-path /Users/admin/builder/spi-builder-workspace/.derivedData/Build/Intermediates.noindex/SwiftExplicitPrecompiledModules -clang-scanner-module-cache-path /Users/admin/builder/spi-builder-workspace/.derivedData/ModuleCache.noindex -sdk-module-cache-path /Users/admin/builder/spi-builder-workspace/.derivedData/SDKExplicitPrecompiledModules -emit-dependencies -emit-module -emit-module-path /Users/admin/builder/spi-builder-workspace/.derivedData/Build/Intermediates.noindex/SwiftUIAlert.build/Debug-watchos/SwiftUIAlert-t.build/Objects-normal/arm64/SwiftUIAlert.swiftmodule -serialize-diagnostics -dependency-scan-serialize-diagnostics-path /Users/admin/builder/spi-builder-workspace/.derivedData/Build/Intermediates.noindex/SwiftUIAlert.build/Debug-watchos/SwiftUIAlert-t.build/Objects-normal/arm64/SwiftUIAlert-dependency-scan.dia -validate-clang-modules-once -clang-build-session-file /Users/admin/builder/spi-builder-workspace/.derivedData/ModuleCache.noindex/Session.modulevalidation -Xcc -fmodules-prune-interval\=86400 -Xcc -fmodules-prune-after\=345600 -emit-const-values -const-gather-protocols-list /Users/admin/builder/spi-builder-workspace/.derivedData/Build/Intermediates.noindex/SwiftUIAlert.build/Debug-watchos/SwiftUIAlert-t.build/Objects-normal/arm64/SwiftUIAlert_const_extract_protocols.json -Xcc -I/Users/admin/builder/spi-builder-workspace/.derivedData/Build/Products/Debug-watchos/include -Xcc -I/Users/admin/builder/spi-builder-workspace/.derivedData/Build/Intermediates.noindex/SwiftUIAlert.build/Debug-watchos/SwiftUIAlert-t.build/DerivedSources-normal/arm64 -Xcc -I/Users/admin/builder/spi-builder-workspace/.derivedData/Build/Intermediates.noindex/SwiftUIAlert.build/Debug-watchos/SwiftUIAlert-t.build/DerivedSources/arm64 -Xcc -I/Users/admin/builder/spi-builder-workspace/.derivedData/Build/Intermediates.noindex/SwiftUIAlert.build/Debug-watchos/SwiftUIAlert-t.build/DerivedSources -Xcc -DSWIFT_PACKAGE -Xcc -DDEBUG\=1 -emit-objc-header -emit-objc-header-path /Users/admin/builder/spi-builder-workspace/.derivedData/Build/Intermediates.noindex/SwiftUIAlert.build/Debug-watchos/SwiftUIAlert-t.build/Objects-normal/arm64/SwiftUIAlert-Swift.h -working-directory /Users/admin/builder/spi-builder-workspace/.swiftpm/xcode -experimental-emit-module-separately -disable-cmo
SwiftEmitModule normal arm64_32 Emitting\ module\ for\ SwiftUIAlert (in target 'SwiftUIAlert' from project 'SwiftUIAlert')
SwiftCompile normal arm64_32 (in target 'SwiftUIAlert' from project 'SwiftUIAlert')
cd /Users/admin/builder/spi-builder-workspace/.swiftpm/xcode
SwiftCompile normal arm64_32 Compiling\ SwiftUIAlert.swift /Users/admin/builder/spi-builder-workspace/Sources/SwiftUIAlert/SwiftUIAlert.swift (in target 'SwiftUIAlert' from project 'SwiftUIAlert')
/Users/admin/builder/spi-builder-workspace/Sources/SwiftUIAlert/SwiftUIAlert.swift:15:40: error: 'UIImageView' is unavailable in watchOS
13 |
14 | public struct SwiftUIAlert {
15 | public static func show(imageView: UIImageView? = nil, title: String, message: String, preferredStyle: UIAlertController.Style, actions: [UIAlertAction]) {
| `- error: 'UIImageView' is unavailable in watchOS
16 | let presentingAlert = UIAlertController(title: NSLocalizedString(title, comment: "Title in SwiftUIAlert"), message: NSLocalizedString(message, comment: "Message in SwiftUIAlert"), preferredStyle: preferredStyle)
17 | if let imageView {
/Applications/Xcode-27.0.0-Release.Candidate.app/Contents/Developer/Platforms/WatchOS.platform/Developer/SDKs/WatchOS27.0.sdk/System/Library/Frameworks/UIKit.framework/Headers/UIImageView.h:21:12: note: 'UIImageView' has been explicitly marked unavailable here
19 |
20 | UIKIT_EXTERN API_AVAILABLE(ios(2.0)) API_UNAVAILABLE(watchos) NS_SWIFT_UI_ACTOR
21 | @interface UIImageView : UIView
| `- note: 'UIImageView' has been explicitly marked unavailable here
22 |
23 | - (instancetype)initWithImage:(nullable UIImage *)image;
/Users/admin/builder/spi-builder-workspace/Sources/SwiftUIAlert/SwiftUIAlert.swift:15:108: error: 'UIAlertController' is unavailable in watchOS
13 |
14 | public struct SwiftUIAlert {
15 | public static func show(imageView: UIImageView? = nil, title: String, message: String, preferredStyle: UIAlertController.Style, actions: [UIAlertAction]) {
| `- error: 'UIAlertController' is unavailable in watchOS
16 | let presentingAlert = UIAlertController(title: NSLocalizedString(title, comment: "Title in SwiftUIAlert"), message: NSLocalizedString(message, comment: "Message in SwiftUIAlert"), preferredStyle: preferredStyle)
17 | if let imageView {
/Applications/Xcode-27.0.0-Release.Candidate.app/Contents/Developer/Platforms/WatchOS.platform/Developer/SDKs/WatchOS27.0.sdk/System/Library/Frameworks/UIKit.framework/Headers/UIAlertController.h:43:12: note: 'UIAlertController' has been explicitly marked unavailable here
41 |
42 | UIKIT_EXTERN API_AVAILABLE(ios(8.0)) API_UNAVAILABLE(watchos) NS_SWIFT_UI_ACTOR
43 | @interface UIAlertController : UIViewController
| `- note: 'UIAlertController' has been explicitly marked unavailable here
44 |
45 | + (instancetype)alertControllerWithTitle:(nullable NSString *)title message:(nullable NSString *)message preferredStyle:(UIAlertControllerStyle)preferredStyle;
SwiftCompile normal arm64_32 /Users/admin/builder/spi-builder-workspace/Sources/SwiftUIAlert/SwiftUIAlert.swift (in target 'SwiftUIAlert' from project 'SwiftUIAlert')
cd /Users/admin/builder/spi-builder-workspace/.swiftpm/xcode
builtin-SwiftPerFileCompile SwiftUIAlert.swift
SwiftCompile normal arm64_32 Compiling\ UIAlertAction.swift /Users/admin/builder/spi-builder-workspace/Sources/SwiftUIAlert/Extensions/UIAlertAction.swift (in target 'SwiftUIAlert' from project 'SwiftUIAlert')
/Users/admin/builder/spi-builder-workspace/Sources/SwiftUIAlert/Extensions/UIAlertAction.swift:14:38: error: 'UIAlertAction' is unavailable in watchOS
12 |
13 | extension UIAlertAction {
14 | public static func ok(handler: ((UIAlertAction) -> Void)? = nil) -> UIAlertAction {
| `- error: 'UIAlertAction' is unavailable in watchOS
15 | UIAlertAction(title: NSLocalizedString("Ok", comment: "Ok button in alert"), style: .default, handler: handler)
16 | }
/Applications/Xcode-27.0.0-Release.Candidate.app/Contents/Developer/Platforms/WatchOS.platform/Developer/SDKs/WatchOS27.0.sdk/System/Library/Frameworks/UIKit.framework/Headers/UIAlertController.h:32:12: note: 'UIAlertAction' has been explicitly marked unavailable here
30 |
31 | UIKIT_EXTERN API_AVAILABLE(ios(8.0)) API_UNAVAILABLE(watchos) NS_SWIFT_UI_ACTOR
32 | @interface UIAlertAction : NSObject <NSCopying>
| `- note: 'UIAlertAction' has been explicitly marked unavailable here
33 |
34 | + (instancetype)actionWithTitle:(nullable NSString *)title style:(UIAlertActionStyle)style handler:(void (^ __nullable)(UIAlertAction *action))handler;
/Users/admin/builder/spi-builder-workspace/Sources/SwiftUIAlert/Extensions/UIAlertAction.swift:14:73: error: 'UIAlertAction' is unavailable in watchOS
12 |
13 | extension UIAlertAction {
14 | public static func ok(handler: ((UIAlertAction) -> Void)? = nil) -> UIAlertAction {
| `- error: 'UIAlertAction' is unavailable in watchOS
15 | UIAlertAction(title: NSLocalizedString("Ok", comment: "Ok button in alert"), style: .default, handler: handler)
16 | }
/Applications/Xcode-27.0.0-Release.Candidate.app/Contents/Developer/Platforms/WatchOS.platform/Developer/SDKs/WatchOS27.0.sdk/System/Library/Frameworks/UIKit.framework/Headers/UIAlertController.h:32:12: note: 'UIAlertAction' has been explicitly marked unavailable here
30 |
31 | UIKIT_EXTERN API_AVAILABLE(ios(8.0)) API_UNAVAILABLE(watchos) NS_SWIFT_UI_ACTOR
32 | @interface UIAlertAction : NSObject <NSCopying>
| `- note: 'UIAlertAction' has been explicitly marked unavailable here
33 |
34 | + (instancetype)actionWithTitle:(nullable NSString *)title style:(UIAlertActionStyle)style handler:(void (^ __nullable)(UIAlertAction *action))handler;
/Users/admin/builder/spi-builder-workspace/Sources/SwiftUIAlert/Extensions/UIAlertAction.swift:13:11: error: 'UIAlertAction' is unavailable in watchOS
11 | import UIKit
12 |
13 | extension UIAlertAction {
| `- error: 'UIAlertAction' is unavailable in watchOS
14 | public static func ok(handler: ((UIAlertAction) -> Void)? = nil) -> UIAlertAction {
15 | UIAlertAction(title: NSLocalizedString("Ok", comment: "Ok button in alert"), style: .default, handler: handler)
/Applications/Xcode-27.0.0-Release.Candidate.app/Contents/Developer/Platforms/WatchOS.platform/Developer/SDKs/WatchOS27.0.sdk/System/Library/Frameworks/UIKit.framework/Headers/UIAlertController.h:32:12: note: 'UIAlertAction' has been explicitly marked unavailable here
30 |
31 | UIKIT_EXTERN API_AVAILABLE(ios(8.0)) API_UNAVAILABLE(watchos) NS_SWIFT_UI_ACTOR
32 | @interface UIAlertAction : NSObject <NSCopying>
| `- note: 'UIAlertAction' has been explicitly marked unavailable here
33 |
34 | + (instancetype)actionWithTitle:(nullable NSString *)title style:(UIAlertActionStyle)style handler:(void (^ __nullable)(UIAlertAction *action))handler;
/Users/admin/builder/spi-builder-workspace/Sources/SwiftUIAlert/Extensions/UIAlertAction.swift:15:9: error: 'UIAlertAction' is unavailable in watchOS
13 | extension UIAlertAction {
14 | public static func ok(handler: ((UIAlertAction) -> Void)? = nil) -> UIAlertAction {
15 | UIAlertAction(title: NSLocalizedString("Ok", comment: "Ok button in alert"), style: .default, handler: handler)
| `- error: 'UIAlertAction' is unavailable in watchOS
16 | }
17 | }
/Applications/Xcode-27.0.0-Release.Candidate.app/Contents/Developer/Platforms/WatchOS.platform/Developer/SDKs/WatchOS27.0.sdk/System/Library/Frameworks/UIKit.framework/Headers/UIAlertController.h:32:12: note: 'UIAlertAction' has been explicitly marked unavailable here
30 |
31 | UIKIT_EXTERN API_AVAILABLE(ios(8.0)) API_UNAVAILABLE(watchos) NS_SWIFT_UI_ACTOR
32 | @interface UIAlertAction : NSObject <NSCopying>
| `- note: 'UIAlertAction' has been explicitly marked unavailable here
33 |
34 | + (instancetype)actionWithTitle:(nullable NSString *)title style:(UIAlertActionStyle)style handler:(void (^ __nullable)(UIAlertAction *action))handler;
Failed frontend command:
/Applications/Xcode-27.0.0-Release.Candidate.app/Contents/Developer/Toolchains/XcodeDefault.xctoolchain/usr/bin/swift-frontend -frontend -c /Users/admin/builder/spi-builder-workspace/Sources/SwiftUIAlert/AlertTextfield.swift -primary-file /Users/admin/builder/spi-builder-workspace/Sources/SwiftUIAlert/Extensions/UIAlertAction.swift /Users/admin/builder/spi-builder-workspace/Sources/SwiftUIAlert/SwiftUIAlert.swift -emit-dependencies-path /Users/admin/builder/spi-builder-workspace/.derivedData/Build/Intermediates.noindex/SwiftUIAlert.build/Debug-watchos/SwiftUIAlert-t.build/Objects-normal/arm64_32/UIAlertAction.d -emit-const-values-path /Users/admin/builder/spi-builder-workspace/.derivedData/Build/Intermediates.noindex/SwiftUIAlert.build/Debug-watchos/SwiftUIAlert-t.build/Objects-normal/arm64_32/UIAlertAction.swiftconstvalues -emit-reference-dependencies-path /Users/admin/builder/spi-builder-workspace/.derivedData/Build/Intermediates.noindex/SwiftUIAlert.build/Debug-watchos/SwiftUIAlert-t.build/Objects-normal/arm64_32/UIAlertAction.swiftdeps -serialize-diagnostics-path /Users/admin/builder/spi-builder-workspace/.derivedData/Build/Intermediates.noindex/SwiftUIAlert.build/Debug-watchos/SwiftUIAlert-t.build/Objects-normal/arm64_32/UIAlertAction.dia -target arm64_32-apple-watchos9.0 -module-can-import-version UIKit 9127.0.84.1 9127.0.84 -disable-cross-import-overlay-search -load-resolved-plugin /Applications/Xcode-27.0.0-Release.Candidate.app/Contents/Developer/Platforms/WatchOS.platform/Developer/usr/lib/swift/host/plugins/libFoundationMacros.dylib\#/Applications/Xcode-27.0.0-Release.Candidate.app/Contents/Developer/Platforms/WatchOS.platform/Developer/usr/bin/swift-plugin-server\#FoundationMacros -load-resolved-plugin /Applications/Xcode-27.0.0-Release.Candidate.app/Contents/Developer/Platforms/WatchOS.platform/Developer/usr/lib/swift/host/plugins/libObservationMacros.dylib\#/Applications/Xcode-27.0.0-Release.Candidate.app/Contents/Developer/Platforms/WatchOS.platform/Developer/usr/bin/swift-plugin-server\#ObservationMacros -load-resolved-plugin /Applications/Xcode-27.0.0-Release.Candidate.app/Contents/Developer/Platforms/WatchOS.platform/Developer/usr/lib/swift/host/plugins/libPreviewsMacros.dylib\#/Applications/Xcode-27.0.0-Release.Candidate.app/Contents/Developer/Platforms/WatchOS.platform/Developer/usr/bin/swift-plugin-server\#PreviewsMacros -load-resolved-plugin /Applications/Xcode-27.0.0-Release.Candidate.app/Contents/Developer/Platforms/WatchOS.platform/Developer/usr/lib/swift/host/plugins/libSwiftMacros.dylib\#/Applications/Xcode-27.0.0-Release.Candidate.app/Contents/Developer/Platforms/WatchOS.platform/Developer/usr/bin/swift-plugin-server\#SwiftMacros -load-resolved-plugin /Applications/Xcode-27.0.0-Release.Candidate.app/Contents/Developer/Platforms/WatchOS.platform/Developer/usr/lib/swift/host/plugins/libSwiftUIMacros.dylib\#/Applications/Xcode-27.0.0-Release.Candidate.app/Contents/Developer/Platforms/WatchOS.platform/Developer/usr/bin/swift-plugin-server\#SwiftUIMacros -disable-implicit-swift-modules -Xcc -fno-implicit-modules -Xcc -fno-implicit-module-maps -explicit-swift-module-map-file /Users/admin/builder/spi-builder-workspace/.derivedData/Build/Intermediates.noindex/SwiftUIAlert.build/Debug-watchos/SwiftUIAlert-t.build/Objects-normal/arm64_32/SwiftUIAlert-dependencies-2.json -enable-objc-interop -sdk /Applications/Xcode-27.0.0-Release.Candidate.app/Contents/Developer/Platforms/WatchOS.platform/Developer/SDKs/WatchOS27.0.sdk -I /Users/admin/builder/spi-builder-workspace/.derivedData/Build/Products/Debug-watchos -Isystem /Applications/Xcode-27.0.0-Release.Candidate.app/Contents/Developer/Platforms/WatchOS.platform/Developer/usr/lib -F /Users/admin/builder/spi-builder-workspace/.derivedData/Build/Products/Debug-watchos/PackageFrameworks -F /Users/admin/builder/spi-builder-workspace/.derivedData/Build/Products/Debug-watchos -F /Applications/Xcode-27.0.0-Release.Candidate.app/Contents/Developer/Platforms/WatchOS.platform/Developer/Library/Frameworks -F /Applications/Xcode-27.0.0-Release.Candidate.app/Contents/Developer/Platforms/WatchOS.platform/Developer/SDKs/WatchOS27.0.sdk/Developer/Library/Frameworks -module-cache-path /Users/admin/builder/spi-builder-workspace/.derivedData/Build/Intermediates.noindex/SwiftExplicitPrecompiledModules -no-color-diagnostics -Xcc -fno-color-diagnostics -enable-testing -g -debug-info-format\=dwarf -dwarf-version\=4 -profile-generate -profile-coverage-mapping -swift-version 5 -Onone -D SWIFT_PACKAGE -D DEBUG -D SWIFT_MODULE_RESOURCE_BUNDLE_UNAVAILABLE -D Xcode -serialize-debugging-options -enable-experimental-feature DebugDescriptionMacro -empty-abi-descriptor -validate-clang-modules-once -clang-build-session-file /Users/admin/builder/spi-builder-workspace/.derivedData/ModuleCache.noindex/Session.modulevalidation -Xcc -working-directory -Xcc /Users/admin/builder/spi-builder-workspace/.swiftpm/xcode -enable-anonymous-context-mangled-names -file-compilation-dir /Users/admin/builder/spi-builder-workspace/.swiftpm/xcode -Xcc -D_LIBCPP_HARDENING_MODE\=_LIBCPP_HARDENING_MODE_DEBUG -Xcc -ivfsstatcache -Xcc /Users/admin/builder/spi-builder-workspace/.derivedData/SDKStatCaches.noindex/watchos27.0-24R360-e829b21a6f8c9b70876ba0858053c04477534ef55a1706bf4c1112bbb242f0a2.sdkstatcache -Xcc -fmodules-prune-interval\=86400 -Xcc -fmodules-prune-after\=345600 -Xcc -I/Users/admin/builder/spi-builder-workspace/.derivedData/Build/Products/Debug-watchos/include -Xcc -I/Users/admin/builder/spi-builder-workspace/.derivedData/Build/Intermediates.noindex/SwiftUIAlert.build/Debug-watchos/SwiftUIAlert-t.build/DerivedSources-normal/arm64_32 -Xcc -I/Users/admin/builder/spi-builder-workspace/.derivedData/Build/Intermediates.noindex/SwiftUIAlert.build/Debug-watchos/SwiftUIAlert-t.build/DerivedSources/arm64_32 -Xcc -I/Users/admin/builder/spi-builder-workspace/.derivedData/Build/Intermediates.noindex/SwiftUIAlert.build/Debug-watchos/SwiftUIAlert-t.build/DerivedSources -Xcc -DSWIFT_PACKAGE -Xcc -DDEBUG\=1 -no-auto-bridging-header-chaining -module-name SwiftUIAlert -const-gather-protocols-file /Users/admin/builder/spi-builder-workspace/.derivedData/Build/Intermediates.noindex/SwiftUIAlert.build/Debug-watchos/SwiftUIAlert-t.build/Objects-normal/arm64_32/SwiftUIAlert_const_extract_protocols.json -disable-clang-spi -clang-target arm64_32-apple-watchos27.0 -target-sdk-version 27.0 -target-sdk-name watchos27.0 -in-process-plugin-server-path /Applications/Xcode-27.0.0-Release.Candidate.app/Contents/Developer/Toolchains/XcodeDefault.xctoolchain/usr/lib/swift/host/libSwiftInProcPluginServer.dylib -parse-as-library -o /Users/admin/builder/spi-builder-workspace/.derivedData/Build/Intermediates.noindex/SwiftUIAlert.build/Debug-watchos/SwiftUIAlert-t.build/Objects-normal/arm64_32/UIAlertAction.o -debug-module-path /Users/admin/builder/spi-builder-workspace/.derivedData/Build/Intermediates.noindex/SwiftUIAlert.build/Debug-watchos/SwiftUIAlert-t.build/Objects-normal/arm64_32/SwiftUIAlert.swiftmodule -index-unit-output-path /SwiftUIAlert.build/Debug-watchos/SwiftUIAlert-t.build/Objects-normal/arm64_32/UIAlertAction.o -index-store-path /Users/admin/builder/spi-builder-workspace/.derivedData/Index.noindex/DataStore -index-system-modules
SwiftCompile normal arm64_32 /Users/admin/builder/spi-builder-workspace/Sources/SwiftUIAlert/Extensions/UIAlertAction.swift (in target 'SwiftUIAlert' from project 'SwiftUIAlert')
cd /Users/admin/builder/spi-builder-workspace/.swiftpm/xcode
builtin-SwiftPerFileCompile UIAlertAction.swift
SwiftCompile normal arm64 Compiling\ AlertTextfield.swift /Users/admin/builder/spi-builder-workspace/Sources/SwiftUIAlert/AlertTextfield.swift (in target 'SwiftUIAlert' from project 'SwiftUIAlert')
SwiftCompile normal arm64 /Users/admin/builder/spi-builder-workspace/Sources/SwiftUIAlert/AlertTextfield.swift (in target 'SwiftUIAlert' from project 'SwiftUIAlert')
cd /Users/admin/builder/spi-builder-workspace/.swiftpm/xcode
builtin-SwiftPerFileCompile AlertTextfield.swift
SwiftCompile normal arm64 Compiling\ UIAlertAction.swift /Users/admin/builder/spi-builder-workspace/Sources/SwiftUIAlert/Extensions/UIAlertAction.swift (in target 'SwiftUIAlert' from project 'SwiftUIAlert')
/Users/admin/builder/spi-builder-workspace/Sources/SwiftUIAlert/Extensions/UIAlertAction.swift:14:38: error: 'UIAlertAction' is unavailable in watchOS
12 |
13 | extension UIAlertAction {
14 | public static func ok(handler: ((UIAlertAction) -> Void)? = nil) -> UIAlertAction {
| `- error: 'UIAlertAction' is unavailable in watchOS
15 | UIAlertAction(title: NSLocalizedString("Ok", comment: "Ok button in alert"), style: .default, handler: handler)
16 | }
/Applications/Xcode-27.0.0-Release.Candidate.app/Contents/Developer/Platforms/WatchOS.platform/Developer/SDKs/WatchOS27.0.sdk/System/Library/Frameworks/UIKit.framework/Headers/UIAlertController.h:32:12: note: 'UIAlertAction' has been explicitly marked unavailable here
30 |
31 | UIKIT_EXTERN API_AVAILABLE(ios(8.0)) API_UNAVAILABLE(watchos) NS_SWIFT_UI_ACTOR
32 | @interface UIAlertAction : NSObject <NSCopying>
| `- note: 'UIAlertAction' has been explicitly marked unavailable here
33 |
34 | + (instancetype)actionWithTitle:(nullable NSString *)title style:(UIAlertActionStyle)style handler:(void (^ __nullable)(UIAlertAction *action))handler;
/Users/admin/builder/spi-builder-workspace/Sources/SwiftUIAlert/Extensions/UIAlertAction.swift:14:73: error: 'UIAlertAction' is unavailable in watchOS
12 |
13 | extension UIAlertAction {
14 | public static func ok(handler: ((UIAlertAction) -> Void)? = nil) -> UIAlertAction {
| `- error: 'UIAlertAction' is unavailable in watchOS
15 | UIAlertAction(title: NSLocalizedString("Ok", comment: "Ok button in alert"), style: .default, handler: handler)
16 | }
/Applications/Xcode-27.0.0-Release.Candidate.app/Contents/Developer/Platforms/WatchOS.platform/Developer/SDKs/WatchOS27.0.sdk/System/Library/Frameworks/UIKit.framework/Headers/UIAlertController.h:32:12: note: 'UIAlertAction' has been explicitly marked unavailable here
30 |
31 | UIKIT_EXTERN API_AVAILABLE(ios(8.0)) API_UNAVAILABLE(watchos) NS_SWIFT_UI_ACTOR
32 | @interface UIAlertAction : NSObject <NSCopying>
| `- note: 'UIAlertAction' has been explicitly marked unavailable here
33 |
34 | + (instancetype)actionWithTitle:(nullable NSString *)title style:(UIAlertActionStyle)style handler:(void (^ __nullable)(UIAlertAction *action))handler;
/Users/admin/builder/spi-builder-workspace/Sources/SwiftUIAlert/Extensions/UIAlertAction.swift:13:11: error: 'UIAlertAction' is unavailable in watchOS
11 | import UIKit
12 |
13 | extension UIAlertAction {
| `- error: 'UIAlertAction' is unavailable in watchOS
14 | public static func ok(handler: ((UIAlertAction) -> Void)? = nil) -> UIAlertAction {
15 | UIAlertAction(title: NSLocalizedString("Ok", comment: "Ok button in alert"), style: .default, handler: handler)
/Applications/Xcode-27.0.0-Release.Candidate.app/Contents/Developer/Platforms/WatchOS.platform/Developer/SDKs/WatchOS27.0.sdk/System/Library/Frameworks/UIKit.framework/Headers/UIAlertController.h:32:12: note: 'UIAlertAction' has been explicitly marked unavailable here
30 |
31 | UIKIT_EXTERN API_AVAILABLE(ios(8.0)) API_UNAVAILABLE(watchos) NS_SWIFT_UI_ACTOR
32 | @interface UIAlertAction : NSObject <NSCopying>
| `- note: 'UIAlertAction' has been explicitly marked unavailable here
33 |
34 | + (instancetype)actionWithTitle:(nullable NSString *)title style:(UIAlertActionStyle)style handler:(void (^ __nullable)(UIAlertAction *action))handler;
/Users/admin/builder/spi-builder-workspace/Sources/SwiftUIAlert/Extensions/UIAlertAction.swift:15:9: error: 'UIAlertAction' is unavailable in watchOS
13 | extension UIAlertAction {
14 | public static func ok(handler: ((UIAlertAction) -> Void)? = nil) -> UIAlertAction {
15 | UIAlertAction(title: NSLocalizedString("Ok", comment: "Ok button in alert"), style: .default, handler: handler)
| `- error: 'UIAlertAction' is unavailable in watchOS
16 | }
17 | }
/Applications/Xcode-27.0.0-Release.Candidate.app/Contents/Developer/Platforms/WatchOS.platform/Developer/SDKs/WatchOS27.0.sdk/System/Library/Frameworks/UIKit.framework/Headers/UIAlertController.h:32:12: note: 'UIAlertAction' has been explicitly marked unavailable here
30 |
31 | UIKIT_EXTERN API_AVAILABLE(ios(8.0)) API_UNAVAILABLE(watchos) NS_SWIFT_UI_ACTOR
32 | @interface UIAlertAction : NSObject <NSCopying>
| `- note: 'UIAlertAction' has been explicitly marked unavailable here
33 |
34 | + (instancetype)actionWithTitle:(nullable NSString *)title style:(UIAlertActionStyle)style handler:(void (^ __nullable)(UIAlertAction *action))handler;
Failed frontend command:
/Applications/Xcode-27.0.0-Release.Candidate.app/Contents/Developer/Toolchains/XcodeDefault.xctoolchain/usr/bin/swift-frontend -frontend -c /Users/admin/builder/spi-builder-workspace/Sources/SwiftUIAlert/AlertTextfield.swift -primary-file /Users/admin/builder/spi-builder-workspace/Sources/SwiftUIAlert/Extensions/UIAlertAction.swift /Users/admin/builder/spi-builder-workspace/Sources/SwiftUIAlert/SwiftUIAlert.swift -emit-dependencies-path /Users/admin/builder/spi-builder-workspace/.derivedData/Build/Intermediates.noindex/SwiftUIAlert.build/Debug-watchos/SwiftUIAlert-t.build/Objects-normal/arm64/UIAlertAction.d -emit-const-values-path /Users/admin/builder/spi-builder-workspace/.derivedData/Build/Intermediates.noindex/SwiftUIAlert.build/Debug-watchos/SwiftUIAlert-t.build/Objects-normal/arm64/UIAlertAction.swiftconstvalues -emit-reference-dependencies-path /Users/admin/builder/spi-builder-workspace/.derivedData/Build/Intermediates.noindex/SwiftUIAlert.build/Debug-watchos/SwiftUIAlert-t.build/Objects-normal/arm64/UIAlertAction.swiftdeps -serialize-diagnostics-path /Users/admin/builder/spi-builder-workspace/.derivedData/Build/Intermediates.noindex/SwiftUIAlert.build/Debug-watchos/SwiftUIAlert-t.build/Objects-normal/arm64/UIAlertAction.dia -target arm64-apple-watchos9.0 -module-can-import-version UIKit 9127.0.84.1 9127.0.84 -disable-cross-import-overlay-search -load-resolved-plugin /Applications/Xcode-27.0.0-Release.Candidate.app/Contents/Developer/Platforms/WatchOS.platform/Developer/usr/lib/swift/host/plugins/libFoundationMacros.dylib\#/Applications/Xcode-27.0.0-Release.Candidate.app/Contents/Developer/Platforms/WatchOS.platform/Developer/usr/bin/swift-plugin-server\#FoundationMacros -load-resolved-plugin /Applications/Xcode-27.0.0-Release.Candidate.app/Contents/Developer/Platforms/WatchOS.platform/Developer/usr/lib/swift/host/plugins/libObservationMacros.dylib\#/Applications/Xcode-27.0.0-Release.Candidate.app/Contents/Developer/Platforms/WatchOS.platform/Developer/usr/bin/swift-plugin-server\#ObservationMacros -load-resolved-plugin /Applications/Xcode-27.0.0-Release.Candidate.app/Contents/Developer/Platforms/WatchOS.platform/Developer/usr/lib/swift/host/plugins/libPreviewsMacros.dylib\#/Applications/Xcode-27.0.0-Release.Candidate.app/Contents/Developer/Platforms/WatchOS.platform/Developer/usr/bin/swift-plugin-server\#PreviewsMacros -load-resolved-plugin /Applications/Xcode-27.0.0-Release.Candidate.app/Contents/Developer/Platforms/WatchOS.platform/Developer/usr/lib/swift/host/plugins/libSwiftMacros.dylib\#/Applications/Xcode-27.0.0-Release.Candidate.app/Contents/Developer/Platforms/WatchOS.platform/Developer/usr/bin/swift-plugin-server\#SwiftMacros -load-resolved-plugin /Applications/Xcode-27.0.0-Release.Candidate.app/Contents/Developer/Platforms/WatchOS.platform/Developer/usr/lib/swift/host/plugins/libSwiftUIMacros.dylib\#/Applications/Xcode-27.0.0-Release.Candidate.app/Contents/Developer/Platforms/WatchOS.platform/Developer/usr/bin/swift-plugin-server\#SwiftUIMacros -disable-implicit-swift-modules -Xcc -fno-implicit-modules -Xcc -fno-implicit-module-maps -explicit-swift-module-map-file /Users/admin/builder/spi-builder-workspace/.derivedData/Build/Intermediates.noindex/SwiftUIAlert.build/Debug-watchos/SwiftUIAlert-t.build/Objects-normal/arm64/SwiftUIAlert-dependencies-1.json -Xllvm -aarch64-use-tbi -enable-objc-interop -stack-check -sdk /Applications/Xcode-27.0.0-Release.Candidate.app/Contents/Developer/Platforms/WatchOS.platform/Developer/SDKs/WatchOS27.0.sdk -I /Users/admin/builder/spi-builder-workspace/.derivedData/Build/Products/Debug-watchos -Isystem /Applications/Xcode-27.0.0-Release.Candidate.app/Contents/Developer/Platforms/WatchOS.platform/Developer/usr/lib -F /Users/admin/builder/spi-builder-workspace/.derivedData/Build/Products/Debug-watchos/PackageFrameworks -F /Users/admin/builder/spi-builder-workspace/.derivedData/Build/Products/Debug-watchos -F /Applications/Xcode-27.0.0-Release.Candidate.app/Contents/Developer/Platforms/WatchOS.platform/Developer/Library/Frameworks -F /Applications/Xcode-27.0.0-Release.Candidate.app/Contents/Developer/Platforms/WatchOS.platform/Developer/SDKs/WatchOS27.0.sdk/Developer/Library/Frameworks -module-cache-path /Users/admin/builder/spi-builder-workspace/.derivedData/Build/Intermediates.noindex/SwiftExplicitPrecompiledModules -no-color-diagnostics -Xcc -fno-color-diagnostics -enable-testing -g -debug-info-format\=dwarf -dwarf-version\=4 -profile-generate -profile-coverage-mapping -swift-version 5 -Onone -D SWIFT_PACKAGE -D DEBUG -D SWIFT_MODULE_RESOURCE_BUNDLE_UNAVAILABLE -D Xcode -serialize-debugging-options -enable-experimental-feature DebugDescriptionMacro -empty-abi-descriptor -validate-clang-modules-once -clang-build-session-file /Users/admin/builder/spi-builder-workspace/.derivedData/ModuleCache.noindex/Session.modulevalidation -Xcc -working-directory -Xcc /Users/admin/builder/spi-builder-workspace/.swiftpm/xcode -enable-anonymous-context-mangled-names -file-compilation-dir /Users/admin/builder/spi-builder-workspace/.swiftpm/xcode -Xcc -D_LIBCPP_HARDENING_MODE\=_LIBCPP_HARDENING_MODE_DEBUG -Xcc -ivfsstatcache -Xcc /Users/admin/builder/spi-builder-workspace/.derivedData/SDKStatCaches.noindex/watchos27.0-24R360-e829b21a6f8c9b70876ba0858053c04477534ef55a1706bf4c1112bbb242f0a2.sdkstatcache -Xcc -fmodules-prune-interval\=86400 -Xcc -fmodules-prune-after\=345600 -Xcc -I/Users/admin/builder/spi-builder-workspace/.derivedData/Build/Products/Debug-watchos/include -Xcc -I/Users/admin/builder/spi-builder-workspace/.derivedData/Build/Intermediates.noindex/SwiftUIAlert.build/Debug-watchos/SwiftUIAlert-t.build/DerivedSources-normal/arm64 -Xcc -I/Users/admin/builder/spi-builder-workspace/.derivedData/Build/Intermediates.noindex/SwiftUIAlert.build/Debug-watchos/SwiftUIAlert-t.build/DerivedSources/arm64 -Xcc -I/Users/admin/builder/spi-builder-workspace/.derivedData/Build/Intermediates.noindex/SwiftUIAlert.build/Debug-watchos/SwiftUIAlert-t.build/DerivedSources -Xcc -DSWIFT_PACKAGE -Xcc -DDEBUG\=1 -no-auto-bridging-header-chaining -module-name SwiftUIAlert -const-gather-protocols-file /Users/admin/builder/spi-builder-workspace/.derivedData/Build/Intermediates.noindex/SwiftUIAlert.build/Debug-watchos/SwiftUIAlert-t.build/Objects-normal/arm64/SwiftUIAlert_const_extract_protocols.json -disable-clang-spi -clang-target arm64-apple-watchos27.0 -target-sdk-version 27.0 -target-sdk-name watchos27.0 -in-process-plugin-server-path /Applications/Xcode-27.0.0-Release.Candidate.app/Contents/Developer/Toolchains/XcodeDefault.xctoolchain/usr/lib/swift/host/libSwiftInProcPluginServer.dylib -parse-as-library -o /Users/admin/builder/spi-builder-workspace/.derivedData/Build/Intermediates.noindex/SwiftUIAlert.build/Debug-watchos/SwiftUIAlert-t.build/Objects-normal/arm64/UIAlertAction.o -debug-module-path /Users/admin/builder/spi-builder-workspace/.derivedData/Build/Intermediates.noindex/SwiftUIAlert.build/Debug-watchos/SwiftUIAlert-t.build/Objects-normal/arm64/SwiftUIAlert.swiftmodule -index-unit-output-path /SwiftUIAlert.build/Debug-watchos/SwiftUIAlert-t.build/Objects-normal/arm64/UIAlertAction.o -index-store-path /Users/admin/builder/spi-builder-workspace/.derivedData/Index.noindex/DataStore -index-system-modules
SwiftCompile normal arm64 /Users/admin/builder/spi-builder-workspace/Sources/SwiftUIAlert/Extensions/UIAlertAction.swift (in target 'SwiftUIAlert' from project 'SwiftUIAlert')
cd /Users/admin/builder/spi-builder-workspace/.swiftpm/xcode
builtin-SwiftPerFileCompile UIAlertAction.swift
SwiftCompile normal arm64_32 Compiling\ AlertTextfield.swift /Users/admin/builder/spi-builder-workspace/Sources/SwiftUIAlert/AlertTextfield.swift (in target 'SwiftUIAlert' from project 'SwiftUIAlert')
SwiftCompile normal arm64_32 /Users/admin/builder/spi-builder-workspace/Sources/SwiftUIAlert/AlertTextfield.swift (in target 'SwiftUIAlert' from project 'SwiftUIAlert')
cd /Users/admin/builder/spi-builder-workspace/.swiftpm/xcode
builtin-SwiftPerFileCompile AlertTextfield.swift
SwiftCompile normal arm64 Compiling\ SwiftUIAlert.swift /Users/admin/builder/spi-builder-workspace/Sources/SwiftUIAlert/SwiftUIAlert.swift (in target 'SwiftUIAlert' from project 'SwiftUIAlert')
SwiftCompile normal arm64 /Users/admin/builder/spi-builder-workspace/Sources/SwiftUIAlert/SwiftUIAlert.swift (in target 'SwiftUIAlert' from project 'SwiftUIAlert')
cd /Users/admin/builder/spi-builder-workspace/.swiftpm/xcode
builtin-SwiftPerFileCompile SwiftUIAlert.swift
SwiftEmitModule normal arm64 Emitting\ module\ for\ SwiftUIAlert (in target 'SwiftUIAlert' from project 'SwiftUIAlert')
SwiftCompile normal arm64 (in target 'SwiftUIAlert' from project 'SwiftUIAlert')
cd /Users/admin/builder/spi-builder-workspace/.swiftpm/xcode
PruneExplicitPrecompiledModules /Users/admin/builder/spi-builder-workspace/.derivedData/Build/Intermediates.noindex/ExplicitPrecompiledModules
PruneExplicitPrecompiledModules /Users/admin/builder/spi-builder-workspace/.derivedData/SDKExplicitPrecompiledModules
PruneExplicitPrecompiledModules /Users/admin/builder/spi-builder-workspace/.derivedData/Build/Intermediates.noindex/SwiftExplicitPrecompiledModules
2026-09-19 03:06:25.180 xcodebuild[970:6572] [MT] IDERunDestination: Supported platforms for the buildables in the current scheme is empty.
** BUILD FAILED **
The following build commands failed:
SwiftCompile normal arm64_32 Compiling\ UIAlertAction.swift /Users/admin/builder/spi-builder-workspace/Sources/SwiftUIAlert/Extensions/UIAlertAction.swift (in target 'SwiftUIAlert' from project 'SwiftUIAlert')
SwiftCompile normal arm64_32 /Users/admin/builder/spi-builder-workspace/Sources/SwiftUIAlert/Extensions/UIAlertAction.swift (in target 'SwiftUIAlert' from project 'SwiftUIAlert')
SwiftCompile normal arm64 Compiling\ UIAlertAction.swift /Users/admin/builder/spi-builder-workspace/Sources/SwiftUIAlert/Extensions/UIAlertAction.swift (in target 'SwiftUIAlert' from project 'SwiftUIAlert')
SwiftCompile normal arm64 /Users/admin/builder/spi-builder-workspace/Sources/SwiftUIAlert/Extensions/UIAlertAction.swift (in target 'SwiftUIAlert' from project 'SwiftUIAlert')
Building workspace SwiftUIAlert with scheme SwiftUIAlert
(5 failures)
BUILD FAILURE 6.4 watchOS