The Swift Package Index logo.Swift Package Index

Build Information

Failed to build Branch, reference master (c1e36a), with Swift 6.1 for Android on 12 Aug 2026 04:44:21 UTC.

Build Command

bash -c docker run --pull=always --rm -v "checkouts-54344843-0":/host -w "$PWD" -e JAVA_HOME="/root/.sdkman/candidates/java/current" -e SPI_BUILD="1" -e SPI_PROCESSING="1" registry.gitlab.com/saguaro1/spi-images:android-6.1-latest swift build --swift-sdk aarch64-unknown-linux-android24 2>&1

Build Log

========================================
RunAll
========================================
Builder version: 729ceb5fcd9493dc13ee340bc4f0908bd201f85d
Interrupt handler set up.
========================================
Checkout
========================================
Clone URL: https://github.com/BranchMetrics/mac-branch-deep-linking.git
Reference: master
Initialized empty Git repository in /host/spi-builder-workspace/.git/
hint: Using 'master' as the name for the initial branch. This default branch name
hint: is subject to change. To configure the initial branch name to use in all
hint: of your new repositories, which will suppress this warning, call:
hint:
hint: 	git config --global init.defaultBranch <name>
hint:
hint: Names commonly chosen instead of 'master' are 'main', 'trunk' and
hint: 'development'. The just-created branch can be renamed via this command:
hint:
hint: 	git branch -m <name>
From https://github.com/BranchMetrics/mac-branch-deep-linking
 * branch            master     -> FETCH_HEAD
 * [new branch]      master     -> origin/master
HEAD is now at c1e36a5 Merge pull request #46 from BranchMetrics/chore/add-codeowners
Cloned https://github.com/BranchMetrics/mac-branch-deep-linking.git
Revision (git rev-parse @):
c1e36a561ba771ec3fb83e858561d32aee9e7f0d
SUCCESS checkout https://github.com/BranchMetrics/mac-branch-deep-linking.git at master
========================================
Build
========================================
Selected platform:         android
Swift version:             6.1
Building package at path:  $PWD
https://github.com/BranchMetrics/mac-branch-deep-linking.git
https://github.com/BranchMetrics/mac-branch-deep-linking.git
WARNING: environment variable SUPPRESS_SWIFT_6_FLAGS is not set
Running build ...
bash -c docker run --pull=always --rm -v "checkouts-54344843-0":/host -w "$PWD" -e JAVA_HOME="/root/.sdkman/candidates/java/current" -e SPI_BUILD="1" -e SPI_PROCESSING="1" registry.gitlab.com/saguaro1/spi-images:android-6.1-latest swift build --swift-sdk aarch64-unknown-linux-android24 -Xswiftc -Xfrontend -Xswiftc -stats-output-dir -Xswiftc -Xfrontend -Xswiftc .stats -Xswiftc -strict-concurrency=complete -Xswiftc -enable-upcoming-feature -Xswiftc StrictConcurrency -Xswiftc -enable-upcoming-feature -Xswiftc DisableOutwardActorInference -Xswiftc -enable-upcoming-feature -Xswiftc GlobalActorIsolatedTypesUsability -Xswiftc -enable-upcoming-feature -Xswiftc InferSendableFromCaptures 2>&1
android-6.1-latest: Pulling from saguaro1/spi-images
Digest: sha256:0cd0efb458d677a6de9b5e028d30e2aa1d1b247c2277202ba317a28ce9e867e0
Status: Image is up to date for registry.gitlab.com/saguaro1/spi-images:android-6.1-latest
Building for debugging...
In file included from /host/spi-builder-workspace/Branch/BNCLocalization.m:11:
In file included from /host/spi-builder-workspace/Branch/BNCLocalization.h:11:
/host/spi-builder-workspace/Branch/BranchHeader.h:17:9: fatal error: 'Foundation/Foundation.h' file not found
   17 | #import <Foundation/Foundation.h>
      |         ^~~~~~~~~~~~~~~~~~~~~~~~~
1 error generated.
[0/30] Compiling Branch BNCLocalization.m
In file included from /host/spi-builder-workspace/Branch/NSString+Branch.m:11:
In file included from /host/spi-builder-workspace/Branch/NSString+Branch.h:11:
/host/spi-builder-workspace/Branch/BranchHeader.h:17:9: fatal error: 'Foundation/Foundation.h' file not found
   17 | #import <Foundation/Foundation.h>
      |         ^~~~~~~~~~~~~~~~~~~~~~~~~
1 error generated.
[0/30] Compiling Branch NSString+Branch.m
In file included from /host/spi-builder-workspace/Branch/BranchDelegate.m:11:
In file included from /host/spi-builder-workspace/Branch/BranchDelegate.h:11:
/host/spi-builder-workspace/Branch/BranchHeader.h:17:9: fatal error: 'Foundation/Foundation.h' file not found
   17 | #import <Foundation/Foundation.h>
      |         ^~~~~~~~~~~~~~~~~~~~~~~~~
1 error generated.
In file included from /host/spi-builder-workspace/Branch/BNCKeyChain.m:11:
In file included from /host/spi-builder-workspace/Branch/BNCKeyChain.h:11:
/host/spi-builder-workspace/Branch/BranchHeader.h:17:9: fatal error: 'Foundation/Foundation.h' file not found
   17 | #import <Foundation/Foundation.h>
      |         ^~~~~~~~~~~~~~~~~~~~~~~~~
1 error generated.
[0/30] Compiling Branch BNCKeyChain.m
[0/30] Compiling Branch BranchDelegate.m
In file included from /host/spi-builder-workspace/Branch/BranchCommerce.m:11:
In file included from /host/spi-builder-workspace/Branch/BranchCommerce.h:11:
/host/spi-builder-workspace/Branch/BranchHeader.h:17:9: fatal error: 'Foundation/Foundation.h' file not found
   17 | #import <Foundation/Foundation.h>
      |         ^~~~~~~~~~~~~~~~~~~~~~~~~
1 error generated.
[0/30] Compiling Branch BranchCommerce.m
In file included from /host/spi-builder-workspace/Branch/BNCLog.m:11:
In file included from /host/spi-builder-workspace/Branch/BNCLog.h:11:
/host/spi-builder-workspace/Branch/BranchHeader.h:17:9: fatal error: 'Foundation/Foundation.h' file not found
   17 | #import <Foundation/Foundation.h>
      |         ^~~~~~~~~~~~~~~~~~~~~~~~~
[0/30] Compiling Branch BNCLog.m
In file included from /host/spi-builder-workspace/Branch/BNCEncoder.m:11:
/host/spi-builder-workspace/Branch/BNCEncoder.h:11:9: fatal error: 'Foundation/Foundation.h' file not found
   11 | #import <Foundation/Foundation.h>
      |         ^~~~~~~~~~~~~~~~~~~~~~~~~
In file included from /host/spi-builder-workspace/Branch/Branch.m:11:
In file included from /host/spi-builder-workspace/Branch/Branch.h:11:
/host/spi-builder-workspace/Branch/BranchHeader.h:17:9: fatal error: 'Foundation/Foundation.h' file not found
   17 | #import <Foundation/Foundation.h>
      |         ^~~~~~~~~~~~~~~~~~~~~~~~~
[0/30] Compiling Branch Branch.m
[0/30] Compiling Branch BNCEncoder.m
Running build ...
bash -c docker run --pull=always --rm -v "checkouts-54344843-0":/host -w "$PWD" -e JAVA_HOME="/root/.sdkman/candidates/java/current" -e SPI_BUILD="1" -e SPI_PROCESSING="1" registry.gitlab.com/saguaro1/spi-images:android-6.1-latest swift build --swift-sdk aarch64-unknown-linux-android24 2>&1
android-6.1-latest: Pulling from saguaro1/spi-images
Digest: sha256:0cd0efb458d677a6de9b5e028d30e2aa1d1b247c2277202ba317a28ce9e867e0
Status: Image is up to date for registry.gitlab.com/saguaro1/spi-images:android-6.1-latest
[0/1] Planning build
Building for debugging...
In file included from /host/spi-builder-workspace/Branch/NSString+Branch.m:11:
In file included from /host/spi-builder-workspace/Branch/NSString+Branch.h:11:
/host/spi-builder-workspace/Branch/BranchHeader.h:17:9: fatal error: 'Foundation/Foundation.h' file not found
   17 | #import <Foundation/Foundation.h>
      |         ^~~~~~~~~~~~~~~~~~~~~~~~~
1 error generated.
[0/30] Compiling Branch NSString+Branch.m
In file included from /host/spi-builder-workspace/Branch/BranchLinkProperties.m:11:
In file included from /host/spi-builder-workspace/Branch/BranchLinkProperties.h:11:
/host/spi-builder-workspace/Branch/BranchHeader.h:17:9: fatal error: 'Foundation/Foundation.h' file not found
   17 | #import <Foundation/Foundation.h>
      |         ^~~~~~~~~~~~~~~~~~~~~~~~~
1 error generated.
[0/30] Compiling Branch BranchLinkProperties.m
In file included from /host/spi-builder-workspace/Branch/BranchMutableDictionary.m:11:
/host/spi-builder-workspace/Branch/BranchMutableDictionary.h:11:9: fatal error: 'Foundation/Foundation.h' file not found
   11 | #import <Foundation/Foundation.h>
      |         ^~~~~~~~~~~~~~~~~~~~~~~~~
1 error generated.
[0/30] Compiling Branch BranchMutableDictionary.m
In file included from /host/spi-builder-workspace/Branch/BranchUniversalObject.m:11:
In file included from /host/spi-builder-workspace/Branch/BranchUniversalObject.h:11:
/host/spi-builder-workspace/Branch/BranchHeader.h:17:9: fatal error: 'Foundation/Foundation.h' file not found
   17 | #import <Foundation/Foundation.h>
      |         ^~~~~~~~~~~~~~~~~~~~~~~~~
1 error generated.
[0/30] Compiling Branch BranchUniversalObject.m
In file included from /host/spi-builder-workspace/Branch/BranchSession.m:11:
In file included from /host/spi-builder-workspace/Branch/BranchSession.h:11:
/host/spi-builder-workspace/Branch/BranchHeader.h:17:9: fatal error: 'Foundation/Foundation.h' file not found
   17 | #import <Foundation/Foundation.h>
      |         ^~~~~~~~~~~~~~~~~~~~~~~~~
1 error generated.
[0/30] Compiling Branch BranchSession.m
In file included from /host/spi-builder-workspace/Branch/NSData+Branch.m:11:
/host/spi-builder-workspace/Branch/NSData+Branch.h:11:9: fatal error: 'Foundation/Foundation.h' file not found
   11 | #import <Foundation/Foundation.h>
      |         ^~~~~~~~~~~~~~~~~~~~~~~~~
1 error generated.
[0/30] Compiling Branch NSData+Branch.m
/host/spi-builder-workspace/Branch/BranchQRCode.m:9:9: fatal error: 'LinkPresentation/LPLinkMetadata.h' file not found
    9 | #import <LinkPresentation/LPLinkMetadata.h>
      |         ^~~~~~~~~~~~~~~~~~~~~~~~~~~~~~~~~~~
[0/30] Compiling Branch BranchQRCode.m
In file included from /host/spi-builder-workspace/Branch/BranchMainClass.m:11:
In file included from /host/spi-builder-workspace/Branch/BranchMainClass.h:11:
/host/spi-builder-workspace/Branch/BranchHeader.h:17:9: fatal error: 'Foundation/Foundation.h' file not found
   17 | #import <Foundation/Foundation.h>
      |         ^~~~~~~~~~~~~~~~~~~~~~~~~
[0/30] Compiling Branch BranchMainClass.m
BUILD FAILURE 6.1 android