The Swift Package Index logo.Swift Package Index

Build Information

Failed to build GithubAPI, reference 0.0.11 (558729), with Swift 6.4 for watchOS using Xcode 27.0 on 17 Sep 2026 21:31:34 UTC.

Build Command

No build command. This typically means the build failed at an early stage where we determine the build command.

Build Log

========================================
RunAll
========================================
Builder version: 5.1.0
Interrupt handler set up.
========================================
Checkout
========================================
Clone URL: https://github.com/serhii-londar/GithubAPI.git
Reference: 0.0.11
Initialized empty Git repository in /Users/admin/builder/spi-builder-workspace/.git/
From https://github.com/serhii-londar/GithubAPI
 * tag               0.0.11     -> FETCH_HEAD
HEAD is now at 558729e Update GithubAPI.podspec
Cloned https://github.com/serhii-londar/GithubAPI.git
Revision (git rev-parse @):
558729eccf215f046338ba6a358e8bcf98d1dfc6
SUCCESS checkout https://github.com/serhii-londar/GithubAPI.git at 0.0.11
========================================
Build
========================================
Selected platform:         watchOS
Swift version:             6.4
Building package at path:  $PWD
https://github.com/serhii-londar/GithubAPI.git
Command line invocation:
    /Applications/Xcode-27.0.0-Release.Candidate.app/Contents/Developer/usr/bin/xcodebuild -IDEClonedSourcePackagesDirPathOverride=/Users/admin/builder/spi-builder-workspace/.dependencies -resolvePackageDependencies
2026-09-17 17:31:32.852 xcodebuild[529:3049] Writing error result bundle to /var/folders/xq/y_g06wb113726d38xsyx71_h0000gn/T/ResultBundle_2026-17-09_17-31-0032.xcresult
xcodebuild: error: '_Pods.xcodeproj' does not exist.
Command line invocation:
    /Applications/Xcode-27.0.0-Release.Candidate.app/Contents/Developer/usr/bin/xcodebuild -IDEClonedSourcePackagesDirPathOverride=/Users/admin/builder/spi-builder-workspace/.dependencies -resolvePackageDependencies
2026-09-17 17:31:33.840 xcodebuild[539:3129] Writing error result bundle to /var/folders/xq/y_g06wb113726d38xsyx71_h0000gn/T/ResultBundle_2026-17-09_17-31-0033.xcresult
xcodebuild: error: '_Pods.xcodeproj' does not exist.
BUILD FAILURE 6.4 watchOS