The Swift Package Index logo.Swift Package Index

Build Information

Failed to build StarCraftKit, reference 2.0.0 (313b9a), with Swift 6.4 for Wasm on 22 Sep 2026 15:58:28 UTC.

Build Command

bash -c docker run --pull=always --rm -v "checkouts-53886769-3":/host -w "$PWD" -e JAVA_HOME="/root/.sdkman/candidates/java/current" -e SPI_BUILD="1" -e SPI_PROCESSING="1" registry.gitlab.com/saguaro1/spi-images:wasm-6.4-latest swift build --swift-sdk swift-6.4.x-DEVELOPMENT-SNAPSHOT-2026-09-04-a_wasm 2>&1

Build Log

========================================
RunAll
========================================
Builder version: 5.1.0
Interrupt handler set up.
========================================
Checkout
========================================
Clone URL: https://github.com/guitaripod/StarCraftKit.git
Reference: 2.0.0
Initialized empty Git repository in /host/spi-builder-workspace/.git/
hint: Using 'master' as the name for the initial branch. This default branch name
hint: is subject to change. To configure the initial branch name to use in all
hint: of your new repositories, which will suppress this warning, call:
hint:
hint: 	git config --global init.defaultBranch <name>
hint:
hint: Names commonly chosen instead of 'master' are 'main', 'trunk' and
hint: 'development'. The just-created branch can be renamed via this command:
hint:
hint: 	git branch -m <name>
From https://github.com/guitaripod/StarCraftKit
 * tag               2.0.0      -> FETCH_HEAD
HEAD is now at 313b9ac chore: update PKGBUILD checksum for 2.0.0 release
Cloned https://github.com/guitaripod/StarCraftKit.git
Revision (git rev-parse @):
313b9acb1f5e90b3927344b922e054a5d7d15419
SUCCESS checkout https://github.com/guitaripod/StarCraftKit.git at 2.0.0
========================================
Build
========================================
Selected platform:         wasm
Swift version:             6.4
Building package at path:  $PWD
https://github.com/guitaripod/StarCraftKit.git
Running build ...
bash -c docker run --pull=always --rm -v "checkouts-53886769-3":/host -w "$PWD" -e JAVA_HOME="/root/.sdkman/candidates/java/current" -e SPI_BUILD="1" -e SPI_PROCESSING="1" registry.gitlab.com/saguaro1/spi-images:wasm-6.4-latest swift build --swift-sdk swift-6.4.x-DEVELOPMENT-SNAPSHOT-2026-09-04-a_wasm 2>&1
wasm-6.4-latest: Pulling from saguaro1/spi-images
Digest: sha256:4328fdb43c680d205c1d6761b1e3267aa38277eefdda9ddfb17b6a0f1a77857a
Status: Image is up to date for registry.gitlab.com/saguaro1/spi-images:wasm-6.4-latest
Fetching https://github.com/apple/swift-log
Fetching https://github.com/apple/swift-argument-parser
Fetching https://github.com/apple/swift-docc-plugin
[1/2345] Fetching swift-docc-plugin
[236/10493] Fetching swift-docc-plugin, swift-log
[9761/29411] Fetching swift-docc-plugin, swift-log, swift-argument-parser
Fetched https://github.com/apple/swift-docc-plugin (0.63s)
[11743/27066] Fetching swift-log, swift-argument-parser
Fetched https://github.com/apple/swift-log (0.86s)
Fetched https://github.com/apple/swift-argument-parser (0.86s)
Computing version for https://github.com/apple/swift-docc-plugin
Computed https://github.com/apple/swift-docc-plugin at 1.5.0 (1.93s)
Fetching https://github.com/swiftlang/swift-docc-symbolkit
[1/3829] Fetching swift-docc-symbolkit
Fetched https://github.com/swiftlang/swift-docc-symbolkit (0.55s)
Computing version for https://github.com/swiftlang/swift-docc-symbolkit
Computed https://github.com/swiftlang/swift-docc-symbolkit at 1.0.0 (0.76s)
Computing version for https://github.com/apple/swift-argument-parser
Computed https://github.com/apple/swift-argument-parser at 1.8.2 (0.20s)
Computing version for https://github.com/apple/swift-log
Computed https://github.com/apple/swift-log at 1.15.1 (0.19s)
Creating working copy for https://github.com/swiftlang/swift-docc-symbolkit
Working copy of https://github.com/swiftlang/swift-docc-symbolkit resolved at 1.0.0
Creating working copy for https://github.com/apple/swift-log
Working copy of https://github.com/apple/swift-log resolved at 1.15.1
Creating working copy for https://github.com/apple/swift-docc-plugin
Working copy of https://github.com/apple/swift-docc-plugin resolved at 1.5.0
Creating working copy for https://github.com/apple/swift-argument-parser
Working copy of https://github.com/apple/swift-argument-parser resolved at 1.8.2
Building for debugging...
[Constructing description]
[Planning deferred tasks]
[47 / 81] Logging
[48 / 81] ArgumentParserToolInfo
[49 / 81] Logging
[59 / 81] Logging-product
[61 / 83] StarCraftKit
[66 / 101] StarCraftKit
[69 / 102] StarCraftKit
[70 / 103] StarCraftKit
error: SwiftCompile normal wasm32 failed with a nonzero exit code. Command line:     cd /host

/host/spi-builder-workspace/Sources/StarCraftKit/Core/Networking/NetworkingClient.swift:9:26: error: 'URLSession' is unavailable: This type has moved to the FoundationNetworking module. Import that module to use it.
  7 | /// Core networking client for API communication
  8 | public actor NetworkingClient: Sendable {
  9 |     private let session: URLSession
    |                          `- error: 'URLSession' is unavailable: This type has moved to the FoundationNetworking module. Import that module to use it.
 10 |     private let logger: Logger
 11 |     private let baseURL: URL
Foundation.URLSession:2:18: note: 'URLSession' has been explicitly marked unavailable here
1 | @available(*, unavailable, message: "This type has moved to the FoundationNetworking module. Import that module to use it.")
2 | public typealias URLSession = AnyObject
  |                  `- note: 'URLSession' has been explicitly marked unavailable here
/host/spi-builder-workspace/Sources/StarCraftKit/Core/Networking/NetworkingClient.swift:20:18: error: 'URLSession' is unavailable: This type has moved to the FoundationNetworking module. Import that module to use it.
 18 |     public init(
 19 |         baseURL: URL,
 20 |         session: URLSession = .shared,
    |                  `- error: 'URLSession' is unavailable: This type has moved to the FoundationNetworking module. Import that module to use it.
 21 |         defaultHeaders: [String: String] = [:],
 22 |         logger: Logger = Logger(label: "StarCraftKit.NetworkingClient")
Foundation.URLSession:2:18: note: 'URLSession' has been explicitly marked unavailable here
1 | @available(*, unavailable, message: "This type has moved to the FoundationNetworking module. Import that module to use it.")
2 | public typealias URLSession = AnyObject
  |                  `- note: 'URLSession' has been explicitly marked unavailable here
/host/spi-builder-workspace/Sources/StarCraftKit/Core/Networking/NetworkingClient.swift:20:32: error: type 'URLSession' (aka 'AnyObject') has no member 'shared'
 18 |     public init(
 19 |         baseURL: URL,
 20 |         session: URLSession = .shared,
    |                                `- error: type 'URLSession' (aka 'AnyObject') has no member 'shared'
 21 |         defaultHeaders: [String: String] = [:],
 22 |         logger: Logger = Logger(label: "StarCraftKit.NetworkingClient")
/host/spi-builder-workspace/Sources/StarCraftKit/Core/Networking/NetworkingClient.swift:20:32: error: value of type '_' expected to be instance of class or class-constrained type
 18 |     public init(
 19 |         baseURL: URL,
 20 |         session: URLSession = .shared,
    |                                `- error: value of type '_' expected to be instance of class or class-constrained type
 21 |         defaultHeaders: [String: String] = [:],
 22 |         logger: Logger = Logger(label: "StarCraftKit.NetworkingClient")
/host/spi-builder-workspace/Sources/StarCraftKit/Core/Networking/NetworkingClient.swift:32:20: error: cannot find type 'URLRequest' in scope
 30 |     /// Execute a network request
 31 |     public func execute<T: Decodable>(
 32 |         _ request: URLRequest,
    |                    `- error: cannot find type 'URLRequest' in scope
 33 |         responseType: T.Type,
 34 |         decoder: JSONDecoder = JSONDecoder()
/host/spi-builder-workspace/Sources/StarCraftKit/Core/Networking/NetworkingClient.swift:87:17: error: cannot find type 'URLRequest' in scope
 85 |         headers: [String: String] = [:],
 86 |         body: Data? = nil
 87 |     ) throws -> URLRequest {
    |                 `- error: cannot find type 'URLRequest' in scope
 88 |         guard let url = URL(string: path, relativeTo: baseURL) else {
 89 |             throw APIError.invalidRequest(reason: "Invalid path: \(path)")
/host/spi-builder-workspace/Sources/StarCraftKit/Core/Networking/NetworkingClient.swift:138:53: error: 'HTTPURLResponse' is unavailable: This type has moved to the FoundationNetworking module. Import that module to use it.
136 |     }
137 |
138 |     private func updateRateLimitInfo(from response: HTTPURLResponse) {
    |                                                     `- error: 'HTTPURLResponse' is unavailable: This type has moved to the FoundationNetworking module. Import that module to use it.
139 |         if let remainingString = response.value(forHTTPHeaderField: "X-Rate-Limit-Remaining"),
140 |            let remaining = Int(remainingString) {
Foundation.HTTPURLResponse:2:18: note: 'HTTPURLResponse' has been explicitly marked unavailable here
1 | @available(*, unavailable, message: "This type has moved to the FoundationNetworking module. Import that module to use it.")
2 | public typealias HTTPURLResponse = AnyObject
  |                  `- note: 'HTTPURLResponse' has been explicitly marked unavailable here
/host/spi-builder-workspace/Sources/StarCraftKit/Core/Networking/NetworkingClient.swift:150:47: error: 'HTTPURLResponse' is unavailable: This type has moved to the FoundationNetworking module. Import that module to use it.
148 |     }
149 |
150 |     private func validateResponse(_ response: HTTPURLResponse, data: Data) throws {
    |                                               `- error: 'HTTPURLResponse' is unavailable: This type has moved to the FoundationNetworking module. Import that module to use it.
151 |         switch response.statusCode {
152 |         case 200...299:
Foundation.HTTPURLResponse:2:18: note: 'HTTPURLResponse' has been explicitly marked unavailable here
1 | @available(*, unavailable, message: "This type has moved to the FoundationNetworking module. Import that module to use it.")
2 | public typealias HTTPURLResponse = AnyObject
  |                  `- note: 'HTTPURLResponse' has been explicitly marked unavailable here
/host/spi-builder-workspace/Sources/StarCraftKit/Core/Networking/RetryHandler.swift:131:18: error: cannot find type 'URLRequest' in scope
129 |     func executeRequest<T: Decodable>(
130 |         client: NetworkingClient,
131 |         request: URLRequest,
    |                  `- error: cannot find type 'URLRequest' in scope
132 |         responseType: T.Type,
133 |         decoder: JSONDecoder = JSONDecoder()
/host/spi-builder-workspace/Sources/StarCraftKit/Endpoints/LeagueEndpoint.swift:20:16: warning: stored property 'queryParameters' of 'Sendable'-conforming struct 'LeaguesRequest' contains non-Sendable type 'Any'; this is an error in the Swift 6 language mode
18 |     public typealias Response = [League]
19 |
20 |     public let queryParameters: [String: Any]
   |                `- warning: stored property 'queryParameters' of 'Sendable'-conforming struct 'LeaguesRequest' contains non-Sendable type 'Any'; this is an error in the Swift 6 language mode
21 |
22 |     public var path: String {
/host/spi-builder-workspace/Sources/StarCraftKit/Endpoints/MatchEndpoint.swift:33:16: warning: stored property 'queryParameters' of 'Sendable'-conforming struct 'MatchesRequest' contains non-Sendable type 'Any'; this is an error in the Swift 6 language mode
 31 |
 32 |     public let endpoint: MatchEndpoint
 33 |     public let queryParameters: [String: Any]
    |                `- warning: stored property 'queryParameters' of 'Sendable'-conforming struct 'MatchesRequest' contains non-Sendable type 'Any'; this is an error in the Swift 6 language mode
 34 |
 35 |     public var path: String {
/host/spi-builder-workspace/Sources/StarCraftKit/Endpoints/PlayerEndpoint.swift:20:16: warning: stored property 'queryParameters' of 'Sendable'-conforming struct 'PlayersRequest' contains non-Sendable type 'Any'; this is an error in the Swift 6 language mode
 18 |     public typealias Response = [Player]
 19 |
 20 |     public let queryParameters: [String: Any]
    |                `- warning: stored property 'queryParameters' of 'Sendable'-conforming struct 'PlayersRequest' contains non-Sendable type 'Any'; this is an error in the Swift 6 language mode
 21 |
 22 |     public var path: String {
/host/spi-builder-workspace/Sources/StarCraftKit/Endpoints/SeriesEndpoint.swift:33:16: warning: stored property 'queryParameters' of 'Sendable'-conforming struct 'SeriesRequest' contains non-Sendable type 'Any'; this is an error in the Swift 6 language mode
 31 |
 32 |     public let endpoint: SeriesEndpoint
 33 |     public let queryParameters: [String: Any]
    |                `- warning: stored property 'queryParameters' of 'Sendable'-conforming struct 'SeriesRequest' contains non-Sendable type 'Any'; this is an error in the Swift 6 language mode
 34 |
 35 |     public var path: String {
/host/spi-builder-workspace/Sources/StarCraftKit/Endpoints/TeamEndpoint.swift:20:16: warning: stored property 'queryParameters' of 'Sendable'-conforming struct 'TeamsRequest' contains non-Sendable type 'Any'; this is an error in the Swift 6 language mode
18 |     public typealias Response = [Team]
19 |
20 |     public let queryParameters: [String: Any]
   |                `- warning: stored property 'queryParameters' of 'Sendable'-conforming struct 'TeamsRequest' contains non-Sendable type 'Any'; this is an error in the Swift 6 language mode
21 |
22 |     public var path: String {
/host/spi-builder-workspace/Sources/StarCraftKit/Endpoints/TournamentEndpoint.swift:33:16: warning: stored property 'queryParameters' of 'Sendable'-conforming struct 'TournamentsRequest' contains non-Sendable type 'Any'; this is an error in the Swift 6 language mode
 31 |
 32 |     public let endpoint: TournamentEndpoint
 33 |     public let queryParameters: [String: Any]
    |                `- warning: stored property 'queryParameters' of 'Sendable'-conforming struct 'TournamentsRequest' contains non-Sendable type 'Any'; this is an error in the Swift 6 language mode
 34 |
 35 |     public var path: String {
/host/spi-builder-workspace/Sources/StarCraftKit/Models/API/QueryParameters.swift:12:16: warning: stored property 'filters' of 'Sendable'-conforming struct 'QueryParameters' contains non-Sendable type 'Any'; this is an error in the Swift 6 language mode
 10 |
 11 |     /// Filter parameters
 12 |     public var filters: [String: Any]?
    |                `- warning: stored property 'filters' of 'Sendable'-conforming struct 'QueryParameters' contains non-Sendable type 'Any'; this is an error in the Swift 6 language mode
 13 |
 14 |     /// Search parameters
Failed frontend command:
/usr/bin/swift-frontend -frontend -emit-module -experimental-skip-non-inlinable-function-bodies-without-types /host/spi-builder-workspace/Sources/StarCraftKit/Core/Cache/ResponseCache.swift /host/spi-builder-workspace/Sources/StarCraftKit/Core/Networking/APIError.swift /host/spi-builder-workspace/Sources/StarCraftKit/Core/Networking/NetworkingClient.swift /host/spi-builder-workspace/Sources/StarCraftKit/Core/Networking/RetryHandler.swift /host/spi-builder-workspace/Sources/StarCraftKit/Core/Utilities/DateFormatter+Extensions.swift /host/spi-builder-workspace/Sources/StarCraftKit/Endpoints/LeagueEndpoint.swift /host/spi-builder-workspace/Sources/StarCraftKit/Endpoints/MatchEndpoint.swift /host/spi-builder-workspace/Sources/StarCraftKit/Endpoints/PlayerEndpoint.swift /host/spi-builder-workspace/Sources/StarCraftKit/Endpoints/SeriesEndpoint.swift /host/spi-builder-workspace/Sources/StarCraftKit/Endpoints/TeamEndpoint.swift /host/spi-builder-workspace/Sources/StarCraftKit/Endpoints/TournamentEndpoint.swift /host/spi-builder-workspace/Sources/StarCraftKit/Models/API/League.swift /host/spi-builder-workspace/Sources/StarCraftKit/Models/API/Match.swift /host/spi-builder-workspace/Sources/StarCraftKit/Models/API/PaginationInfo.swift /host/spi-builder-workspace/Sources/StarCraftKit/Models/API/Player.swift /host/spi-builder-workspace/Sources/StarCraftKit/Models/API/QueryParameters.swift /host/spi-builder-workspace/Sources/StarCraftKit/Models/API/Series.swift /host/spi-builder-workspace/Sources/StarCraftKit/Models/API/Team.swift /host/spi-builder-workspace/Sources/StarCraftKit/Models/API/Tournament.swift /host/spi-builder-workspace/Sources/StarCraftKit/Protocols/APIClientProtocol.swift /host/spi-builder-workspace/Sources/StarCraftKit/Protocols/APIRequest.swift /host/spi-builder-workspace/Sources/StarCraftKit/Protocols/Endpoint.swift /host/spi-builder-workspace/Sources/StarCraftKit/Protocols/StreamingRequest.swift /host/spi-builder-workspace/Sources/StarCraftKit/StarCraftClient.swift /host/spi-builder-workspace/Sources/StarCraftKit/StarCraftKit.swift -target wasm32-unknown-wasip1 -disable-objc-interop -sdk /root/.swiftpm/swift-sdks/swift-6.4.x-DEVELOPMENT-SNAPSHOT-2026-09-04-a_wasm.artifactbundle/swift-6.4.x-DEVELOPMENT-SNAPSHOT-2026-09-04-a_wasm/wasm32-unknown-wasip1/WASI.sdk -sysroot /root/.swiftpm/swift-sdks/swift-6.4.x-DEVELOPMENT-SNAPSHOT-2026-09-04-a_wasm.artifactbundle/swift-6.4.x-DEVELOPMENT-SNAPSHOT-2026-09-04-a_wasm/wasm32-unknown-wasip1/WASI.sdk -I /host/spi-builder-workspace/.build/out/Products/Debug-webassembly-wasm32 -module-cache-path /host/spi-builder-workspace/.build/out/ModuleCache.noindex -color-diagnostics -Xcc -fcolor-diagnostics -enable-testing -g -debug-info-format\=dwarf -dwarf-version\=4 -swift-version 5 -Onone -D SWIFT_PACKAGE -D DEBUG -D SWIFT_MODULE_RESOURCE_BUNDLE_UNAVAILABLE -D Xcode -serialize-debugging-options -enable-experimental-feature DebugDescriptionMacro -empty-abi-descriptor -external-plugin-path /usr/lib/swift/host/plugins/testing\#/usr/bin/swift-plugin-server -validate-clang-modules-once -clang-build-session-file /host/spi-builder-workspace/.build/out/ModuleCache.noindex/Session.modulevalidation -Xcc -working-directory -Xcc /host -resource-dir /root/.swiftpm/swift-sdks/swift-6.4.x-DEVELOPMENT-SNAPSHOT-2026-09-04-a_wasm.artifactbundle/swift-6.4.x-DEVELOPMENT-SNAPSHOT-2026-09-04-a_wasm/wasm32-unknown-wasip1/swift.xctoolchain/usr/lib/swift_static -use-static-resource-dir -enable-anonymous-context-mangled-names -file-compilation-dir /host -Xcc -resource-dir -Xcc /root/.swiftpm/swift-sdks/swift-6.4.x-DEVELOPMENT-SNAPSHOT-2026-09-04-a_wasm.artifactbundle/swift-6.4.x-DEVELOPMENT-SNAPSHOT-2026-09-04-a_wasm/wasm32-unknown-wasip1/swift.xctoolchain/usr/lib/swift_static/clang -Xcc -D_LIBCPP_HARDENING_MODE\=_LIBCPP_HARDENING_MODE_DEBUG -Xcc -fmodules-prune-interval\=86400 -Xcc -fmodules-prune-after\=345600 -Xcc -I/host/spi-builder-workspace/.build/out/Products/Debug-webassembly-wasm32/include -Xcc -I/host/spi-builder-workspace/.build/out/Intermediates.noindex/StarCraftKit.build/Debug-webassembly-wasm32/StarCraftKit-t.build/DerivedSources-normal/wasm32 -Xcc -I/host/spi-builder-workspace/.build/out/Intermediates.noindex/StarCraftKit.build/Debug-webassembly-wasm32/StarCraftKit-t.build/DerivedSources/wasm32 -Xcc -I/host/spi-builder-workspace/.build/out/Intermediates.noindex/StarCraftKit.build/Debug-webassembly-wasm32/StarCraftKit-t.build/DerivedSources -Xcc -DSWIFT_PACKAGE -Xcc -DDEBUG\=1 -no-auto-bridging-header-chaining -module-name StarCraftKit -package-name spi_builder_workspace -const-gather-protocols-file /host/spi-builder-workspace/.build/out/Intermediates.noindex/StarCraftKit.build/Debug-webassembly-wasm32/StarCraftKit-t.build/Objects-normal/wasm32/StarCraftKit_const_extract_protocols.json -in-process-plugin-server-path /usr/lib/swift/host/libSwiftInProcPluginServer.so -plugin-path /usr/lib/swift/host/plugins -plugin-path /usr/local/lib/swift/host/plugins -emit-module-doc-path /host/spi-builder-workspace/.build/out/Intermediates.noindex/StarCraftKit.build/Debug-webassembly-wasm32/StarCraftKit-t.build/Objects-normal/wasm32/Modules/StarCraftKit.swiftdoc -emit-module-source-info-path /host/spi-builder-workspace/.build/out/Intermediates.noindex/StarCraftKit.build/Debug-webassembly-wasm32/StarCraftKit-t.build/Objects-normal/wasm32/Modules/StarCraftKit.swiftsourceinfo -emit-objc-header-path /host/spi-builder-workspace/.build/out/Intermediates.noindex/StarCraftKit.build/Debug-webassembly-wasm32/StarCraftKit-t.build/Objects-normal/wasm32/StarCraftKit-Swift.h -serialize-diagnostics-path /host/spi-builder-workspace/.build/out/Intermediates.noindex/StarCraftKit.build/Debug-webassembly-wasm32/StarCraftKit-t.build/Objects-normal/wasm32/StarCraftKit-primary-emit-module.dia -emit-dependencies-path /host/spi-builder-workspace/.build/out/Intermediates.noindex/StarCraftKit.build/Debug-webassembly-wasm32/StarCraftKit-t.build/Objects-normal/wasm32/StarCraftKit-primary-emit-module.d -parse-as-library -o /host/spi-builder-workspace/.build/out/Intermediates.noindex/StarCraftKit.build/Debug-webassembly-wasm32/StarCraftKit-t.build/Objects-normal/wasm32/Modules/StarCraftKit.swiftmodule
error: Build failed
BUILD FAILURE 6.4 wasm