The Swift Package Index logo.Swift Package Index

Build Information

Failed to build VaporMonitoring, reference master (77c9af), with Swift 6.4 for macOS (SPM) on 16 Sep 2026 19:47:09 UTC.

Build Command

env DEVELOPER_DIR=/Applications/Xcode-27.0.0-Release.Candidate.app xcrun swift build --arch arm64

Build Log

========================================
RunAll
========================================
Builder version: 5.1.0
Interrupt handler set up.
========================================
Checkout
========================================
Clone URL: https://github.com/vapor-community/vapormonitoring.git
Reference: master
Initialized empty Git repository in /Users/admin/builder/spi-builder-workspace/.git/
From https://github.com/vapor-community/vapormonitoring
 * branch            master     -> FETCH_HEAD
 * [new branch]      master     -> origin/master
HEAD is now at 77c9af0 Fix shared issues
Cloned https://github.com/vapor-community/vapormonitoring.git
Revision (git rev-parse @):
77c9af0d7a6f2c57a5de788c12ee1e07f74586e8
SUCCESS checkout https://github.com/vapor-community/vapormonitoring.git at master
========================================
Build
========================================
Selected platform:         macosSpm
Swift version:             6.4
Building package at path:  $PWD
https://github.com/vapor-community/vapormonitoring.git
Running build ...
env DEVELOPER_DIR=/Applications/Xcode-27.0.0-Release.Candidate.app xcrun swift build --arch arm64
Fetching https://github.com/RuntimeTools/SwiftMetrics.git
Fetching https://github.com/MrLotU/SwiftPrometheus.git
Fetching https://github.com/vapor/vapor.git
[1/3111] Fetching swiftprometheus
[2/6897] Fetching swiftprometheus, swiftmetrics
[6898/88307] Fetching swiftprometheus, swiftmetrics, vapor
Fetched https://github.com/vapor/vapor.git (5.65s)
Fetched https://github.com/RuntimeTools/SwiftMetrics.git (5.65s)
Fetched https://github.com/MrLotU/SwiftPrometheus.git (5.65s)
Computing version for https://github.com/MrLotU/SwiftPrometheus.git
Computed https://github.com/MrLotU/SwiftPrometheus.git at 0.3.0 (7.86s)
Computing version for https://github.com/RuntimeTools/SwiftMetrics.git
Computed https://github.com/RuntimeTools/SwiftMetrics.git at 2.6.4 (2.18s)
Fetching https://github.com/IBM-Swift/BlueCryptor.git
Fetching https://github.com/IBM-Swift/Kitura-WebSocket.git
Fetching https://github.com/IBM-Swift/Kitura.git
Fetching https://github.com/RuntimeTools/omr-agentcore
Fetching https://github.com/IBM-Swift/Swift-cfenv.git
[1/2103] Fetching omr-agentcore
[2/3939] Fetching omr-agentcore, kitura-websocket
[21/5597] Fetching omr-agentcore, kitura-websocket, bluecryptor
[4968/7201] Fetching omr-agentcore, kitura-websocket, bluecryptor, swift-cfenv
[6304/24119] Fetching omr-agentcore, kitura-websocket, bluecryptor, swift-cfenv, kitura
Fetched https://github.com/IBM-Swift/Swift-cfenv.git (1.39s)
Fetched https://github.com/IBM-Swift/Kitura-WebSocket.git (1.39s)
[4269/20679] Fetching omr-agentcore, bluecryptor, kitura
Fetched https://github.com/IBM-Swift/Kitura.git (2.38s)
Fetched https://github.com/RuntimeTools/omr-agentcore (2.38s)
Fetched https://github.com/IBM-Swift/BlueCryptor.git (2.38s)
Computing version for https://github.com/IBM-Swift/Swift-cfenv.git
Computed https://github.com/IBM-Swift/Swift-cfenv.git at 6.0.200 (3.07s)
Fetching https://github.com/Kitura/Configuration.git
[1/1135] Fetching configuration
Fetched https://github.com/Kitura/Configuration.git (1.11s)
Computing version for https://github.com/Kitura/Configuration.git
Computed https://github.com/Kitura/Configuration.git at 3.1.0 (1.78s)
Fetching https://github.com/Kitura/FileKit.git
[1/298] Fetching filekit
Fetched https://github.com/Kitura/FileKit.git (1.45s)
Computing version for https://github.com/Kitura/FileKit.git
Computed https://github.com/Kitura/FileKit.git at 1.1.0 (2.12s)
Fetching https://github.com/Kitura/LoggerAPI.git
[1/784] Fetching loggerapi
Fetched https://github.com/Kitura/LoggerAPI.git (1.11s)
Computing version for https://github.com/Kitura/LoggerAPI.git
Computed https://github.com/Kitura/LoggerAPI.git at 2.1.0 (1.78s)
Fetching https://github.com/apple/swift-log.git
[1/8091] Fetching swift-log
Fetched https://github.com/apple/swift-log.git (1.33s)
Computing version for https://github.com/IBM-Swift/Kitura-WebSocket.git
Computed https://github.com/IBM-Swift/Kitura-WebSocket.git at 2.1.200 (2.01s)
Fetching https://github.com/IBM-Swift/Kitura-net.git
[1/9544] Fetching kitura-net
Fetched https://github.com/IBM-Swift/Kitura-net.git (1.64s)
Computing version for https://github.com/IBM-Swift/BlueCryptor.git
Computed https://github.com/IBM-Swift/BlueCryptor.git at 1.0.200 (2.32s)
Computing version for https://github.com/IBM-Swift/Kitura-net.git
Computed https://github.com/Kitura/LoggerAPI.git at 2.1.0 (0.00s)
Computed https://github.com/IBM-Swift/Kitura-WebSocket.git at 2.1.2 (0.64s)
Computing version for https://github.com/vapor/vapor.git
Computed https://github.com/vapor/vapor.git at 3.3.3 (0.64s)
Fetching https://github.com/vapor/url-encoded-form.git
Fetching https://github.com/vapor/validation.git
Fetching https://github.com/vapor/websocket.git
Fetching https://github.com/vapor/template-kit.git
Fetching https://github.com/vapor/multipart.git
Fetching https://github.com/vapor/routing.git
Fetching https://github.com/vapor/service.git
[1/381] Fetching url-encoded-form
[28/21931] Fetching url-encoded-form, routing
[29/28209] Fetching url-encoded-form, routing, multipart
[92/30879] Fetching url-encoded-form, routing, multipart, websocket
[181/32161] Fetching url-encoded-form, routing, multipart, websocket, template-kit
[297/32740] Fetching url-encoded-form, routing, multipart, websocket, template-kit, validation
Fetched https://github.com/vapor/url-encoded-form.git (0.89s)
[2117/32359] Fetching routing, multipart, websocket, template-kit, validation
Fetching https://github.com/vapor/database-kit.git
Fetched https://github.com/vapor/template-kit.git (0.98s)
[3384/31077] Fetching routing, multipart, websocket, validation
Fetching https://github.com/vapor/core.git
Fetched https://github.com/vapor/validation.git (1.14s)
Fetched https://github.com/vapor/websocket.git (1.14s)
[5728/27828] Fetching routing, multipart
Fetching https://github.com/vapor/http.git
Fetching https://github.com/vapor/console.git
[17581/28747] Fetching routing, multipart, service
[24103/29928] Fetching routing, multipart, service, database-kit
[24635/50071] Fetching routing, multipart, service, database-kit, core
Fetched https://github.com/vapor/database-kit.git (0.93s)
Fetching https://github.com/vapor/crypto.git
[24321/55733] Fetching routing, multipart, service, core, console
[24725/81200] Fetching routing, multipart, service, core, console, http
Fetched https://github.com/vapor/console.git (1.23s)
[51184/74357] Fetching routing, multipart, service, core, http
[60608/77143] Fetching routing, multipart, service, core, http, crypto
Fetched https://github.com/vapor/core.git (1.89s)
Fetched https://github.com/vapor/crypto.git (1.04s)
Fetched https://github.com/vapor/http.git (1.77s)
[24118/28747] Fetching routing, multipart, service
Fetched https://github.com/vapor/routing.git (6.00s)
Fetched https://github.com/vapor/service.git (6.00s)
Fetched https://github.com/vapor/multipart.git (6.00s)
Computing version for https://github.com/vapor/http.git
Computed https://github.com/vapor/http.git at 3.4.0 (6.71s)
Fetching https://github.com/apple/swift-nio.git
Fetching https://github.com/apple/swift-nio-ssl.git
[1/16064] Fetching swift-nio-ssl
[1126/102011] Fetching swift-nio-ssl, swift-nio
Fetched https://github.com/apple/swift-nio.git (7.64s)
Fetched https://github.com/apple/swift-nio-ssl.git (7.64s)
Computing version for https://github.com/vapor/validation.git
Computed https://github.com/vapor/validation.git at 2.1.1 (8.34s)
Computing version for https://github.com/vapor/service.git
Computed https://github.com/vapor/service.git at 1.0.2 (0.67s)
Computing version for https://github.com/apple/swift-nio.git
Computed https://github.com/apple/swift-nio.git at 1.14.4 (0.70s)
Fetching https://github.com/apple/swift-nio-zlib-support.git
[2/15] Fetching swift-nio-zlib-support
Fetched https://github.com/apple/swift-nio-zlib-support.git (0.72s)
Computing version for https://github.com/apple/swift-nio-zlib-support.git
Computed https://github.com/apple/swift-nio-zlib-support.git at 1.0.0 (1.45s)
Computing version for https://github.com/vapor/routing.git
Computed https://github.com/vapor/routing.git at 3.1.0 (0.73s)
Computing version for https://github.com/vapor/websocket.git
Computed https://github.com/vapor/websocket.git at 1.1.2 (0.73s)
Computing version for https://github.com/apple/swift-nio-ssl.git
Computed https://github.com/apple/swift-nio-ssl.git at 1.4.0 (0.71s)
Fetching https://github.com/apple/swift-nio-ssl-support.git
[1/16] Fetching swift-nio-ssl-support
Fetched https://github.com/apple/swift-nio-ssl-support.git (0.76s)
Computing version for https://github.com/apple/swift-nio-ssl-support.git
Computed https://github.com/apple/swift-nio-ssl-support.git at 1.0.0 (1.46s)
Computing version for https://github.com/vapor/crypto.git
Computed https://github.com/vapor/crypto.git at 3.4.1 (0.69s)
Computing version for https://github.com/vapor/console.git
Computed https://github.com/vapor/console.git at 3.1.1 (0.69s)
Computing version for https://github.com/vapor/database-kit.git
Computed https://github.com/vapor/database-kit.git at 1.3.3 (0.66s)
Computing version for https://github.com/vapor/url-encoded-form.git
Computed https://github.com/vapor/url-encoded-form.git at 1.1.0 (0.68s)
Computing version for https://github.com/vapor/template-kit.git
Computed https://github.com/vapor/template-kit.git at 1.5.0 (0.66s)
Computing version for https://github.com/vapor/multipart.git
Computed https://github.com/vapor/multipart.git at 3.1.3 (0.66s)
error: Invalid manifest (compiled with: ["/Applications/Xcode-27.0.0-Release.Candidate.app/Contents/Developer/Toolchains/XcodeDefault.xctoolchain/usr/bin/swiftc", "-vfsoverlay", "/var/folders/xq/y_g06wb113726d38xsyx71_h0000gn/T/TemporaryDirectory.ob1o3t/vfs.yaml", "-L", "/Applications/Xcode-27.0.0-Release.Candidate.app/Contents/Developer/Toolchains/XcodeDefault.xctoolchain/usr/lib/swift/pm/ManifestAPI", "-lPackageDescription", "-Xlinker", "-rpath", "-Xlinker", "/Applications/Xcode-27.0.0-Release.Candidate.app/Contents/Developer/Toolchains/XcodeDefault.xctoolchain/usr/lib/swift/pm/ManifestAPI", "-target", "arm64-apple-macosx14.0", "-plugin-path", "/Applications/Xcode-27.0.0-Release.Candidate.app/Contents/Developer/Toolchains/XcodeDefault.xctoolchain/usr/lib/swift/host/plugins/testing", "-sdk", "/Applications/Xcode-27.0.0-Release.Candidate.app/Contents/Developer/Platforms/MacOSX.platform/Developer/SDKs/MacOSX27.0.sdk", "-F", "/Applications/Xcode-27.0.0-Release.Candidate.app/Contents/Developer/Platforms/MacOSX.platform/Developer/Library/Frameworks", "-I", "/Applications/Xcode-27.0.0-Release.Candidate.app/Contents/Developer/Platforms/MacOSX.platform/Developer/usr/lib", "-L", "/Applications/Xcode-27.0.0-Release.Candidate.app/Contents/Developer/Platforms/MacOSX.platform/Developer/usr/lib", "-swift-version", "4", "-I", "/Applications/Xcode-27.0.0-Release.Candidate.app/Contents/Developer/Toolchains/XcodeDefault.xctoolchain/usr/lib/swift/pm/ManifestAPI", "-sdk", "/Applications/Xcode-27.0.0-Release.Candidate.app/Contents/Developer/Platforms/MacOSX.platform/Developer/SDKs/MacOSX27.0.sdk", "-package-description-version", "4.0.0", "/Package.swift", "-o", "/var/folders/xq/y_g06wb113726d38xsyx71_h0000gn/T/TemporaryDirectory.jNJIdy/kitura-net-manifest"])
/Package.swift:30:36: error: missing argument for parameter 'condition' in call
28 |
29 | var kituraNetDependencies: [Target.Dependency] = [
30 |     .byNameItem(name: "CHTTPParser"),
   |                                    `- error: missing argument for parameter 'condition' in call
31 |     .byNameItem(name: "LoggerAPI"),
32 |     .byNameItem(name: "Socket"),
PackageDescription.Target.Dependency.byNameItem:3:6: note: 'byNameItem(name:condition:)' declared here
1 | class Target {
2 |   enum Dependency {
3 | case byNameItem(name: String, condition: TargetDependencyCondition?)  }
  |      `- note: 'byNameItem(name:condition:)' declared here
4 | }
5 |
/Package.swift:31:34: error: missing argument for parameter 'condition' in call
29 | var kituraNetDependencies: [Target.Dependency] = [
30 |     .byNameItem(name: "CHTTPParser"),
31 |     .byNameItem(name: "LoggerAPI"),
   |                                  `- error: missing argument for parameter 'condition' in call
32 |     .byNameItem(name: "Socket"),
33 |     .byNameItem(name: "CCurl"),
PackageDescription.Target.Dependency.byNameItem:3:6: note: 'byNameItem(name:condition:)' declared here
1 | class Target {
2 |   enum Dependency {
3 | case byNameItem(name: String, condition: TargetDependencyCondition?)  }
  |      `- note: 'byNameItem(name:condition:)' declared here
4 | }
5 |
/Package.swift:32:31: error: missing argument for parameter 'condition' in call
30 |     .byNameItem(name: "CHTTPParser"),
31 |     .byNameItem(name: "LoggerAPI"),
32 |     .byNameItem(name: "Socket"),
   |                               `- error: missing argument for parameter 'condition' in call
33 |     .byNameItem(name: "CCurl"),
34 |     .byNameItem(name: "SSLService")
PackageDescription.Target.Dependency.byNameItem:3:6: note: 'byNameItem(name:condition:)' declared here
1 | class Target {
2 |   enum Dependency {
3 | case byNameItem(name: String, condition: TargetDependencyCondition?)  }
  |      `- note: 'byNameItem(name:condition:)' declared here
4 | }
5 |
/Package.swift:33:30: error: missing argument for parameter 'condition' in call
31 |     .byNameItem(name: "LoggerAPI"),
32 |     .byNameItem(name: "Socket"),
33 |     .byNameItem(name: "CCurl"),
   |                              `- error: missing argument for parameter 'condition' in call
34 |     .byNameItem(name: "SSLService")
35 | ]
PackageDescription.Target.Dependency.byNameItem:3:6: note: 'byNameItem(name:condition:)' declared here
1 | class Target {
2 |   enum Dependency {
3 | case byNameItem(name: String, condition: TargetDependencyCondition?)  }
  |      `- note: 'byNameItem(name:condition:)' declared here
4 | }
5 |
/Package.swift:34:35: error: missing argument for parameter 'condition' in call
32 |     .byNameItem(name: "Socket"),
33 |     .byNameItem(name: "CCurl"),
34 |     .byNameItem(name: "SSLService")
   |                                   `- error: missing argument for parameter 'condition' in call
35 | ]
36 |
PackageDescription.Target.Dependency.byNameItem:3:6: note: 'byNameItem(name:condition:)' declared here
1 | class Target {
2 |   enum Dependency {
3 | case byNameItem(name: String, condition: TargetDependencyCondition?)  }
  |      `- note: 'byNameItem(name:condition:)' declared here
4 | }
5 | in https://github.com/IBM-Swift/Kitura-net.git
BUILD FAILURE 6.4 macosSpm