The Swift Package Index logo.Swift Package Index

Build Information

Failed to build Omnibar, reference 3.0.1 (2df192), with Swift 6.2 for watchOS using Xcode 26.3 on 22 Aug 2026 13:21:46 UTC.

Build Command

env DEVELOPER_DIR=/Applications/Xcode-26.3.0.app xcrun xcodebuild -IDEClonedSourcePackagesDirPathOverride=$PWD/.dependencies -skipMacroValidation -skipPackagePluginValidation -derivedDataPath $PWD/.derivedData build -scheme Omnibar -destination generic/platform=watchOS

Build Log

========================================
RunAll
========================================
Builder version: 5.0.2
Interrupt handler set up.
========================================
Checkout
========================================
Clone URL: https://github.com/CleanCocoa/Omnibar.git
Reference: 3.0.1
Initialized empty Git repository in /Users/admin/builder/spi-builder-workspace/.git/
From https://github.com/CleanCocoa/Omnibar
 * tag               3.0.1      -> FETCH_HEAD
HEAD is now at 2df1920 record 3.0.1 in the changelog
Cloned https://github.com/CleanCocoa/Omnibar.git
Revision (git rev-parse @):
2df19200756454584f65e7e6b396f79b2f6b5ea8
SUCCESS checkout https://github.com/CleanCocoa/Omnibar.git at 3.0.1
========================================
Build
========================================
Selected platform:         watchOS
Swift version:             6.2
Building package at path:  $PWD
https://github.com/CleanCocoa/Omnibar.git
Command line invocation:
    /Applications/Xcode-26.3.0.app/Contents/Developer/usr/bin/xcodebuild -IDEClonedSourcePackagesDirPathOverride=/Users/admin/builder/spi-builder-workspace/.dependencies -resolvePackageDependencies
Resolve Package Graph
Resolved source packages:
  Omnibar: /Users/admin/builder/spi-builder-workspace @ local
resolved source packages: Omnibar
{
  "dependencies" : [
  ],
  "manifest_display_name" : "Omnibar",
  "name" : "Omnibar",
  "path" : "/Users/admin/builder/spi-builder-workspace",
  "platforms" : [
    {
      "name" : "macos",
      "version" : "15.0"
    }
  ],
  "products" : [
    {
      "name" : "Omnibar",
      "targets" : [
        "Omnibar"
      ],
      "type" : {
        "library" : [
          "automatic"
        ]
      }
    }
  ],
  "targets" : [
    {
      "c99name" : "OmnibarTests",
      "module_type" : "SwiftTarget",
      "name" : "OmnibarTests",
      "path" : "Tests/OmnibarTests",
      "sources" : [
        "ChangeMethodTests.swift",
        "OmnibarContentChangeTests.swift",
        "OmnibarContentTests.swift",
        "OmnibarEventsStreamTests.swift",
        "OmnibarObservationTests.swift",
        "OmnibarTests.swift",
        "TextFieldTextChangeTests.swift",
        "TextReplacementTests.swift"
      ],
      "target_dependencies" : [
        "Omnibar"
      ],
      "type" : "test"
    },
    {
      "c99name" : "Omnibar",
      "module_type" : "SwiftTarget",
      "name" : "Omnibar",
      "path" : "Sources/Omnibar",
      "product_memberships" : [
        "Omnibar"
      ],
      "sources" : [
        "ChangeMethod.swift",
        "MovementEvent.swift",
        "NSControl+TextReplaceable.swift",
        "Omnibar+Observation.swift",
        "Omnibar.swift",
        "OmnibarContent.swift",
        "OmnibarContentChange.swift",
        "OmnibarEvent.swift",
        "OmnibarTextFieldCell.swift",
        "String+prefixRange.swift",
        "String+removingSubrange.swift",
        "TextFieldTextChange.swift",
        "TextReplacement.swift"
      ],
      "type" : "library"
    }
  ],
  "tools_version" : "6.2"
}
{
  "project" : {
    "configurations" : [
      "Debug",
      "Release"
    ],
    "name" : "Omnibar",
    "schemes" : [
      "Example",
      "ExampleModel",
      "Omnibar"
    ],
    "targets" : [
      "Example",
      "ExampleModel"
    ]
  }
}
{
  "workspace" : {
    "name" : "spi-builder-workspace",
    "schemes" : [
      "Omnibar"
    ]
  }
}
2026-08-22 09:21:38.840 xcodebuild[673:4269] [MT] IDERunDestination: Supported platforms for the buildables in the current scheme is empty.
Running build ...
env DEVELOPER_DIR=/Applications/Xcode-26.3.0.app xcrun xcodebuild -IDEClonedSourcePackagesDirPathOverride=$PWD/.dependencies -skipMacroValidation -skipPackagePluginValidation -derivedDataPath $PWD/.derivedData build -scheme Omnibar -destination generic/platform=watchOS
Command line invocation:
    /Applications/Xcode-26.3.0.app/Contents/Developer/usr/bin/xcodebuild -IDEClonedSourcePackagesDirPathOverride=/Users/admin/builder/spi-builder-workspace/.dependencies -skipMacroValidation -skipPackagePluginValidation -derivedDataPath /Users/admin/builder/spi-builder-workspace/.derivedData build -scheme Omnibar -destination generic/platform=watchOS
Resolve Package Graph
Resolved source packages:
  Omnibar: /Users/admin/builder/spi-builder-workspace
ComputePackagePrebuildTargetDependencyGraph
Prepare packages
CreateBuildRequest
SendProjectDescription
CreateBuildOperation
ComputeTargetDependencyGraph
note: Building targets in dependency order
note: Target dependency graph (2 targets)
    Target 'Omnibar' in project 'Omnibar'
        ➜ Explicit dependency on target 'Omnibar' in project 'Omnibar'
    Target 'Omnibar' in project 'Omnibar' (no dependencies)
GatherProvisioningInputs
CreateBuildDescription
ExecuteExternalTool /Applications/Xcode-26.3.0.app/Contents/Developer/Toolchains/XcodeDefault.xctoolchain/usr/bin/clang -v -E -dM -isysroot /Applications/Xcode-26.3.0.app/Contents/Developer/Platforms/WatchOS.platform/Developer/SDKs/WatchOS26.2.sdk -x c -c /dev/null
ExecuteExternalTool /Applications/Xcode-26.3.0.app/Contents/Developer/Toolchains/XcodeDefault.xctoolchain/usr/bin/swiftc --version
ExecuteExternalTool /Applications/Xcode-26.3.0.app/Contents/Developer/Toolchains/XcodeDefault.xctoolchain/usr/bin/ld -version_details
Build description signature: ea9eff2b8141a93f330b7337c15f0b4d
Build description path: /Users/admin/builder/spi-builder-workspace/.derivedData/Build/Intermediates.noindex/XCBuildData/ea9eff2b8141a93f330b7337c15f0b4d.xcbuilddata
CreateBuildDirectory /Users/admin/builder/spi-builder-workspace/.derivedData/Build/Products
    cd /Users/admin/builder/spi-builder-workspace/.swiftpm/xcode
    builtin-create-build-directory /Users/admin/builder/spi-builder-workspace/.derivedData/Build/Products
CreateBuildDirectory /Users/admin/builder/spi-builder-workspace/.derivedData/Build/Intermediates.noindex
    cd /Users/admin/builder/spi-builder-workspace/.swiftpm/xcode
    builtin-create-build-directory /Users/admin/builder/spi-builder-workspace/.derivedData/Build/Intermediates.noindex
ClangStatCache /Applications/Xcode-26.3.0.app/Contents/Developer/Toolchains/XcodeDefault.xctoolchain/usr/bin/clang-stat-cache /Applications/Xcode-26.3.0.app/Contents/Developer/Platforms/WatchOS.platform/Developer/SDKs/WatchOS26.2.sdk /Users/admin/builder/spi-builder-workspace/.derivedData/SDKStatCaches.noindex/watchos26.2-23S303-dc75598d0054f22ec865fa860f139d721753b489057de6bda919edfa1c59a62b.sdkstatcache
    cd /Users/admin/builder/spi-builder-workspace/.swiftpm/xcode
    /Applications/Xcode-26.3.0.app/Contents/Developer/Toolchains/XcodeDefault.xctoolchain/usr/bin/clang-stat-cache /Applications/Xcode-26.3.0.app/Contents/Developer/Platforms/WatchOS.platform/Developer/SDKs/WatchOS26.2.sdk -o /Users/admin/builder/spi-builder-workspace/.derivedData/SDKStatCaches.noindex/watchos26.2-23S303-dc75598d0054f22ec865fa860f139d721753b489057de6bda919edfa1c59a62b.sdkstatcache
CreateBuildDirectory /Users/admin/builder/spi-builder-workspace/.derivedData/Build/Intermediates.noindex/SwiftExplicitPrecompiledModules
    cd /Users/admin/builder/spi-builder-workspace/.swiftpm/xcode
    builtin-create-build-directory /Users/admin/builder/spi-builder-workspace/.derivedData/Build/Intermediates.noindex/SwiftExplicitPrecompiledModules
CreateBuildDirectory /Users/admin/builder/spi-builder-workspace/.derivedData/Build/Products/Debug-watchos
    cd /Users/admin/builder/spi-builder-workspace/.swiftpm/xcode
    builtin-create-build-directory /Users/admin/builder/spi-builder-workspace/.derivedData/Build/Products/Debug-watchos
CreateBuildDirectory /Users/admin/builder/spi-builder-workspace/.derivedData/Build/Intermediates.noindex/ExplicitPrecompiledModules
    cd /Users/admin/builder/spi-builder-workspace/.swiftpm/xcode
    builtin-create-build-directory /Users/admin/builder/spi-builder-workspace/.derivedData/Build/Intermediates.noindex/ExplicitPrecompiledModules
CreateBuildDirectory /Users/admin/builder/spi-builder-workspace/.derivedData/Build/Intermediates.noindex/EagerLinkingTBDs/Debug-watchos
    cd /Users/admin/builder/spi-builder-workspace/.swiftpm/xcode
    builtin-create-build-directory /Users/admin/builder/spi-builder-workspace/.derivedData/Build/Intermediates.noindex/EagerLinkingTBDs/Debug-watchos
CreateBuildDirectory /Users/admin/builder/spi-builder-workspace/.derivedData/Build/Products/Debug-watchos/PackageFrameworks
    cd /Users/admin/builder/spi-builder-workspace/.swiftpm/xcode
    builtin-create-build-directory /Users/admin/builder/spi-builder-workspace/.derivedData/Build/Products/Debug-watchos/PackageFrameworks
WriteAuxiliaryFile /Users/admin/builder/spi-builder-workspace/.derivedData/Build/Intermediates.noindex/Omnibar.build/Debug-watchos/Omnibar.build/Omnibar.DependencyMetadataFileList (in target 'Omnibar' from project 'Omnibar')
    cd /Users/admin/builder/spi-builder-workspace
    write-file /Users/admin/builder/spi-builder-workspace/.derivedData/Build/Intermediates.noindex/Omnibar.build/Debug-watchos/Omnibar.build/Omnibar.DependencyMetadataFileList
WriteAuxiliaryFile /Users/admin/builder/spi-builder-workspace/.derivedData/Build/Intermediates.noindex/Omnibar.build/Debug-watchos/Omnibar.build/Omnibar.DependencyStaticMetadataFileList (in target 'Omnibar' from project 'Omnibar')
    cd /Users/admin/builder/spi-builder-workspace
    write-file /Users/admin/builder/spi-builder-workspace/.derivedData/Build/Intermediates.noindex/Omnibar.build/Debug-watchos/Omnibar.build/Omnibar.DependencyStaticMetadataFileList
WriteAuxiliaryFile /Users/admin/builder/spi-builder-workspace/.derivedData/Build/Intermediates.noindex/Omnibar.build/Debug-watchos/Omnibar.build/Omnibar.modulemap (in target 'Omnibar' from project 'Omnibar')
    cd /Users/admin/builder/spi-builder-workspace
    write-file /Users/admin/builder/spi-builder-workspace/.derivedData/Build/Intermediates.noindex/Omnibar.build/Debug-watchos/Omnibar.build/Omnibar.modulemap
WriteAuxiliaryFile /Users/admin/builder/spi-builder-workspace/.derivedData/Build/Intermediates.noindex/Omnibar.build/Debug-watchos/Omnibar.build/Objects-normal/armv7k/Omnibar.LinkFileList (in target 'Omnibar' from project 'Omnibar')
    cd /Users/admin/builder/spi-builder-workspace
    write-file /Users/admin/builder/spi-builder-workspace/.derivedData/Build/Intermediates.noindex/Omnibar.build/Debug-watchos/Omnibar.build/Objects-normal/armv7k/Omnibar.LinkFileList
WriteAuxiliaryFile /Users/admin/builder/spi-builder-workspace/.derivedData/Build/Intermediates.noindex/Omnibar.build/Debug-watchos/Omnibar.build/Objects-normal/armv7k/Omnibar-OutputFileMap.json (in target 'Omnibar' from project 'Omnibar')
    cd /Users/admin/builder/spi-builder-workspace
    write-file /Users/admin/builder/spi-builder-workspace/.derivedData/Build/Intermediates.noindex/Omnibar.build/Debug-watchos/Omnibar.build/Objects-normal/armv7k/Omnibar-OutputFileMap.json
WriteAuxiliaryFile /Users/admin/builder/spi-builder-workspace/.derivedData/Build/Intermediates.noindex/Omnibar.build/Debug-watchos/Omnibar.build/Objects-normal/armv7k/Omnibar_const_extract_protocols.json (in target 'Omnibar' from project 'Omnibar')
    cd /Users/admin/builder/spi-builder-workspace
    write-file /Users/admin/builder/spi-builder-workspace/.derivedData/Build/Intermediates.noindex/Omnibar.build/Debug-watchos/Omnibar.build/Objects-normal/armv7k/Omnibar_const_extract_protocols.json
WriteAuxiliaryFile /Users/admin/builder/spi-builder-workspace/.derivedData/Build/Intermediates.noindex/Omnibar.build/Debug-watchos/Omnibar.build/Objects-normal/armv7k/Omnibar.SwiftFileList (in target 'Omnibar' from project 'Omnibar')
    cd /Users/admin/builder/spi-builder-workspace
    write-file /Users/admin/builder/spi-builder-workspace/.derivedData/Build/Intermediates.noindex/Omnibar.build/Debug-watchos/Omnibar.build/Objects-normal/armv7k/Omnibar.SwiftFileList
WriteAuxiliaryFile /Users/admin/builder/spi-builder-workspace/.derivedData/Build/Intermediates.noindex/Omnibar.build/Debug-watchos/Omnibar.build/Objects-normal/arm64_32/Omnibar_const_extract_protocols.json (in target 'Omnibar' from project 'Omnibar')
    cd /Users/admin/builder/spi-builder-workspace
    write-file /Users/admin/builder/spi-builder-workspace/.derivedData/Build/Intermediates.noindex/Omnibar.build/Debug-watchos/Omnibar.build/Objects-normal/arm64_32/Omnibar_const_extract_protocols.json
WriteAuxiliaryFile /Users/admin/builder/spi-builder-workspace/.derivedData/Build/Intermediates.noindex/Omnibar.build/Debug-watchos/Omnibar.build/Objects-normal/arm64_32/Omnibar.LinkFileList (in target 'Omnibar' from project 'Omnibar')
    cd /Users/admin/builder/spi-builder-workspace
    write-file /Users/admin/builder/spi-builder-workspace/.derivedData/Build/Intermediates.noindex/Omnibar.build/Debug-watchos/Omnibar.build/Objects-normal/arm64_32/Omnibar.LinkFileList
WriteAuxiliaryFile /Users/admin/builder/spi-builder-workspace/.derivedData/Build/Intermediates.noindex/Omnibar.build/Debug-watchos/Omnibar.build/Objects-normal/armv7k/Omnibar.SwiftConstValuesFileList (in target 'Omnibar' from project 'Omnibar')
    cd /Users/admin/builder/spi-builder-workspace
    write-file /Users/admin/builder/spi-builder-workspace/.derivedData/Build/Intermediates.noindex/Omnibar.build/Debug-watchos/Omnibar.build/Objects-normal/armv7k/Omnibar.SwiftConstValuesFileList
WriteAuxiliaryFile /Users/admin/builder/spi-builder-workspace/.derivedData/Build/Intermediates.noindex/Omnibar.build/Debug-watchos/Omnibar.build/Objects-normal/arm64_32/Omnibar.SwiftFileList (in target 'Omnibar' from project 'Omnibar')
    cd /Users/admin/builder/spi-builder-workspace
    write-file /Users/admin/builder/spi-builder-workspace/.derivedData/Build/Intermediates.noindex/Omnibar.build/Debug-watchos/Omnibar.build/Objects-normal/arm64_32/Omnibar.SwiftFileList
WriteAuxiliaryFile /Users/admin/builder/spi-builder-workspace/.derivedData/Build/Intermediates.noindex/Omnibar.build/Debug-watchos/Omnibar.build/Objects-normal/arm64_32/Omnibar-OutputFileMap.json (in target 'Omnibar' from project 'Omnibar')
    cd /Users/admin/builder/spi-builder-workspace
    write-file /Users/admin/builder/spi-builder-workspace/.derivedData/Build/Intermediates.noindex/Omnibar.build/Debug-watchos/Omnibar.build/Objects-normal/arm64_32/Omnibar-OutputFileMap.json
WriteAuxiliaryFile /Users/admin/builder/spi-builder-workspace/.derivedData/Build/Intermediates.noindex/Omnibar.build/Debug-watchos/Omnibar.build/Objects-normal/arm64_32/Omnibar.SwiftConstValuesFileList (in target 'Omnibar' from project 'Omnibar')
    cd /Users/admin/builder/spi-builder-workspace
    write-file /Users/admin/builder/spi-builder-workspace/.derivedData/Build/Intermediates.noindex/Omnibar.build/Debug-watchos/Omnibar.build/Objects-normal/arm64_32/Omnibar.SwiftConstValuesFileList
WriteAuxiliaryFile /Users/admin/builder/spi-builder-workspace/.derivedData/Build/Intermediates.noindex/Omnibar.build/Debug-watchos/Omnibar.build/Objects-normal/arm64/Omnibar_const_extract_protocols.json (in target 'Omnibar' from project 'Omnibar')
    cd /Users/admin/builder/spi-builder-workspace
    write-file /Users/admin/builder/spi-builder-workspace/.derivedData/Build/Intermediates.noindex/Omnibar.build/Debug-watchos/Omnibar.build/Objects-normal/arm64/Omnibar_const_extract_protocols.json
WriteAuxiliaryFile /Users/admin/builder/spi-builder-workspace/.derivedData/Build/Intermediates.noindex/Omnibar.build/Debug-watchos/Omnibar.build/Objects-normal/arm64/Omnibar.SwiftFileList (in target 'Omnibar' from project 'Omnibar')
    cd /Users/admin/builder/spi-builder-workspace
    write-file /Users/admin/builder/spi-builder-workspace/.derivedData/Build/Intermediates.noindex/Omnibar.build/Debug-watchos/Omnibar.build/Objects-normal/arm64/Omnibar.SwiftFileList
WriteAuxiliaryFile /Users/admin/builder/spi-builder-workspace/.derivedData/Build/Intermediates.noindex/Omnibar.build/Debug-watchos/Omnibar.build/Objects-normal/arm64/Omnibar.SwiftConstValuesFileList (in target 'Omnibar' from project 'Omnibar')
    cd /Users/admin/builder/spi-builder-workspace
    write-file /Users/admin/builder/spi-builder-workspace/.derivedData/Build/Intermediates.noindex/Omnibar.build/Debug-watchos/Omnibar.build/Objects-normal/arm64/Omnibar.SwiftConstValuesFileList
WriteAuxiliaryFile /Users/admin/builder/spi-builder-workspace/.derivedData/Build/Intermediates.noindex/Omnibar.build/Debug-watchos/Omnibar.build/Objects-normal/arm64/Omnibar.LinkFileList (in target 'Omnibar' from project 'Omnibar')
    cd /Users/admin/builder/spi-builder-workspace
    write-file /Users/admin/builder/spi-builder-workspace/.derivedData/Build/Intermediates.noindex/Omnibar.build/Debug-watchos/Omnibar.build/Objects-normal/arm64/Omnibar.LinkFileList
WriteAuxiliaryFile /Users/admin/builder/spi-builder-workspace/.derivedData/Build/Intermediates.noindex/Omnibar.build/Debug-watchos/Omnibar.build/Objects-normal/arm64/Omnibar-OutputFileMap.json (in target 'Omnibar' from project 'Omnibar')
    cd /Users/admin/builder/spi-builder-workspace
    write-file /Users/admin/builder/spi-builder-workspace/.derivedData/Build/Intermediates.noindex/Omnibar.build/Debug-watchos/Omnibar.build/Objects-normal/arm64/Omnibar-OutputFileMap.json
Copy /Users/admin/builder/spi-builder-workspace/.derivedData/Build/Intermediates.noindex/GeneratedModuleMaps-watchos/Omnibar.modulemap /Users/admin/builder/spi-builder-workspace/.derivedData/Build/Intermediates.noindex/Omnibar.build/Debug-watchos/Omnibar.build/Omnibar.modulemap (in target 'Omnibar' from project 'Omnibar')
    cd /Users/admin/builder/spi-builder-workspace
    builtin-copy -exclude .DS_Store -exclude CVS -exclude .svn -exclude .git -exclude .hg -resolve-src-symlinks /Users/admin/builder/spi-builder-workspace/.derivedData/Build/Intermediates.noindex/Omnibar.build/Debug-watchos/Omnibar.build/Omnibar.modulemap /Users/admin/builder/spi-builder-workspace/.derivedData/Build/Intermediates.noindex/GeneratedModuleMaps-watchos
SwiftDriver Omnibar normal arm64_32 com.apple.xcode.tools.swift.compiler (in target 'Omnibar' from project 'Omnibar')
    cd /Users/admin/builder/spi-builder-workspace/.swiftpm/xcode
    builtin-SwiftDriver -- /Applications/Xcode-26.3.0.app/Contents/Developer/Toolchains/XcodeDefault.xctoolchain/usr/bin/swiftc -module-name Omnibar -Onone -enforce-exclusivity\=checked @/Users/admin/builder/spi-builder-workspace/.derivedData/Build/Intermediates.noindex/Omnibar.build/Debug-watchos/Omnibar.build/Objects-normal/arm64_32/Omnibar.SwiftFileList -DSWIFT_PACKAGE -DDEBUG -DSWIFT_MODULE_RESOURCE_BUNDLE_UNAVAILABLE -DXcode -plugin-path /Applications/Xcode-26.3.0.app/Contents/Developer/Toolchains/XcodeDefault.xctoolchain/usr/lib/swift/host/plugins/testing -enable-experimental-feature DebugDescriptionMacro -sdk /Applications/Xcode-26.3.0.app/Contents/Developer/Platforms/WatchOS.platform/Developer/SDKs/WatchOS26.2.sdk -target arm64_32-apple-watchos5.0 -g -module-cache-path /Users/admin/builder/spi-builder-workspace/.derivedData/ModuleCache.noindex -Xfrontend -serialize-debugging-options -profile-coverage-mapping -profile-generate -enable-testing -index-store-path /Users/admin/builder/spi-builder-workspace/.derivedData/Index.noindex/DataStore -Xcc -D_LIBCPP_HARDENING_MODE\=_LIBCPP_HARDENING_MODE_DEBUG -swift-version 6 -I /Users/admin/builder/spi-builder-workspace/.derivedData/Build/Products/Debug-watchos -Isystem /Applications/Xcode-26.3.0.app/Contents/Developer/Platforms/WatchOS.platform/Developer/usr/lib -F /Users/admin/builder/spi-builder-workspace/.derivedData/Build/Products/Debug-watchos -F /Applications/Xcode-26.3.0.app/Contents/Developer/Platforms/WatchOS.platform/Developer/Library/Frameworks -F /Applications/Xcode-26.3.0.app/Contents/Developer/Platforms/WatchOS.platform/Developer/SDKs/WatchOS26.2.sdk/Developer/Library/Frameworks -c -j10 -enable-batch-mode -incremental -Xcc -ivfsstatcache -Xcc /Users/admin/builder/spi-builder-workspace/.derivedData/SDKStatCaches.noindex/watchos26.2-23S303-dc75598d0054f22ec865fa860f139d721753b489057de6bda919edfa1c59a62b.sdkstatcache -output-file-map /Users/admin/builder/spi-builder-workspace/.derivedData/Build/Intermediates.noindex/Omnibar.build/Debug-watchos/Omnibar.build/Objects-normal/arm64_32/Omnibar-OutputFileMap.json -use-frontend-parseable-output -save-temps -no-color-diagnostics -explicit-module-build -module-cache-path /Users/admin/builder/spi-builder-workspace/.derivedData/Build/Intermediates.noindex/SwiftExplicitPrecompiledModules -clang-scanner-module-cache-path /Users/admin/builder/spi-builder-workspace/.derivedData/ModuleCache.noindex -sdk-module-cache-path /Users/admin/builder/spi-builder-workspace/.derivedData/ModuleCache.noindex -serialize-diagnostics -emit-dependencies -emit-module -emit-module-path /Users/admin/builder/spi-builder-workspace/.derivedData/Build/Intermediates.noindex/Omnibar.build/Debug-watchos/Omnibar.build/Objects-normal/arm64_32/Omnibar.swiftmodule -validate-clang-modules-once -clang-build-session-file /Users/admin/builder/spi-builder-workspace/.derivedData/ModuleCache.noindex/Session.modulevalidation -package-name spi_builder_workspace -Xcc -I/Users/admin/builder/spi-builder-workspace/.derivedData/Build/Intermediates.noindex/Omnibar.build/Debug-watchos/Omnibar.build/swift-overrides.hmap -emit-const-values -Xfrontend -const-gather-protocols-file -Xfrontend /Users/admin/builder/spi-builder-workspace/.derivedData/Build/Intermediates.noindex/Omnibar.build/Debug-watchos/Omnibar.build/Objects-normal/arm64_32/Omnibar_const_extract_protocols.json -Xcc -I/Users/admin/builder/spi-builder-workspace/.derivedData/Build/Products/Debug-watchos/include -Xcc -I/Users/admin/builder/spi-builder-workspace/.derivedData/Build/Intermediates.noindex/Omnibar.build/Debug-watchos/Omnibar.build/DerivedSources-normal/arm64_32 -Xcc -I/Users/admin/builder/spi-builder-workspace/.derivedData/Build/Intermediates.noindex/Omnibar.build/Debug-watchos/Omnibar.build/DerivedSources/arm64_32 -Xcc -I/Users/admin/builder/spi-builder-workspace/.derivedData/Build/Intermediates.noindex/Omnibar.build/Debug-watchos/Omnibar.build/DerivedSources -Xcc -DSWIFT_PACKAGE -Xcc -DDEBUG\=1 -emit-objc-header -emit-objc-header-path /Users/admin/builder/spi-builder-workspace/.derivedData/Build/Intermediates.noindex/Omnibar.build/Debug-watchos/Omnibar.build/Objects-normal/arm64_32/Omnibar-Swift.h -working-directory /Users/admin/builder/spi-builder-workspace/.swiftpm/xcode -experimental-emit-module-separately -disable-cmo
/Users/admin/builder/spi-builder-workspace/Sources/Omnibar/NSControl+TextReplaceable.swift:3:8: error: Unable to find module dependency: 'AppKit'
import AppKit
       ^ (in target 'Omnibar' from project 'Omnibar')
/Users/admin/builder/spi-builder-workspace/Sources/Omnibar/NSControl+TextReplaceable.swift:3:8: note: A dependency of main module 'Omnibar'
import AppKit
       ^ (in target 'Omnibar' from project 'Omnibar')
/Users/admin/builder/spi-builder-workspace/Sources/Omnibar/Omnibar.swift:3:8: note: Also imported here
import AppKit
       ^ (in target 'Omnibar' from project 'Omnibar')
/Users/admin/builder/spi-builder-workspace/Sources/Omnibar/OmnibarTextFieldCell.swift:3:8: note: Also imported here
import AppKit
       ^ (in target 'Omnibar' from project 'Omnibar')
SwiftDriver Omnibar normal arm64 com.apple.xcode.tools.swift.compiler (in target 'Omnibar' from project 'Omnibar')
    cd /Users/admin/builder/spi-builder-workspace/.swiftpm/xcode
    builtin-SwiftDriver -- /Applications/Xcode-26.3.0.app/Contents/Developer/Toolchains/XcodeDefault.xctoolchain/usr/bin/swiftc -module-name Omnibar -Onone -enforce-exclusivity\=checked @/Users/admin/builder/spi-builder-workspace/.derivedData/Build/Intermediates.noindex/Omnibar.build/Debug-watchos/Omnibar.build/Objects-normal/arm64/Omnibar.SwiftFileList -DSWIFT_PACKAGE -DDEBUG -DSWIFT_MODULE_RESOURCE_BUNDLE_UNAVAILABLE -DXcode -plugin-path /Applications/Xcode-26.3.0.app/Contents/Developer/Toolchains/XcodeDefault.xctoolchain/usr/lib/swift/host/plugins/testing -enable-experimental-feature DebugDescriptionMacro -sdk /Applications/Xcode-26.3.0.app/Contents/Developer/Platforms/WatchOS.platform/Developer/SDKs/WatchOS26.2.sdk -target arm64-apple-watchos5.0 -g -module-cache-path /Users/admin/builder/spi-builder-workspace/.derivedData/ModuleCache.noindex -Xfrontend -serialize-debugging-options -profile-coverage-mapping -profile-generate -enable-testing -index-store-path /Users/admin/builder/spi-builder-workspace/.derivedData/Index.noindex/DataStore -Xcc -D_LIBCPP_HARDENING_MODE\=_LIBCPP_HARDENING_MODE_DEBUG -swift-version 6 -I /Users/admin/builder/spi-builder-workspace/.derivedData/Build/Products/Debug-watchos -Isystem /Applications/Xcode-26.3.0.app/Contents/Developer/Platforms/WatchOS.platform/Developer/usr/lib -F /Users/admin/builder/spi-builder-workspace/.derivedData/Build/Products/Debug-watchos -F /Applications/Xcode-26.3.0.app/Contents/Developer/Platforms/WatchOS.platform/Developer/Library/Frameworks -F /Applications/Xcode-26.3.0.app/Contents/Developer/Platforms/WatchOS.platform/Developer/SDKs/WatchOS26.2.sdk/Developer/Library/Frameworks -c -j10 -enable-batch-mode -incremental -Xcc -ivfsstatcache -Xcc /Users/admin/builder/spi-builder-workspace/.derivedData/SDKStatCaches.noindex/watchos26.2-23S303-dc75598d0054f22ec865fa860f139d721753b489057de6bda919edfa1c59a62b.sdkstatcache -output-file-map /Users/admin/builder/spi-builder-workspace/.derivedData/Build/Intermediates.noindex/Omnibar.build/Debug-watchos/Omnibar.build/Objects-normal/arm64/Omnibar-OutputFileMap.json -use-frontend-parseable-output -save-temps -no-color-diagnostics -explicit-module-build -module-cache-path /Users/admin/builder/spi-builder-workspace/.derivedData/Build/Intermediates.noindex/SwiftExplicitPrecompiledModules -clang-scanner-module-cache-path /Users/admin/builder/spi-builder-workspace/.derivedData/ModuleCache.noindex -sdk-module-cache-path /Users/admin/builder/spi-builder-workspace/.derivedData/ModuleCache.noindex -serialize-diagnostics -emit-dependencies -emit-module -emit-module-path /Users/admin/builder/spi-builder-workspace/.derivedData/Build/Intermediates.noindex/Omnibar.build/Debug-watchos/Omnibar.build/Objects-normal/arm64/Omnibar.swiftmodule -validate-clang-modules-once -clang-build-session-file /Users/admin/builder/spi-builder-workspace/.derivedData/ModuleCache.noindex/Session.modulevalidation -package-name spi_builder_workspace -Xcc -I/Users/admin/builder/spi-builder-workspace/.derivedData/Build/Intermediates.noindex/Omnibar.build/Debug-watchos/Omnibar.build/swift-overrides.hmap -emit-const-values -Xfrontend -const-gather-protocols-file -Xfrontend /Users/admin/builder/spi-builder-workspace/.derivedData/Build/Intermediates.noindex/Omnibar.build/Debug-watchos/Omnibar.build/Objects-normal/arm64/Omnibar_const_extract_protocols.json -Xcc -I/Users/admin/builder/spi-builder-workspace/.derivedData/Build/Products/Debug-watchos/include -Xcc -I/Users/admin/builder/spi-builder-workspace/.derivedData/Build/Intermediates.noindex/Omnibar.build/Debug-watchos/Omnibar.build/DerivedSources-normal/arm64 -Xcc -I/Users/admin/builder/spi-builder-workspace/.derivedData/Build/Intermediates.noindex/Omnibar.build/Debug-watchos/Omnibar.build/DerivedSources/arm64 -Xcc -I/Users/admin/builder/spi-builder-workspace/.derivedData/Build/Intermediates.noindex/Omnibar.build/Debug-watchos/Omnibar.build/DerivedSources -Xcc -DSWIFT_PACKAGE -Xcc -DDEBUG\=1 -emit-objc-header -emit-objc-header-path /Users/admin/builder/spi-builder-workspace/.derivedData/Build/Intermediates.noindex/Omnibar.build/Debug-watchos/Omnibar.build/Objects-normal/arm64/Omnibar-Swift.h -working-directory /Users/admin/builder/spi-builder-workspace/.swiftpm/xcode -experimental-emit-module-separately -disable-cmo
/Users/admin/builder/spi-builder-workspace/Sources/Omnibar/NSControl+TextReplaceable.swift:3:8: error: Unable to find module dependency: 'AppKit'
import AppKit
       ^ (in target 'Omnibar' from project 'Omnibar')
/Users/admin/builder/spi-builder-workspace/Sources/Omnibar/NSControl+TextReplaceable.swift:3:8: note: A dependency of main module 'Omnibar'
import AppKit
       ^ (in target 'Omnibar' from project 'Omnibar')
/Users/admin/builder/spi-builder-workspace/Sources/Omnibar/Omnibar.swift:3:8: note: Also imported here
import AppKit
       ^ (in target 'Omnibar' from project 'Omnibar')
/Users/admin/builder/spi-builder-workspace/Sources/Omnibar/OmnibarTextFieldCell.swift:3:8: note: Also imported here
import AppKit
       ^ (in target 'Omnibar' from project 'Omnibar')
SwiftDriver Omnibar normal armv7k com.apple.xcode.tools.swift.compiler (in target 'Omnibar' from project 'Omnibar')
    cd /Users/admin/builder/spi-builder-workspace/.swiftpm/xcode
    builtin-SwiftDriver -- /Applications/Xcode-26.3.0.app/Contents/Developer/Toolchains/XcodeDefault.xctoolchain/usr/bin/swiftc -module-name Omnibar -Onone -enforce-exclusivity\=checked @/Users/admin/builder/spi-builder-workspace/.derivedData/Build/Intermediates.noindex/Omnibar.build/Debug-watchos/Omnibar.build/Objects-normal/armv7k/Omnibar.SwiftFileList -DSWIFT_PACKAGE -DDEBUG -DSWIFT_MODULE_RESOURCE_BUNDLE_UNAVAILABLE -DXcode -plugin-path /Applications/Xcode-26.3.0.app/Contents/Developer/Toolchains/XcodeDefault.xctoolchain/usr/lib/swift/host/plugins/testing -enable-experimental-feature DebugDescriptionMacro -sdk /Applications/Xcode-26.3.0.app/Contents/Developer/Platforms/WatchOS.platform/Developer/SDKs/WatchOS26.2.sdk -target armv7k-apple-watchos5.0 -g -module-cache-path /Users/admin/builder/spi-builder-workspace/.derivedData/ModuleCache.noindex -Xfrontend -serialize-debugging-options -profile-coverage-mapping -profile-generate -enable-testing -index-store-path /Users/admin/builder/spi-builder-workspace/.derivedData/Index.noindex/DataStore -Xcc -D_LIBCPP_HARDENING_MODE\=_LIBCPP_HARDENING_MODE_DEBUG -swift-version 6 -I /Users/admin/builder/spi-builder-workspace/.derivedData/Build/Products/Debug-watchos -Isystem /Applications/Xcode-26.3.0.app/Contents/Developer/Platforms/WatchOS.platform/Developer/usr/lib -F /Users/admin/builder/spi-builder-workspace/.derivedData/Build/Products/Debug-watchos -F /Applications/Xcode-26.3.0.app/Contents/Developer/Platforms/WatchOS.platform/Developer/Library/Frameworks -F /Applications/Xcode-26.3.0.app/Contents/Developer/Platforms/WatchOS.platform/Developer/SDKs/WatchOS26.2.sdk/Developer/Library/Frameworks -c -j10 -enable-batch-mode -incremental -Xcc -ivfsstatcache -Xcc /Users/admin/builder/spi-builder-workspace/.derivedData/SDKStatCaches.noindex/watchos26.2-23S303-dc75598d0054f22ec865fa860f139d721753b489057de6bda919edfa1c59a62b.sdkstatcache -output-file-map /Users/admin/builder/spi-builder-workspace/.derivedData/Build/Intermediates.noindex/Omnibar.build/Debug-watchos/Omnibar.build/Objects-normal/armv7k/Omnibar-OutputFileMap.json -use-frontend-parseable-output -save-temps -no-color-diagnostics -explicit-module-build -module-cache-path /Users/admin/builder/spi-builder-workspace/.derivedData/Build/Intermediates.noindex/SwiftExplicitPrecompiledModules -clang-scanner-module-cache-path /Users/admin/builder/spi-builder-workspace/.derivedData/ModuleCache.noindex -sdk-module-cache-path /Users/admin/builder/spi-builder-workspace/.derivedData/ModuleCache.noindex -serialize-diagnostics -emit-dependencies -emit-module -emit-module-path /Users/admin/builder/spi-builder-workspace/.derivedData/Build/Intermediates.noindex/Omnibar.build/Debug-watchos/Omnibar.build/Objects-normal/armv7k/Omnibar.swiftmodule -validate-clang-modules-once -clang-build-session-file /Users/admin/builder/spi-builder-workspace/.derivedData/ModuleCache.noindex/Session.modulevalidation -package-name spi_builder_workspace -Xcc -I/Users/admin/builder/spi-builder-workspace/.derivedData/Build/Intermediates.noindex/Omnibar.build/Debug-watchos/Omnibar.build/swift-overrides.hmap -emit-const-values -Xfrontend -const-gather-protocols-file -Xfrontend /Users/admin/builder/spi-builder-workspace/.derivedData/Build/Intermediates.noindex/Omnibar.build/Debug-watchos/Omnibar.build/Objects-normal/armv7k/Omnibar_const_extract_protocols.json -Xcc -I/Users/admin/builder/spi-builder-workspace/.derivedData/Build/Products/Debug-watchos/include -Xcc -I/Users/admin/builder/spi-builder-workspace/.derivedData/Build/Intermediates.noindex/Omnibar.build/Debug-watchos/Omnibar.build/DerivedSources-normal/armv7k -Xcc -I/Users/admin/builder/spi-builder-workspace/.derivedData/Build/Intermediates.noindex/Omnibar.build/Debug-watchos/Omnibar.build/DerivedSources/armv7k -Xcc -I/Users/admin/builder/spi-builder-workspace/.derivedData/Build/Intermediates.noindex/Omnibar.build/Debug-watchos/Omnibar.build/DerivedSources -Xcc -DSWIFT_PACKAGE -Xcc -DDEBUG\=1 -emit-objc-header -emit-objc-header-path /Users/admin/builder/spi-builder-workspace/.derivedData/Build/Intermediates.noindex/Omnibar.build/Debug-watchos/Omnibar.build/Objects-normal/armv7k/Omnibar-Swift.h -working-directory /Users/admin/builder/spi-builder-workspace/.swiftpm/xcode -experimental-emit-module-separately -disable-cmo
/Users/admin/builder/spi-builder-workspace/Sources/Omnibar/NSControl+TextReplaceable.swift:3:8: error: Unable to find module dependency: 'AppKit'
import AppKit
       ^ (in target 'Omnibar' from project 'Omnibar')
/Users/admin/builder/spi-builder-workspace/Sources/Omnibar/NSControl+TextReplaceable.swift:3:8: note: A dependency of main module 'Omnibar'
import AppKit
       ^ (in target 'Omnibar' from project 'Omnibar')
/Users/admin/builder/spi-builder-workspace/Sources/Omnibar/Omnibar.swift:3:8: note: Also imported here
import AppKit
       ^ (in target 'Omnibar' from project 'Omnibar')
/Users/admin/builder/spi-builder-workspace/Sources/Omnibar/OmnibarTextFieldCell.swift:3:8: note: Also imported here
import AppKit
       ^ (in target 'Omnibar' from project 'Omnibar')
2026-08-22 09:21:40.237 xcodebuild[675:4305] [MT] IDERunDestination: Supported platforms for the buildables in the current scheme is empty.
/Users/admin/builder/spi-builder-workspace/Sources/Omnibar/NSControl+TextReplaceable.swift:3:8: error: Unable to find module dependency: 'AppKit'
import AppKit
       ^
/Users/admin/builder/spi-builder-workspace/Sources/Omnibar/NSControl+TextReplaceable.swift:3:8: note: a dependency of main module 'Omnibar'
import AppKit
       ^
/Users/admin/builder/spi-builder-workspace/Sources/Omnibar/Omnibar.swift:3:8: note: also imported here
import AppKit
       ^
/Users/admin/builder/spi-builder-workspace/Sources/Omnibar/OmnibarTextFieldCell.swift:3:8: note: also imported here
import AppKit
       ^
/Users/admin/builder/spi-builder-workspace/Sources/Omnibar/NSControl+TextReplaceable.swift:3:8: error: Unable to find module dependency: 'AppKit'
import AppKit
       ^
/Users/admin/builder/spi-builder-workspace/Sources/Omnibar/NSControl+TextReplaceable.swift:3:8: note: a dependency of main module 'Omnibar'
import AppKit
       ^
/Users/admin/builder/spi-builder-workspace/Sources/Omnibar/Omnibar.swift:3:8: note: also imported here
import AppKit
       ^
/Users/admin/builder/spi-builder-workspace/Sources/Omnibar/OmnibarTextFieldCell.swift:3:8: note: also imported here
import AppKit
       ^
/Users/admin/builder/spi-builder-workspace/Sources/Omnibar/NSControl+TextReplaceable.swift:3:8: error: Unable to find module dependency: 'AppKit'
import AppKit
       ^
/Users/admin/builder/spi-builder-workspace/Sources/Omnibar/NSControl+TextReplaceable.swift:3:8: note: a dependency of main module 'Omnibar'
import AppKit
       ^
/Users/admin/builder/spi-builder-workspace/Sources/Omnibar/Omnibar.swift:3:8: note: also imported here
import AppKit
       ^
/Users/admin/builder/spi-builder-workspace/Sources/Omnibar/OmnibarTextFieldCell.swift:3:8: note: also imported here
import AppKit
       ^
** BUILD FAILED **
The following build commands failed:
	SwiftDriver Omnibar normal arm64_32 com.apple.xcode.tools.swift.compiler (in target 'Omnibar' from project 'Omnibar')
	SwiftDriver Omnibar normal arm64 com.apple.xcode.tools.swift.compiler (in target 'Omnibar' from project 'Omnibar')
	SwiftDriver Omnibar normal armv7k com.apple.xcode.tools.swift.compiler (in target 'Omnibar' from project 'Omnibar')
	Building workspace spi-builder-workspace with scheme Omnibar
(4 failures)
Command line invocation:
    /Applications/Xcode-26.3.0.app/Contents/Developer/usr/bin/xcodebuild -IDEClonedSourcePackagesDirPathOverride=/Users/admin/builder/spi-builder-workspace/.dependencies -resolvePackageDependencies
Resolve Package Graph
Resolved source packages:
  Omnibar: /Users/admin/builder/spi-builder-workspace
resolved source packages: Omnibar
2026-08-22 09:21:44.235 xcodebuild[691:4528] [MT] IDERunDestination: Supported platforms for the buildables in the current scheme is empty.
{
  "dependencies" : [
  ],
  "manifest_display_name" : "Omnibar",
  "name" : "Omnibar",
  "path" : "/Users/admin/builder/spi-builder-workspace",
  "platforms" : [
    {
      "name" : "macos",
      "version" : "15.0"
    }
  ],
  "products" : [
    {
      "name" : "Omnibar",
      "targets" : [
        "Omnibar"
      ],
      "type" : {
        "library" : [
          "automatic"
        ]
      }
    }
  ],
  "targets" : [
    {
      "c99name" : "OmnibarTests",
      "module_type" : "SwiftTarget",
      "name" : "OmnibarTests",
      "path" : "Tests/OmnibarTests",
      "sources" : [
        "ChangeMethodTests.swift",
        "OmnibarContentChangeTests.swift",
        "OmnibarContentTests.swift",
        "OmnibarEventsStreamTests.swift",
        "OmnibarObservationTests.swift",
        "OmnibarTests.swift",
        "TextFieldTextChangeTests.swift",
        "TextReplacementTests.swift"
      ],
      "target_dependencies" : [
        "Omnibar"
      ],
      "type" : "test"
    },
    {
      "c99name" : "Omnibar",
      "module_type" : "SwiftTarget",
      "name" : "Omnibar",
      "path" : "Sources/Omnibar",
      "product_memberships" : [
        "Omnibar"
      ],
      "sources" : [
        "ChangeMethod.swift",
        "MovementEvent.swift",
        "NSControl+TextReplaceable.swift",
        "Omnibar+Observation.swift",
        "Omnibar.swift",
        "OmnibarContent.swift",
        "OmnibarContentChange.swift",
        "OmnibarEvent.swift",
        "OmnibarTextFieldCell.swift",
        "String+prefixRange.swift",
        "String+removingSubrange.swift",
        "TextFieldTextChange.swift",
        "TextReplacement.swift"
      ],
      "type" : "library"
    }
  ],
  "tools_version" : "6.2"
}
{
  "workspace" : {
    "name" : "spi-builder-workspace",
    "schemes" : [
      "Omnibar"
    ]
  }
}
2026-08-22 09:21:45.285 xcodebuild[699:4589] [MT] IDERunDestination: Supported platforms for the buildables in the current scheme is empty.
Running build ...
env DEVELOPER_DIR=/Applications/Xcode-26.3.0.app xcrun xcodebuild -IDEClonedSourcePackagesDirPathOverride=$PWD/.dependencies -skipMacroValidation -skipPackagePluginValidation -derivedDataPath $PWD/.derivedData build -scheme Omnibar -destination generic/platform=watchOS
Command line invocation:
    /Applications/Xcode-26.3.0.app/Contents/Developer/usr/bin/xcodebuild -IDEClonedSourcePackagesDirPathOverride=/Users/admin/builder/spi-builder-workspace/.dependencies -skipMacroValidation -skipPackagePluginValidation -derivedDataPath /Users/admin/builder/spi-builder-workspace/.derivedData build -scheme Omnibar -destination generic/platform=watchOS
Resolve Package Graph
Resolved source packages:
  Omnibar: /Users/admin/builder/spi-builder-workspace
ComputePackagePrebuildTargetDependencyGraph
Prepare packages
CreateBuildRequest
SendProjectDescription
CreateBuildOperation
ComputeTargetDependencyGraph
note: Building targets in dependency order
note: Target dependency graph (2 targets)
    Target 'Omnibar' in project 'Omnibar'
        ➜ Explicit dependency on target 'Omnibar' in project 'Omnibar'
    Target 'Omnibar' in project 'Omnibar' (no dependencies)
GatherProvisioningInputs
CreateBuildDescription
ClangStatCache /Applications/Xcode-26.3.0.app/Contents/Developer/Toolchains/XcodeDefault.xctoolchain/usr/bin/clang-stat-cache /Applications/Xcode-26.3.0.app/Contents/Developer/Platforms/WatchOS.platform/Developer/SDKs/WatchOS26.2.sdk /Users/admin/builder/spi-builder-workspace/.derivedData/SDKStatCaches.noindex/watchos26.2-23S303-dc75598d0054f22ec865fa860f139d721753b489057de6bda919edfa1c59a62b.sdkstatcache
    cd /Users/admin/builder/spi-builder-workspace/.swiftpm/xcode
    /Applications/Xcode-26.3.0.app/Contents/Developer/Toolchains/XcodeDefault.xctoolchain/usr/bin/clang-stat-cache /Applications/Xcode-26.3.0.app/Contents/Developer/Platforms/WatchOS.platform/Developer/SDKs/WatchOS26.2.sdk -o /Users/admin/builder/spi-builder-workspace/.derivedData/SDKStatCaches.noindex/watchos26.2-23S303-dc75598d0054f22ec865fa860f139d721753b489057de6bda919edfa1c59a62b.sdkstatcache
SwiftDriver Omnibar normal arm64_32 com.apple.xcode.tools.swift.compiler (in target 'Omnibar' from project 'Omnibar')
    cd /Users/admin/builder/spi-builder-workspace/.swiftpm/xcode
    builtin-SwiftDriver -- /Applications/Xcode-26.3.0.app/Contents/Developer/Toolchains/XcodeDefault.xctoolchain/usr/bin/swiftc -module-name Omnibar -Onone -enforce-exclusivity\=checked @/Users/admin/builder/spi-builder-workspace/.derivedData/Build/Intermediates.noindex/Omnibar.build/Debug-watchos/Omnibar.build/Objects-normal/arm64_32/Omnibar.SwiftFileList -DSWIFT_PACKAGE -DDEBUG -DSWIFT_MODULE_RESOURCE_BUNDLE_UNAVAILABLE -DXcode -plugin-path /Applications/Xcode-26.3.0.app/Contents/Developer/Toolchains/XcodeDefault.xctoolchain/usr/lib/swift/host/plugins/testing -enable-experimental-feature DebugDescriptionMacro -sdk /Applications/Xcode-26.3.0.app/Contents/Developer/Platforms/WatchOS.platform/Developer/SDKs/WatchOS26.2.sdk -target arm64_32-apple-watchos5.0 -g -module-cache-path /Users/admin/builder/spi-builder-workspace/.derivedData/ModuleCache.noindex -Xfrontend -serialize-debugging-options -profile-coverage-mapping -profile-generate -enable-testing -index-store-path /Users/admin/builder/spi-builder-workspace/.derivedData/Index.noindex/DataStore -Xcc -D_LIBCPP_HARDENING_MODE\=_LIBCPP_HARDENING_MODE_DEBUG -swift-version 6 -I /Users/admin/builder/spi-builder-workspace/.derivedData/Build/Products/Debug-watchos -Isystem /Applications/Xcode-26.3.0.app/Contents/Developer/Platforms/WatchOS.platform/Developer/usr/lib -F /Users/admin/builder/spi-builder-workspace/.derivedData/Build/Products/Debug-watchos -F /Applications/Xcode-26.3.0.app/Contents/Developer/Platforms/WatchOS.platform/Developer/Library/Frameworks -F /Applications/Xcode-26.3.0.app/Contents/Developer/Platforms/WatchOS.platform/Developer/SDKs/WatchOS26.2.sdk/Developer/Library/Frameworks -c -j10 -enable-batch-mode -incremental -Xcc -ivfsstatcache -Xcc /Users/admin/builder/spi-builder-workspace/.derivedData/SDKStatCaches.noindex/watchos26.2-23S303-dc75598d0054f22ec865fa860f139d721753b489057de6bda919edfa1c59a62b.sdkstatcache -output-file-map /Users/admin/builder/spi-builder-workspace/.derivedData/Build/Intermediates.noindex/Omnibar.build/Debug-watchos/Omnibar.build/Objects-normal/arm64_32/Omnibar-OutputFileMap.json -use-frontend-parseable-output -save-temps -no-color-diagnostics -explicit-module-build -module-cache-path /Users/admin/builder/spi-builder-workspace/.derivedData/Build/Intermediates.noindex/SwiftExplicitPrecompiledModules -clang-scanner-module-cache-path /Users/admin/builder/spi-builder-workspace/.derivedData/ModuleCache.noindex -sdk-module-cache-path /Users/admin/builder/spi-builder-workspace/.derivedData/ModuleCache.noindex -serialize-diagnostics -emit-dependencies -emit-module -emit-module-path /Users/admin/builder/spi-builder-workspace/.derivedData/Build/Intermediates.noindex/Omnibar.build/Debug-watchos/Omnibar.build/Objects-normal/arm64_32/Omnibar.swiftmodule -validate-clang-modules-once -clang-build-session-file /Users/admin/builder/spi-builder-workspace/.derivedData/ModuleCache.noindex/Session.modulevalidation -package-name spi_builder_workspace -Xcc -I/Users/admin/builder/spi-builder-workspace/.derivedData/Build/Intermediates.noindex/Omnibar.build/Debug-watchos/Omnibar.build/swift-overrides.hmap -emit-const-values -Xfrontend -const-gather-protocols-file -Xfrontend /Users/admin/builder/spi-builder-workspace/.derivedData/Build/Intermediates.noindex/Omnibar.build/Debug-watchos/Omnibar.build/Objects-normal/arm64_32/Omnibar_const_extract_protocols.json -Xcc -I/Users/admin/builder/spi-builder-workspace/.derivedData/Build/Products/Debug-watchos/include -Xcc -I/Users/admin/builder/spi-builder-workspace/.derivedData/Build/Intermediates.noindex/Omnibar.build/Debug-watchos/Omnibar.build/DerivedSources-normal/arm64_32 -Xcc -I/Users/admin/builder/spi-builder-workspace/.derivedData/Build/Intermediates.noindex/Omnibar.build/Debug-watchos/Omnibar.build/DerivedSources/arm64_32 -Xcc -I/Users/admin/builder/spi-builder-workspace/.derivedData/Build/Intermediates.noindex/Omnibar.build/Debug-watchos/Omnibar.build/DerivedSources -Xcc -DSWIFT_PACKAGE -Xcc -DDEBUG\=1 -emit-objc-header -emit-objc-header-path /Users/admin/builder/spi-builder-workspace/.derivedData/Build/Intermediates.noindex/Omnibar.build/Debug-watchos/Omnibar.build/Objects-normal/arm64_32/Omnibar-Swift.h -working-directory /Users/admin/builder/spi-builder-workspace/.swiftpm/xcode -experimental-emit-module-separately -disable-cmo
/Users/admin/builder/spi-builder-workspace/Sources/Omnibar/NSControl+TextReplaceable.swift:3:8: error: Unable to find module dependency: 'AppKit'
import AppKit
       ^ (in target 'Omnibar' from project 'Omnibar')
/Users/admin/builder/spi-builder-workspace/Sources/Omnibar/NSControl+TextReplaceable.swift:3:8: note: A dependency of main module 'Omnibar'
import AppKit
       ^ (in target 'Omnibar' from project 'Omnibar')
/Users/admin/builder/spi-builder-workspace/Sources/Omnibar/Omnibar.swift:3:8: note: Also imported here
import AppKit
       ^ (in target 'Omnibar' from project 'Omnibar')
/Users/admin/builder/spi-builder-workspace/Sources/Omnibar/OmnibarTextFieldCell.swift:3:8: note: Also imported here
import AppKit
       ^ (in target 'Omnibar' from project 'Omnibar')
SwiftDriver Omnibar normal armv7k com.apple.xcode.tools.swift.compiler (in target 'Omnibar' from project 'Omnibar')
    cd /Users/admin/builder/spi-builder-workspace/.swiftpm/xcode
    builtin-SwiftDriver -- /Applications/Xcode-26.3.0.app/Contents/Developer/Toolchains/XcodeDefault.xctoolchain/usr/bin/swiftc -module-name Omnibar -Onone -enforce-exclusivity\=checked @/Users/admin/builder/spi-builder-workspace/.derivedData/Build/Intermediates.noindex/Omnibar.build/Debug-watchos/Omnibar.build/Objects-normal/armv7k/Omnibar.SwiftFileList -DSWIFT_PACKAGE -DDEBUG -DSWIFT_MODULE_RESOURCE_BUNDLE_UNAVAILABLE -DXcode -plugin-path /Applications/Xcode-26.3.0.app/Contents/Developer/Toolchains/XcodeDefault.xctoolchain/usr/lib/swift/host/plugins/testing -enable-experimental-feature DebugDescriptionMacro -sdk /Applications/Xcode-26.3.0.app/Contents/Developer/Platforms/WatchOS.platform/Developer/SDKs/WatchOS26.2.sdk -target armv7k-apple-watchos5.0 -g -module-cache-path /Users/admin/builder/spi-builder-workspace/.derivedData/ModuleCache.noindex -Xfrontend -serialize-debugging-options -profile-coverage-mapping -profile-generate -enable-testing -index-store-path /Users/admin/builder/spi-builder-workspace/.derivedData/Index.noindex/DataStore -Xcc -D_LIBCPP_HARDENING_MODE\=_LIBCPP_HARDENING_MODE_DEBUG -swift-version 6 -I /Users/admin/builder/spi-builder-workspace/.derivedData/Build/Products/Debug-watchos -Isystem /Applications/Xcode-26.3.0.app/Contents/Developer/Platforms/WatchOS.platform/Developer/usr/lib -F /Users/admin/builder/spi-builder-workspace/.derivedData/Build/Products/Debug-watchos -F /Applications/Xcode-26.3.0.app/Contents/Developer/Platforms/WatchOS.platform/Developer/Library/Frameworks -F /Applications/Xcode-26.3.0.app/Contents/Developer/Platforms/WatchOS.platform/Developer/SDKs/WatchOS26.2.sdk/Developer/Library/Frameworks -c -j10 -enable-batch-mode -incremental -Xcc -ivfsstatcache -Xcc /Users/admin/builder/spi-builder-workspace/.derivedData/SDKStatCaches.noindex/watchos26.2-23S303-dc75598d0054f22ec865fa860f139d721753b489057de6bda919edfa1c59a62b.sdkstatcache -output-file-map /Users/admin/builder/spi-builder-workspace/.derivedData/Build/Intermediates.noindex/Omnibar.build/Debug-watchos/Omnibar.build/Objects-normal/armv7k/Omnibar-OutputFileMap.json -use-frontend-parseable-output -save-temps -no-color-diagnostics -explicit-module-build -module-cache-path /Users/admin/builder/spi-builder-workspace/.derivedData/Build/Intermediates.noindex/SwiftExplicitPrecompiledModules -clang-scanner-module-cache-path /Users/admin/builder/spi-builder-workspace/.derivedData/ModuleCache.noindex -sdk-module-cache-path /Users/admin/builder/spi-builder-workspace/.derivedData/ModuleCache.noindex -serialize-diagnostics -emit-dependencies -emit-module -emit-module-path /Users/admin/builder/spi-builder-workspace/.derivedData/Build/Intermediates.noindex/Omnibar.build/Debug-watchos/Omnibar.build/Objects-normal/armv7k/Omnibar.swiftmodule -validate-clang-modules-once -clang-build-session-file /Users/admin/builder/spi-builder-workspace/.derivedData/ModuleCache.noindex/Session.modulevalidation -package-name spi_builder_workspace -Xcc -I/Users/admin/builder/spi-builder-workspace/.derivedData/Build/Intermediates.noindex/Omnibar.build/Debug-watchos/Omnibar.build/swift-overrides.hmap -emit-const-values -Xfrontend -const-gather-protocols-file -Xfrontend /Users/admin/builder/spi-builder-workspace/.derivedData/Build/Intermediates.noindex/Omnibar.build/Debug-watchos/Omnibar.build/Objects-normal/armv7k/Omnibar_const_extract_protocols.json -Xcc -I/Users/admin/builder/spi-builder-workspace/.derivedData/Build/Products/Debug-watchos/include -Xcc -I/Users/admin/builder/spi-builder-workspace/.derivedData/Build/Intermediates.noindex/Omnibar.build/Debug-watchos/Omnibar.build/DerivedSources-normal/armv7k -Xcc -I/Users/admin/builder/spi-builder-workspace/.derivedData/Build/Intermediates.noindex/Omnibar.build/Debug-watchos/Omnibar.build/DerivedSources/armv7k -Xcc -I/Users/admin/builder/spi-builder-workspace/.derivedData/Build/Intermediates.noindex/Omnibar.build/Debug-watchos/Omnibar.build/DerivedSources -Xcc -DSWIFT_PACKAGE -Xcc -DDEBUG\=1 -emit-objc-header -emit-objc-header-path /Users/admin/builder/spi-builder-workspace/.derivedData/Build/Intermediates.noindex/Omnibar.build/Debug-watchos/Omnibar.build/Objects-normal/armv7k/Omnibar-Swift.h -working-directory /Users/admin/builder/spi-builder-workspace/.swiftpm/xcode -experimental-emit-module-separately -disable-cmo
/Users/admin/builder/spi-builder-workspace/Sources/Omnibar/NSControl+TextReplaceable.swift:3:8: error: Unable to find module dependency: 'AppKit'
import AppKit
       ^ (in target 'Omnibar' from project 'Omnibar')
/Users/admin/builder/spi-builder-workspace/Sources/Omnibar/NSControl+TextReplaceable.swift:3:8: note: A dependency of main module 'Omnibar'
import AppKit
       ^ (in target 'Omnibar' from project 'Omnibar')
/Users/admin/builder/spi-builder-workspace/Sources/Omnibar/Omnibar.swift:3:8: note: Also imported here
import AppKit
       ^ (in target 'Omnibar' from project 'Omnibar')
/Users/admin/builder/spi-builder-workspace/Sources/Omnibar/OmnibarTextFieldCell.swift:3:8: note: Also imported here
import AppKit
       ^ (in target 'Omnibar' from project 'Omnibar')
SwiftDriver Omnibar normal arm64 com.apple.xcode.tools.swift.compiler (in target 'Omnibar' from project 'Omnibar')
    cd /Users/admin/builder/spi-builder-workspace/.swiftpm/xcode
    builtin-SwiftDriver -- /Applications/Xcode-26.3.0.app/Contents/Developer/Toolchains/XcodeDefault.xctoolchain/usr/bin/swiftc -module-name Omnibar -Onone -enforce-exclusivity\=checked @/Users/admin/builder/spi-builder-workspace/.derivedData/Build/Intermediates.noindex/Omnibar.build/Debug-watchos/Omnibar.build/Objects-normal/arm64/Omnibar.SwiftFileList -DSWIFT_PACKAGE -DDEBUG -DSWIFT_MODULE_RESOURCE_BUNDLE_UNAVAILABLE -DXcode -plugin-path /Applications/Xcode-26.3.0.app/Contents/Developer/Toolchains/XcodeDefault.xctoolchain/usr/lib/swift/host/plugins/testing -enable-experimental-feature DebugDescriptionMacro -sdk /Applications/Xcode-26.3.0.app/Contents/Developer/Platforms/WatchOS.platform/Developer/SDKs/WatchOS26.2.sdk -target arm64-apple-watchos5.0 -g -module-cache-path /Users/admin/builder/spi-builder-workspace/.derivedData/ModuleCache.noindex -Xfrontend -serialize-debugging-options -profile-coverage-mapping -profile-generate -enable-testing -index-store-path /Users/admin/builder/spi-builder-workspace/.derivedData/Index.noindex/DataStore -Xcc -D_LIBCPP_HARDENING_MODE\=_LIBCPP_HARDENING_MODE_DEBUG -swift-version 6 -I /Users/admin/builder/spi-builder-workspace/.derivedData/Build/Products/Debug-watchos -Isystem /Applications/Xcode-26.3.0.app/Contents/Developer/Platforms/WatchOS.platform/Developer/usr/lib -F /Users/admin/builder/spi-builder-workspace/.derivedData/Build/Products/Debug-watchos -F /Applications/Xcode-26.3.0.app/Contents/Developer/Platforms/WatchOS.platform/Developer/Library/Frameworks -F /Applications/Xcode-26.3.0.app/Contents/Developer/Platforms/WatchOS.platform/Developer/SDKs/WatchOS26.2.sdk/Developer/Library/Frameworks -c -j10 -enable-batch-mode -incremental -Xcc -ivfsstatcache -Xcc /Users/admin/builder/spi-builder-workspace/.derivedData/SDKStatCaches.noindex/watchos26.2-23S303-dc75598d0054f22ec865fa860f139d721753b489057de6bda919edfa1c59a62b.sdkstatcache -output-file-map /Users/admin/builder/spi-builder-workspace/.derivedData/Build/Intermediates.noindex/Omnibar.build/Debug-watchos/Omnibar.build/Objects-normal/arm64/Omnibar-OutputFileMap.json -use-frontend-parseable-output -save-temps -no-color-diagnostics -explicit-module-build -module-cache-path /Users/admin/builder/spi-builder-workspace/.derivedData/Build/Intermediates.noindex/SwiftExplicitPrecompiledModules -clang-scanner-module-cache-path /Users/admin/builder/spi-builder-workspace/.derivedData/ModuleCache.noindex -sdk-module-cache-path /Users/admin/builder/spi-builder-workspace/.derivedData/ModuleCache.noindex -serialize-diagnostics -emit-dependencies -emit-module -emit-module-path /Users/admin/builder/spi-builder-workspace/.derivedData/Build/Intermediates.noindex/Omnibar.build/Debug-watchos/Omnibar.build/Objects-normal/arm64/Omnibar.swiftmodule -validate-clang-modules-once -clang-build-session-file /Users/admin/builder/spi-builder-workspace/.derivedData/ModuleCache.noindex/Session.modulevalidation -package-name spi_builder_workspace -Xcc -I/Users/admin/builder/spi-builder-workspace/.derivedData/Build/Intermediates.noindex/Omnibar.build/Debug-watchos/Omnibar.build/swift-overrides.hmap -emit-const-values -Xfrontend -const-gather-protocols-file -Xfrontend /Users/admin/builder/spi-builder-workspace/.derivedData/Build/Intermediates.noindex/Omnibar.build/Debug-watchos/Omnibar.build/Objects-normal/arm64/Omnibar_const_extract_protocols.json -Xcc -I/Users/admin/builder/spi-builder-workspace/.derivedData/Build/Products/Debug-watchos/include -Xcc -I/Users/admin/builder/spi-builder-workspace/.derivedData/Build/Intermediates.noindex/Omnibar.build/Debug-watchos/Omnibar.build/DerivedSources-normal/arm64 -Xcc -I/Users/admin/builder/spi-builder-workspace/.derivedData/Build/Intermediates.noindex/Omnibar.build/Debug-watchos/Omnibar.build/DerivedSources/arm64 -Xcc -I/Users/admin/builder/spi-builder-workspace/.derivedData/Build/Intermediates.noindex/Omnibar.build/Debug-watchos/Omnibar.build/DerivedSources -Xcc -DSWIFT_PACKAGE -Xcc -DDEBUG\=1 -emit-objc-header -emit-objc-header-path /Users/admin/builder/spi-builder-workspace/.derivedData/Build/Intermediates.noindex/Omnibar.build/Debug-watchos/Omnibar.build/Objects-normal/arm64/Omnibar-Swift.h -working-directory /Users/admin/builder/spi-builder-workspace/.swiftpm/xcode -experimental-emit-module-separately -disable-cmo
/Users/admin/builder/spi-builder-workspace/Sources/Omnibar/NSControl+TextReplaceable.swift:3:8: error: Unable to find module dependency: 'AppKit'
import AppKit
       ^ (in target 'Omnibar' from project 'Omnibar')
/Users/admin/builder/spi-builder-workspace/Sources/Omnibar/NSControl+TextReplaceable.swift:3:8: note: A dependency of main module 'Omnibar'
import AppKit
       ^ (in target 'Omnibar' from project 'Omnibar')
/Users/admin/builder/spi-builder-workspace/Sources/Omnibar/Omnibar.swift:3:8: note: Also imported here
import AppKit
       ^ (in target 'Omnibar' from project 'Omnibar')
/Users/admin/builder/spi-builder-workspace/Sources/Omnibar/OmnibarTextFieldCell.swift:3:8: note: Also imported here
import AppKit
       ^ (in target 'Omnibar' from project 'Omnibar')
2026-08-22 09:21:46.137 xcodebuild[701:4619] [MT] IDERunDestination: Supported platforms for the buildables in the current scheme is empty.
/Users/admin/builder/spi-builder-workspace/Sources/Omnibar/NSControl+TextReplaceable.swift:3:8: error: Unable to find module dependency: 'AppKit'
import AppKit
       ^
/Users/admin/builder/spi-builder-workspace/Sources/Omnibar/NSControl+TextReplaceable.swift:3:8: note: a dependency of main module 'Omnibar'
import AppKit
       ^
/Users/admin/builder/spi-builder-workspace/Sources/Omnibar/Omnibar.swift:3:8: note: also imported here
import AppKit
       ^
/Users/admin/builder/spi-builder-workspace/Sources/Omnibar/OmnibarTextFieldCell.swift:3:8: note: also imported here
import AppKit
       ^
/Users/admin/builder/spi-builder-workspace/Sources/Omnibar/NSControl+TextReplaceable.swift:3:8: error: Unable to find module dependency: 'AppKit'
import AppKit
       ^
/Users/admin/builder/spi-builder-workspace/Sources/Omnibar/NSControl+TextReplaceable.swift:3:8: note: a dependency of main module 'Omnibar'
import AppKit
       ^
/Users/admin/builder/spi-builder-workspace/Sources/Omnibar/Omnibar.swift:3:8: note: also imported here
import AppKit
       ^
/Users/admin/builder/spi-builder-workspace/Sources/Omnibar/OmnibarTextFieldCell.swift:3:8: note: also imported here
import AppKit
       ^
/Users/admin/builder/spi-builder-workspace/Sources/Omnibar/NSControl+TextReplaceable.swift:3:8: error: Unable to find module dependency: 'AppKit'
import AppKit
       ^
/Users/admin/builder/spi-builder-workspace/Sources/Omnibar/NSControl+TextReplaceable.swift:3:8: note: a dependency of main module 'Omnibar'
import AppKit
       ^
/Users/admin/builder/spi-builder-workspace/Sources/Omnibar/Omnibar.swift:3:8: note: also imported here
import AppKit
       ^
/Users/admin/builder/spi-builder-workspace/Sources/Omnibar/OmnibarTextFieldCell.swift:3:8: note: also imported here
import AppKit
       ^
** BUILD FAILED **
The following build commands failed:
	SwiftDriver Omnibar normal arm64_32 com.apple.xcode.tools.swift.compiler (in target 'Omnibar' from project 'Omnibar')
	SwiftDriver Omnibar normal armv7k com.apple.xcode.tools.swift.compiler (in target 'Omnibar' from project 'Omnibar')
	SwiftDriver Omnibar normal arm64 com.apple.xcode.tools.swift.compiler (in target 'Omnibar' from project 'Omnibar')
	Building workspace spi-builder-workspace with scheme Omnibar
(4 failures)
BUILD FAILURE 6.2 watchOS