The Swift Package Index logo.Swift Package Index

Build Information

Failed to build IntelligenceKit, reference main (98d383), with Swift 6.4 for Android on 22 Sep 2026 22:20:31 UTC.

Build Command

bash -c docker run --pull=always --rm -v "checkouts-54344847-0":/host -w "$PWD" -e JAVA_HOME="/root/.sdkman/candidates/java/current" -e SPI_BUILD="1" -e SPI_PROCESSING="1" registry.gitlab.com/saguaro1/spi-images:android-6.4-latest swift build --swift-sdk aarch64-unknown-linux-android28 2>&1

Build Log

========================================
RunAll
========================================
Builder version: 5.1.0
Interrupt handler set up.
========================================
Checkout
========================================
Clone URL: https://github.com/FlineDev/IntelligenceKit.git
Reference: main
Initialized empty Git repository in /host/spi-builder-workspace/.git/
hint: Using 'master' as the name for the initial branch. This default branch name
hint: is subject to change. To configure the initial branch name to use in all
hint: of your new repositories, which will suppress this warning, call:
hint:
hint: 	git config --global init.defaultBranch <name>
hint:
hint: Names commonly chosen instead of 'master' are 'main', 'trunk' and
hint: 'development'. The just-created branch can be renamed via this command:
hint:
hint: 	git branch -m <name>
From https://github.com/FlineDev/IntelligenceKit
 * branch            main       -> FETCH_HEAD
 * [new branch]      main       -> origin/main
HEAD is now at 98d3833 Remove ContextKit artifacts during Indie workspace cleanup in favor of shared skills
Cloned https://github.com/FlineDev/IntelligenceKit.git
Revision (git rev-parse @):
98d3833aab18e98d5a403c9d26979d9e0e063060
SUCCESS checkout https://github.com/FlineDev/IntelligenceKit.git at main
========================================
Build
========================================
Selected platform:         android
Swift version:             6.4
Building package at path:  $PWD
https://github.com/FlineDev/IntelligenceKit.git
Running build ...
bash -c docker run --pull=always --rm -v "checkouts-54344847-0":/host -w "$PWD" -e JAVA_HOME="/root/.sdkman/candidates/java/current" -e SPI_BUILD="1" -e SPI_PROCESSING="1" registry.gitlab.com/saguaro1/spi-images:android-6.4-latest swift build --swift-sdk aarch64-unknown-linux-android28 2>&1
android-6.4-latest: Pulling from saguaro1/spi-images
Digest: sha256:abadcff584c273feba50641b454858d377ba30b35ea7287a94f45ebd8afd0ea0
Status: Image is up to date for registry.gitlab.com/saguaro1/spi-images:android-6.4-latest
Fetching https://github.com/FlineDev/HandySwift.git
[1/3483] Fetching handyswift
Fetched https://github.com/FlineDev/HandySwift.git (0.65s)
Fetching https://github.com/FlineDev/ErrorKit.git
[1/657] Fetching errorkit
Fetched https://github.com/FlineDev/ErrorKit.git (0.52s)
Fetching https://github.com/apple/swift-crypto.git
[1/18549] Fetching swift-crypto
Fetched https://github.com/apple/swift-crypto.git (1.12s)
Computing version for https://github.com/apple/swift-crypto.git
Computed https://github.com/apple/swift-crypto.git at 3.15.1 (2.26s)
Fetching https://github.com/apple/swift-asn1.git
[1/1983] Fetching swift-asn1
Fetched https://github.com/apple/swift-asn1.git (0.53s)
Computing version for https://github.com/apple/swift-asn1.git
Computed https://github.com/apple/swift-asn1.git at 1.7.3 (1.61s)
Creating working copy for https://github.com/apple/swift-asn1.git
Working copy of https://github.com/apple/swift-asn1.git resolved at 1.7.3
Creating working copy for https://github.com/FlineDev/ErrorKit.git
Working copy of https://github.com/FlineDev/ErrorKit.git resolved at main (6265a02)
Creating working copy for https://github.com/apple/swift-crypto.git
Working copy of https://github.com/apple/swift-crypto.git resolved at 3.15.1
Creating working copy for https://github.com/FlineDev/HandySwift.git
Working copy of https://github.com/FlineDev/HandySwift.git resolved at main (f30a47c)
Building for debugging...
[Computing dependencies]
[Pre-planning 1 / 274]
[Planning deferred tasks]
warning: no rule to process file '/host/spi-builder-workspace/.build/checkouts/ErrorKit/Sources/ErrorKit/Resources/Localizable.xcstrings' of type 'text.json.xcstrings' for architecture 'aarch64'
[64 / 469] HandySwift
[65 / 469] CCryptoBoringSSL
[71 / 469] CCryptoBoringSSL
[73 / 469] CCryptoBoringSSL
[77 / 469] CCryptoBoringSSL
[78 / 469] CCryptoBoringSSL
[81 / 469] CCryptoBoringSSL
[82 / 469] CCryptoBoringSSL
[83 / 469] CCryptoBoringSSL
[85 / 469] CCryptoBoringSSL
[87 / 469] CCryptoBoringSSL
[89 / 469] CCryptoBoringSSL
[90 / 469] CCryptoBoringSSL
[91 / 469] CCryptoBoringSSL
[92 / 469] CCryptoBoringSSL
[98 / 469] HandySwift
[107 / 469] CCryptoBoringSSL
[112 / 469] CCryptoBoringSSL
[115 / 469] CCryptoBoringSSL
[117 / 469] CCryptoBoringSSL
[118 / 469] CCryptoBoringSSL
[120 / 469] CCryptoBoringSSL
[122 / 469] CCryptoBoringSSL
[125 / 469] CCryptoBoringSSL
[128 / 469] CCryptoBoringSSL
[131 / 469] CCryptoBoringSSL
[133 / 469] CCryptoBoringSSL
[137 / 469] CCryptoBoringSSL
[138 / 469] CCryptoBoringSSL
[142 / 469] CCryptoBoringSSL
[143 / 469] CCryptoBoringSSL
[145 / 469] CCryptoBoringSSL
[150 / 469] CCryptoBoringSSL
[152 / 469] CCryptoBoringSSL
[155 / 469] CCryptoBoringSSL
[157 / 469] CCryptoBoringSSL
[160 / 469] CCryptoBoringSSL
[165 / 469] CCryptoBoringSSL
[173 / 469] CCryptoBoringSSL
[183 / 469] CCryptoBoringSSL
[193 / 469] CCryptoBoringSSL
[195 / 469] CCryptoBoringSSL
[198 / 469] CCryptoBoringSSL
[201 / 469] CCryptoBoringSSL
[203 / 469] CCryptoBoringSSL
[209 / 469] CCryptoBoringSSL
[212 / 469] CCryptoBoringSSL
[216 / 469] CCryptoBoringSSL
[220 / 469] CCryptoBoringSSL
[221 / 469] CCryptoBoringSSL
[224 / 469] CCryptoBoringSSL
[229 / 469] CCryptoBoringSSL
[232 / 469] CCryptoBoringSSL
[233 / 469] CCryptoBoringSSL
[236 / 469] CCryptoBoringSSL
[238 / 469] CCryptoBoringSSL
[239 / 469] CCryptoBoringSSL
[244 / 469] CCryptoBoringSSL
[250 / 469] CCryptoBoringSSL
[255 / 469] CCryptoBoringSSL
[256 / 469] CCryptoBoringSSL
[262 / 469] CCryptoBoringSSL
[266 / 469] CCryptoBoringSSL
[267 / 469] CCryptoBoringSSL
[271 / 469] CCryptoBoringSSL
[277 / 469] CCryptoBoringSSL
[289 / 469] CCryptoBoringSSL
[290 / 469] CCryptoBoringSSL
[294 / 469] CCryptoBoringSSL
[301 / 469] CCryptoBoringSSL
[304 / 469] CCryptoBoringSSL
[309 / 469] CCryptoBoringSSL
[312 / 469] CCryptoBoringSSL
[317 / 469] CCryptoBoringSSL
[320 / 469] CCryptoBoringSSL
[324 / 469] CCryptoBoringSSL
[325 / 469] CCryptoBoringSSL
[329 / 469] CCryptoBoringSSL
[331 / 469] CCryptoBoringSSL
[335 / 469] CCryptoBoringSSL
[336 / 469] CCryptoBoringSSL
[339 / 469] CCryptoBoringSSL
[342 / 469] CCryptoBoringSSL
[346 / 469] CCryptoBoringSSL
[352 / 469] CCryptoBoringSSL
[361 / 469] CCryptoBoringSSL
[365 / 469] CCryptoBoringSSL
[367 / 469] CCryptoBoringSSL
[371 / 469] CCryptoBoringSSL
[375 / 469] CCryptoBoringSSL
[377 / 469] CCryptoBoringSSL
[379 / 469] CCryptoBoringSSL
[381 / 469] CCryptoBoringSSL
[385 / 469] CCryptoBoringSSL
[390 / 469] CCryptoBoringSSL
[397 / 469] CCryptoBoringSSL
[402 / 469] CCryptoBoringSSL
[410 / 469] CCryptoBoringSSL
[413 / 469] CCryptoBoringSSL
[414 / 469] CCryptoBoringSSL
[416 / 469] CCryptoBoringSSL
[419 / 469] CCryptoBoringSSL
[421 / 469] CCryptoBoringSSL
[423 / 469] CCryptoBoringSSL
[427 / 469] CCryptoBoringSSL
[429 / 469] HandySwift
[431 / 469] HandySwift-product
[433 / 469] CCryptoBoringSSL
[435 / 469] HandySwift
error: SwiftCompile normal aarch64 /host/spi-builder-workspace/.build/checkouts/HandySwift/Sources/HandySwift/Extensions/FloatExt.swift failed with a nonzero exit code. Command line:     cd /host
    builtin-SwiftPerFileCompile FloatExt.swift
/host/spi-builder-workspace/.build/checkouts/HandySwift/Sources/HandySwift/Extensions/FloatExt.swift:23:31: error: cannot convert value of type 'Float' to expected argument type 'Double'
21 |    /// - Note: Dropping the `rule` parameter will default to “schoolbook rounding”.
22 |    public mutating func round(fractionDigits: Int, rule: FloatingPointRoundingRule = .toNearestOrAwayFromZero) {
23 |       let divisor = pow(10.0, Float(fractionDigits))
   |                               `- error: cannot convert value of type 'Float' to expected argument type 'Double'
24 |       self = (self * divisor).rounded(rule) / divisor
25 |    }
/host/spi-builder-workspace/.build/checkouts/HandySwift/Sources/HandySwift/Extensions/FloatExt.swift:46:31: error: cannot convert value of type 'Float' to expected argument type 'Double'
44 |    /// - Note: Dropping the `rule` parameter will default to “schoolbook rounding”.
45 |    public func rounded(fractionDigits: Int, rule: FloatingPointRoundingRule = .toNearestOrAwayFromZero) -> Float {
46 |       let divisor = pow(10.0, Float(fractionDigits))
   |                               `- error: cannot convert value of type 'Float' to expected argument type 'Double'
47 |       return (self * divisor).rounded(rule) / divisor
48 |    }
Failed frontend command:
/root/.local/share/swiftly/toolchains/6.4.x-snapshot-2026-09-04/usr/bin/swift-frontend -frontend -c /host/spi-builder-workspace/.build/checkouts/HandySwift/Sources/HandySwift/Extensions/ArrayExt.swift /host/spi-builder-workspace/.build/checkouts/HandySwift/Sources/HandySwift/Extensions/CaseIterableExt.swift /host/spi-builder-workspace/.build/checkouts/HandySwift/Sources/HandySwift/Extensions/CollectionExt.swift /host/spi-builder-workspace/.build/checkouts/HandySwift/Sources/HandySwift/Extensions/ComparableExt.swift /host/spi-builder-workspace/.build/checkouts/HandySwift/Sources/HandySwift/Extensions/DataExt.swift /host/spi-builder-workspace/.build/checkouts/HandySwift/Sources/HandySwift/Extensions/DateExt.swift /host/spi-builder-workspace/.build/checkouts/HandySwift/Sources/HandySwift/Extensions/DictionaryExt.swift /host/spi-builder-workspace/.build/checkouts/HandySwift/Sources/HandySwift/Extensions/DispatchTimeIntervalExt.swift /host/spi-builder-workspace/.build/checkouts/HandySwift/Sources/HandySwift/Extensions/DoubleExt.swift /host/spi-builder-workspace/.build/checkouts/HandySwift/Sources/HandySwift/Extensions/DurationExt.swift -primary-file /host/spi-builder-workspace/.build/checkouts/HandySwift/Sources/HandySwift/Extensions/FloatExt.swift -primary-file /host/spi-builder-workspace/.build/checkouts/HandySwift/Sources/HandySwift/Extensions/IntExt.swift -primary-file /host/spi-builder-workspace/.build/checkouts/HandySwift/Sources/HandySwift/Extensions/JSONDecoderExt.swift -primary-file /host/spi-builder-workspace/.build/checkouts/HandySwift/Sources/HandySwift/Extensions/JSONEncoderExt.swift -primary-file /host/spi-builder-workspace/.build/checkouts/HandySwift/Sources/HandySwift/Extensions/NSRangeExt.swift /host/spi-builder-workspace/.build/checkouts/HandySwift/Sources/HandySwift/Extensions/RandomAccessCollectionExt.swift /host/spi-builder-workspace/.build/checkouts/HandySwift/Sources/HandySwift/Extensions/SequenceExt.swift /host/spi-builder-workspace/.build/checkouts/HandySwift/Sources/HandySwift/Extensions/StringExt.swift /host/spi-builder-workspace/.build/checkouts/HandySwift/Sources/HandySwift/Extensions/StringProtocolExt.swift /host/spi-builder-workspace/.build/checkouts/HandySwift/Sources/HandySwift/Extensions/SymmetricKeyExt.swift /host/spi-builder-workspace/.build/checkouts/HandySwift/Sources/HandySwift/Extensions/TimeIntervalExt.swift /host/spi-builder-workspace/.build/checkouts/HandySwift/Sources/HandySwift/Globals.swift /host/spi-builder-workspace/.build/checkouts/HandySwift/Sources/HandySwift/Protocols/AutoConforming.swift /host/spi-builder-workspace/.build/checkouts/HandySwift/Sources/HandySwift/Protocols/DivisibleArithmetic.swift /host/spi-builder-workspace/.build/checkouts/HandySwift/Sources/HandySwift/Protocols/Withable.swift /host/spi-builder-workspace/.build/checkouts/HandySwift/Sources/HandySwift/Types/Debouncer.swift /host/spi-builder-workspace/.build/checkouts/HandySwift/Sources/HandySwift/Types/FrequencyTable.swift /host/spi-builder-workspace/.build/checkouts/HandySwift/Sources/HandySwift/Types/GregorianDay.swift /host/spi-builder-workspace/.build/checkouts/HandySwift/Sources/HandySwift/Types/GregorianTime.swift /host/spi-builder-workspace/.build/checkouts/HandySwift/Sources/HandySwift/Types/HandyRegex.swift /host/spi-builder-workspace/.build/checkouts/HandySwift/Sources/HandySwift/Types/LogRequestPlugin.swift /host/spi-builder-workspace/.build/checkouts/HandySwift/Sources/HandySwift/Types/LogResponsePlugin.swift /host/spi-builder-workspace/.build/checkouts/HandySwift/Sources/HandySwift/Types/OperatingSystem.swift /host/spi-builder-workspace/.build/checkouts/HandySwift/Sources/HandySwift/Types/PrintRequestPlugin.swift /host/spi-builder-workspace/.build/checkouts/HandySwift/Sources/HandySwift/Types/PrintResponsePlugin.swift /host/spi-builder-workspace/.build/checkouts/HandySwift/Sources/HandySwift/Types/RESTClient.swift /host/spi-builder-workspace/.build/checkouts/HandySwift/Sources/HandySwift/Types/SortedArray.swift -supplementary-output-file-map /host/spi-builder-workspace/.build/out/Intermediates.noindex/HandySwift.build/Debug-android-aarch64/HandySwift-t.build/Objects-normal/aarch64/supplementaryOutputs-3 -target aarch64-unknown-linux-android28 -Xllvm -aarch64-use-tbi -disable-objc-interop -sdk /android-ndk/android-ndk-r27d/toolchains/llvm/prebuilt/linux-x86_64/sysroot -sysroot /android-ndk/android-ndk-r27d/toolchains/llvm/prebuilt/linux-x86_64/sysroot -I /host/spi-builder-workspace/.build/out/Products/Debug-android-aarch64 -module-cache-path /host/spi-builder-workspace/.build/out/ModuleCache.noindex -color-diagnostics -Xcc -fcolor-diagnostics -enable-testing -g -debug-info-format\=dwarf -dwarf-version\=4 -suppress-warnings -swift-version 6 -Onone -D SWIFT_PACKAGE -D DEBUG -D SWIFT_MODULE_RESOURCE_BUNDLE_UNAVAILABLE -D Xcode -serialize-debugging-options -enable-experimental-feature DebugDescriptionMacro -empty-abi-descriptor -external-plugin-path /root/.local/share/swiftly/toolchains/6.4.x-snapshot-2026-09-04/usr/lib/swift/host/plugins/testing\#/root/.local/share/swiftly/toolchains/6.4.x-snapshot-2026-09-04/usr/bin/swift-plugin-server -validate-clang-modules-once -clang-build-session-file /host/spi-builder-workspace/.build/out/ModuleCache.noindex/Session.modulevalidation -Xcc -working-directory -Xcc /host -resource-dir /root/.swiftpm/swift-sdks/swift-6.4.x-DEVELOPMENT-SNAPSHOT-2026-09-04-a_android.artifactbundle/swift-android/swift-resources/usr/lib/swift-aarch64 -enable-anonymous-context-mangled-names -file-compilation-dir /host -Xcc -resource-dir -Xcc /android-ndk/android-ndk-r27d/toolchains/llvm/prebuilt/linux-x86_64/lib/clang/18 -Xcc -fno-omit-frame-pointer -Xcc -D_LIBCPP_HARDENING_MODE\=_LIBCPP_HARDENING_MODE_DEBUG -Xcc -fmodules-prune-interval\=86400 -Xcc -fmodules-prune-after\=345600 -Xcc -I/host/spi-builder-workspace/.build/out/Products/Debug-android-aarch64/include -Xcc -I/host/spi-builder-workspace/.build/out/Intermediates.noindex/HandySwift.build/Debug-android-aarch64/HandySwift-t.build/DerivedSources-normal/aarch64 -Xcc -I/host/spi-builder-workspace/.build/out/Intermediates.noindex/HandySwift.build/Debug-android-aarch64/HandySwift-t.build/DerivedSources/aarch64 -Xcc -I/host/spi-builder-workspace/.build/out/Intermediates.noindex/HandySwift.build/Debug-android-aarch64/HandySwift-t.build/DerivedSources -Xcc -DSWIFT_PACKAGE -Xcc -DDEBUG\=1 -no-auto-bridging-header-chaining -module-name HandySwift -package-name handyswift -const-gather-protocols-file /host/spi-builder-workspace/.build/out/Intermediates.noindex/HandySwift.build/Debug-android-aarch64/HandySwift-t.build/Objects-normal/aarch64/HandySwift_const_extract_protocols.json -in-process-plugin-server-path /root/.local/share/swiftly/toolchains/6.4.x-snapshot-2026-09-04/usr/lib/swift/host/libSwiftInProcPluginServer.so -plugin-path /root/.local/share/swiftly/toolchains/6.4.x-snapshot-2026-09-04/usr/lib/swift/host/plugins -plugin-path /root/.local/share/swiftly/toolchains/6.4.x-snapshot-2026-09-04/usr/local/lib/swift/host/plugins -parse-as-library -o /host/spi-builder-workspace/.build/out/Intermediates.noindex/HandySwift.build/Debug-android-aarch64/HandySwift-t.build/Objects-normal/aarch64/FloatExt.o -o /host/spi-builder-workspace/.build/out/Intermediates.noindex/HandySwift.build/Debug-android-aarch64/HandySwift-t.build/Objects-normal/aarch64/IntExt.o -o /host/spi-builder-workspace/.build/out/Intermediates.noindex/HandySwift.build/Debug-android-aarch64/HandySwift-t.build/Objects-normal/aarch64/JSONDecoderExt.o -o /host/spi-builder-workspace/.build/out/Intermediates.noindex/HandySwift.build/Debug-android-aarch64/HandySwift-t.build/Objects-normal/aarch64/JSONEncoderExt.o -o /host/spi-builder-workspace/.build/out/Intermediates.noindex/HandySwift.build/Debug-android-aarch64/HandySwift-t.build/Objects-normal/aarch64/NSRangeExt.o -index-unit-output-path /HandySwift.build/Debug-android-aarch64/HandySwift-t.build/Objects-normal/aarch64/FloatExt.o -index-unit-output-path /HandySwift.build/Debug-android-aarch64/HandySwift-t.build/Objects-normal/aarch64/IntExt.o -index-unit-output-path /HandySwift.build/Debug-android-aarch64/HandySwift-t.build/Objects-normal/aarch64/JSONDecoderExt.o -index-unit-output-path /HandySwift.build/Debug-android-aarch64/HandySwift-t.build/Objects-normal/aarch64/JSONEncoderExt.o -index-unit-output-path /HandySwift.build/Debug-android-aarch64/HandySwift-t.build/Objects-normal/aarch64/NSRangeExt.o -index-store-path /host/spi-builder-workspace/.build/out -index-system-modules
error: Build failed
BUILD FAILURE 6.4 android