Build Information
Failed to build bootstrap, reference 0.0.2 (7a07c8), with Swift 6.4 for watchOS using Xcode 27.0 on 19 Sep 2026 03:08:00 UTC.
Build Command
env DEVELOPER_DIR=/Applications/Xcode-27.0.0-Release.Candidate.app xcrun xcodebuild -IDEClonedSourcePackagesDirPathOverride=$PWD/.dependencies -skipMacroValidation -skipPackagePluginValidation -derivedDataPath $PWD/.derivedData build -scheme bootstrap -destination generic/platform=watchOSBuild Log
2026-09-18 23:07:50.975 appintentsmetadataprocessor[1245:8266] Starting appintentsmetadataprocessor export
2026-09-18 23:07:51.055 appintentsmetadataprocessor[1245:8266] Extracted no relevant App Intents symbols, skipping writing output
SwiftDriverJobDiscovery normal arm64_32 Compiling TimeUnitValue.swift, UnitValue.swift, Valuable.swift, CharsetRule.swift, CounterStyleRule.swift (in target 'CSS' from project 'web')
SwiftDriverJobDiscovery normal arm64_32 Compiling DocumentRule.swift, FontFaceRule.swift, FontFeatureValuesRule.swift, ImportRule.swift, KeyframesRule.swift (in target 'CSS' from project 'web')
Ld /Users/admin/builder/spi-builder-workspace/.derivedData/Build/Intermediates.noindex/web.build/Debug-watchos/ResizeObserverAPI-t.build/Objects-normal/arm64/Binary/ResizeObserverAPI.o normal arm64 (in target 'ResizeObserverAPI' from project 'web')
cd /Users/admin/builder/spi-builder-workspace/.dependencies/checkouts/web
/Applications/Xcode-27.0.0-Release.Candidate.app/Contents/Developer/Toolchains/XcodeDefault.xctoolchain/usr/bin/clang -Xlinker -reproducible -target arm64-apple-watchos9.0 -r -isysroot /Applications/Xcode-27.0.0-Release.Candidate.app/Contents/Developer/Platforms/WatchOS.platform/Developer/SDKs/WatchOS27.0.sdk -O0 -w -Xlinker -no_warn_duplicate_libraries -F/Users/admin/builder/spi-builder-workspace/.derivedData/Build/Intermediates.noindex/EagerLinkingTBDs/Debug-watchos -F/Users/admin/builder/spi-builder-workspace/.derivedData/Build/Products/Debug-watchos/PackageFrameworks -F/Users/admin/builder/spi-builder-workspace/.derivedData/Build/Products/Debug-watchos -iframework /Applications/Xcode-27.0.0-Release.Candidate.app/Contents/Developer/Platforms/WatchOS.platform/Developer/Library/Frameworks -iframework /Applications/Xcode-27.0.0-Release.Candidate.app/Contents/Developer/Platforms/WatchOS.platform/Developer/SDKs/WatchOS27.0.sdk/Developer/Library/Frameworks -filelist /Users/admin/builder/spi-builder-workspace/.derivedData/Build/Intermediates.noindex/web.build/Debug-watchos/ResizeObserverAPI-t.build/Objects-normal/arm64/ResizeObserverAPI.LinkFileList -nostdlib -Xlinker -object_path_lto -Xlinker /Users/admin/builder/spi-builder-workspace/.derivedData/Build/Intermediates.noindex/web.build/Debug-watchos/ResizeObserverAPI-t.build/Objects-normal/arm64/ResizeObserverAPI_lto.o -Xlinker -no_deduplicate -Xlinker -debug_variant -Xlinker -dependency_info -Xlinker /Users/admin/builder/spi-builder-workspace/.derivedData/Build/Intermediates.noindex/web.build/Debug-watchos/ResizeObserverAPI-t.build/Objects-normal/arm64/ResizeObserverAPI_dependency_info.dat -fobjc-link-runtime -L/Applications/Xcode-27.0.0-Release.Candidate.app/Contents/Developer/Toolchains/XcodeDefault.xctoolchain/usr/lib/swift/watchos -L/usr/lib/swift -Xlinker -add_ast_path -Xlinker /Users/admin/builder/spi-builder-workspace/.derivedData/Build/Intermediates.noindex/web.build/Debug-watchos/ResizeObserverAPI-t.build/Objects-normal/arm64/ResizeObserverAPI.swiftmodule -o /Users/admin/builder/spi-builder-workspace/.derivedData/Build/Intermediates.noindex/web.build/Debug-watchos/ResizeObserverAPI-t.build/Objects-normal/arm64/Binary/ResizeObserverAPI.o
Ld /Users/admin/builder/spi-builder-workspace/.derivedData/Build/Intermediates.noindex/web.build/Debug-watchos/ResizeObserverAPI-t.build/Objects-normal/arm64_32/Binary/ResizeObserverAPI.o normal arm64_32 (in target 'ResizeObserverAPI' from project 'web')
cd /Users/admin/builder/spi-builder-workspace/.dependencies/checkouts/web
/Applications/Xcode-27.0.0-Release.Candidate.app/Contents/Developer/Toolchains/XcodeDefault.xctoolchain/usr/bin/clang -Xlinker -reproducible -target arm64_32-apple-watchos9.0 -r -isysroot /Applications/Xcode-27.0.0-Release.Candidate.app/Contents/Developer/Platforms/WatchOS.platform/Developer/SDKs/WatchOS27.0.sdk -O0 -w -Xlinker -no_warn_duplicate_libraries -F/Users/admin/builder/spi-builder-workspace/.derivedData/Build/Intermediates.noindex/EagerLinkingTBDs/Debug-watchos -F/Users/admin/builder/spi-builder-workspace/.derivedData/Build/Products/Debug-watchos/PackageFrameworks -F/Users/admin/builder/spi-builder-workspace/.derivedData/Build/Products/Debug-watchos -iframework /Applications/Xcode-27.0.0-Release.Candidate.app/Contents/Developer/Platforms/WatchOS.platform/Developer/Library/Frameworks -iframework /Applications/Xcode-27.0.0-Release.Candidate.app/Contents/Developer/Platforms/WatchOS.platform/Developer/SDKs/WatchOS27.0.sdk/Developer/Library/Frameworks -filelist /Users/admin/builder/spi-builder-workspace/.derivedData/Build/Intermediates.noindex/web.build/Debug-watchos/ResizeObserverAPI-t.build/Objects-normal/arm64_32/ResizeObserverAPI.LinkFileList -nostdlib -Xlinker -object_path_lto -Xlinker /Users/admin/builder/spi-builder-workspace/.derivedData/Build/Intermediates.noindex/web.build/Debug-watchos/ResizeObserverAPI-t.build/Objects-normal/arm64_32/ResizeObserverAPI_lto.o -Xlinker -no_deduplicate -Xlinker -debug_variant -Xlinker -dependency_info -Xlinker /Users/admin/builder/spi-builder-workspace/.derivedData/Build/Intermediates.noindex/web.build/Debug-watchos/ResizeObserverAPI-t.build/Objects-normal/arm64_32/ResizeObserverAPI_dependency_info.dat -fobjc-link-runtime -L/Applications/Xcode-27.0.0-Release.Candidate.app/Contents/Developer/Toolchains/XcodeDefault.xctoolchain/usr/lib/swift/watchos -L/usr/lib/swift -Xlinker -add_ast_path -Xlinker /Users/admin/builder/spi-builder-workspace/.derivedData/Build/Intermediates.noindex/web.build/Debug-watchos/ResizeObserverAPI-t.build/Objects-normal/arm64_32/ResizeObserverAPI.swiftmodule -o /Users/admin/builder/spi-builder-workspace/.derivedData/Build/Intermediates.noindex/web.build/Debug-watchos/ResizeObserverAPI-t.build/Objects-normal/arm64_32/Binary/ResizeObserverAPI.o
CreateUniversalBinary /Users/admin/builder/spi-builder-workspace/.derivedData/Build/Products/Debug-watchos/ResizeObserverAPI.o normal arm64\ arm64_32 (in target 'ResizeObserverAPI' from project 'web')
cd /Users/admin/builder/spi-builder-workspace/.dependencies/checkouts/web
/Applications/Xcode-27.0.0-Release.Candidate.app/Contents/Developer/Toolchains/XcodeDefault.xctoolchain/usr/bin/lipo -create /Users/admin/builder/spi-builder-workspace/.derivedData/Build/Intermediates.noindex/web.build/Debug-watchos/ResizeObserverAPI-t.build/Objects-normal/arm64/Binary/ResizeObserverAPI.o /Users/admin/builder/spi-builder-workspace/.derivedData/Build/Intermediates.noindex/web.build/Debug-watchos/ResizeObserverAPI-t.build/Objects-normal/arm64_32/Binary/ResizeObserverAPI.o -output /Users/admin/builder/spi-builder-workspace/.derivedData/Build/Products/Debug-watchos/ResizeObserverAPI.o
ExtractAppIntentsMetadata (in target 'ResizeObserverAPI' from project 'web')
cd /Users/admin/builder/spi-builder-workspace/.dependencies/checkouts/web
/Applications/Xcode-27.0.0-Release.Candidate.app/Contents/Developer/Toolchains/XcodeDefault.xctoolchain/usr/bin/appintentsmetadataprocessor --toolchain-dir /var/run/com.apple.security.cryptexd/mnt/com.apple.MobileAsset.MetalToolchain-v27.1.266.1.KUOYFt/Metal.xctoolchain --module-name ResizeObserverAPI --sdk-root /Applications/Xcode-27.0.0-Release.Candidate.app/Contents/Developer/Platforms/WatchOS.platform/Developer/SDKs/WatchOS27.0.sdk --xcode-version 27A266a --platform-family watchOS --deployment-target 9.0 --bundle-identifier web.ResizeObserverAPI --output /Users/admin/builder/spi-builder-workspace/.derivedData/Build/Products/Debug-watchos/ResizeObserverAPI.appintents --target-triple arm64-apple-watchos9.0 --target-triple arm64_32-apple-watchos9.0 --binary-file /Users/admin/builder/spi-builder-workspace/.derivedData/Build/Products/Debug-watchos/ResizeObserverAPI.o --dependency-file /Users/admin/builder/spi-builder-workspace/.derivedData/Build/Intermediates.noindex/web.build/Debug-watchos/ResizeObserverAPI-t.build/Objects-normal/arm64/ResizeObserverAPI_dependency_info.dat --dependency-file /Users/admin/builder/spi-builder-workspace/.derivedData/Build/Intermediates.noindex/web.build/Debug-watchos/ResizeObserverAPI-t.build/Objects-normal/arm64_32/ResizeObserverAPI_dependency_info.dat --stringsdata-file /Users/admin/builder/spi-builder-workspace/.derivedData/Build/Intermediates.noindex/web.build/Debug-watchos/ResizeObserverAPI-t.build/Objects-normal/arm64/ExtractedAppShortcutsMetadata.stringsdata --stringsdata-file /Users/admin/builder/spi-builder-workspace/.derivedData/Build/Intermediates.noindex/web.build/Debug-watchos/ResizeObserverAPI-t.build/Objects-normal/arm64_32/ExtractedAppShortcutsMetadata.stringsdata --source-file-list /Users/admin/builder/spi-builder-workspace/.derivedData/Build/Intermediates.noindex/web.build/Debug-watchos/ResizeObserverAPI-t.build/Objects-normal/arm64/ResizeObserverAPI.SwiftFileList --source-file-list /Users/admin/builder/spi-builder-workspace/.derivedData/Build/Intermediates.noindex/web.build/Debug-watchos/ResizeObserverAPI-t.build/Objects-normal/arm64_32/ResizeObserverAPI.SwiftFileList --metadata-file-list /Users/admin/builder/spi-builder-workspace/.derivedData/Build/Intermediates.noindex/web.build/Debug-watchos/ResizeObserverAPI-t.build/ResizeObserverAPI.DependencyMetadataFileList --static-metadata-file-list /Users/admin/builder/spi-builder-workspace/.derivedData/Build/Intermediates.noindex/web.build/Debug-watchos/ResizeObserverAPI-t.build/ResizeObserverAPI.DependencyStaticMetadataFileList --swift-const-vals-list /Users/admin/builder/spi-builder-workspace/.derivedData/Build/Intermediates.noindex/web.build/Debug-watchos/ResizeObserverAPI-t.build/Objects-normal/arm64/ResizeObserverAPI.SwiftConstValuesFileList --swift-const-vals-list /Users/admin/builder/spi-builder-workspace/.derivedData/Build/Intermediates.noindex/web.build/Debug-watchos/ResizeObserverAPI-t.build/Objects-normal/arm64_32/ResizeObserverAPI.SwiftConstValuesFileList --force --compile-time-extraction --deployment-aware-processing --no-app-shortcuts-localization
2026-09-18 23:07:51.120 appintentsmetadataprocessor[1251:8296] Starting appintentsmetadataprocessor export
2026-09-18 23:07:51.191 appintentsmetadataprocessor[1251:8296] Extracted no relevant App Intents symbols, skipping writing output
SwiftDriverJobDiscovery normal arm64_32 Compiling Class+Pointerable.swift, Color.swift, ForEach.swift, Id+Pointerable.swift, Pointer.swift (in target 'CSS' from project 'web')
SwiftDriverJobDiscovery normal arm64_32 Emitting module for CSS (in target 'CSS' from project 'web')
SwiftDriver\ Compilation\ Requirements CSS normal arm64_32 com.apple.xcode.tools.swift.compiler (in target 'CSS' from project 'web')
cd /Users/admin/builder/spi-builder-workspace/.swiftpm/xcode
builtin-Swift-Compilation-Requirements -- /Applications/Xcode-27.0.0-Release.Candidate.app/Contents/Developer/Toolchains/XcodeDefault.xctoolchain/usr/bin/swiftc -parse-as-library -module-name CSS -Onone @/Users/admin/builder/spi-builder-workspace/.derivedData/Build/Intermediates.noindex/web.build/Debug-watchos/CSS-t.build/Objects-normal/arm64_32/CSS.SwiftFileList -DSWIFT_PACKAGE -DDEBUG -DSWIFT_MODULE_RESOURCE_BUNDLE_UNAVAILABLE -Xcc -fmodule-map-file\=/Users/admin/builder/spi-builder-workspace/.dependencies/checkouts/JavaScriptKit/Sources/_CJavaScriptBigIntSupport/include/module.modulemap -Xcc -fmodule-map-file\=/Users/admin/builder/spi-builder-workspace/.dependencies/checkouts/JavaScriptKit/Sources/_CJavaScriptKit/include/module.modulemap -DXcode -plugin-path /Applications/Xcode-27.0.0-Release.Candidate.app/Contents/Developer/Toolchains/XcodeDefault.xctoolchain/usr/lib/swift/host/plugins/testing -enable-experimental-feature DebugDescriptionMacro -sdk /Applications/Xcode-27.0.0-Release.Candidate.app/Contents/Developer/Platforms/WatchOS.platform/Developer/SDKs/WatchOS27.0.sdk -target arm64_32-apple-watchos9.0 -g -module-cache-path /Users/admin/builder/spi-builder-workspace/.derivedData/ModuleCache.noindex -Xfrontend -serialize-debugging-options -profile-coverage-mapping -profile-generate -enable-testing -suppress-warnings -index-store-path /Users/admin/builder/spi-builder-workspace/.derivedData/Index.noindex/DataStore -Xcc -D_LIBCPP_HARDENING_MODE\=_LIBCPP_HARDENING_MODE_DEBUG -swift-version 5 -I /Users/admin/builder/spi-builder-workspace/.derivedData/Build/Products/Debug-watchos -Isystem /Applications/Xcode-27.0.0-Release.Candidate.app/Contents/Developer/Platforms/WatchOS.platform/Developer/usr/lib -F /Users/admin/builder/spi-builder-workspace/.derivedData/Build/Products/Debug-watchos/PackageFrameworks -F /Users/admin/builder/spi-builder-workspace/.derivedData/Build/Products/Debug-watchos -F /Applications/Xcode-27.0.0-Release.Candidate.app/Contents/Developer/Platforms/WatchOS.platform/Developer/Library/Frameworks -F /Applications/Xcode-27.0.0-Release.Candidate.app/Contents/Developer/Platforms/WatchOS.platform/Developer/SDKs/WatchOS27.0.sdk/Developer/Library/Frameworks -c -j10 -enable-batch-mode -incremental -Xcc -ivfsstatcache -Xcc /Users/admin/builder/spi-builder-workspace/.derivedData/SDKStatCaches.noindex/watchos27.0-24R360-e829b21a6f8c9b70876ba0858053c04477534ef55a1706bf4c1112bbb242f0a2.sdkstatcache -output-file-map /Users/admin/builder/spi-builder-workspace/.derivedData/Build/Intermediates.noindex/web.build/Debug-watchos/CSS-t.build/Objects-normal/arm64_32/CSS-OutputFileMap.json -save-temps -no-color-diagnostics -explicit-module-build -module-cache-path /Users/admin/builder/spi-builder-workspace/.derivedData/Build/Intermediates.noindex/SwiftExplicitPrecompiledModules -clang-scanner-module-cache-path /Users/admin/builder/spi-builder-workspace/.derivedData/ModuleCache.noindex -sdk-module-cache-path /Users/admin/builder/spi-builder-workspace/.derivedData/SDKExplicitPrecompiledModules -emit-dependencies -emit-module -emit-module-path /Users/admin/builder/spi-builder-workspace/.derivedData/Build/Intermediates.noindex/web.build/Debug-watchos/CSS-t.build/Objects-normal/arm64_32/CSS.swiftmodule -serialize-diagnostics -dependency-scan-serialize-diagnostics-path /Users/admin/builder/spi-builder-workspace/.derivedData/Build/Intermediates.noindex/web.build/Debug-watchos/CSS-t.build/Objects-normal/arm64_32/CSS-dependency-scan.dia -validate-clang-modules-once -clang-build-session-file /Users/admin/builder/spi-builder-workspace/.derivedData/ModuleCache.noindex/Session.modulevalidation -Xcc -fmodules-prune-interval\=86400 -Xcc -fmodules-prune-after\=345600 -emit-const-values -const-gather-protocols-list /Users/admin/builder/spi-builder-workspace/.derivedData/Build/Intermediates.noindex/web.build/Debug-watchos/CSS-t.build/Objects-normal/arm64_32/CSS_const_extract_protocols.json -Xcc -I/Users/admin/builder/spi-builder-workspace/.dependencies/checkouts/JavaScriptKit/Sources/_CJavaScriptBigIntSupport/include -Xcc -I/Users/admin/builder/spi-builder-workspace/.dependencies/checkouts/JavaScriptKit/Sources/_CJavaScriptKit/include -Xcc -I/Users/admin/builder/spi-builder-workspace/.derivedData/Build/Products/Debug-watchos/include -Xcc -I/Users/admin/builder/spi-builder-workspace/.derivedData/Build/Intermediates.noindex/web.build/Debug-watchos/CSS-t.build/DerivedSources-normal/arm64_32 -Xcc -I/Users/admin/builder/spi-builder-workspace/.derivedData/Build/Intermediates.noindex/web.build/Debug-watchos/CSS-t.build/DerivedSources/arm64_32 -Xcc -I/Users/admin/builder/spi-builder-workspace/.derivedData/Build/Intermediates.noindex/web.build/Debug-watchos/CSS-t.build/DerivedSources -Xcc -DSWIFT_PACKAGE -Xcc -DDEBUG\=1 -emit-objc-header -emit-objc-header-path /Users/admin/builder/spi-builder-workspace/.derivedData/Build/Intermediates.noindex/web.build/Debug-watchos/CSS-t.build/Objects-normal/arm64_32/CSS-Swift.h -working-directory /Users/admin/builder/spi-builder-workspace/.swiftpm/xcode -experimental-emit-module-separately -disable-cmo
Copy /Users/admin/builder/spi-builder-workspace/.derivedData/Build/Products/Debug-watchos/CSS.swiftmodule/arm64_32-apple-watchos.abi.json /Users/admin/builder/spi-builder-workspace/.derivedData/Build/Intermediates.noindex/web.build/Debug-watchos/CSS-t.build/Objects-normal/arm64_32/CSS.abi.json (in target 'CSS' from project 'web')
cd /Users/admin/builder/spi-builder-workspace/.dependencies/checkouts/web
builtin-copy -exclude .DS_Store -exclude CVS -exclude .svn -exclude .git -exclude .hg -resolve-src-symlinks -rename /Users/admin/builder/spi-builder-workspace/.derivedData/Build/Intermediates.noindex/web.build/Debug-watchos/CSS-t.build/Objects-normal/arm64_32/CSS.abi.json /Users/admin/builder/spi-builder-workspace/.derivedData/Build/Products/Debug-watchos/CSS.swiftmodule/arm64_32-apple-watchos.abi.json
Copy /Users/admin/builder/spi-builder-workspace/.derivedData/Build/Products/Debug-watchos/CSS.swiftmodule/arm64_32-apple-watchos.swiftmodule /Users/admin/builder/spi-builder-workspace/.derivedData/Build/Intermediates.noindex/web.build/Debug-watchos/CSS-t.build/Objects-normal/arm64_32/CSS.swiftmodule (in target 'CSS' from project 'web')
cd /Users/admin/builder/spi-builder-workspace/.dependencies/checkouts/web
builtin-copy -exclude .DS_Store -exclude CVS -exclude .svn -exclude .git -exclude .hg -resolve-src-symlinks -rename /Users/admin/builder/spi-builder-workspace/.derivedData/Build/Intermediates.noindex/web.build/Debug-watchos/CSS-t.build/Objects-normal/arm64_32/CSS.swiftmodule /Users/admin/builder/spi-builder-workspace/.derivedData/Build/Products/Debug-watchos/CSS.swiftmodule/arm64_32-apple-watchos.swiftmodule
Copy /Users/admin/builder/spi-builder-workspace/.derivedData/Build/Products/Debug-watchos/CSS.swiftmodule/arm64_32-apple-watchos.swiftdoc /Users/admin/builder/spi-builder-workspace/.derivedData/Build/Intermediates.noindex/web.build/Debug-watchos/CSS-t.build/Objects-normal/arm64_32/CSS.swiftdoc (in target 'CSS' from project 'web')
cd /Users/admin/builder/spi-builder-workspace/.dependencies/checkouts/web
builtin-copy -exclude .DS_Store -exclude CVS -exclude .svn -exclude .git -exclude .hg -resolve-src-symlinks -rename /Users/admin/builder/spi-builder-workspace/.derivedData/Build/Intermediates.noindex/web.build/Debug-watchos/CSS-t.build/Objects-normal/arm64_32/CSS.swiftdoc /Users/admin/builder/spi-builder-workspace/.derivedData/Build/Products/Debug-watchos/CSS.swiftmodule/arm64_32-apple-watchos.swiftdoc
Copy /Users/admin/builder/spi-builder-workspace/.derivedData/Build/Products/Debug-watchos/CSS.swiftmodule/Project/arm64_32-apple-watchos.swiftsourceinfo /Users/admin/builder/spi-builder-workspace/.derivedData/Build/Intermediates.noindex/web.build/Debug-watchos/CSS-t.build/Objects-normal/arm64_32/CSS.swiftsourceinfo (in target 'CSS' from project 'web')
cd /Users/admin/builder/spi-builder-workspace/.dependencies/checkouts/web
builtin-copy -exclude .DS_Store -exclude CVS -exclude .svn -exclude .git -exclude .hg -resolve-src-symlinks -rename /Users/admin/builder/spi-builder-workspace/.derivedData/Build/Intermediates.noindex/web.build/Debug-watchos/CSS-t.build/Objects-normal/arm64_32/CSS.swiftsourceinfo /Users/admin/builder/spi-builder-workspace/.derivedData/Build/Products/Debug-watchos/CSS.swiftmodule/Project/arm64_32-apple-watchos.swiftsourceinfo
SwiftDriverJobDiscovery normal arm64 Emitting module for CSS (in target 'CSS' from project 'web')
SwiftDriver\ Compilation\ Requirements CSS normal arm64 com.apple.xcode.tools.swift.compiler (in target 'CSS' from project 'web')
cd /Users/admin/builder/spi-builder-workspace/.swiftpm/xcode
builtin-Swift-Compilation-Requirements -- /Applications/Xcode-27.0.0-Release.Candidate.app/Contents/Developer/Toolchains/XcodeDefault.xctoolchain/usr/bin/swiftc -parse-as-library -module-name CSS -Onone @/Users/admin/builder/spi-builder-workspace/.derivedData/Build/Intermediates.noindex/web.build/Debug-watchos/CSS-t.build/Objects-normal/arm64/CSS.SwiftFileList -DSWIFT_PACKAGE -DDEBUG -DSWIFT_MODULE_RESOURCE_BUNDLE_UNAVAILABLE -Xcc -fmodule-map-file\=/Users/admin/builder/spi-builder-workspace/.dependencies/checkouts/JavaScriptKit/Sources/_CJavaScriptBigIntSupport/include/module.modulemap -Xcc -fmodule-map-file\=/Users/admin/builder/spi-builder-workspace/.dependencies/checkouts/JavaScriptKit/Sources/_CJavaScriptKit/include/module.modulemap -DXcode -plugin-path /Applications/Xcode-27.0.0-Release.Candidate.app/Contents/Developer/Toolchains/XcodeDefault.xctoolchain/usr/lib/swift/host/plugins/testing -enable-experimental-feature DebugDescriptionMacro -sdk /Applications/Xcode-27.0.0-Release.Candidate.app/Contents/Developer/Platforms/WatchOS.platform/Developer/SDKs/WatchOS27.0.sdk -target arm64-apple-watchos9.0 -g -module-cache-path /Users/admin/builder/spi-builder-workspace/.derivedData/ModuleCache.noindex -Xfrontend -serialize-debugging-options -profile-coverage-mapping -profile-generate -enable-testing -suppress-warnings -index-store-path /Users/admin/builder/spi-builder-workspace/.derivedData/Index.noindex/DataStore -Xcc -D_LIBCPP_HARDENING_MODE\=_LIBCPP_HARDENING_MODE_DEBUG -swift-version 5 -I /Users/admin/builder/spi-builder-workspace/.derivedData/Build/Products/Debug-watchos -Isystem /Applications/Xcode-27.0.0-Release.Candidate.app/Contents/Developer/Platforms/WatchOS.platform/Developer/usr/lib -F /Users/admin/builder/spi-builder-workspace/.derivedData/Build/Products/Debug-watchos/PackageFrameworks -F /Users/admin/builder/spi-builder-workspace/.derivedData/Build/Products/Debug-watchos -F /Applications/Xcode-27.0.0-Release.Candidate.app/Contents/Developer/Platforms/WatchOS.platform/Developer/Library/Frameworks -F /Applications/Xcode-27.0.0-Release.Candidate.app/Contents/Developer/Platforms/WatchOS.platform/Developer/SDKs/WatchOS27.0.sdk/Developer/Library/Frameworks -c -j10 -enable-batch-mode -incremental -Xcc -ivfsstatcache -Xcc /Users/admin/builder/spi-builder-workspace/.derivedData/SDKStatCaches.noindex/watchos27.0-24R360-e829b21a6f8c9b70876ba0858053c04477534ef55a1706bf4c1112bbb242f0a2.sdkstatcache -output-file-map /Users/admin/builder/spi-builder-workspace/.derivedData/Build/Intermediates.noindex/web.build/Debug-watchos/CSS-t.build/Objects-normal/arm64/CSS-OutputFileMap.json -save-temps -no-color-diagnostics -explicit-module-build -module-cache-path /Users/admin/builder/spi-builder-workspace/.derivedData/Build/Intermediates.noindex/SwiftExplicitPrecompiledModules -clang-scanner-module-cache-path /Users/admin/builder/spi-builder-workspace/.derivedData/ModuleCache.noindex -sdk-module-cache-path /Users/admin/builder/spi-builder-workspace/.derivedData/SDKExplicitPrecompiledModules -emit-dependencies -emit-module -emit-module-path /Users/admin/builder/spi-builder-workspace/.derivedData/Build/Intermediates.noindex/web.build/Debug-watchos/CSS-t.build/Objects-normal/arm64/CSS.swiftmodule -serialize-diagnostics -dependency-scan-serialize-diagnostics-path /Users/admin/builder/spi-builder-workspace/.derivedData/Build/Intermediates.noindex/web.build/Debug-watchos/CSS-t.build/Objects-normal/arm64/CSS-dependency-scan.dia -validate-clang-modules-once -clang-build-session-file /Users/admin/builder/spi-builder-workspace/.derivedData/ModuleCache.noindex/Session.modulevalidation -Xcc -fmodules-prune-interval\=86400 -Xcc -fmodules-prune-after\=345600 -emit-const-values -const-gather-protocols-list /Users/admin/builder/spi-builder-workspace/.derivedData/Build/Intermediates.noindex/web.build/Debug-watchos/CSS-t.build/Objects-normal/arm64/CSS_const_extract_protocols.json -Xcc -I/Users/admin/builder/spi-builder-workspace/.dependencies/checkouts/JavaScriptKit/Sources/_CJavaScriptBigIntSupport/include -Xcc -I/Users/admin/builder/spi-builder-workspace/.dependencies/checkouts/JavaScriptKit/Sources/_CJavaScriptKit/include -Xcc -I/Users/admin/builder/spi-builder-workspace/.derivedData/Build/Products/Debug-watchos/include -Xcc -I/Users/admin/builder/spi-builder-workspace/.derivedData/Build/Intermediates.noindex/web.build/Debug-watchos/CSS-t.build/DerivedSources-normal/arm64 -Xcc -I/Users/admin/builder/spi-builder-workspace/.derivedData/Build/Intermediates.noindex/web.build/Debug-watchos/CSS-t.build/DerivedSources/arm64 -Xcc -I/Users/admin/builder/spi-builder-workspace/.derivedData/Build/Intermediates.noindex/web.build/Debug-watchos/CSS-t.build/DerivedSources -Xcc -DSWIFT_PACKAGE -Xcc -DDEBUG\=1 -emit-objc-header -emit-objc-header-path /Users/admin/builder/spi-builder-workspace/.derivedData/Build/Intermediates.noindex/web.build/Debug-watchos/CSS-t.build/Objects-normal/arm64/CSS-Swift.h -working-directory /Users/admin/builder/spi-builder-workspace/.swiftpm/xcode -experimental-emit-module-separately -disable-cmo
SwiftMergeGeneratedHeaders /Users/admin/builder/spi-builder-workspace/.derivedData/Build/Intermediates.noindex/GeneratedModuleMaps-watchos/CSS-Swift.h /Users/admin/builder/spi-builder-workspace/.derivedData/Build/Intermediates.noindex/web.build/Debug-watchos/CSS-t.build/Objects-normal/arm64/CSS-Swift.h /Users/admin/builder/spi-builder-workspace/.derivedData/Build/Intermediates.noindex/web.build/Debug-watchos/CSS-t.build/Objects-normal/arm64_32/CSS-Swift.h (in target 'CSS' from project 'web')
cd /Users/admin/builder/spi-builder-workspace/.dependencies/checkouts/web
builtin-swiftHeaderTool -arch arm64 /Users/admin/builder/spi-builder-workspace/.derivedData/Build/Intermediates.noindex/web.build/Debug-watchos/CSS-t.build/Objects-normal/arm64/CSS-Swift.h -arch arm64_32 /Users/admin/builder/spi-builder-workspace/.derivedData/Build/Intermediates.noindex/web.build/Debug-watchos/CSS-t.build/Objects-normal/arm64_32/CSS-Swift.h -o /Users/admin/builder/spi-builder-workspace/.derivedData/Build/Intermediates.noindex/GeneratedModuleMaps-watchos/CSS-Swift.h
Copy /Users/admin/builder/spi-builder-workspace/.derivedData/Build/Products/Debug-watchos/CSS.swiftmodule/arm64-apple-watchos.swiftdoc /Users/admin/builder/spi-builder-workspace/.derivedData/Build/Intermediates.noindex/web.build/Debug-watchos/CSS-t.build/Objects-normal/arm64/CSS.swiftdoc (in target 'CSS' from project 'web')
cd /Users/admin/builder/spi-builder-workspace/.dependencies/checkouts/web
builtin-copy -exclude .DS_Store -exclude CVS -exclude .svn -exclude .git -exclude .hg -resolve-src-symlinks -rename /Users/admin/builder/spi-builder-workspace/.derivedData/Build/Intermediates.noindex/web.build/Debug-watchos/CSS-t.build/Objects-normal/arm64/CSS.swiftdoc /Users/admin/builder/spi-builder-workspace/.derivedData/Build/Products/Debug-watchos/CSS.swiftmodule/arm64-apple-watchos.swiftdoc
Copy /Users/admin/builder/spi-builder-workspace/.derivedData/Build/Products/Debug-watchos/CSS.swiftmodule/arm64-apple-watchos.abi.json /Users/admin/builder/spi-builder-workspace/.derivedData/Build/Intermediates.noindex/web.build/Debug-watchos/CSS-t.build/Objects-normal/arm64/CSS.abi.json (in target 'CSS' from project 'web')
cd /Users/admin/builder/spi-builder-workspace/.dependencies/checkouts/web
builtin-copy -exclude .DS_Store -exclude CVS -exclude .svn -exclude .git -exclude .hg -resolve-src-symlinks -rename /Users/admin/builder/spi-builder-workspace/.derivedData/Build/Intermediates.noindex/web.build/Debug-watchos/CSS-t.build/Objects-normal/arm64/CSS.abi.json /Users/admin/builder/spi-builder-workspace/.derivedData/Build/Products/Debug-watchos/CSS.swiftmodule/arm64-apple-watchos.abi.json
Copy /Users/admin/builder/spi-builder-workspace/.derivedData/Build/Products/Debug-watchos/CSS.swiftmodule/Project/arm64-apple-watchos.swiftsourceinfo /Users/admin/builder/spi-builder-workspace/.derivedData/Build/Intermediates.noindex/web.build/Debug-watchos/CSS-t.build/Objects-normal/arm64/CSS.swiftsourceinfo (in target 'CSS' from project 'web')
cd /Users/admin/builder/spi-builder-workspace/.dependencies/checkouts/web
builtin-copy -exclude .DS_Store -exclude CVS -exclude .svn -exclude .git -exclude .hg -resolve-src-symlinks -rename /Users/admin/builder/spi-builder-workspace/.derivedData/Build/Intermediates.noindex/web.build/Debug-watchos/CSS-t.build/Objects-normal/arm64/CSS.swiftsourceinfo /Users/admin/builder/spi-builder-workspace/.derivedData/Build/Products/Debug-watchos/CSS.swiftmodule/Project/arm64-apple-watchos.swiftsourceinfo
Copy /Users/admin/builder/spi-builder-workspace/.derivedData/Build/Products/Debug-watchos/CSS.swiftmodule/arm64-apple-watchos.swiftmodule /Users/admin/builder/spi-builder-workspace/.derivedData/Build/Intermediates.noindex/web.build/Debug-watchos/CSS-t.build/Objects-normal/arm64/CSS.swiftmodule (in target 'CSS' from project 'web')
cd /Users/admin/builder/spi-builder-workspace/.dependencies/checkouts/web
builtin-copy -exclude .DS_Store -exclude CVS -exclude .svn -exclude .git -exclude .hg -resolve-src-symlinks -rename /Users/admin/builder/spi-builder-workspace/.derivedData/Build/Intermediates.noindex/web.build/Debug-watchos/CSS-t.build/Objects-normal/arm64/CSS.swiftmodule /Users/admin/builder/spi-builder-workspace/.derivedData/Build/Products/Debug-watchos/CSS.swiftmodule/arm64-apple-watchos.swiftmodule
SwiftDriver Web normal arm64 com.apple.xcode.tools.swift.compiler (in target 'Web' from project 'web')
cd /Users/admin/builder/spi-builder-workspace/.swiftpm/xcode
builtin-SwiftDriver -- /Applications/Xcode-27.0.0-Release.Candidate.app/Contents/Developer/Toolchains/XcodeDefault.xctoolchain/usr/bin/swiftc -parse-as-library -module-name Web -Onone @/Users/admin/builder/spi-builder-workspace/.derivedData/Build/Intermediates.noindex/web.build/Debug-watchos/Web-t.build/Objects-normal/arm64/Web.SwiftFileList -DSWIFT_PACKAGE -DDEBUG -DSWIFT_MODULE_RESOURCE_BUNDLE_UNAVAILABLE -Xcc -fmodule-map-file\=/Users/admin/builder/spi-builder-workspace/.dependencies/checkouts/JavaScriptKit/Sources/_CJavaScriptBigIntSupport/include/module.modulemap -Xcc -fmodule-map-file\=/Users/admin/builder/spi-builder-workspace/.dependencies/checkouts/JavaScriptKit/Sources/_CJavaScriptKit/include/module.modulemap -DXcode -plugin-path /Applications/Xcode-27.0.0-Release.Candidate.app/Contents/Developer/Toolchains/XcodeDefault.xctoolchain/usr/lib/swift/host/plugins/testing -enable-experimental-feature DebugDescriptionMacro -sdk /Applications/Xcode-27.0.0-Release.Candidate.app/Contents/Developer/Platforms/WatchOS.platform/Developer/SDKs/WatchOS27.0.sdk -target arm64-apple-watchos9.0 -g -module-cache-path /Users/admin/builder/spi-builder-workspace/.derivedData/ModuleCache.noindex -Xfrontend -serialize-debugging-options -profile-coverage-mapping -profile-generate -enable-testing -suppress-warnings -index-store-path /Users/admin/builder/spi-builder-workspace/.derivedData/Index.noindex/DataStore -Xcc -D_LIBCPP_HARDENING_MODE\=_LIBCPP_HARDENING_MODE_DEBUG -swift-version 5 -I /Users/admin/builder/spi-builder-workspace/.derivedData/Build/Products/Debug-watchos -Isystem /Applications/Xcode-27.0.0-Release.Candidate.app/Contents/Developer/Platforms/WatchOS.platform/Developer/usr/lib -F /Users/admin/builder/spi-builder-workspace/.derivedData/Build/Products/Debug-watchos/PackageFrameworks -F /Users/admin/builder/spi-builder-workspace/.derivedData/Build/Products/Debug-watchos -F /Applications/Xcode-27.0.0-Release.Candidate.app/Contents/Developer/Platforms/WatchOS.platform/Developer/Library/Frameworks -F /Applications/Xcode-27.0.0-Release.Candidate.app/Contents/Developer/Platforms/WatchOS.platform/Developer/SDKs/WatchOS27.0.sdk/Developer/Library/Frameworks -c -j10 -enable-batch-mode -incremental -Xcc -ivfsstatcache -Xcc /Users/admin/builder/spi-builder-workspace/.derivedData/SDKStatCaches.noindex/watchos27.0-24R360-e829b21a6f8c9b70876ba0858053c04477534ef55a1706bf4c1112bbb242f0a2.sdkstatcache -output-file-map /Users/admin/builder/spi-builder-workspace/.derivedData/Build/Intermediates.noindex/web.build/Debug-watchos/Web-t.build/Objects-normal/arm64/Web-OutputFileMap.json -save-temps -no-color-diagnostics -explicit-module-build -module-cache-path /Users/admin/builder/spi-builder-workspace/.derivedData/Build/Intermediates.noindex/SwiftExplicitPrecompiledModules -clang-scanner-module-cache-path /Users/admin/builder/spi-builder-workspace/.derivedData/ModuleCache.noindex -sdk-module-cache-path /Users/admin/builder/spi-builder-workspace/.derivedData/SDKExplicitPrecompiledModules -emit-dependencies -emit-module -emit-module-path /Users/admin/builder/spi-builder-workspace/.derivedData/Build/Intermediates.noindex/web.build/Debug-watchos/Web-t.build/Objects-normal/arm64/Web.swiftmodule -serialize-diagnostics -dependency-scan-serialize-diagnostics-path /Users/admin/builder/spi-builder-workspace/.derivedData/Build/Intermediates.noindex/web.build/Debug-watchos/Web-t.build/Objects-normal/arm64/Web-dependency-scan.dia -validate-clang-modules-once -clang-build-session-file /Users/admin/builder/spi-builder-workspace/.derivedData/ModuleCache.noindex/Session.modulevalidation -Xcc -fmodules-prune-interval\=86400 -Xcc -fmodules-prune-after\=345600 -emit-const-values -const-gather-protocols-list /Users/admin/builder/spi-builder-workspace/.derivedData/Build/Intermediates.noindex/web.build/Debug-watchos/Web-t.build/Objects-normal/arm64/Web_const_extract_protocols.json -Xcc -I/Users/admin/builder/spi-builder-workspace/.dependencies/checkouts/JavaScriptKit/Sources/_CJavaScriptBigIntSupport/include -Xcc -I/Users/admin/builder/spi-builder-workspace/.dependencies/checkouts/JavaScriptKit/Sources/_CJavaScriptKit/include -Xcc -I/Users/admin/builder/spi-builder-workspace/.derivedData/Build/Products/Debug-watchos/include -Xcc -I/Users/admin/builder/spi-builder-workspace/.derivedData/Build/Intermediates.noindex/web.build/Debug-watchos/Web-t.build/DerivedSources-normal/arm64 -Xcc -I/Users/admin/builder/spi-builder-workspace/.derivedData/Build/Intermediates.noindex/web.build/Debug-watchos/Web-t.build/DerivedSources/arm64 -Xcc -I/Users/admin/builder/spi-builder-workspace/.derivedData/Build/Intermediates.noindex/web.build/Debug-watchos/Web-t.build/DerivedSources -Xcc -DSWIFT_PACKAGE -Xcc -DDEBUG\=1 -emit-objc-header -emit-objc-header-path /Users/admin/builder/spi-builder-workspace/.derivedData/Build/Intermediates.noindex/web.build/Debug-watchos/Web-t.build/Objects-normal/arm64/Web-Swift.h -working-directory /Users/admin/builder/spi-builder-workspace/.swiftpm/xcode -experimental-emit-module-separately -disable-cmo
SwiftDriver Web normal arm64_32 com.apple.xcode.tools.swift.compiler (in target 'Web' from project 'web')
cd /Users/admin/builder/spi-builder-workspace/.swiftpm/xcode
builtin-SwiftDriver -- /Applications/Xcode-27.0.0-Release.Candidate.app/Contents/Developer/Toolchains/XcodeDefault.xctoolchain/usr/bin/swiftc -parse-as-library -module-name Web -Onone @/Users/admin/builder/spi-builder-workspace/.derivedData/Build/Intermediates.noindex/web.build/Debug-watchos/Web-t.build/Objects-normal/arm64_32/Web.SwiftFileList -DSWIFT_PACKAGE -DDEBUG -DSWIFT_MODULE_RESOURCE_BUNDLE_UNAVAILABLE -Xcc -fmodule-map-file\=/Users/admin/builder/spi-builder-workspace/.dependencies/checkouts/JavaScriptKit/Sources/_CJavaScriptBigIntSupport/include/module.modulemap -Xcc -fmodule-map-file\=/Users/admin/builder/spi-builder-workspace/.dependencies/checkouts/JavaScriptKit/Sources/_CJavaScriptKit/include/module.modulemap -DXcode -plugin-path /Applications/Xcode-27.0.0-Release.Candidate.app/Contents/Developer/Toolchains/XcodeDefault.xctoolchain/usr/lib/swift/host/plugins/testing -enable-experimental-feature DebugDescriptionMacro -sdk /Applications/Xcode-27.0.0-Release.Candidate.app/Contents/Developer/Platforms/WatchOS.platform/Developer/SDKs/WatchOS27.0.sdk -target arm64_32-apple-watchos9.0 -g -module-cache-path /Users/admin/builder/spi-builder-workspace/.derivedData/ModuleCache.noindex -Xfrontend -serialize-debugging-options -profile-coverage-mapping -profile-generate -enable-testing -suppress-warnings -index-store-path /Users/admin/builder/spi-builder-workspace/.derivedData/Index.noindex/DataStore -Xcc -D_LIBCPP_HARDENING_MODE\=_LIBCPP_HARDENING_MODE_DEBUG -swift-version 5 -I /Users/admin/builder/spi-builder-workspace/.derivedData/Build/Products/Debug-watchos -Isystem /Applications/Xcode-27.0.0-Release.Candidate.app/Contents/Developer/Platforms/WatchOS.platform/Developer/usr/lib -F /Users/admin/builder/spi-builder-workspace/.derivedData/Build/Products/Debug-watchos/PackageFrameworks -F /Users/admin/builder/spi-builder-workspace/.derivedData/Build/Products/Debug-watchos -F /Applications/Xcode-27.0.0-Release.Candidate.app/Contents/Developer/Platforms/WatchOS.platform/Developer/Library/Frameworks -F /Applications/Xcode-27.0.0-Release.Candidate.app/Contents/Developer/Platforms/WatchOS.platform/Developer/SDKs/WatchOS27.0.sdk/Developer/Library/Frameworks -c -j10 -enable-batch-mode -incremental -Xcc -ivfsstatcache -Xcc /Users/admin/builder/spi-builder-workspace/.derivedData/SDKStatCaches.noindex/watchos27.0-24R360-e829b21a6f8c9b70876ba0858053c04477534ef55a1706bf4c1112bbb242f0a2.sdkstatcache -output-file-map /Users/admin/builder/spi-builder-workspace/.derivedData/Build/Intermediates.noindex/web.build/Debug-watchos/Web-t.build/Objects-normal/arm64_32/Web-OutputFileMap.json -save-temps -no-color-diagnostics -explicit-module-build -module-cache-path /Users/admin/builder/spi-builder-workspace/.derivedData/Build/Intermediates.noindex/SwiftExplicitPrecompiledModules -clang-scanner-module-cache-path /Users/admin/builder/spi-builder-workspace/.derivedData/ModuleCache.noindex -sdk-module-cache-path /Users/admin/builder/spi-builder-workspace/.derivedData/SDKExplicitPrecompiledModules -emit-dependencies -emit-module -emit-module-path /Users/admin/builder/spi-builder-workspace/.derivedData/Build/Intermediates.noindex/web.build/Debug-watchos/Web-t.build/Objects-normal/arm64_32/Web.swiftmodule -serialize-diagnostics -dependency-scan-serialize-diagnostics-path /Users/admin/builder/spi-builder-workspace/.derivedData/Build/Intermediates.noindex/web.build/Debug-watchos/Web-t.build/Objects-normal/arm64_32/Web-dependency-scan.dia -validate-clang-modules-once -clang-build-session-file /Users/admin/builder/spi-builder-workspace/.derivedData/ModuleCache.noindex/Session.modulevalidation -Xcc -fmodules-prune-interval\=86400 -Xcc -fmodules-prune-after\=345600 -emit-const-values -const-gather-protocols-list /Users/admin/builder/spi-builder-workspace/.derivedData/Build/Intermediates.noindex/web.build/Debug-watchos/Web-t.build/Objects-normal/arm64_32/Web_const_extract_protocols.json -Xcc -I/Users/admin/builder/spi-builder-workspace/.dependencies/checkouts/JavaScriptKit/Sources/_CJavaScriptBigIntSupport/include -Xcc -I/Users/admin/builder/spi-builder-workspace/.dependencies/checkouts/JavaScriptKit/Sources/_CJavaScriptKit/include -Xcc -I/Users/admin/builder/spi-builder-workspace/.derivedData/Build/Products/Debug-watchos/include -Xcc -I/Users/admin/builder/spi-builder-workspace/.derivedData/Build/Intermediates.noindex/web.build/Debug-watchos/Web-t.build/DerivedSources-normal/arm64_32 -Xcc -I/Users/admin/builder/spi-builder-workspace/.derivedData/Build/Intermediates.noindex/web.build/Debug-watchos/Web-t.build/DerivedSources/arm64_32 -Xcc -I/Users/admin/builder/spi-builder-workspace/.derivedData/Build/Intermediates.noindex/web.build/Debug-watchos/Web-t.build/DerivedSources -Xcc -DSWIFT_PACKAGE -Xcc -DDEBUG\=1 -emit-objc-header -emit-objc-header-path /Users/admin/builder/spi-builder-workspace/.derivedData/Build/Intermediates.noindex/web.build/Debug-watchos/Web-t.build/Objects-normal/arm64_32/Web-Swift.h -working-directory /Users/admin/builder/spi-builder-workspace/.swiftpm/xcode -experimental-emit-module-separately -disable-cmo
SwiftEmitModule normal arm64_32 Emitting\ module\ for\ Web (in target 'Web' from project 'web')
SwiftCompile normal arm64_32 (in target 'Web' from project 'web')
cd /Users/admin/builder/spi-builder-workspace/.swiftpm/xcode
SwiftCompile normal arm64_32 Compiling\ AppBuilder.swift,\ PageController.swift,\ HStack.swift,\ Spacer.swift,\ VStack.swift,\ View.swift /Users/admin/builder/spi-builder-workspace/.dependencies/checkouts/web/Sources/Web/AppBuilder.swift /Users/admin/builder/spi-builder-workspace/.dependencies/checkouts/web/Sources/Web/Controllers/PageController.swift /Users/admin/builder/spi-builder-workspace/.dependencies/checkouts/web/Sources/Web/Conveniences/Views/HStack.swift /Users/admin/builder/spi-builder-workspace/.dependencies/checkouts/web/Sources/Web/Conveniences/Views/Spacer.swift /Users/admin/builder/spi-builder-workspace/.dependencies/checkouts/web/Sources/Web/Conveniences/Views/VStack.swift /Users/admin/builder/spi-builder-workspace/.dependencies/checkouts/web/Sources/Web/Elements/View.swift (in target 'Web' from project 'web')
SwiftCompile normal arm64_32 /Users/admin/builder/spi-builder-workspace/.dependencies/checkouts/web/Sources/Web/AppBuilder.swift (in target 'Web' from project 'web')
cd /Users/admin/builder/spi-builder-workspace/.swiftpm/xcode
builtin-SwiftPerFileCompile AppBuilder.swift
SwiftCompile normal arm64_32 /Users/admin/builder/spi-builder-workspace/.dependencies/checkouts/web/Sources/Web/Controllers/PageController.swift (in target 'Web' from project 'web')
cd /Users/admin/builder/spi-builder-workspace/.swiftpm/xcode
builtin-SwiftPerFileCompile PageController.swift
SwiftCompile normal arm64_32 /Users/admin/builder/spi-builder-workspace/.dependencies/checkouts/web/Sources/Web/Conveniences/Views/HStack.swift (in target 'Web' from project 'web')
cd /Users/admin/builder/spi-builder-workspace/.swiftpm/xcode
builtin-SwiftPerFileCompile HStack.swift
SwiftCompile normal arm64_32 /Users/admin/builder/spi-builder-workspace/.dependencies/checkouts/web/Sources/Web/Conveniences/Views/Spacer.swift (in target 'Web' from project 'web')
cd /Users/admin/builder/spi-builder-workspace/.swiftpm/xcode
builtin-SwiftPerFileCompile Spacer.swift
SwiftCompile normal arm64_32 /Users/admin/builder/spi-builder-workspace/.dependencies/checkouts/web/Sources/Web/Conveniences/Views/VStack.swift (in target 'Web' from project 'web')
cd /Users/admin/builder/spi-builder-workspace/.swiftpm/xcode
builtin-SwiftPerFileCompile VStack.swift
SwiftCompile normal arm64_32 /Users/admin/builder/spi-builder-workspace/.dependencies/checkouts/web/Sources/Web/Elements/View.swift (in target 'Web' from project 'web')
cd /Users/admin/builder/spi-builder-workspace/.swiftpm/xcode
builtin-SwiftPerFileCompile View.swift
SwiftCompile normal arm64_32 Compiling\ AbortError.swift,\ Exports.swift,\ BaseElement+FadeInOut.swift,\ FormData+DOMElement.swift,\ Postfix+Percentable.swift,\ Prefix+UnitValuable.swift /Users/admin/builder/spi-builder-workspace/.dependencies/checkouts/web/Sources/Web/Error/AbortError.swift /Users/admin/builder/spi-builder-workspace/.dependencies/checkouts/web/Sources/Web/Exports.swift /Users/admin/builder/spi-builder-workspace/.dependencies/checkouts/web/Sources/Web/Extensions/BaseElement+FadeInOut.swift /Users/admin/builder/spi-builder-workspace/.dependencies/checkouts/web/Sources/Web/Extensions/FormData+DOMElement.swift /Users/admin/builder/spi-builder-workspace/.dependencies/checkouts/web/Sources/Web/Extensions/Postfix+Percentable.swift /Users/admin/builder/spi-builder-workspace/.dependencies/checkouts/web/Sources/Web/Extensions/Prefix+UnitValuable.swift (in target 'Web' from project 'web')
SwiftCompile normal arm64_32 /Users/admin/builder/spi-builder-workspace/.dependencies/checkouts/web/Sources/Web/Error/AbortError.swift (in target 'Web' from project 'web')
cd /Users/admin/builder/spi-builder-workspace/.swiftpm/xcode
builtin-SwiftPerFileCompile AbortError.swift
SwiftCompile normal arm64_32 /Users/admin/builder/spi-builder-workspace/.dependencies/checkouts/web/Sources/Web/Exports.swift (in target 'Web' from project 'web')
cd /Users/admin/builder/spi-builder-workspace/.swiftpm/xcode
builtin-SwiftPerFileCompile Exports.swift
SwiftCompile normal arm64_32 /Users/admin/builder/spi-builder-workspace/.dependencies/checkouts/web/Sources/Web/Extensions/BaseElement+FadeInOut.swift (in target 'Web' from project 'web')
cd /Users/admin/builder/spi-builder-workspace/.swiftpm/xcode
builtin-SwiftPerFileCompile BaseElement+FadeInOut.swift
SwiftCompile normal arm64_32 /Users/admin/builder/spi-builder-workspace/.dependencies/checkouts/web/Sources/Web/Extensions/FormData+DOMElement.swift (in target 'Web' from project 'web')
cd /Users/admin/builder/spi-builder-workspace/.swiftpm/xcode
builtin-SwiftPerFileCompile FormData+DOMElement.swift
SwiftCompile normal arm64_32 /Users/admin/builder/spi-builder-workspace/.dependencies/checkouts/web/Sources/Web/Extensions/Postfix+Percentable.swift (in target 'Web' from project 'web')
cd /Users/admin/builder/spi-builder-workspace/.swiftpm/xcode
builtin-SwiftPerFileCompile Postfix+Percentable.swift
SwiftCompile normal arm64_32 /Users/admin/builder/spi-builder-workspace/.dependencies/checkouts/web/Sources/Web/Extensions/Prefix+UnitValuable.swift (in target 'Web' from project 'web')
cd /Users/admin/builder/spi-builder-workspace/.swiftpm/xcode
builtin-SwiftPerFileCompile Prefix+UnitValuable.swift
SwiftCompile normal arm64_32 Compiling\ Request.swift,\ Responder.swift,\ Route.swift,\ Router.swift,\ Routes.swift,\ RoutesBuilder+Group.swift /Users/admin/builder/spi-builder-workspace/.dependencies/checkouts/web/Sources/Web/Routing/Request.swift /Users/admin/builder/spi-builder-workspace/.dependencies/checkouts/web/Sources/Web/Routing/Responder.swift /Users/admin/builder/spi-builder-workspace/.dependencies/checkouts/web/Sources/Web/Routing/Route.swift /Users/admin/builder/spi-builder-workspace/.dependencies/checkouts/web/Sources/Web/Routing/Router.swift /Users/admin/builder/spi-builder-workspace/.dependencies/checkouts/web/Sources/Web/Routing/Routes.swift /Users/admin/builder/spi-builder-workspace/.dependencies/checkouts/web/Sources/Web/Routing/RoutesBuilder+Group.swift (in target 'Web' from project 'web')
SwiftCompile normal arm64_32 /Users/admin/builder/spi-builder-workspace/.dependencies/checkouts/web/Sources/Web/Routing/Request.swift (in target 'Web' from project 'web')
cd /Users/admin/builder/spi-builder-workspace/.swiftpm/xcode
builtin-SwiftPerFileCompile Request.swift
SwiftCompile normal arm64_32 /Users/admin/builder/spi-builder-workspace/.dependencies/checkouts/web/Sources/Web/Routing/Responder.swift (in target 'Web' from project 'web')
cd /Users/admin/builder/spi-builder-workspace/.swiftpm/xcode
builtin-SwiftPerFileCompile Responder.swift
SwiftCompile normal arm64_32 /Users/admin/builder/spi-builder-workspace/.dependencies/checkouts/web/Sources/Web/Routing/Route.swift (in target 'Web' from project 'web')
cd /Users/admin/builder/spi-builder-workspace/.swiftpm/xcode
builtin-SwiftPerFileCompile Route.swift
SwiftCompile normal arm64_32 /Users/admin/builder/spi-builder-workspace/.dependencies/checkouts/web/Sources/Web/Routing/Router.swift (in target 'Web' from project 'web')
cd /Users/admin/builder/spi-builder-workspace/.swiftpm/xcode
builtin-SwiftPerFileCompile Router.swift
SwiftCompile normal arm64_32 /Users/admin/builder/spi-builder-workspace/.dependencies/checkouts/web/Sources/Web/Routing/Routes.swift (in target 'Web' from project 'web')
cd /Users/admin/builder/spi-builder-workspace/.swiftpm/xcode
builtin-SwiftPerFileCompile Routes.swift
SwiftCompile normal arm64_32 /Users/admin/builder/spi-builder-workspace/.dependencies/checkouts/web/Sources/Web/Routing/RoutesBuilder+Group.swift (in target 'Web' from project 'web')
cd /Users/admin/builder/spi-builder-workspace/.swiftpm/xcode
builtin-SwiftPerFileCompile RoutesBuilder+Group.swift
SwiftCompile normal arm64_32 Compiling\ Stylesheet+AppBuilder.swift,\ UUID+Pseudo.swift,\ Language.swift,\ Localization.swift,\ LocalizedString.swift,\ String+LocalizedString.swift /Users/admin/builder/spi-builder-workspace/.dependencies/checkouts/web/Sources/Web/Extensions/Stylesheet+AppBuilder.swift /Users/admin/builder/spi-builder-workspace/.dependencies/checkouts/web/Sources/Web/Extensions/UUID+Pseudo.swift /Users/admin/builder/spi-builder-workspace/.dependencies/checkouts/web/Sources/Web/Localization/Language.swift /Users/admin/builder/spi-builder-workspace/.dependencies/checkouts/web/Sources/Web/Localization/Localization.swift /Users/admin/builder/spi-builder-workspace/.dependencies/checkouts/web/Sources/Web/Localization/LocalizedString.swift /Users/admin/builder/spi-builder-workspace/.dependencies/checkouts/web/Sources/Web/Localization/String+LocalizedString.swift (in target 'Web' from project 'web')
SwiftCompile normal arm64_32 /Users/admin/builder/spi-builder-workspace/.dependencies/checkouts/web/Sources/Web/Extensions/Stylesheet+AppBuilder.swift (in target 'Web' from project 'web')
cd /Users/admin/builder/spi-builder-workspace/.swiftpm/xcode
builtin-SwiftPerFileCompile Stylesheet+AppBuilder.swift
SwiftCompile normal arm64_32 /Users/admin/builder/spi-builder-workspace/.dependencies/checkouts/web/Sources/Web/Extensions/UUID+Pseudo.swift (in target 'Web' from project 'web')
cd /Users/admin/builder/spi-builder-workspace/.swiftpm/xcode
builtin-SwiftPerFileCompile UUID+Pseudo.swift
SwiftCompile normal arm64_32 /Users/admin/builder/spi-builder-workspace/.dependencies/checkouts/web/Sources/Web/Localization/Language.swift (in target 'Web' from project 'web')
cd /Users/admin/builder/spi-builder-workspace/.swiftpm/xcode
builtin-SwiftPerFileCompile Language.swift
SwiftCompile normal arm64_32 /Users/admin/builder/spi-builder-workspace/.dependencies/checkouts/web/Sources/Web/Localization/Localization.swift (in target 'Web' from project 'web')
cd /Users/admin/builder/spi-builder-workspace/.swiftpm/xcode
builtin-SwiftPerFileCompile Localization.swift
SwiftCompile normal arm64_32 /Users/admin/builder/spi-builder-workspace/.dependencies/checkouts/web/Sources/Web/Localization/LocalizedString.swift (in target 'Web' from project 'web')
cd /Users/admin/builder/spi-builder-workspace/.swiftpm/xcode
builtin-SwiftPerFileCompile LocalizedString.swift
SwiftCompile normal arm64_32 /Users/admin/builder/spi-builder-workspace/.dependencies/checkouts/web/Sources/Web/Localization/String+LocalizedString.swift (in target 'Web' from project 'web')
cd /Users/admin/builder/spi-builder-workspace/.swiftpm/xcode
builtin-SwiftPerFileCompile String+LocalizedString.swift
SwiftCompile normal arm64_32 Compiling\ URLEncodedFormParser.swift,\ URLEncodedFormSerializer.swift,\ URLQueryCoders.swift,\ URLQueryContainer.swift,\ URLQueryFragmentConvertible.swift /Users/admin/builder/spi-builder-workspace/.dependencies/checkouts/web/Sources/Web/URLEncodedForm/URLEncodedFormParser.swift /Users/admin/builder/spi-builder-workspace/.dependencies/checkouts/web/Sources/Web/URLEncodedForm/URLEncodedFormSerializer.swift /Users/admin/builder/spi-builder-workspace/.dependencies/checkouts/web/Sources/Web/URLQuery/URLQueryCoders.swift /Users/admin/builder/spi-builder-workspace/.dependencies/checkouts/web/Sources/Web/URLQuery/URLQueryContainer.swift /Users/admin/builder/spi-builder-workspace/.dependencies/checkouts/web/Sources/Web/URLQuery/URLQueryFragmentConvertible.swift (in target 'Web' from project 'web')
SwiftCompile normal arm64_32 /Users/admin/builder/spi-builder-workspace/.dependencies/checkouts/web/Sources/Web/URLEncodedForm/URLEncodedFormParser.swift (in target 'Web' from project 'web')
cd /Users/admin/builder/spi-builder-workspace/.swiftpm/xcode
builtin-SwiftPerFileCompile URLEncodedFormParser.swift
SwiftCompile normal arm64_32 /Users/admin/builder/spi-builder-workspace/.dependencies/checkouts/web/Sources/Web/URLEncodedForm/URLEncodedFormSerializer.swift (in target 'Web' from project 'web')
cd /Users/admin/builder/spi-builder-workspace/.swiftpm/xcode
builtin-SwiftPerFileCompile URLEncodedFormSerializer.swift
SwiftCompile normal arm64_32 /Users/admin/builder/spi-builder-workspace/.dependencies/checkouts/web/Sources/Web/URLQuery/URLQueryCoders.swift (in target 'Web' from project 'web')
cd /Users/admin/builder/spi-builder-workspace/.swiftpm/xcode
builtin-SwiftPerFileCompile URLQueryCoders.swift
SwiftCompile normal arm64_32 /Users/admin/builder/spi-builder-workspace/.dependencies/checkouts/web/Sources/Web/URLQuery/URLQueryContainer.swift (in target 'Web' from project 'web')
cd /Users/admin/builder/spi-builder-workspace/.swiftpm/xcode
builtin-SwiftPerFileCompile URLQueryContainer.swift
SwiftCompile normal arm64_32 /Users/admin/builder/spi-builder-workspace/.dependencies/checkouts/web/Sources/Web/URLQuery/URLQueryFragmentConvertible.swift (in target 'Web' from project 'web')
cd /Users/admin/builder/spi-builder-workspace/.swiftpm/xcode
builtin-SwiftPerFileCompile URLQueryFragmentConvertible.swift
SwiftEmitModule normal arm64 Emitting\ module\ for\ Web (in target 'Web' from project 'web')
SwiftCompile normal arm64 (in target 'Web' from project 'web')
cd /Users/admin/builder/spi-builder-workspace/.swiftpm/xcode
SwiftDriverJobDiscovery normal arm64_32 Compiling PropertiesBuilder.swift, PropertyTypes.swift, AbsoluteSizeable.swift, AngleValue.swift, AutoValue.swift (in target 'CSS' from project 'web')
SwiftCompile normal arm64 Compiling\ _RoutesBuilder.swift,\ URLEncodedFormData.swift,\ URLEncodedFormDecoder.swift,\ URLEncodedFormEncoder.swift,\ URLEncodedFormError.swift /Users/admin/builder/spi-builder-workspace/.dependencies/checkouts/web/Sources/Web/Routing/_RoutesBuilder.swift /Users/admin/builder/spi-builder-workspace/.dependencies/checkouts/web/Sources/Web/URLEncodedForm/URLEncodedFormData.swift /Users/admin/builder/spi-builder-workspace/.dependencies/checkouts/web/Sources/Web/URLEncodedForm/URLEncodedFormDecoder.swift /Users/admin/builder/spi-builder-workspace/.dependencies/checkouts/web/Sources/Web/URLEncodedForm/URLEncodedFormEncoder.swift /Users/admin/builder/spi-builder-workspace/.dependencies/checkouts/web/Sources/Web/URLEncodedForm/URLEncodedFormError.swift (in target 'Web' from project 'web')
SwiftCompile normal arm64 /Users/admin/builder/spi-builder-workspace/.dependencies/checkouts/web/Sources/Web/Routing/_RoutesBuilder.swift (in target 'Web' from project 'web')
cd /Users/admin/builder/spi-builder-workspace/.swiftpm/xcode
builtin-SwiftPerFileCompile _RoutesBuilder.swift
SwiftCompile normal arm64 /Users/admin/builder/spi-builder-workspace/.dependencies/checkouts/web/Sources/Web/URLEncodedForm/URLEncodedFormData.swift (in target 'Web' from project 'web')
cd /Users/admin/builder/spi-builder-workspace/.swiftpm/xcode
builtin-SwiftPerFileCompile URLEncodedFormData.swift
SwiftCompile normal arm64 /Users/admin/builder/spi-builder-workspace/.dependencies/checkouts/web/Sources/Web/URLEncodedForm/URLEncodedFormDecoder.swift (in target 'Web' from project 'web')
cd /Users/admin/builder/spi-builder-workspace/.swiftpm/xcode
builtin-SwiftPerFileCompile URLEncodedFormDecoder.swift
SwiftCompile normal arm64 /Users/admin/builder/spi-builder-workspace/.dependencies/checkouts/web/Sources/Web/URLEncodedForm/URLEncodedFormEncoder.swift (in target 'Web' from project 'web')
cd /Users/admin/builder/spi-builder-workspace/.swiftpm/xcode
builtin-SwiftPerFileCompile URLEncodedFormEncoder.swift
SwiftCompile normal arm64 /Users/admin/builder/spi-builder-workspace/.dependencies/checkouts/web/Sources/Web/URLEncodedForm/URLEncodedFormError.swift (in target 'Web' from project 'web')
cd /Users/admin/builder/spi-builder-workspace/.swiftpm/xcode
builtin-SwiftPerFileCompile URLEncodedFormError.swift
SwiftDriverJobDiscovery normal arm64 Compiling PropertiesBuilder.swift, PropertyTypes.swift, AbsoluteSizeable.swift, AngleValue.swift, AutoValue.swift (in target 'CSS' from project 'web')
SwiftCompile normal arm64 Compiling\ AbortError.swift,\ Exports.swift,\ BaseElement+FadeInOut.swift,\ FormData+DOMElement.swift,\ Postfix+Percentable.swift,\ Prefix+UnitValuable.swift /Users/admin/builder/spi-builder-workspace/.dependencies/checkouts/web/Sources/Web/Error/AbortError.swift /Users/admin/builder/spi-builder-workspace/.dependencies/checkouts/web/Sources/Web/Exports.swift /Users/admin/builder/spi-builder-workspace/.dependencies/checkouts/web/Sources/Web/Extensions/BaseElement+FadeInOut.swift /Users/admin/builder/spi-builder-workspace/.dependencies/checkouts/web/Sources/Web/Extensions/FormData+DOMElement.swift /Users/admin/builder/spi-builder-workspace/.dependencies/checkouts/web/Sources/Web/Extensions/Postfix+Percentable.swift /Users/admin/builder/spi-builder-workspace/.dependencies/checkouts/web/Sources/Web/Extensions/Prefix+UnitValuable.swift (in target 'Web' from project 'web')
SwiftCompile normal arm64 /Users/admin/builder/spi-builder-workspace/.dependencies/checkouts/web/Sources/Web/Error/AbortError.swift (in target 'Web' from project 'web')
cd /Users/admin/builder/spi-builder-workspace/.swiftpm/xcode
builtin-SwiftPerFileCompile AbortError.swift
SwiftCompile normal arm64 /Users/admin/builder/spi-builder-workspace/.dependencies/checkouts/web/Sources/Web/Exports.swift (in target 'Web' from project 'web')
cd /Users/admin/builder/spi-builder-workspace/.swiftpm/xcode
builtin-SwiftPerFileCompile Exports.swift
SwiftCompile normal arm64 /Users/admin/builder/spi-builder-workspace/.dependencies/checkouts/web/Sources/Web/Extensions/BaseElement+FadeInOut.swift (in target 'Web' from project 'web')
cd /Users/admin/builder/spi-builder-workspace/.swiftpm/xcode
builtin-SwiftPerFileCompile BaseElement+FadeInOut.swift
SwiftCompile normal arm64 /Users/admin/builder/spi-builder-workspace/.dependencies/checkouts/web/Sources/Web/Extensions/FormData+DOMElement.swift (in target 'Web' from project 'web')
cd /Users/admin/builder/spi-builder-workspace/.swiftpm/xcode
builtin-SwiftPerFileCompile FormData+DOMElement.swift
SwiftCompile normal arm64 /Users/admin/builder/spi-builder-workspace/.dependencies/checkouts/web/Sources/Web/Extensions/Postfix+Percentable.swift (in target 'Web' from project 'web')
cd /Users/admin/builder/spi-builder-workspace/.swiftpm/xcode
builtin-SwiftPerFileCompile Postfix+Percentable.swift
SwiftCompile normal arm64 /Users/admin/builder/spi-builder-workspace/.dependencies/checkouts/web/Sources/Web/Extensions/Prefix+UnitValuable.swift (in target 'Web' from project 'web')
cd /Users/admin/builder/spi-builder-workspace/.swiftpm/xcode
builtin-SwiftPerFileCompile Prefix+UnitValuable.swift
SwiftDriverJobDiscovery normal arm64_32 Compiling AbortError.swift, Exports.swift, BaseElement+FadeInOut.swift, FormData+DOMElement.swift, Postfix+Percentable.swift, Prefix+UnitValuable.swift (in target 'Web' from project 'web')
SwiftCompile normal arm64 Compiling\ BasicCodingKey.swift,\ CodingKeyRepresentable.swift,\ SingleValueDecoder.swift,\ WebApp.swift,\ AppStyles.swift /Users/admin/builder/spi-builder-workspace/.dependencies/checkouts/web/Sources/Web/Utilities/BasicCodingKey.swift /Users/admin/builder/spi-builder-workspace/.dependencies/checkouts/web/Sources/Web/Utilities/CodingKeyRepresentable.swift /Users/admin/builder/spi-builder-workspace/.dependencies/checkouts/web/Sources/Web/Utilities/SingleValueDecoder.swift /Users/admin/builder/spi-builder-workspace/.dependencies/checkouts/web/Sources/Web/WebApp.swift /Users/admin/builder/spi-builder-workspace/.dependencies/checkouts/web/Sources/Web/WebberPreview/AppStyles.swift (in target 'Web' from project 'web')
SwiftCompile normal arm64 /Users/admin/builder/spi-builder-workspace/.dependencies/checkouts/web/Sources/Web/Utilities/BasicCodingKey.swift (in target 'Web' from project 'web')
cd /Users/admin/builder/spi-builder-workspace/.swiftpm/xcode
builtin-SwiftPerFileCompile BasicCodingKey.swift
SwiftCompile normal arm64 /Users/admin/builder/spi-builder-workspace/.dependencies/checkouts/web/Sources/Web/Utilities/CodingKeyRepresentable.swift (in target 'Web' from project 'web')
cd /Users/admin/builder/spi-builder-workspace/.swiftpm/xcode
builtin-SwiftPerFileCompile CodingKeyRepresentable.swift
SwiftCompile normal arm64 /Users/admin/builder/spi-builder-workspace/.dependencies/checkouts/web/Sources/Web/Utilities/SingleValueDecoder.swift (in target 'Web' from project 'web')
cd /Users/admin/builder/spi-builder-workspace/.swiftpm/xcode
builtin-SwiftPerFileCompile SingleValueDecoder.swift
SwiftCompile normal arm64 /Users/admin/builder/spi-builder-workspace/.dependencies/checkouts/web/Sources/Web/WebApp.swift (in target 'Web' from project 'web')
cd /Users/admin/builder/spi-builder-workspace/.swiftpm/xcode
builtin-SwiftPerFileCompile WebApp.swift
SwiftCompile normal arm64 /Users/admin/builder/spi-builder-workspace/.dependencies/checkouts/web/Sources/Web/WebberPreview/AppStyles.swift (in target 'Web' from project 'web')
cd /Users/admin/builder/spi-builder-workspace/.swiftpm/xcode
builtin-SwiftPerFileCompile AppStyles.swift
SwiftDriverJobDiscovery normal arm64_32 Compiling Request.swift, Responder.swift, Route.swift, Router.swift, Routes.swift, RoutesBuilder+Group.swift (in target 'Web' from project 'web')
SwiftCompile normal arm64 Compiling\ DomElement+Preview.swift,\ PreviewableApp.swift,\ RenderBuilder.swift,\ WebPreview.swift,\ WebPreviewRenderable.swift /Users/admin/builder/spi-builder-workspace/.dependencies/checkouts/web/Sources/Web/WebberPreview/DomElement+Preview.swift /Users/admin/builder/spi-builder-workspace/.dependencies/checkouts/web/Sources/Web/WebberPreview/PreviewableApp.swift /Users/admin/builder/spi-builder-workspace/.dependencies/checkouts/web/Sources/Web/WebberPreview/RenderBuilder.swift /Users/admin/builder/spi-builder-workspace/.dependencies/checkouts/web/Sources/Web/WebberPreview/WebPreview.swift /Users/admin/builder/spi-builder-workspace/.dependencies/checkouts/web/Sources/Web/WebberPreview/WebPreviewRenderable.swift (in target 'Web' from project 'web')
SwiftCompile normal arm64 /Users/admin/builder/spi-builder-workspace/.dependencies/checkouts/web/Sources/Web/WebberPreview/DomElement+Preview.swift (in target 'Web' from project 'web')
cd /Users/admin/builder/spi-builder-workspace/.swiftpm/xcode
builtin-SwiftPerFileCompile DomElement+Preview.swift
SwiftCompile normal arm64 /Users/admin/builder/spi-builder-workspace/.dependencies/checkouts/web/Sources/Web/WebberPreview/PreviewableApp.swift (in target 'Web' from project 'web')
cd /Users/admin/builder/spi-builder-workspace/.swiftpm/xcode
builtin-SwiftPerFileCompile PreviewableApp.swift
SwiftCompile normal arm64 /Users/admin/builder/spi-builder-workspace/.dependencies/checkouts/web/Sources/Web/WebberPreview/RenderBuilder.swift (in target 'Web' from project 'web')
cd /Users/admin/builder/spi-builder-workspace/.swiftpm/xcode
builtin-SwiftPerFileCompile RenderBuilder.swift
SwiftCompile normal arm64 /Users/admin/builder/spi-builder-workspace/.dependencies/checkouts/web/Sources/Web/WebberPreview/WebPreview.swift (in target 'Web' from project 'web')
cd /Users/admin/builder/spi-builder-workspace/.swiftpm/xcode
builtin-SwiftPerFileCompile WebPreview.swift
SwiftCompile normal arm64 /Users/admin/builder/spi-builder-workspace/.dependencies/checkouts/web/Sources/Web/WebberPreview/WebPreviewRenderable.swift (in target 'Web' from project 'web')
cd /Users/admin/builder/spi-builder-workspace/.swiftpm/xcode
builtin-SwiftPerFileCompile WebPreviewRenderable.swift
SwiftDriverJobDiscovery normal arm64_32 Compiling URLEncodedFormParser.swift, URLEncodedFormSerializer.swift, URLQueryCoders.swift, URLQueryContainer.swift, URLQueryFragmentConvertible.swift (in target 'Web' from project 'web')
SwiftCompile normal arm64 Compiling\ URLEncodedFormParser.swift,\ URLEncodedFormSerializer.swift,\ URLQueryCoders.swift,\ URLQueryContainer.swift,\ URLQueryFragmentConvertible.swift /Users/admin/builder/spi-builder-workspace/.dependencies/checkouts/web/Sources/Web/URLEncodedForm/URLEncodedFormParser.swift /Users/admin/builder/spi-builder-workspace/.dependencies/checkouts/web/Sources/Web/URLEncodedForm/URLEncodedFormSerializer.swift /Users/admin/builder/spi-builder-workspace/.dependencies/checkouts/web/Sources/Web/URLQuery/URLQueryCoders.swift /Users/admin/builder/spi-builder-workspace/.dependencies/checkouts/web/Sources/Web/URLQuery/URLQueryContainer.swift /Users/admin/builder/spi-builder-workspace/.dependencies/checkouts/web/Sources/Web/URLQuery/URLQueryFragmentConvertible.swift (in target 'Web' from project 'web')
SwiftCompile normal arm64 /Users/admin/builder/spi-builder-workspace/.dependencies/checkouts/web/Sources/Web/URLEncodedForm/URLEncodedFormParser.swift (in target 'Web' from project 'web')
cd /Users/admin/builder/spi-builder-workspace/.swiftpm/xcode
builtin-SwiftPerFileCompile URLEncodedFormParser.swift
SwiftCompile normal arm64 /Users/admin/builder/spi-builder-workspace/.dependencies/checkouts/web/Sources/Web/URLEncodedForm/URLEncodedFormSerializer.swift (in target 'Web' from project 'web')
cd /Users/admin/builder/spi-builder-workspace/.swiftpm/xcode
builtin-SwiftPerFileCompile URLEncodedFormSerializer.swift
SwiftCompile normal arm64 /Users/admin/builder/spi-builder-workspace/.dependencies/checkouts/web/Sources/Web/URLQuery/URLQueryCoders.swift (in target 'Web' from project 'web')
cd /Users/admin/builder/spi-builder-workspace/.swiftpm/xcode
builtin-SwiftPerFileCompile URLQueryCoders.swift
SwiftCompile normal arm64 /Users/admin/builder/spi-builder-workspace/.dependencies/checkouts/web/Sources/Web/URLQuery/URLQueryContainer.swift (in target 'Web' from project 'web')
cd /Users/admin/builder/spi-builder-workspace/.swiftpm/xcode
builtin-SwiftPerFileCompile URLQueryContainer.swift
SwiftCompile normal arm64 /Users/admin/builder/spi-builder-workspace/.dependencies/checkouts/web/Sources/Web/URLQuery/URLQueryFragmentConvertible.swift (in target 'Web' from project 'web')
cd /Users/admin/builder/spi-builder-workspace/.swiftpm/xcode
builtin-SwiftPerFileCompile URLQueryFragmentConvertible.swift
SwiftDriverJobDiscovery normal arm64_32 Compiling AppBuilder.swift, PageController.swift, HStack.swift, Spacer.swift, VStack.swift, View.swift (in target 'Web' from project 'web')
SwiftCompile normal arm64 Compiling\ Stylesheet+AppBuilder.swift,\ UUID+Pseudo.swift,\ Language.swift,\ Localization.swift,\ LocalizedString.swift,\ String+LocalizedString.swift /Users/admin/builder/spi-builder-workspace/.dependencies/checkouts/web/Sources/Web/Extensions/Stylesheet+AppBuilder.swift /Users/admin/builder/spi-builder-workspace/.dependencies/checkouts/web/Sources/Web/Extensions/UUID+Pseudo.swift /Users/admin/builder/spi-builder-workspace/.dependencies/checkouts/web/Sources/Web/Localization/Language.swift /Users/admin/builder/spi-builder-workspace/.dependencies/checkouts/web/Sources/Web/Localization/Localization.swift /Users/admin/builder/spi-builder-workspace/.dependencies/checkouts/web/Sources/Web/Localization/LocalizedString.swift /Users/admin/builder/spi-builder-workspace/.dependencies/checkouts/web/Sources/Web/Localization/String+LocalizedString.swift (in target 'Web' from project 'web')
SwiftCompile normal arm64 /Users/admin/builder/spi-builder-workspace/.dependencies/checkouts/web/Sources/Web/Extensions/Stylesheet+AppBuilder.swift (in target 'Web' from project 'web')
cd /Users/admin/builder/spi-builder-workspace/.swiftpm/xcode
builtin-SwiftPerFileCompile Stylesheet+AppBuilder.swift
SwiftCompile normal arm64 /Users/admin/builder/spi-builder-workspace/.dependencies/checkouts/web/Sources/Web/Extensions/UUID+Pseudo.swift (in target 'Web' from project 'web')
cd /Users/admin/builder/spi-builder-workspace/.swiftpm/xcode
builtin-SwiftPerFileCompile UUID+Pseudo.swift
SwiftCompile normal arm64 /Users/admin/builder/spi-builder-workspace/.dependencies/checkouts/web/Sources/Web/Localization/Language.swift (in target 'Web' from project 'web')
cd /Users/admin/builder/spi-builder-workspace/.swiftpm/xcode
builtin-SwiftPerFileCompile Language.swift
SwiftCompile normal arm64 /Users/admin/builder/spi-builder-workspace/.dependencies/checkouts/web/Sources/Web/Localization/Localization.swift (in target 'Web' from project 'web')
cd /Users/admin/builder/spi-builder-workspace/.swiftpm/xcode
builtin-SwiftPerFileCompile Localization.swift
SwiftCompile normal arm64 /Users/admin/builder/spi-builder-workspace/.dependencies/checkouts/web/Sources/Web/Localization/LocalizedString.swift (in target 'Web' from project 'web')
cd /Users/admin/builder/spi-builder-workspace/.swiftpm/xcode
builtin-SwiftPerFileCompile LocalizedString.swift
SwiftCompile normal arm64 /Users/admin/builder/spi-builder-workspace/.dependencies/checkouts/web/Sources/Web/Localization/String+LocalizedString.swift (in target 'Web' from project 'web')
cd /Users/admin/builder/spi-builder-workspace/.swiftpm/xcode
builtin-SwiftPerFileCompile String+LocalizedString.swift
SwiftDriverJobDiscovery normal arm64 Compiling AbortError.swift, Exports.swift, BaseElement+FadeInOut.swift, FormData+DOMElement.swift, Postfix+Percentable.swift, Prefix+UnitValuable.swift (in target 'Web' from project 'web')
SwiftCompile normal arm64_32 Compiling\ BasicCodingKey.swift,\ CodingKeyRepresentable.swift,\ SingleValueDecoder.swift,\ WebApp.swift,\ AppStyles.swift /Users/admin/builder/spi-builder-workspace/.dependencies/checkouts/web/Sources/Web/Utilities/BasicCodingKey.swift /Users/admin/builder/spi-builder-workspace/.dependencies/checkouts/web/Sources/Web/Utilities/CodingKeyRepresentable.swift /Users/admin/builder/spi-builder-workspace/.dependencies/checkouts/web/Sources/Web/Utilities/SingleValueDecoder.swift /Users/admin/builder/spi-builder-workspace/.dependencies/checkouts/web/Sources/Web/WebApp.swift /Users/admin/builder/spi-builder-workspace/.dependencies/checkouts/web/Sources/Web/WebberPreview/AppStyles.swift (in target 'Web' from project 'web')
SwiftCompile normal arm64_32 /Users/admin/builder/spi-builder-workspace/.dependencies/checkouts/web/Sources/Web/Utilities/BasicCodingKey.swift (in target 'Web' from project 'web')
cd /Users/admin/builder/spi-builder-workspace/.swiftpm/xcode
builtin-SwiftPerFileCompile BasicCodingKey.swift
SwiftCompile normal arm64_32 /Users/admin/builder/spi-builder-workspace/.dependencies/checkouts/web/Sources/Web/Utilities/CodingKeyRepresentable.swift (in target 'Web' from project 'web')
cd /Users/admin/builder/spi-builder-workspace/.swiftpm/xcode
builtin-SwiftPerFileCompile CodingKeyRepresentable.swift
SwiftCompile normal arm64_32 /Users/admin/builder/spi-builder-workspace/.dependencies/checkouts/web/Sources/Web/Utilities/SingleValueDecoder.swift (in target 'Web' from project 'web')
cd /Users/admin/builder/spi-builder-workspace/.swiftpm/xcode
builtin-SwiftPerFileCompile SingleValueDecoder.swift
SwiftCompile normal arm64_32 /Users/admin/builder/spi-builder-workspace/.dependencies/checkouts/web/Sources/Web/WebApp.swift (in target 'Web' from project 'web')
cd /Users/admin/builder/spi-builder-workspace/.swiftpm/xcode
builtin-SwiftPerFileCompile WebApp.swift
SwiftCompile normal arm64_32 /Users/admin/builder/spi-builder-workspace/.dependencies/checkouts/web/Sources/Web/WebberPreview/AppStyles.swift (in target 'Web' from project 'web')
cd /Users/admin/builder/spi-builder-workspace/.swiftpm/xcode
builtin-SwiftPerFileCompile AppStyles.swift
SwiftDriverJobDiscovery normal arm64_32 Emitting module for Web (in target 'Web' from project 'web')
SwiftDriver\ Compilation\ Requirements Web normal arm64_32 com.apple.xcode.tools.swift.compiler (in target 'Web' from project 'web')
cd /Users/admin/builder/spi-builder-workspace/.swiftpm/xcode
builtin-Swift-Compilation-Requirements -- /Applications/Xcode-27.0.0-Release.Candidate.app/Contents/Developer/Toolchains/XcodeDefault.xctoolchain/usr/bin/swiftc -parse-as-library -module-name Web -Onone @/Users/admin/builder/spi-builder-workspace/.derivedData/Build/Intermediates.noindex/web.build/Debug-watchos/Web-t.build/Objects-normal/arm64_32/Web.SwiftFileList -DSWIFT_PACKAGE -DDEBUG -DSWIFT_MODULE_RESOURCE_BUNDLE_UNAVAILABLE -Xcc -fmodule-map-file\=/Users/admin/builder/spi-builder-workspace/.dependencies/checkouts/JavaScriptKit/Sources/_CJavaScriptBigIntSupport/include/module.modulemap -Xcc -fmodule-map-file\=/Users/admin/builder/spi-builder-workspace/.dependencies/checkouts/JavaScriptKit/Sources/_CJavaScriptKit/include/module.modulemap -DXcode -plugin-path /Applications/Xcode-27.0.0-Release.Candidate.app/Contents/Developer/Toolchains/XcodeDefault.xctoolchain/usr/lib/swift/host/plugins/testing -enable-experimental-feature DebugDescriptionMacro -sdk /Applications/Xcode-27.0.0-Release.Candidate.app/Contents/Developer/Platforms/WatchOS.platform/Developer/SDKs/WatchOS27.0.sdk -target arm64_32-apple-watchos9.0 -g -module-cache-path /Users/admin/builder/spi-builder-workspace/.derivedData/ModuleCache.noindex -Xfrontend -serialize-debugging-options -profile-coverage-mapping -profile-generate -enable-testing -suppress-warnings -index-store-path /Users/admin/builder/spi-builder-workspace/.derivedData/Index.noindex/DataStore -Xcc -D_LIBCPP_HARDENING_MODE\=_LIBCPP_HARDENING_MODE_DEBUG -swift-version 5 -I /Users/admin/builder/spi-builder-workspace/.derivedData/Build/Products/Debug-watchos -Isystem /Applications/Xcode-27.0.0-Release.Candidate.app/Contents/Developer/Platforms/WatchOS.platform/Developer/usr/lib -F /Users/admin/builder/spi-builder-workspace/.derivedData/Build/Products/Debug-watchos/PackageFrameworks -F /Users/admin/builder/spi-builder-workspace/.derivedData/Build/Products/Debug-watchos -F /Applications/Xcode-27.0.0-Release.Candidate.app/Contents/Developer/Platforms/WatchOS.platform/Developer/Library/Frameworks -F /Applications/Xcode-27.0.0-Release.Candidate.app/Contents/Developer/Platforms/WatchOS.platform/Developer/SDKs/WatchOS27.0.sdk/Developer/Library/Frameworks -c -j10 -enable-batch-mode -incremental -Xcc -ivfsstatcache -Xcc /Users/admin/builder/spi-builder-workspace/.derivedData/SDKStatCaches.noindex/watchos27.0-24R360-e829b21a6f8c9b70876ba0858053c04477534ef55a1706bf4c1112bbb242f0a2.sdkstatcache -output-file-map /Users/admin/builder/spi-builder-workspace/.derivedData/Build/Intermediates.noindex/web.build/Debug-watchos/Web-t.build/Objects-normal/arm64_32/Web-OutputFileMap.json -save-temps -no-color-diagnostics -explicit-module-build -module-cache-path /Users/admin/builder/spi-builder-workspace/.derivedData/Build/Intermediates.noindex/SwiftExplicitPrecompiledModules -clang-scanner-module-cache-path /Users/admin/builder/spi-builder-workspace/.derivedData/ModuleCache.noindex -sdk-module-cache-path /Users/admin/builder/spi-builder-workspace/.derivedData/SDKExplicitPrecompiledModules -emit-dependencies -emit-module -emit-module-path /Users/admin/builder/spi-builder-workspace/.derivedData/Build/Intermediates.noindex/web.build/Debug-watchos/Web-t.build/Objects-normal/arm64_32/Web.swiftmodule -serialize-diagnostics -dependency-scan-serialize-diagnostics-path /Users/admin/builder/spi-builder-workspace/.derivedData/Build/Intermediates.noindex/web.build/Debug-watchos/Web-t.build/Objects-normal/arm64_32/Web-dependency-scan.dia -validate-clang-modules-once -clang-build-session-file /Users/admin/builder/spi-builder-workspace/.derivedData/ModuleCache.noindex/Session.modulevalidation -Xcc -fmodules-prune-interval\=86400 -Xcc -fmodules-prune-after\=345600 -emit-const-values -const-gather-protocols-list /Users/admin/builder/spi-builder-workspace/.derivedData/Build/Intermediates.noindex/web.build/Debug-watchos/Web-t.build/Objects-normal/arm64_32/Web_const_extract_protocols.json -Xcc -I/Users/admin/builder/spi-builder-workspace/.dependencies/checkouts/JavaScriptKit/Sources/_CJavaScriptBigIntSupport/include -Xcc -I/Users/admin/builder/spi-builder-workspace/.dependencies/checkouts/JavaScriptKit/Sources/_CJavaScriptKit/include -Xcc -I/Users/admin/builder/spi-builder-workspace/.derivedData/Build/Products/Debug-watchos/include -Xcc -I/Users/admin/builder/spi-builder-workspace/.derivedData/Build/Intermediates.noindex/web.build/Debug-watchos/Web-t.build/DerivedSources-normal/arm64_32 -Xcc -I/Users/admin/builder/spi-builder-workspace/.derivedData/Build/Intermediates.noindex/web.build/Debug-watchos/Web-t.build/DerivedSources/arm64_32 -Xcc -I/Users/admin/builder/spi-builder-workspace/.derivedData/Build/Intermediates.noindex/web.build/Debug-watchos/Web-t.build/DerivedSources -Xcc -DSWIFT_PACKAGE -Xcc -DDEBUG\=1 -emit-objc-header -emit-objc-header-path /Users/admin/builder/spi-builder-workspace/.derivedData/Build/Intermediates.noindex/web.build/Debug-watchos/Web-t.build/Objects-normal/arm64_32/Web-Swift.h -working-directory /Users/admin/builder/spi-builder-workspace/.swiftpm/xcode -experimental-emit-module-separately -disable-cmo
SwiftDriverJobDiscovery normal arm64 Emitting module for Web (in target 'Web' from project 'web')
SwiftCompile normal arm64_32 Compiling\ DomElement+Preview.swift,\ PreviewableApp.swift,\ RenderBuilder.swift,\ WebPreview.swift,\ WebPreviewRenderable.swift /Users/admin/builder/spi-builder-workspace/.dependencies/checkouts/web/Sources/Web/WebberPreview/DomElement+Preview.swift /Users/admin/builder/spi-builder-workspace/.dependencies/checkouts/web/Sources/Web/WebberPreview/PreviewableApp.swift /Users/admin/builder/spi-builder-workspace/.dependencies/checkouts/web/Sources/Web/WebberPreview/RenderBuilder.swift /Users/admin/builder/spi-builder-workspace/.dependencies/checkouts/web/Sources/Web/WebberPreview/WebPreview.swift /Users/admin/builder/spi-builder-workspace/.dependencies/checkouts/web/Sources/Web/WebberPreview/WebPreviewRenderable.swift (in target 'Web' from project 'web')
SwiftCompile normal arm64_32 /Users/admin/builder/spi-builder-workspace/.dependencies/checkouts/web/Sources/Web/WebberPreview/DomElement+Preview.swift (in target 'Web' from project 'web')
cd /Users/admin/builder/spi-builder-workspace/.swiftpm/xcode
builtin-SwiftPerFileCompile DomElement+Preview.swift
SwiftCompile normal arm64_32 /Users/admin/builder/spi-builder-workspace/.dependencies/checkouts/web/Sources/Web/WebberPreview/PreviewableApp.swift (in target 'Web' from project 'web')
cd /Users/admin/builder/spi-builder-workspace/.swiftpm/xcode
builtin-SwiftPerFileCompile PreviewableApp.swift
SwiftCompile normal arm64_32 /Users/admin/builder/spi-builder-workspace/.dependencies/checkouts/web/Sources/Web/WebberPreview/RenderBuilder.swift (in target 'Web' from project 'web')
cd /Users/admin/builder/spi-builder-workspace/.swiftpm/xcode
builtin-SwiftPerFileCompile RenderBuilder.swift
SwiftCompile normal arm64_32 /Users/admin/builder/spi-builder-workspace/.dependencies/checkouts/web/Sources/Web/WebberPreview/WebPreview.swift (in target 'Web' from project 'web')
cd /Users/admin/builder/spi-builder-workspace/.swiftpm/xcode
builtin-SwiftPerFileCompile WebPreview.swift
SwiftCompile normal arm64_32 /Users/admin/builder/spi-builder-workspace/.dependencies/checkouts/web/Sources/Web/WebberPreview/WebPreviewRenderable.swift (in target 'Web' from project 'web')
cd /Users/admin/builder/spi-builder-workspace/.swiftpm/xcode
builtin-SwiftPerFileCompile WebPreviewRenderable.swift
SwiftDriver\ Compilation\ Requirements Web normal arm64 com.apple.xcode.tools.swift.compiler (in target 'Web' from project 'web')
cd /Users/admin/builder/spi-builder-workspace/.swiftpm/xcode
builtin-Swift-Compilation-Requirements -- /Applications/Xcode-27.0.0-Release.Candidate.app/Contents/Developer/Toolchains/XcodeDefault.xctoolchain/usr/bin/swiftc -parse-as-library -module-name Web -Onone @/Users/admin/builder/spi-builder-workspace/.derivedData/Build/Intermediates.noindex/web.build/Debug-watchos/Web-t.build/Objects-normal/arm64/Web.SwiftFileList -DSWIFT_PACKAGE -DDEBUG -DSWIFT_MODULE_RESOURCE_BUNDLE_UNAVAILABLE -Xcc -fmodule-map-file\=/Users/admin/builder/spi-builder-workspace/.dependencies/checkouts/JavaScriptKit/Sources/_CJavaScriptBigIntSupport/include/module.modulemap -Xcc -fmodule-map-file\=/Users/admin/builder/spi-builder-workspace/.dependencies/checkouts/JavaScriptKit/Sources/_CJavaScriptKit/include/module.modulemap -DXcode -plugin-path /Applications/Xcode-27.0.0-Release.Candidate.app/Contents/Developer/Toolchains/XcodeDefault.xctoolchain/usr/lib/swift/host/plugins/testing -enable-experimental-feature DebugDescriptionMacro -sdk /Applications/Xcode-27.0.0-Release.Candidate.app/Contents/Developer/Platforms/WatchOS.platform/Developer/SDKs/WatchOS27.0.sdk -target arm64-apple-watchos9.0 -g -module-cache-path /Users/admin/builder/spi-builder-workspace/.derivedData/ModuleCache.noindex -Xfrontend -serialize-debugging-options -profile-coverage-mapping -profile-generate -enable-testing -suppress-warnings -index-store-path /Users/admin/builder/spi-builder-workspace/.derivedData/Index.noindex/DataStore -Xcc -D_LIBCPP_HARDENING_MODE\=_LIBCPP_HARDENING_MODE_DEBUG -swift-version 5 -I /Users/admin/builder/spi-builder-workspace/.derivedData/Build/Products/Debug-watchos -Isystem /Applications/Xcode-27.0.0-Release.Candidate.app/Contents/Developer/Platforms/WatchOS.platform/Developer/usr/lib -F /Users/admin/builder/spi-builder-workspace/.derivedData/Build/Products/Debug-watchos/PackageFrameworks -F /Users/admin/builder/spi-builder-workspace/.derivedData/Build/Products/Debug-watchos -F /Applications/Xcode-27.0.0-Release.Candidate.app/Contents/Developer/Platforms/WatchOS.platform/Developer/Library/Frameworks -F /Applications/Xcode-27.0.0-Release.Candidate.app/Contents/Developer/Platforms/WatchOS.platform/Developer/SDKs/WatchOS27.0.sdk/Developer/Library/Frameworks -c -j10 -enable-batch-mode -incremental -Xcc -ivfsstatcache -Xcc /Users/admin/builder/spi-builder-workspace/.derivedData/SDKStatCaches.noindex/watchos27.0-24R360-e829b21a6f8c9b70876ba0858053c04477534ef55a1706bf4c1112bbb242f0a2.sdkstatcache -output-file-map /Users/admin/builder/spi-builder-workspace/.derivedData/Build/Intermediates.noindex/web.build/Debug-watchos/Web-t.build/Objects-normal/arm64/Web-OutputFileMap.json -save-temps -no-color-diagnostics -explicit-module-build -module-cache-path /Users/admin/builder/spi-builder-workspace/.derivedData/Build/Intermediates.noindex/SwiftExplicitPrecompiledModules -clang-scanner-module-cache-path /Users/admin/builder/spi-builder-workspace/.derivedData/ModuleCache.noindex -sdk-module-cache-path /Users/admin/builder/spi-builder-workspace/.derivedData/SDKExplicitPrecompiledModules -emit-dependencies -emit-module -emit-module-path /Users/admin/builder/spi-builder-workspace/.derivedData/Build/Intermediates.noindex/web.build/Debug-watchos/Web-t.build/Objects-normal/arm64/Web.swiftmodule -serialize-diagnostics -dependency-scan-serialize-diagnostics-path /Users/admin/builder/spi-builder-workspace/.derivedData/Build/Intermediates.noindex/web.build/Debug-watchos/Web-t.build/Objects-normal/arm64/Web-dependency-scan.dia -validate-clang-modules-once -clang-build-session-file /Users/admin/builder/spi-builder-workspace/.derivedData/ModuleCache.noindex/Session.modulevalidation -Xcc -fmodules-prune-interval\=86400 -Xcc -fmodules-prune-after\=345600 -emit-const-values -const-gather-protocols-list /Users/admin/builder/spi-builder-workspace/.derivedData/Build/Intermediates.noindex/web.build/Debug-watchos/Web-t.build/Objects-normal/arm64/Web_const_extract_protocols.json -Xcc -I/Users/admin/builder/spi-builder-workspace/.dependencies/checkouts/JavaScriptKit/Sources/_CJavaScriptBigIntSupport/include -Xcc -I/Users/admin/builder/spi-builder-workspace/.dependencies/checkouts/JavaScriptKit/Sources/_CJavaScriptKit/include -Xcc -I/Users/admin/builder/spi-builder-workspace/.derivedData/Build/Products/Debug-watchos/include -Xcc -I/Users/admin/builder/spi-builder-workspace/.derivedData/Build/Intermediates.noindex/web.build/Debug-watchos/Web-t.build/DerivedSources-normal/arm64 -Xcc -I/Users/admin/builder/spi-builder-workspace/.derivedData/Build/Intermediates.noindex/web.build/Debug-watchos/Web-t.build/DerivedSources/arm64 -Xcc -I/Users/admin/builder/spi-builder-workspace/.derivedData/Build/Intermediates.noindex/web.build/Debug-watchos/Web-t.build/DerivedSources -Xcc -DSWIFT_PACKAGE -Xcc -DDEBUG\=1 -emit-objc-header -emit-objc-header-path /Users/admin/builder/spi-builder-workspace/.derivedData/Build/Intermediates.noindex/web.build/Debug-watchos/Web-t.build/Objects-normal/arm64/Web-Swift.h -working-directory /Users/admin/builder/spi-builder-workspace/.swiftpm/xcode -experimental-emit-module-separately -disable-cmo
SwiftDriverJobDiscovery normal arm64 Compiling DomElement+Preview.swift, PreviewableApp.swift, RenderBuilder.swift, WebPreview.swift, WebPreviewRenderable.swift (in target 'Web' from project 'web')
Copy /Users/admin/builder/spi-builder-workspace/.derivedData/Build/Products/Debug-watchos/Web.swiftmodule/arm64_32-apple-watchos.swiftmodule /Users/admin/builder/spi-builder-workspace/.derivedData/Build/Intermediates.noindex/web.build/Debug-watchos/Web-t.build/Objects-normal/arm64_32/Web.swiftmodule (in target 'Web' from project 'web')
cd /Users/admin/builder/spi-builder-workspace/.dependencies/checkouts/web
builtin-copy -exclude .DS_Store -exclude CVS -exclude .svn -exclude .git -exclude .hg -resolve-src-symlinks -rename /Users/admin/builder/spi-builder-workspace/.derivedData/Build/Intermediates.noindex/web.build/Debug-watchos/Web-t.build/Objects-normal/arm64_32/Web.swiftmodule /Users/admin/builder/spi-builder-workspace/.derivedData/Build/Products/Debug-watchos/Web.swiftmodule/arm64_32-apple-watchos.swiftmodule
SwiftMergeGeneratedHeaders /Users/admin/builder/spi-builder-workspace/.derivedData/Build/Intermediates.noindex/GeneratedModuleMaps-watchos/Web-Swift.h /Users/admin/builder/spi-builder-workspace/.derivedData/Build/Intermediates.noindex/web.build/Debug-watchos/Web-t.build/Objects-normal/arm64/Web-Swift.h /Users/admin/builder/spi-builder-workspace/.derivedData/Build/Intermediates.noindex/web.build/Debug-watchos/Web-t.build/Objects-normal/arm64_32/Web-Swift.h (in target 'Web' from project 'web')
cd /Users/admin/builder/spi-builder-workspace/.dependencies/checkouts/web
builtin-swiftHeaderTool -arch arm64 /Users/admin/builder/spi-builder-workspace/.derivedData/Build/Intermediates.noindex/web.build/Debug-watchos/Web-t.build/Objects-normal/arm64/Web-Swift.h -arch arm64_32 /Users/admin/builder/spi-builder-workspace/.derivedData/Build/Intermediates.noindex/web.build/Debug-watchos/Web-t.build/Objects-normal/arm64_32/Web-Swift.h -o /Users/admin/builder/spi-builder-workspace/.derivedData/Build/Intermediates.noindex/GeneratedModuleMaps-watchos/Web-Swift.h
Copy /Users/admin/builder/spi-builder-workspace/.derivedData/Build/Products/Debug-watchos/Web.swiftmodule/arm64_32-apple-watchos.swiftdoc /Users/admin/builder/spi-builder-workspace/.derivedData/Build/Intermediates.noindex/web.build/Debug-watchos/Web-t.build/Objects-normal/arm64_32/Web.swiftdoc (in target 'Web' from project 'web')
cd /Users/admin/builder/spi-builder-workspace/.dependencies/checkouts/web
builtin-copy -exclude .DS_Store -exclude CVS -exclude .svn -exclude .git -exclude .hg -resolve-src-symlinks -rename /Users/admin/builder/spi-builder-workspace/.derivedData/Build/Intermediates.noindex/web.build/Debug-watchos/Web-t.build/Objects-normal/arm64_32/Web.swiftdoc /Users/admin/builder/spi-builder-workspace/.derivedData/Build/Products/Debug-watchos/Web.swiftmodule/arm64_32-apple-watchos.swiftdoc
Copy /Users/admin/builder/spi-builder-workspace/.derivedData/Build/Products/Debug-watchos/Web.swiftmodule/arm64_32-apple-watchos.abi.json /Users/admin/builder/spi-builder-workspace/.derivedData/Build/Intermediates.noindex/web.build/Debug-watchos/Web-t.build/Objects-normal/arm64_32/Web.abi.json (in target 'Web' from project 'web')
cd /Users/admin/builder/spi-builder-workspace/.dependencies/checkouts/web
builtin-copy -exclude .DS_Store -exclude CVS -exclude .svn -exclude .git -exclude .hg -resolve-src-symlinks -rename /Users/admin/builder/spi-builder-workspace/.derivedData/Build/Intermediates.noindex/web.build/Debug-watchos/Web-t.build/Objects-normal/arm64_32/Web.abi.json /Users/admin/builder/spi-builder-workspace/.derivedData/Build/Products/Debug-watchos/Web.swiftmodule/arm64_32-apple-watchos.abi.json
Copy /Users/admin/builder/spi-builder-workspace/.derivedData/Build/Products/Debug-watchos/Web.swiftmodule/arm64-apple-watchos.swiftmodule /Users/admin/builder/spi-builder-workspace/.derivedData/Build/Intermediates.noindex/web.build/Debug-watchos/Web-t.build/Objects-normal/arm64/Web.swiftmodule (in target 'Web' from project 'web')
cd /Users/admin/builder/spi-builder-workspace/.dependencies/checkouts/web
builtin-copy -exclude .DS_Store -exclude CVS -exclude .svn -exclude .git -exclude .hg -resolve-src-symlinks -rename /Users/admin/builder/spi-builder-workspace/.derivedData/Build/Intermediates.noindex/web.build/Debug-watchos/Web-t.build/Objects-normal/arm64/Web.swiftmodule /Users/admin/builder/spi-builder-workspace/.derivedData/Build/Products/Debug-watchos/Web.swiftmodule/arm64-apple-watchos.swiftmodule
Copy /Users/admin/builder/spi-builder-workspace/.derivedData/Build/Products/Debug-watchos/Web.swiftmodule/arm64-apple-watchos.swiftdoc /Users/admin/builder/spi-builder-workspace/.derivedData/Build/Intermediates.noindex/web.build/Debug-watchos/Web-t.build/Objects-normal/arm64/Web.swiftdoc (in target 'Web' from project 'web')
cd /Users/admin/builder/spi-builder-workspace/.dependencies/checkouts/web
builtin-copy -exclude .DS_Store -exclude CVS -exclude .svn -exclude .git -exclude .hg -resolve-src-symlinks -rename /Users/admin/builder/spi-builder-workspace/.derivedData/Build/Intermediates.noindex/web.build/Debug-watchos/Web-t.build/Objects-normal/arm64/Web.swiftdoc /Users/admin/builder/spi-builder-workspace/.derivedData/Build/Products/Debug-watchos/Web.swiftmodule/arm64-apple-watchos.swiftdoc
Copy /Users/admin/builder/spi-builder-workspace/.derivedData/Build/Products/Debug-watchos/Web.swiftmodule/arm64-apple-watchos.abi.json /Users/admin/builder/spi-builder-workspace/.derivedData/Build/Intermediates.noindex/web.build/Debug-watchos/Web-t.build/Objects-normal/arm64/Web.abi.json (in target 'Web' from project 'web')
cd /Users/admin/builder/spi-builder-workspace/.dependencies/checkouts/web
builtin-copy -exclude .DS_Store -exclude CVS -exclude .svn -exclude .git -exclude .hg -resolve-src-symlinks -rename /Users/admin/builder/spi-builder-workspace/.derivedData/Build/Intermediates.noindex/web.build/Debug-watchos/Web-t.build/Objects-normal/arm64/Web.abi.json /Users/admin/builder/spi-builder-workspace/.derivedData/Build/Products/Debug-watchos/Web.swiftmodule/arm64-apple-watchos.abi.json
Copy /Users/admin/builder/spi-builder-workspace/.derivedData/Build/Products/Debug-watchos/Web.swiftmodule/Project/arm64_32-apple-watchos.swiftsourceinfo /Users/admin/builder/spi-builder-workspace/.derivedData/Build/Intermediates.noindex/web.build/Debug-watchos/Web-t.build/Objects-normal/arm64_32/Web.swiftsourceinfo (in target 'Web' from project 'web')
cd /Users/admin/builder/spi-builder-workspace/.dependencies/checkouts/web
builtin-copy -exclude .DS_Store -exclude CVS -exclude .svn -exclude .git -exclude .hg -resolve-src-symlinks -rename /Users/admin/builder/spi-builder-workspace/.derivedData/Build/Intermediates.noindex/web.build/Debug-watchos/Web-t.build/Objects-normal/arm64_32/Web.swiftsourceinfo /Users/admin/builder/spi-builder-workspace/.derivedData/Build/Products/Debug-watchos/Web.swiftmodule/Project/arm64_32-apple-watchos.swiftsourceinfo
Copy /Users/admin/builder/spi-builder-workspace/.derivedData/Build/Products/Debug-watchos/Web.swiftmodule/Project/arm64-apple-watchos.swiftsourceinfo /Users/admin/builder/spi-builder-workspace/.derivedData/Build/Intermediates.noindex/web.build/Debug-watchos/Web-t.build/Objects-normal/arm64/Web.swiftsourceinfo (in target 'Web' from project 'web')
cd /Users/admin/builder/spi-builder-workspace/.dependencies/checkouts/web
builtin-copy -exclude .DS_Store -exclude CVS -exclude .svn -exclude .git -exclude .hg -resolve-src-symlinks -rename /Users/admin/builder/spi-builder-workspace/.derivedData/Build/Intermediates.noindex/web.build/Debug-watchos/Web-t.build/Objects-normal/arm64/Web.swiftsourceinfo /Users/admin/builder/spi-builder-workspace/.derivedData/Build/Products/Debug-watchos/Web.swiftmodule/Project/arm64-apple-watchos.swiftsourceinfo
SwiftCompile normal arm64 Compiling\ Middleware.swift,\ IndexWebPage.swift,\ BasicResponder.swift,\ DefaultResponder.swift,\ Parameters.swift,\ PathComponent.swift /Users/admin/builder/spi-builder-workspace/.dependencies/checkouts/web/Sources/Web/Middleware/Middleware.swift /Users/admin/builder/spi-builder-workspace/.dependencies/checkouts/web/Sources/Web/Pages/IndexWebPage.swift /Users/admin/builder/spi-builder-workspace/.dependencies/checkouts/web/Sources/Web/Routing/BasicResponder.swift /Users/admin/builder/spi-builder-workspace/.dependencies/checkouts/web/Sources/Web/Routing/DefaultResponder.swift /Users/admin/builder/spi-builder-workspace/.dependencies/checkouts/web/Sources/Web/Routing/Parameters.swift /Users/admin/builder/spi-builder-workspace/.dependencies/checkouts/web/Sources/Web/Routing/PathComponent.swift (in target 'Web' from project 'web')
SwiftCompile normal arm64 /Users/admin/builder/spi-builder-workspace/.dependencies/checkouts/web/Sources/Web/Middleware/Middleware.swift (in target 'Web' from project 'web')
cd /Users/admin/builder/spi-builder-workspace/.swiftpm/xcode
builtin-SwiftPerFileCompile Middleware.swift
SwiftCompile normal arm64 /Users/admin/builder/spi-builder-workspace/.dependencies/checkouts/web/Sources/Web/Pages/IndexWebPage.swift (in target 'Web' from project 'web')
cd /Users/admin/builder/spi-builder-workspace/.swiftpm/xcode
builtin-SwiftPerFileCompile IndexWebPage.swift
SwiftCompile normal arm64 /Users/admin/builder/spi-builder-workspace/.dependencies/checkouts/web/Sources/Web/Routing/BasicResponder.swift (in target 'Web' from project 'web')
cd /Users/admin/builder/spi-builder-workspace/.swiftpm/xcode
builtin-SwiftPerFileCompile BasicResponder.swift
SwiftCompile normal arm64 /Users/admin/builder/spi-builder-workspace/.dependencies/checkouts/web/Sources/Web/Routing/DefaultResponder.swift (in target 'Web' from project 'web')
cd /Users/admin/builder/spi-builder-workspace/.swiftpm/xcode
builtin-SwiftPerFileCompile DefaultResponder.swift
SwiftCompile normal arm64 /Users/admin/builder/spi-builder-workspace/.dependencies/checkouts/web/Sources/Web/Routing/Parameters.swift (in target 'Web' from project 'web')
cd /Users/admin/builder/spi-builder-workspace/.swiftpm/xcode
builtin-SwiftPerFileCompile Parameters.swift
SwiftCompile normal arm64 /Users/admin/builder/spi-builder-workspace/.dependencies/checkouts/web/Sources/Web/Routing/PathComponent.swift (in target 'Web' from project 'web')
cd /Users/admin/builder/spi-builder-workspace/.swiftpm/xcode
builtin-SwiftPerFileCompile PathComponent.swift
SwiftDriverJobDiscovery normal arm64 Compiling URLEncodedFormParser.swift, URLEncodedFormSerializer.swift, URLQueryCoders.swift, URLQueryContainer.swift, URLQueryFragmentConvertible.swift (in target 'Web' from project 'web')
SwiftCompile normal arm64 Compiling\ AppBuilder.swift,\ PageController.swift,\ HStack.swift,\ Spacer.swift,\ VStack.swift,\ View.swift /Users/admin/builder/spi-builder-workspace/.dependencies/checkouts/web/Sources/Web/AppBuilder.swift /Users/admin/builder/spi-builder-workspace/.dependencies/checkouts/web/Sources/Web/Controllers/PageController.swift /Users/admin/builder/spi-builder-workspace/.dependencies/checkouts/web/Sources/Web/Conveniences/Views/HStack.swift /Users/admin/builder/spi-builder-workspace/.dependencies/checkouts/web/Sources/Web/Conveniences/Views/Spacer.swift /Users/admin/builder/spi-builder-workspace/.dependencies/checkouts/web/Sources/Web/Conveniences/Views/VStack.swift /Users/admin/builder/spi-builder-workspace/.dependencies/checkouts/web/Sources/Web/Elements/View.swift (in target 'Web' from project 'web')
SwiftCompile normal arm64 /Users/admin/builder/spi-builder-workspace/.dependencies/checkouts/web/Sources/Web/AppBuilder.swift (in target 'Web' from project 'web')
cd /Users/admin/builder/spi-builder-workspace/.swiftpm/xcode
builtin-SwiftPerFileCompile AppBuilder.swift
SwiftCompile normal arm64 /Users/admin/builder/spi-builder-workspace/.dependencies/checkouts/web/Sources/Web/Controllers/PageController.swift (in target 'Web' from project 'web')
cd /Users/admin/builder/spi-builder-workspace/.swiftpm/xcode
builtin-SwiftPerFileCompile PageController.swift
SwiftCompile normal arm64 /Users/admin/builder/spi-builder-workspace/.dependencies/checkouts/web/Sources/Web/Conveniences/Views/HStack.swift (in target 'Web' from project 'web')
cd /Users/admin/builder/spi-builder-workspace/.swiftpm/xcode
builtin-SwiftPerFileCompile HStack.swift
SwiftCompile normal arm64 /Users/admin/builder/spi-builder-workspace/.dependencies/checkouts/web/Sources/Web/Conveniences/Views/Spacer.swift (in target 'Web' from project 'web')
cd /Users/admin/builder/spi-builder-workspace/.swiftpm/xcode
builtin-SwiftPerFileCompile Spacer.swift
SwiftCompile normal arm64 /Users/admin/builder/spi-builder-workspace/.dependencies/checkouts/web/Sources/Web/Conveniences/Views/VStack.swift (in target 'Web' from project 'web')
cd /Users/admin/builder/spi-builder-workspace/.swiftpm/xcode
builtin-SwiftPerFileCompile VStack.swift
SwiftCompile normal arm64 /Users/admin/builder/spi-builder-workspace/.dependencies/checkouts/web/Sources/Web/Elements/View.swift (in target 'Web' from project 'web')
cd /Users/admin/builder/spi-builder-workspace/.swiftpm/xcode
builtin-SwiftPerFileCompile View.swift
SwiftDriverJobDiscovery normal arm64 Compiling BasicCodingKey.swift, CodingKeyRepresentable.swift, SingleValueDecoder.swift, WebApp.swift, AppStyles.swift (in target 'Web' from project 'web')
SwiftCompile normal arm64 Compiling\ RoutesBuilder+Middleware.swift,\ RoutesBuilder.swift,\ RoutesFactory.swift,\ RoutesStorage.swift,\ TrieRouter.swift /Users/admin/builder/spi-builder-workspace/.dependencies/checkouts/web/Sources/Web/Routing/RoutesBuilder+Middleware.swift /Users/admin/builder/spi-builder-workspace/.dependencies/checkouts/web/Sources/Web/Routing/RoutesBuilder.swift /Users/admin/builder/spi-builder-workspace/.dependencies/checkouts/web/Sources/Web/Routing/RoutesFactory.swift /Users/admin/builder/spi-builder-workspace/.dependencies/checkouts/web/Sources/Web/Routing/RoutesStorage.swift /Users/admin/builder/spi-builder-workspace/.dependencies/checkouts/web/Sources/Web/Routing/TrieRouter.swift (in target 'Web' from project 'web')
SwiftCompile normal arm64 /Users/admin/builder/spi-builder-workspace/.dependencies/checkouts/web/Sources/Web/Routing/RoutesBuilder+Middleware.swift (in target 'Web' from project 'web')
cd /Users/admin/builder/spi-builder-workspace/.swiftpm/xcode
builtin-SwiftPerFileCompile RoutesBuilder+Middleware.swift
SwiftCompile normal arm64 /Users/admin/builder/spi-builder-workspace/.dependencies/checkouts/web/Sources/Web/Routing/RoutesBuilder.swift (in target 'Web' from project 'web')
cd /Users/admin/builder/spi-builder-workspace/.swiftpm/xcode
builtin-SwiftPerFileCompile RoutesBuilder.swift
SwiftCompile normal arm64 /Users/admin/builder/spi-builder-workspace/.dependencies/checkouts/web/Sources/Web/Routing/RoutesFactory.swift (in target 'Web' from project 'web')
cd /Users/admin/builder/spi-builder-workspace/.swiftpm/xcode
builtin-SwiftPerFileCompile RoutesFactory.swift
SwiftCompile normal arm64 /Users/admin/builder/spi-builder-workspace/.dependencies/checkouts/web/Sources/Web/Routing/RoutesStorage.swift (in target 'Web' from project 'web')
cd /Users/admin/builder/spi-builder-workspace/.swiftpm/xcode
builtin-SwiftPerFileCompile RoutesStorage.swift
SwiftCompile normal arm64 /Users/admin/builder/spi-builder-workspace/.dependencies/checkouts/web/Sources/Web/Routing/TrieRouter.swift (in target 'Web' from project 'web')
cd /Users/admin/builder/spi-builder-workspace/.swiftpm/xcode
builtin-SwiftPerFileCompile TrieRouter.swift
SwiftCompile normal arm64_32 Compiling\ RoutesBuilder+Middleware.swift,\ RoutesBuilder.swift,\ RoutesFactory.swift,\ RoutesStorage.swift,\ TrieRouter.swift /Users/admin/builder/spi-builder-workspace/.dependencies/checkouts/web/Sources/Web/Routing/RoutesBuilder+Middleware.swift /Users/admin/builder/spi-builder-workspace/.dependencies/checkouts/web/Sources/Web/Routing/RoutesBuilder.swift /Users/admin/builder/spi-builder-workspace/.dependencies/checkouts/web/Sources/Web/Routing/RoutesFactory.swift /Users/admin/builder/spi-builder-workspace/.dependencies/checkouts/web/Sources/Web/Routing/RoutesStorage.swift /Users/admin/builder/spi-builder-workspace/.dependencies/checkouts/web/Sources/Web/Routing/TrieRouter.swift (in target 'Web' from project 'web')
SwiftCompile normal arm64_32 /Users/admin/builder/spi-builder-workspace/.dependencies/checkouts/web/Sources/Web/Routing/RoutesBuilder+Middleware.swift (in target 'Web' from project 'web')
cd /Users/admin/builder/spi-builder-workspace/.swiftpm/xcode
builtin-SwiftPerFileCompile RoutesBuilder+Middleware.swift
SwiftCompile normal arm64_32 /Users/admin/builder/spi-builder-workspace/.dependencies/checkouts/web/Sources/Web/Routing/RoutesBuilder.swift (in target 'Web' from project 'web')
cd /Users/admin/builder/spi-builder-workspace/.swiftpm/xcode
builtin-SwiftPerFileCompile RoutesBuilder.swift
SwiftCompile normal arm64_32 /Users/admin/builder/spi-builder-workspace/.dependencies/checkouts/web/Sources/Web/Routing/RoutesFactory.swift (in target 'Web' from project 'web')
cd /Users/admin/builder/spi-builder-workspace/.swiftpm/xcode
builtin-SwiftPerFileCompile RoutesFactory.swift
SwiftCompile normal arm64_32 /Users/admin/builder/spi-builder-workspace/.dependencies/checkouts/web/Sources/Web/Routing/RoutesStorage.swift (in target 'Web' from project 'web')
cd /Users/admin/builder/spi-builder-workspace/.swiftpm/xcode
builtin-SwiftPerFileCompile RoutesStorage.swift
SwiftCompile normal arm64_32 /Users/admin/builder/spi-builder-workspace/.dependencies/checkouts/web/Sources/Web/Routing/TrieRouter.swift (in target 'Web' from project 'web')
cd /Users/admin/builder/spi-builder-workspace/.swiftpm/xcode
builtin-SwiftPerFileCompile TrieRouter.swift
SwiftDriverJobDiscovery normal arm64 Compiling _RoutesBuilder.swift, URLEncodedFormData.swift, URLEncodedFormDecoder.swift, URLEncodedFormEncoder.swift, URLEncodedFormError.swift (in target 'Web' from project 'web')
SwiftDriverJobDiscovery normal arm64_32 Compiling DomElement+Preview.swift, PreviewableApp.swift, RenderBuilder.swift, WebPreview.swift, WebPreviewRenderable.swift (in target 'Web' from project 'web')
SwiftCompile normal arm64_32 Compiling\ _RoutesBuilder.swift,\ URLEncodedFormData.swift,\ URLEncodedFormDecoder.swift,\ URLEncodedFormEncoder.swift,\ URLEncodedFormError.swift /Users/admin/builder/spi-builder-workspace/.dependencies/checkouts/web/Sources/Web/Routing/_RoutesBuilder.swift /Users/admin/builder/spi-builder-workspace/.dependencies/checkouts/web/Sources/Web/URLEncodedForm/URLEncodedFormData.swift /Users/admin/builder/spi-builder-workspace/.dependencies/checkouts/web/Sources/Web/URLEncodedForm/URLEncodedFormDecoder.swift /Users/admin/builder/spi-builder-workspace/.dependencies/checkouts/web/Sources/Web/URLEncodedForm/URLEncodedFormEncoder.swift /Users/admin/builder/spi-builder-workspace/.dependencies/checkouts/web/Sources/Web/URLEncodedForm/URLEncodedFormError.swift (in target 'Web' from project 'web')
SwiftCompile normal arm64_32 /Users/admin/builder/spi-builder-workspace/.dependencies/checkouts/web/Sources/Web/Routing/_RoutesBuilder.swift (in target 'Web' from project 'web')
cd /Users/admin/builder/spi-builder-workspace/.swiftpm/xcode
builtin-SwiftPerFileCompile _RoutesBuilder.swift
SwiftCompile normal arm64_32 /Users/admin/builder/spi-builder-workspace/.dependencies/checkouts/web/Sources/Web/URLEncodedForm/URLEncodedFormData.swift (in target 'Web' from project 'web')
cd /Users/admin/builder/spi-builder-workspace/.swiftpm/xcode
builtin-SwiftPerFileCompile URLEncodedFormData.swift
SwiftCompile normal arm64_32 /Users/admin/builder/spi-builder-workspace/.dependencies/checkouts/web/Sources/Web/URLEncodedForm/URLEncodedFormDecoder.swift (in target 'Web' from project 'web')
cd /Users/admin/builder/spi-builder-workspace/.swiftpm/xcode
builtin-SwiftPerFileCompile URLEncodedFormDecoder.swift
SwiftCompile normal arm64_32 /Users/admin/builder/spi-builder-workspace/.dependencies/checkouts/web/Sources/Web/URLEncodedForm/URLEncodedFormEncoder.swift (in target 'Web' from project 'web')
cd /Users/admin/builder/spi-builder-workspace/.swiftpm/xcode
builtin-SwiftPerFileCompile URLEncodedFormEncoder.swift
SwiftCompile normal arm64_32 /Users/admin/builder/spi-builder-workspace/.dependencies/checkouts/web/Sources/Web/URLEncodedForm/URLEncodedFormError.swift (in target 'Web' from project 'web')
cd /Users/admin/builder/spi-builder-workspace/.swiftpm/xcode
builtin-SwiftPerFileCompile URLEncodedFormError.swift
SwiftDriverJobDiscovery normal arm64_32 Compiling BasicCodingKey.swift, CodingKeyRepresentable.swift, SingleValueDecoder.swift, WebApp.swift, AppStyles.swift (in target 'Web' from project 'web')
SwiftCompile normal arm64 Compiling\ Request.swift,\ Responder.swift,\ Route.swift,\ Router.swift,\ Routes.swift,\ RoutesBuilder+Group.swift /Users/admin/builder/spi-builder-workspace/.dependencies/checkouts/web/Sources/Web/Routing/Request.swift /Users/admin/builder/spi-builder-workspace/.dependencies/checkouts/web/Sources/Web/Routing/Responder.swift /Users/admin/builder/spi-builder-workspace/.dependencies/checkouts/web/Sources/Web/Routing/Route.swift /Users/admin/builder/spi-builder-workspace/.dependencies/checkouts/web/Sources/Web/Routing/Router.swift /Users/admin/builder/spi-builder-workspace/.dependencies/checkouts/web/Sources/Web/Routing/Routes.swift /Users/admin/builder/spi-builder-workspace/.dependencies/checkouts/web/Sources/Web/Routing/RoutesBuilder+Group.swift (in target 'Web' from project 'web')
SwiftCompile normal arm64 /Users/admin/builder/spi-builder-workspace/.dependencies/checkouts/web/Sources/Web/Routing/Request.swift (in target 'Web' from project 'web')
cd /Users/admin/builder/spi-builder-workspace/.swiftpm/xcode
builtin-SwiftPerFileCompile Request.swift
SwiftCompile normal arm64 /Users/admin/builder/spi-builder-workspace/.dependencies/checkouts/web/Sources/Web/Routing/Responder.swift (in target 'Web' from project 'web')
cd /Users/admin/builder/spi-builder-workspace/.swiftpm/xcode
builtin-SwiftPerFileCompile Responder.swift
SwiftCompile normal arm64 /Users/admin/builder/spi-builder-workspace/.dependencies/checkouts/web/Sources/Web/Routing/Route.swift (in target 'Web' from project 'web')
cd /Users/admin/builder/spi-builder-workspace/.swiftpm/xcode
builtin-SwiftPerFileCompile Route.swift
SwiftCompile normal arm64 /Users/admin/builder/spi-builder-workspace/.dependencies/checkouts/web/Sources/Web/Routing/Router.swift (in target 'Web' from project 'web')
cd /Users/admin/builder/spi-builder-workspace/.swiftpm/xcode
builtin-SwiftPerFileCompile Router.swift
SwiftCompile normal arm64 /Users/admin/builder/spi-builder-workspace/.dependencies/checkouts/web/Sources/Web/Routing/Routes.swift (in target 'Web' from project 'web')
cd /Users/admin/builder/spi-builder-workspace/.swiftpm/xcode
builtin-SwiftPerFileCompile Routes.swift
SwiftCompile normal arm64 /Users/admin/builder/spi-builder-workspace/.dependencies/checkouts/web/Sources/Web/Routing/RoutesBuilder+Group.swift (in target 'Web' from project 'web')
cd /Users/admin/builder/spi-builder-workspace/.swiftpm/xcode
builtin-SwiftPerFileCompile RoutesBuilder+Group.swift
SwiftCompile normal arm64_32 Compiling\ Middleware.swift,\ IndexWebPage.swift,\ BasicResponder.swift,\ DefaultResponder.swift,\ Parameters.swift,\ PathComponent.swift /Users/admin/builder/spi-builder-workspace/.dependencies/checkouts/web/Sources/Web/Middleware/Middleware.swift /Users/admin/builder/spi-builder-workspace/.dependencies/checkouts/web/Sources/Web/Pages/IndexWebPage.swift /Users/admin/builder/spi-builder-workspace/.dependencies/checkouts/web/Sources/Web/Routing/BasicResponder.swift /Users/admin/builder/spi-builder-workspace/.dependencies/checkouts/web/Sources/Web/Routing/DefaultResponder.swift /Users/admin/builder/spi-builder-workspace/.dependencies/checkouts/web/Sources/Web/Routing/Parameters.swift /Users/admin/builder/spi-builder-workspace/.dependencies/checkouts/web/Sources/Web/Routing/PathComponent.swift (in target 'Web' from project 'web')
SwiftCompile normal arm64_32 /Users/admin/builder/spi-builder-workspace/.dependencies/checkouts/web/Sources/Web/Middleware/Middleware.swift (in target 'Web' from project 'web')
cd /Users/admin/builder/spi-builder-workspace/.swiftpm/xcode
builtin-SwiftPerFileCompile Middleware.swift
SwiftCompile normal arm64_32 /Users/admin/builder/spi-builder-workspace/.dependencies/checkouts/web/Sources/Web/Pages/IndexWebPage.swift (in target 'Web' from project 'web')
cd /Users/admin/builder/spi-builder-workspace/.swiftpm/xcode
builtin-SwiftPerFileCompile IndexWebPage.swift
SwiftCompile normal arm64_32 /Users/admin/builder/spi-builder-workspace/.dependencies/checkouts/web/Sources/Web/Routing/BasicResponder.swift (in target 'Web' from project 'web')
cd /Users/admin/builder/spi-builder-workspace/.swiftpm/xcode
builtin-SwiftPerFileCompile BasicResponder.swift
SwiftCompile normal arm64_32 /Users/admin/builder/spi-builder-workspace/.dependencies/checkouts/web/Sources/Web/Routing/DefaultResponder.swift (in target 'Web' from project 'web')
cd /Users/admin/builder/spi-builder-workspace/.swiftpm/xcode
builtin-SwiftPerFileCompile DefaultResponder.swift
SwiftCompile normal arm64_32 /Users/admin/builder/spi-builder-workspace/.dependencies/checkouts/web/Sources/Web/Routing/Parameters.swift (in target 'Web' from project 'web')
cd /Users/admin/builder/spi-builder-workspace/.swiftpm/xcode
builtin-SwiftPerFileCompile Parameters.swift
SwiftCompile normal arm64_32 /Users/admin/builder/spi-builder-workspace/.dependencies/checkouts/web/Sources/Web/Routing/PathComponent.swift (in target 'Web' from project 'web')
cd /Users/admin/builder/spi-builder-workspace/.swiftpm/xcode
builtin-SwiftPerFileCompile PathComponent.swift
SwiftDriverJobDiscovery normal arm64 Compiling Middleware.swift, IndexWebPage.swift, BasicResponder.swift, DefaultResponder.swift, Parameters.swift, PathComponent.swift (in target 'Web' from project 'web')
SwiftDriverJobDiscovery normal arm64 Compiling RoutesBuilder+Middleware.swift, RoutesBuilder.swift, RoutesFactory.swift, RoutesStorage.swift, TrieRouter.swift (in target 'Web' from project 'web')
SwiftDriverJobDiscovery normal arm64 Compiling AppBuilder.swift, PageController.swift, HStack.swift, Spacer.swift, VStack.swift, View.swift (in target 'Web' from project 'web')
SwiftDriver BootstrapFoundation normal arm64 com.apple.xcode.tools.swift.compiler (in target 'BootstrapFoundation' from project 'bootstrap')
cd /Users/admin/builder/spi-builder-workspace/.swiftpm/xcode
builtin-SwiftDriver -- /Applications/Xcode-27.0.0-Release.Candidate.app/Contents/Developer/Toolchains/XcodeDefault.xctoolchain/usr/bin/swiftc -parse-as-library -module-name BootstrapFoundation -Onone @/Users/admin/builder/spi-builder-workspace/.derivedData/Build/Intermediates.noindex/bootstrap.build/Debug-watchos/BootstrapFoundation-t.build/Objects-normal/arm64/BootstrapFoundation.SwiftFileList -DSWIFT_PACKAGE -DDEBUG -DSWIFT_MODULE_RESOURCE_BUNDLE_AVAILABLE -Xcc -fmodule-map-file\=/Users/admin/builder/spi-builder-workspace/.dependencies/checkouts/JavaScriptKit/Sources/_CJavaScriptBigIntSupport/include/module.modulemap -Xcc -fmodule-map-file\=/Users/admin/builder/spi-builder-workspace/.dependencies/checkouts/JavaScriptKit/Sources/_CJavaScriptKit/include/module.modulemap -DXcode -plugin-path /Applications/Xcode-27.0.0-Release.Candidate.app/Contents/Developer/Toolchains/XcodeDefault.xctoolchain/usr/lib/swift/host/plugins/testing -enable-experimental-feature DebugDescriptionMacro -sdk /Applications/Xcode-27.0.0-Release.Candidate.app/Contents/Developer/Platforms/WatchOS.platform/Developer/SDKs/WatchOS27.0.sdk -target arm64-apple-watchos9.0 -g -module-cache-path /Users/admin/builder/spi-builder-workspace/.derivedData/ModuleCache.noindex -Xfrontend -serialize-debugging-options -profile-coverage-mapping -profile-generate -enable-testing -index-store-path /Users/admin/builder/spi-builder-workspace/.derivedData/Index.noindex/DataStore -Xcc -D_LIBCPP_HARDENING_MODE\=_LIBCPP_HARDENING_MODE_DEBUG -swift-version 5 -I /Users/admin/builder/spi-builder-workspace/.derivedData/Build/Products/Debug-watchos -Isystem /Applications/Xcode-27.0.0-Release.Candidate.app/Contents/Developer/Platforms/WatchOS.platform/Developer/usr/lib -F /Users/admin/builder/spi-builder-workspace/.derivedData/Build/Products/Debug-watchos/PackageFrameworks -F /Users/admin/builder/spi-builder-workspace/.derivedData/Build/Products/Debug-watchos -F /Applications/Xcode-27.0.0-Release.Candidate.app/Contents/Developer/Platforms/WatchOS.platform/Developer/Library/Frameworks -F /Applications/Xcode-27.0.0-Release.Candidate.app/Contents/Developer/Platforms/WatchOS.platform/Developer/SDKs/WatchOS27.0.sdk/Developer/Library/Frameworks -c -j10 -enable-batch-mode -incremental -Xcc -ivfsstatcache -Xcc /Users/admin/builder/spi-builder-workspace/.derivedData/SDKStatCaches.noindex/watchos27.0-24R360-e829b21a6f8c9b70876ba0858053c04477534ef55a1706bf4c1112bbb242f0a2.sdkstatcache -output-file-map /Users/admin/builder/spi-builder-workspace/.derivedData/Build/Intermediates.noindex/bootstrap.build/Debug-watchos/BootstrapFoundation-t.build/Objects-normal/arm64/BootstrapFoundation-OutputFileMap.json -save-temps -no-color-diagnostics -explicit-module-build -module-cache-path /Users/admin/builder/spi-builder-workspace/.derivedData/Build/Intermediates.noindex/SwiftExplicitPrecompiledModules -clang-scanner-module-cache-path /Users/admin/builder/spi-builder-workspace/.derivedData/ModuleCache.noindex -sdk-module-cache-path /Users/admin/builder/spi-builder-workspace/.derivedData/SDKExplicitPrecompiledModules -emit-dependencies -emit-module -emit-module-path /Users/admin/builder/spi-builder-workspace/.derivedData/Build/Intermediates.noindex/bootstrap.build/Debug-watchos/BootstrapFoundation-t.build/Objects-normal/arm64/BootstrapFoundation.swiftmodule -serialize-diagnostics -dependency-scan-serialize-diagnostics-path /Users/admin/builder/spi-builder-workspace/.derivedData/Build/Intermediates.noindex/bootstrap.build/Debug-watchos/BootstrapFoundation-t.build/Objects-normal/arm64/BootstrapFoundation-dependency-scan.dia -validate-clang-modules-once -clang-build-session-file /Users/admin/builder/spi-builder-workspace/.derivedData/ModuleCache.noindex/Session.modulevalidation -Xcc -fmodules-prune-interval\=86400 -Xcc -fmodules-prune-after\=345600 -emit-const-values -const-gather-protocols-list /Users/admin/builder/spi-builder-workspace/.derivedData/Build/Intermediates.noindex/bootstrap.build/Debug-watchos/BootstrapFoundation-t.build/Objects-normal/arm64/BootstrapFoundation_const_extract_protocols.json -Xcc -I/Users/admin/builder/spi-builder-workspace/.dependencies/checkouts/JavaScriptKit/Sources/_CJavaScriptBigIntSupport/include -Xcc -I/Users/admin/builder/spi-builder-workspace/.dependencies/checkouts/JavaScriptKit/Sources/_CJavaScriptKit/include -Xcc -I/Users/admin/builder/spi-builder-workspace/.derivedData/Build/Products/Debug-watchos/include -Xcc -I/Users/admin/builder/spi-builder-workspace/.derivedData/Build/Intermediates.noindex/bootstrap.build/Debug-watchos/BootstrapFoundation-t.build/DerivedSources-normal/arm64 -Xcc -I/Users/admin/builder/spi-builder-workspace/.derivedData/Build/Intermediates.noindex/bootstrap.build/Debug-watchos/BootstrapFoundation-t.build/DerivedSources/arm64 -Xcc -I/Users/admin/builder/spi-builder-workspace/.derivedData/Build/Intermediates.noindex/bootstrap.build/Debug-watchos/BootstrapFoundation-t.build/DerivedSources -Xcc -DSWIFT_PACKAGE -Xcc -DDEBUG\=1 -emit-objc-header -emit-objc-header-path /Users/admin/builder/spi-builder-workspace/.derivedData/Build/Intermediates.noindex/bootstrap.build/Debug-watchos/BootstrapFoundation-t.build/Objects-normal/arm64/BootstrapFoundation-Swift.h -working-directory /Users/admin/builder/spi-builder-workspace/.swiftpm/xcode -experimental-emit-module-separately -disable-cmo
SwiftDriver BootstrapFoundation normal arm64_32 com.apple.xcode.tools.swift.compiler (in target 'BootstrapFoundation' from project 'bootstrap')
cd /Users/admin/builder/spi-builder-workspace/.swiftpm/xcode
builtin-SwiftDriver -- /Applications/Xcode-27.0.0-Release.Candidate.app/Contents/Developer/Toolchains/XcodeDefault.xctoolchain/usr/bin/swiftc -parse-as-library -module-name BootstrapFoundation -Onone @/Users/admin/builder/spi-builder-workspace/.derivedData/Build/Intermediates.noindex/bootstrap.build/Debug-watchos/BootstrapFoundation-t.build/Objects-normal/arm64_32/BootstrapFoundation.SwiftFileList -DSWIFT_PACKAGE -DDEBUG -DSWIFT_MODULE_RESOURCE_BUNDLE_AVAILABLE -Xcc -fmodule-map-file\=/Users/admin/builder/spi-builder-workspace/.dependencies/checkouts/JavaScriptKit/Sources/_CJavaScriptBigIntSupport/include/module.modulemap -Xcc -fmodule-map-file\=/Users/admin/builder/spi-builder-workspace/.dependencies/checkouts/JavaScriptKit/Sources/_CJavaScriptKit/include/module.modulemap -DXcode -plugin-path /Applications/Xcode-27.0.0-Release.Candidate.app/Contents/Developer/Toolchains/XcodeDefault.xctoolchain/usr/lib/swift/host/plugins/testing -enable-experimental-feature DebugDescriptionMacro -sdk /Applications/Xcode-27.0.0-Release.Candidate.app/Contents/Developer/Platforms/WatchOS.platform/Developer/SDKs/WatchOS27.0.sdk -target arm64_32-apple-watchos9.0 -g -module-cache-path /Users/admin/builder/spi-builder-workspace/.derivedData/ModuleCache.noindex -Xfrontend -serialize-debugging-options -profile-coverage-mapping -profile-generate -enable-testing -index-store-path /Users/admin/builder/spi-builder-workspace/.derivedData/Index.noindex/DataStore -Xcc -D_LIBCPP_HARDENING_MODE\=_LIBCPP_HARDENING_MODE_DEBUG -swift-version 5 -I /Users/admin/builder/spi-builder-workspace/.derivedData/Build/Products/Debug-watchos -Isystem /Applications/Xcode-27.0.0-Release.Candidate.app/Contents/Developer/Platforms/WatchOS.platform/Developer/usr/lib -F /Users/admin/builder/spi-builder-workspace/.derivedData/Build/Products/Debug-watchos/PackageFrameworks -F /Users/admin/builder/spi-builder-workspace/.derivedData/Build/Products/Debug-watchos -F /Applications/Xcode-27.0.0-Release.Candidate.app/Contents/Developer/Platforms/WatchOS.platform/Developer/Library/Frameworks -F /Applications/Xcode-27.0.0-Release.Candidate.app/Contents/Developer/Platforms/WatchOS.platform/Developer/SDKs/WatchOS27.0.sdk/Developer/Library/Frameworks -c -j10 -enable-batch-mode -incremental -Xcc -ivfsstatcache -Xcc /Users/admin/builder/spi-builder-workspace/.derivedData/SDKStatCaches.noindex/watchos27.0-24R360-e829b21a6f8c9b70876ba0858053c04477534ef55a1706bf4c1112bbb242f0a2.sdkstatcache -output-file-map /Users/admin/builder/spi-builder-workspace/.derivedData/Build/Intermediates.noindex/bootstrap.build/Debug-watchos/BootstrapFoundation-t.build/Objects-normal/arm64_32/BootstrapFoundation-OutputFileMap.json -save-temps -no-color-diagnostics -explicit-module-build -module-cache-path /Users/admin/builder/spi-builder-workspace/.derivedData/Build/Intermediates.noindex/SwiftExplicitPrecompiledModules -clang-scanner-module-cache-path /Users/admin/builder/spi-builder-workspace/.derivedData/ModuleCache.noindex -sdk-module-cache-path /Users/admin/builder/spi-builder-workspace/.derivedData/SDKExplicitPrecompiledModules -emit-dependencies -emit-module -emit-module-path /Users/admin/builder/spi-builder-workspace/.derivedData/Build/Intermediates.noindex/bootstrap.build/Debug-watchos/BootstrapFoundation-t.build/Objects-normal/arm64_32/BootstrapFoundation.swiftmodule -serialize-diagnostics -dependency-scan-serialize-diagnostics-path /Users/admin/builder/spi-builder-workspace/.derivedData/Build/Intermediates.noindex/bootstrap.build/Debug-watchos/BootstrapFoundation-t.build/Objects-normal/arm64_32/BootstrapFoundation-dependency-scan.dia -validate-clang-modules-once -clang-build-session-file /Users/admin/builder/spi-builder-workspace/.derivedData/ModuleCache.noindex/Session.modulevalidation -Xcc -fmodules-prune-interval\=86400 -Xcc -fmodules-prune-after\=345600 -emit-const-values -const-gather-protocols-list /Users/admin/builder/spi-builder-workspace/.derivedData/Build/Intermediates.noindex/bootstrap.build/Debug-watchos/BootstrapFoundation-t.build/Objects-normal/arm64_32/BootstrapFoundation_const_extract_protocols.json -Xcc -I/Users/admin/builder/spi-builder-workspace/.dependencies/checkouts/JavaScriptKit/Sources/_CJavaScriptBigIntSupport/include -Xcc -I/Users/admin/builder/spi-builder-workspace/.dependencies/checkouts/JavaScriptKit/Sources/_CJavaScriptKit/include -Xcc -I/Users/admin/builder/spi-builder-workspace/.derivedData/Build/Products/Debug-watchos/include -Xcc -I/Users/admin/builder/spi-builder-workspace/.derivedData/Build/Intermediates.noindex/bootstrap.build/Debug-watchos/BootstrapFoundation-t.build/DerivedSources-normal/arm64_32 -Xcc -I/Users/admin/builder/spi-builder-workspace/.derivedData/Build/Intermediates.noindex/bootstrap.build/Debug-watchos/BootstrapFoundation-t.build/DerivedSources/arm64_32 -Xcc -I/Users/admin/builder/spi-builder-workspace/.derivedData/Build/Intermediates.noindex/bootstrap.build/Debug-watchos/BootstrapFoundation-t.build/DerivedSources -Xcc -DSWIFT_PACKAGE -Xcc -DDEBUG\=1 -emit-objc-header -emit-objc-header-path /Users/admin/builder/spi-builder-workspace/.derivedData/Build/Intermediates.noindex/bootstrap.build/Debug-watchos/BootstrapFoundation-t.build/Objects-normal/arm64_32/BootstrapFoundation-Swift.h -working-directory /Users/admin/builder/spi-builder-workspace/.swiftpm/xcode -experimental-emit-module-separately -disable-cmo
SwiftDriverJobDiscovery normal arm64_32 Compiling RoutesBuilder+Middleware.swift, RoutesBuilder.swift, RoutesFactory.swift, RoutesStorage.swift, TrieRouter.swift (in target 'Web' from project 'web')
SwiftDriverJobDiscovery normal arm64 Compiling Request.swift, Responder.swift, Route.swift, Router.swift, Routes.swift, RoutesBuilder+Group.swift (in target 'Web' from project 'web')
SwiftCompile normal arm64_32 Compiling\ resource_bundle_accessor.swift /Users/admin/builder/spi-builder-workspace/.derivedData/Build/Intermediates.noindex/bootstrap.build/Debug-watchos/BootstrapFoundation-t.build/DerivedSources/resource_bundle_accessor.swift (in target 'BootstrapFoundation' from project 'bootstrap')
SwiftCompile normal arm64_32 /Users/admin/builder/spi-builder-workspace/.derivedData/Build/Intermediates.noindex/bootstrap.build/Debug-watchos/BootstrapFoundation-t.build/DerivedSources/resource_bundle_accessor.swift (in target 'BootstrapFoundation' from project 'bootstrap')
cd /Users/admin/builder/spi-builder-workspace/.swiftpm/xcode
builtin-SwiftPerFileCompile resource_bundle_accessor.swift
SwiftEmitModule normal arm64_32 Emitting\ module\ for\ BootstrapFoundation (in target 'BootstrapFoundation' from project 'bootstrap')
SwiftCompile normal arm64_32 (in target 'BootstrapFoundation' from project 'bootstrap')
cd /Users/admin/builder/spi-builder-workspace/.swiftpm/xcode
SwiftCompile normal arm64_32 Compiling\ Protocols.swift /Users/admin/builder/spi-builder-workspace/Sources/BootstrapFoundation/Protocols.swift (in target 'BootstrapFoundation' from project 'bootstrap')
SwiftCompile normal arm64_32 /Users/admin/builder/spi-builder-workspace/Sources/BootstrapFoundation/Protocols.swift (in target 'BootstrapFoundation' from project 'bootstrap')
cd /Users/admin/builder/spi-builder-workspace/.swiftpm/xcode
builtin-SwiftPerFileCompile Protocols.swift
SwiftCompile normal arm64_32 Compiling\ BootstrapFoundation.swift /Users/admin/builder/spi-builder-workspace/Sources/BootstrapFoundation/BootstrapFoundation.swift (in target 'BootstrapFoundation' from project 'bootstrap')
/Users/admin/builder/spi-builder-workspace/Sources/BootstrapFoundation/BootstrapFoundation.swift:25:27: error: type 'StateConvertible' has no member 'rgba'
23 | Rule(Class.accordionButton.focus)
24 | .boxShadow(.none.important)
25 | .borderColor(.rgba(r: 0, g: 0, b: 0, a: 0.125).important)
| `- error: type 'StateConvertible' has no member 'rgba'
26 | }
27 | }
Failed frontend command:
/Applications/Xcode-27.0.0-Release.Candidate.app/Contents/Developer/Toolchains/XcodeDefault.xctoolchain/usr/bin/swift-frontend -frontend -c /Users/admin/builder/spi-builder-workspace/.derivedData/Build/Intermediates.noindex/bootstrap.build/Debug-watchos/BootstrapFoundation-t.build/DerivedSources/resource_bundle_accessor.swift -primary-file /Users/admin/builder/spi-builder-workspace/Sources/BootstrapFoundation/BootstrapFoundation.swift /Users/admin/builder/spi-builder-workspace/Sources/BootstrapFoundation/Protocols.swift -emit-dependencies-path /Users/admin/builder/spi-builder-workspace/.derivedData/Build/Intermediates.noindex/bootstrap.build/Debug-watchos/BootstrapFoundation-t.build/Objects-normal/arm64_32/BootstrapFoundation.d -emit-const-values-path /Users/admin/builder/spi-builder-workspace/.derivedData/Build/Intermediates.noindex/bootstrap.build/Debug-watchos/BootstrapFoundation-t.build/Objects-normal/arm64_32/BootstrapFoundation.swiftconstvalues -emit-reference-dependencies-path /Users/admin/builder/spi-builder-workspace/.derivedData/Build/Intermediates.noindex/bootstrap.build/Debug-watchos/BootstrapFoundation-t.build/Objects-normal/arm64_32/BootstrapFoundation.swiftdeps -serialize-diagnostics-path /Users/admin/builder/spi-builder-workspace/.derivedData/Build/Intermediates.noindex/bootstrap.build/Debug-watchos/BootstrapFoundation-t.build/Objects-normal/arm64_32/BootstrapFoundation.dia -target arm64_32-apple-watchos9.0 -disable-cross-import-overlay-search -load-resolved-plugin /Applications/Xcode-27.0.0-Release.Candidate.app/Contents/Developer/Platforms/WatchOS.platform/Developer/usr/lib/swift/host/plugins/libFoundationMacros.dylib\#/Applications/Xcode-27.0.0-Release.Candidate.app/Contents/Developer/Platforms/WatchOS.platform/Developer/usr/bin/swift-plugin-server\#FoundationMacros -load-resolved-plugin /Applications/Xcode-27.0.0-Release.Candidate.app/Contents/Developer/Platforms/WatchOS.platform/Developer/usr/lib/swift/host/plugins/libObservationMacros.dylib\#/Applications/Xcode-27.0.0-Release.Candidate.app/Contents/Developer/Platforms/WatchOS.platform/Developer/usr/bin/swift-plugin-server\#ObservationMacros -load-resolved-plugin /Applications/Xcode-27.0.0-Release.Candidate.app/Contents/Developer/Platforms/WatchOS.platform/Developer/usr/lib/swift/host/plugins/libSwiftMacros.dylib\#/Applications/Xcode-27.0.0-Release.Candidate.app/Contents/Developer/Platforms/WatchOS.platform/Developer/usr/bin/swift-plugin-server\#SwiftMacros -disable-implicit-swift-modules -Xcc -fno-implicit-modules -Xcc -fno-implicit-module-maps -explicit-swift-module-map-file /Users/admin/builder/spi-builder-workspace/.derivedData/Build/Intermediates.noindex/bootstrap.build/Debug-watchos/BootstrapFoundation-t.build/Objects-normal/arm64_32/BootstrapFoundation-dependencies-1.json -enable-objc-interop -sdk /Applications/Xcode-27.0.0-Release.Candidate.app/Contents/Developer/Platforms/WatchOS.platform/Developer/SDKs/WatchOS27.0.sdk -I /Users/admin/builder/spi-builder-workspace/.derivedData/Build/Products/Debug-watchos -Isystem /Applications/Xcode-27.0.0-Release.Candidate.app/Contents/Developer/Platforms/WatchOS.platform/Developer/usr/lib -F /Users/admin/builder/spi-builder-workspace/.derivedData/Build/Products/Debug-watchos/PackageFrameworks -F /Users/admin/builder/spi-builder-workspace/.derivedData/Build/Products/Debug-watchos -F /Applications/Xcode-27.0.0-Release.Candidate.app/Contents/Developer/Platforms/WatchOS.platform/Developer/Library/Frameworks -F /Applications/Xcode-27.0.0-Release.Candidate.app/Contents/Developer/Platforms/WatchOS.platform/Developer/SDKs/WatchOS27.0.sdk/Developer/Library/Frameworks -module-cache-path /Users/admin/builder/spi-builder-workspace/.derivedData/Build/Intermediates.noindex/SwiftExplicitPrecompiledModules -no-color-diagnostics -Xcc -fno-color-diagnostics -enable-testing -g -debug-info-format\=dwarf -dwarf-version\=4 -profile-generate -profile-coverage-mapping -swift-version 5 -Onone -D SWIFT_PACKAGE -D DEBUG -D SWIFT_MODULE_RESOURCE_BUNDLE_AVAILABLE -D Xcode -serialize-debugging-options -enable-experimental-feature DebugDescriptionMacro -empty-abi-descriptor -validate-clang-modules-once -clang-build-session-file /Users/admin/builder/spi-builder-workspace/.derivedData/ModuleCache.noindex/Session.modulevalidation -Xcc -working-directory -Xcc /Users/admin/builder/spi-builder-workspace/.swiftpm/xcode -enable-anonymous-context-mangled-names -file-compilation-dir /Users/admin/builder/spi-builder-workspace/.swiftpm/xcode -Xcc -fmodule-map-file\=/Users/admin/builder/spi-builder-workspace/.dependencies/checkouts/JavaScriptKit/Sources/_CJavaScriptBigIntSupport/include/module.modulemap -Xcc -fmodule-map-file\=/Users/admin/builder/spi-builder-workspace/.dependencies/checkouts/JavaScriptKit/Sources/_CJavaScriptKit/include/module.modulemap -Xcc -D_LIBCPP_HARDENING_MODE\=_LIBCPP_HARDENING_MODE_DEBUG -Xcc -ivfsstatcache -Xcc /Users/admin/builder/spi-builder-workspace/.derivedData/SDKStatCaches.noindex/watchos27.0-24R360-e829b21a6f8c9b70876ba0858053c04477534ef55a1706bf4c1112bbb242f0a2.sdkstatcache -Xcc -fmodules-prune-interval\=86400 -Xcc -fmodules-prune-after\=345600 -Xcc -I/Users/admin/builder/spi-builder-workspace/.dependencies/checkouts/JavaScriptKit/Sources/_CJavaScriptBigIntSupport/include -Xcc -I/Users/admin/builder/spi-builder-workspace/.dependencies/checkouts/JavaScriptKit/Sources/_CJavaScriptKit/include -Xcc -I/Users/admin/builder/spi-builder-workspace/.derivedData/Build/Products/Debug-watchos/include -Xcc -I/Users/admin/builder/spi-builder-workspace/.derivedData/Build/Intermediates.noindex/bootstrap.build/Debug-watchos/BootstrapFoundation-t.build/DerivedSources-normal/arm64_32 -Xcc -I/Users/admin/builder/spi-builder-workspace/.derivedData/Build/Intermediates.noindex/bootstrap.build/Debug-watchos/BootstrapFoundation-t.build/DerivedSources/arm64_32 -Xcc -I/Users/admin/builder/spi-builder-workspace/.derivedData/Build/Intermediates.noindex/bootstrap.build/Debug-watchos/BootstrapFoundation-t.build/DerivedSources -Xcc -DSWIFT_PACKAGE -Xcc -DDEBUG\=1 -no-auto-bridging-header-chaining -module-name BootstrapFoundation -const-gather-protocols-file /Users/admin/builder/spi-builder-workspace/.derivedData/Build/Intermediates.noindex/bootstrap.build/Debug-watchos/BootstrapFoundation-t.build/Objects-normal/arm64_32/BootstrapFoundation_const_extract_protocols.json -disable-clang-spi -clang-target arm64_32-apple-watchos27.0 -target-sdk-version 27.0 -target-sdk-name watchos27.0 -in-process-plugin-server-path /Applications/Xcode-27.0.0-Release.Candidate.app/Contents/Developer/Toolchains/XcodeDefault.xctoolchain/usr/lib/swift/host/libSwiftInProcPluginServer.dylib -parse-as-library -o /Users/admin/builder/spi-builder-workspace/.derivedData/Build/Intermediates.noindex/bootstrap.build/Debug-watchos/BootstrapFoundation-t.build/Objects-normal/arm64_32/BootstrapFoundation.o -debug-module-path /Users/admin/builder/spi-builder-workspace/.derivedData/Build/Intermediates.noindex/bootstrap.build/Debug-watchos/BootstrapFoundation-t.build/Objects-normal/arm64_32/BootstrapFoundation.swiftmodule -index-unit-output-path /bootstrap.build/Debug-watchos/BootstrapFoundation-t.build/Objects-normal/arm64_32/BootstrapFoundation.o -index-store-path /Users/admin/builder/spi-builder-workspace/.derivedData/Index.noindex/DataStore -index-system-modules
SwiftCompile normal arm64_32 /Users/admin/builder/spi-builder-workspace/Sources/BootstrapFoundation/BootstrapFoundation.swift (in target 'BootstrapFoundation' from project 'bootstrap')
cd /Users/admin/builder/spi-builder-workspace/.swiftpm/xcode
builtin-SwiftPerFileCompile BootstrapFoundation.swift
SwiftEmitModule normal arm64 Emitting\ module\ for\ BootstrapFoundation (in target 'BootstrapFoundation' from project 'bootstrap')
SwiftCompile normal arm64 (in target 'BootstrapFoundation' from project 'bootstrap')
cd /Users/admin/builder/spi-builder-workspace/.swiftpm/xcode
SwiftDriverJobDiscovery normal arm64_32 Compiling Middleware.swift, IndexWebPage.swift, BasicResponder.swift, DefaultResponder.swift, Parameters.swift, PathComponent.swift (in target 'Web' from project 'web')
SwiftCompile normal arm64 Compiling\ BootstrapFoundation.swift /Users/admin/builder/spi-builder-workspace/Sources/BootstrapFoundation/BootstrapFoundation.swift (in target 'BootstrapFoundation' from project 'bootstrap')
SwiftCompile normal arm64 /Users/admin/builder/spi-builder-workspace/Sources/BootstrapFoundation/BootstrapFoundation.swift (in target 'BootstrapFoundation' from project 'bootstrap')
cd /Users/admin/builder/spi-builder-workspace/.swiftpm/xcode
builtin-SwiftPerFileCompile BootstrapFoundation.swift
SwiftDriverJobDiscovery normal arm64_32 Compiling Protocols.swift (in target 'BootstrapFoundation' from project 'bootstrap')
SwiftCompile normal arm64 Compiling\ Protocols.swift /Users/admin/builder/spi-builder-workspace/Sources/BootstrapFoundation/Protocols.swift (in target 'BootstrapFoundation' from project 'bootstrap')
SwiftCompile normal arm64 /Users/admin/builder/spi-builder-workspace/Sources/BootstrapFoundation/Protocols.swift (in target 'BootstrapFoundation' from project 'bootstrap')
cd /Users/admin/builder/spi-builder-workspace/.swiftpm/xcode
builtin-SwiftPerFileCompile Protocols.swift
SwiftCompile normal arm64 Compiling\ resource_bundle_accessor.swift /Users/admin/builder/spi-builder-workspace/.derivedData/Build/Intermediates.noindex/bootstrap.build/Debug-watchos/BootstrapFoundation-t.build/DerivedSources/resource_bundle_accessor.swift (in target 'BootstrapFoundation' from project 'bootstrap')
SwiftCompile normal arm64 /Users/admin/builder/spi-builder-workspace/.derivedData/Build/Intermediates.noindex/bootstrap.build/Debug-watchos/BootstrapFoundation-t.build/DerivedSources/resource_bundle_accessor.swift (in target 'BootstrapFoundation' from project 'bootstrap')
cd /Users/admin/builder/spi-builder-workspace/.swiftpm/xcode
builtin-SwiftPerFileCompile resource_bundle_accessor.swift
PruneExplicitPrecompiledModules /Users/admin/builder/spi-builder-workspace/.derivedData/Build/Intermediates.noindex/ExplicitPrecompiledModules
PruneExplicitPrecompiledModules /Users/admin/builder/spi-builder-workspace/.derivedData/SDKExplicitPrecompiledModules
PruneExplicitPrecompiledModules /Users/admin/builder/spi-builder-workspace/.derivedData/Build/Intermediates.noindex/SwiftExplicitPrecompiledModules
2026-09-18 23:07:34.957 xcodebuild[723:4551] [MT] IDERunDestination: Supported platforms for the buildables in the current scheme is empty.
** BUILD FAILED **
The following build commands failed:
SwiftCompile normal arm64_32 Compiling\ BootstrapFoundation.swift /Users/admin/builder/spi-builder-workspace/Sources/BootstrapFoundation/BootstrapFoundation.swift (in target 'BootstrapFoundation' from project 'bootstrap')
SwiftCompile normal arm64_32 /Users/admin/builder/spi-builder-workspace/Sources/BootstrapFoundation/BootstrapFoundation.swift (in target 'BootstrapFoundation' from project 'bootstrap')
Building workspace bootstrap with scheme bootstrap
(3 failures)
Command line invocation:
/Applications/Xcode-27.0.0-Release.Candidate.app/Contents/Developer/usr/bin/xcodebuild -IDEClonedSourcePackagesDirPathOverride=/Users/admin/builder/spi-builder-workspace/.dependencies -resolvePackageDependencies
Resolve Package Graph
Resolved source packages:
bootstrap: /Users/admin/builder/spi-builder-workspace
JavaScriptKit: https://github.com/swiftwasm/JavaScriptKit @ 0.17.0
web: https://github.com/swifweb/web @ 1.0.0
resolved source packages: bootstrap, JavaScriptKit, web
2026-09-18 23:07:55.074 xcodebuild[1281:8657] [MT] IDERunDestination: Supported platforms for the buildables in the current scheme is empty.
{
"dependencies" : [
{
"identity" : "web",
"requirement" : {
"range" : [
{
"lower_bound" : "1.0.0-beta.1.17.0",
"upper_bound" : "2.0.0"
}
]
},
"type" : "sourceControl",
"url" : "https://github.com/swifweb/web"
}
],
"manifest_display_name" : "bootstrap",
"name" : "bootstrap",
"path" : "/Users/admin/builder/spi-builder-workspace",
"platforms" : [
{
"name" : "macos",
"version" : "10.15"
}
],
"products" : [
{
"name" : "BootstrapUI",
"targets" : [
"BootstrapUI",
"BootstrapRaw",
"BootstrapFoundation"
],
"type" : {
"library" : [
"static"
]
}
}
],
"targets" : [
{
"c99name" : "BootstrapUI",
"module_type" : "SwiftTarget",
"name" : "BootstrapUI",
"path" : "Sources/BootstrapUI",
"product_memberships" : [
"BootstrapUI"
],
"sources" : [
"Accordion.swift",
"Bootstrap.swift",
"Container.swift",
"Grid.swift"
],
"target_dependencies" : [
"BootstrapFoundation",
"BootstrapRaw"
],
"type" : "library"
},
{
"c99name" : "BootstrapTests",
"module_type" : "SwiftTarget",
"name" : "BootstrapTests",
"path" : "Tests/BootstrapTests",
"sources" : [
"BootstrapTests.swift",
"XCTestManifests.swift"
],
"target_dependencies" : [
"BootstrapUI"
],
"type" : "test"
},
{
"c99name" : "BootstrapRaw",
"module_type" : "SwiftTarget",
"name" : "BootstrapRaw",
"path" : "Sources/BootstrapRaw",
"product_memberships" : [
"BootstrapUI"
],
"sources" : [
"Accordion.swift",
"BootstrapRaw.swift",
"Grid.swift"
],
"target_dependencies" : [
"BootstrapFoundation"
],
"type" : "library"
},
{
"c99name" : "BootstrapFoundation",
"module_type" : "SwiftTarget",
"name" : "BootstrapFoundation",
"path" : "Sources/BootstrapFoundation",
"product_dependencies" : [
"Web"
],
"product_memberships" : [
"BootstrapUI"
],
"resources" : [
{
"path" : "/Users/admin/builder/spi-builder-workspace/Sources/BootstrapFoundation/css",
"rule" : {
"copy" : {
}
}
},
{
"path" : "/Users/admin/builder/spi-builder-workspace/Sources/BootstrapFoundation/js",
"rule" : {
"copy" : {
}
}
}
],
"sources" : [
"BootstrapFoundation.swift",
"Protocols.swift"
],
"type" : "library"
}
],
"tools_version" : "5.7"
}
{
"workspace" : {
"name" : "bootstrap",
"schemes" : [
"bootstrap"
]
}
}
2026-09-18 23:07:56.435 xcodebuild[1289:8724] [MT] IDERunDestination: Supported platforms for the buildables in the current scheme is empty.
Running build ...
env DEVELOPER_DIR=/Applications/Xcode-27.0.0-Release.Candidate.app xcrun xcodebuild -IDEClonedSourcePackagesDirPathOverride=$PWD/.dependencies -skipMacroValidation -skipPackagePluginValidation -derivedDataPath $PWD/.derivedData build -scheme bootstrap -destination generic/platform=watchOS
Command line invocation:
/Applications/Xcode-27.0.0-Release.Candidate.app/Contents/Developer/usr/bin/xcodebuild -IDEClonedSourcePackagesDirPathOverride=/Users/admin/builder/spi-builder-workspace/.dependencies -skipMacroValidation -skipPackagePluginValidation -derivedDataPath /Users/admin/builder/spi-builder-workspace/.derivedData build -scheme bootstrap -destination generic/platform=watchOS
Resolve Package Graph
Resolved source packages:
bootstrap: /Users/admin/builder/spi-builder-workspace
JavaScriptKit: https://github.com/swiftwasm/JavaScriptKit @ 0.17.0
web: https://github.com/swifweb/web @ 1.0.0
ComputePackagePrebuildTargetDependencyGraph
Prepare packages
CreateBuildRequest
SendProjectDescription
CreateBuildOperation
ComputeTargetDependencyGraph
note: Building targets in dependency order
note: Target dependency graph (33 targets)
Target 'BootstrapUI-product' in project 'bootstrap'
➜ Explicit dependency on target 'BootstrapUI' in project 'bootstrap'
➜ Explicit dependency on target 'BootstrapRaw' in project 'bootstrap'
➜ Explicit dependency on target 'BootstrapFoundation' in project 'bootstrap'
➜ Explicit dependency on target 'bootstrap_BootstrapFoundation' in project 'bootstrap'
➜ Explicit dependency on target 'Web-product' in project 'web'
Target 'BootstrapUI' in project 'bootstrap'
➜ Explicit dependency on target 'BootstrapFoundation' in project 'bootstrap'
➜ Explicit dependency on target 'BootstrapRaw' in project 'bootstrap'
➜ Explicit dependency on target 'Web-product' in project 'web'
Target 'BootstrapRaw' in project 'bootstrap'
➜ Explicit dependency on target 'BootstrapFoundation' in project 'bootstrap'
➜ Explicit dependency on target 'Web-product' in project 'web'
Target 'BootstrapFoundation' in project 'bootstrap'
➜ Explicit dependency on target 'bootstrap_BootstrapFoundation' in project 'bootstrap'
➜ Explicit dependency on target 'Web-product' in project 'web'
Target 'Web-product' in project 'web'
➜ Explicit dependency on target 'Web' in project 'web'
➜ Explicit dependency on target 'WebFoundation' in project 'web'
➜ Explicit dependency on target 'Events' in project 'web'
➜ Explicit dependency on target 'DOMEvents' in project 'web'
➜ Explicit dependency on target 'LocationAPI' in project 'web'
➜ Explicit dependency on target 'HistoryAPI' in project 'web'
➜ Explicit dependency on target 'ContentIndexAPI' in project 'web'
➜ Explicit dependency on target 'NotificationsAPI' in project 'web'
➜ Explicit dependency on target 'PushAPI' in project 'web'
➜ Explicit dependency on target 'ChannelMessagingAPI' in project 'web'
➜ Explicit dependency on target 'WorkersAPI' in project 'web'
➜ Explicit dependency on target 'NavigatorAPI' in project 'web'
➜ Explicit dependency on target 'StorageAPI' in project 'web'
➜ Explicit dependency on target 'DOM' in project 'web'
➜ Explicit dependency on target 'CSS' in project 'web'
➜ Explicit dependency on target 'StreamsAPI' in project 'web'
➜ Explicit dependency on target 'FetchAPI' in project 'web'
➜ Explicit dependency on target 'WebSocketAPI' in project 'web'
➜ Explicit dependency on target 'XMLHttpRequest' in project 'web'
➜ Explicit dependency on target 'ResizeObserverAPI' in project 'web'
➜ Explicit dependency on target 'JavaScriptKit-product' in project 'JavaScriptKit'
➜ Explicit dependency on target 'JavaScriptBigIntSupport-product' in project 'JavaScriptKit'
Target 'Web' in project 'web'
➜ Explicit dependency on target 'WebFoundation' in project 'web'
➜ Explicit dependency on target 'Events' in project 'web'
➜ Explicit dependency on target 'DOMEvents' in project 'web'
➜ Explicit dependency on target 'LocationAPI' in project 'web'
➜ Explicit dependency on target 'HistoryAPI' in project 'web'
➜ Explicit dependency on target 'ContentIndexAPI' in project 'web'
➜ Explicit dependency on target 'NotificationsAPI' in project 'web'
➜ Explicit dependency on target 'PushAPI' in project 'web'
➜ Explicit dependency on target 'ChannelMessagingAPI' in project 'web'
➜ Explicit dependency on target 'WorkersAPI' in project 'web'
➜ Explicit dependency on target 'NavigatorAPI' in project 'web'
➜ Explicit dependency on target 'StorageAPI' in project 'web'
➜ Explicit dependency on target 'DOM' in project 'web'
➜ Explicit dependency on target 'CSS' in project 'web'
➜ Explicit dependency on target 'StreamsAPI' in project 'web'
➜ Explicit dependency on target 'FetchAPI' in project 'web'
➜ Explicit dependency on target 'WebSocketAPI' in project 'web'
➜ Explicit dependency on target 'XMLHttpRequest' in project 'web'
➜ Explicit dependency on target 'ResizeObserverAPI' in project 'web'
➜ Explicit dependency on target 'JavaScriptKit-product' in project 'JavaScriptKit'
➜ Explicit dependency on target 'JavaScriptBigIntSupport-product' in project 'JavaScriptKit'
Target 'ResizeObserverAPI' in project 'web'
➜ Explicit dependency on target 'WebFoundation' in project 'web'
➜ Explicit dependency on target 'Events' in project 'web'
➜ Explicit dependency on target 'DOMEvents' in project 'web'
➜ Explicit dependency on target 'LocationAPI' in project 'web'
➜ Explicit dependency on target 'HistoryAPI' in project 'web'
➜ Explicit dependency on target 'ContentIndexAPI' in project 'web'
➜ Explicit dependency on target 'NotificationsAPI' in project 'web'
➜ Explicit dependency on target 'PushAPI' in project 'web'
➜ Explicit dependency on target 'ChannelMessagingAPI' in project 'web'
➜ Explicit dependency on target 'WorkersAPI' in project 'web'
➜ Explicit dependency on target 'NavigatorAPI' in project 'web'
➜ Explicit dependency on target 'StorageAPI' in project 'web'
➜ Explicit dependency on target 'DOM' in project 'web'
➜ Explicit dependency on target 'JavaScriptKit-product' in project 'JavaScriptKit'
➜ Explicit dependency on target 'JavaScriptBigIntSupport-product' in project 'JavaScriptKit'
Target 'XMLHttpRequest' in project 'web'
➜ Explicit dependency on target 'WebFoundation' in project 'web'
➜ Explicit dependency on target 'Events' in project 'web'
➜ Explicit dependency on target 'JavaScriptKit-product' in project 'JavaScriptKit'
➜ Explicit dependency on target 'JavaScriptBigIntSupport-product' in project 'JavaScriptKit'
Target 'WebSocketAPI' in project 'web'
➜ Explicit dependency on target 'WebFoundation' in project 'web'
➜ Explicit dependency on target 'Events' in project 'web'
➜ Explicit dependency on target 'ChannelMessagingAPI' in project 'web'
➜ Explicit dependency on target 'JavaScriptKit-product' in project 'JavaScriptKit'
➜ Explicit dependency on target 'JavaScriptBigIntSupport-product' in project 'JavaScriptKit'
Target 'FetchAPI' in project 'web'
➜ Explicit dependency on target 'WebFoundation' in project 'web'
➜ Explicit dependency on target 'StreamsAPI' in project 'web'
➜ Explicit dependency on target 'JavaScriptKit-product' in project 'JavaScriptKit'
➜ Explicit dependency on target 'JavaScriptBigIntSupport-product' in project 'JavaScriptKit'
Target 'StreamsAPI' in project 'web'
➜ Explicit dependency on target 'WebFoundation' in project 'web'
➜ Explicit dependency on target 'JavaScriptKit-product' in project 'JavaScriptKit'
➜ Explicit dependency on target 'JavaScriptBigIntSupport-product' in project 'JavaScriptKit'
Target 'CSS' in project 'web'
➜ Explicit dependency on target 'WebFoundation' in project 'web'
➜ Explicit dependency on target 'Events' in project 'web'
➜ Explicit dependency on target 'DOMEvents' in project 'web'
➜ Explicit dependency on target 'LocationAPI' in project 'web'
➜ Explicit dependency on target 'HistoryAPI' in project 'web'
➜ Explicit dependency on target 'ContentIndexAPI' in project 'web'
➜ Explicit dependency on target 'NotificationsAPI' in project 'web'
➜ Explicit dependency on target 'PushAPI' in project 'web'
➜ Explicit dependency on target 'ChannelMessagingAPI' in project 'web'
➜ Explicit dependency on target 'WorkersAPI' in project 'web'
➜ Explicit dependency on target 'NavigatorAPI' in project 'web'
➜ Explicit dependency on target 'StorageAPI' in project 'web'
➜ Explicit dependency on target 'DOM' in project 'web'
➜ Explicit dependency on target 'JavaScriptKit-product' in project 'JavaScriptKit'
➜ Explicit dependency on target 'JavaScriptBigIntSupport-product' in project 'JavaScriptKit'
Target 'DOM' in project 'web'
➜ Explicit dependency on target 'WebFoundation' in project 'web'
➜ Explicit dependency on target 'Events' in project 'web'
➜ Explicit dependency on target 'DOMEvents' in project 'web'
➜ Explicit dependency on target 'LocationAPI' in project 'web'
➜ Explicit dependency on target 'HistoryAPI' in project 'web'
➜ Explicit dependency on target 'ContentIndexAPI' in project 'web'
➜ Explicit dependency on target 'NotificationsAPI' in project 'web'
➜ Explicit dependency on target 'PushAPI' in project 'web'
➜ Explicit dependency on target 'ChannelMessagingAPI' in project 'web'
➜ Explicit dependency on target 'WorkersAPI' in project 'web'
➜ Explicit dependency on target 'NavigatorAPI' in project 'web'
➜ Explicit dependency on target 'StorageAPI' in project 'web'
➜ Explicit dependency on target 'JavaScriptKit-product' in project 'JavaScriptKit'
➜ Explicit dependency on target 'JavaScriptBigIntSupport-product' in project 'JavaScriptKit'
Target 'StorageAPI' in project 'web'
➜ Explicit dependency on target 'WebFoundation' in project 'web'
➜ Explicit dependency on target 'JavaScriptKit-product' in project 'JavaScriptKit'
➜ Explicit dependency on target 'JavaScriptBigIntSupport-product' in project 'JavaScriptKit'
Target 'NavigatorAPI' in project 'web'
➜ Explicit dependency on target 'WebFoundation' in project 'web'
➜ Explicit dependency on target 'Events' in project 'web'
➜ Explicit dependency on target 'ContentIndexAPI' in project 'web'
➜ Explicit dependency on target 'NotificationsAPI' in project 'web'
➜ Explicit dependency on target 'PushAPI' in project 'web'
➜ Explicit dependency on target 'ChannelMessagingAPI' in project 'web'
➜ Explicit dependency on target 'WorkersAPI' in project 'web'
➜ Explicit dependency on target 'JavaScriptKit-product' in project 'JavaScriptKit'
➜ Explicit dependency on target 'JavaScriptBigIntSupport-product' in project 'JavaScriptKit'
Target 'WorkersAPI' in project 'web'
➜ Explicit dependency on target 'WebFoundation' in project 'web'
➜ Explicit dependency on target 'Events' in project 'web'
➜ Explicit dependency on target 'ChannelMessagingAPI' in project 'web'
➜ Explicit dependency on target 'JavaScriptKit-product' in project 'JavaScriptKit'
➜ Explicit dependency on target 'JavaScriptBigIntSupport-product' in project 'JavaScriptKit'
Target 'ChannelMessagingAPI' in project 'web'
➜ Explicit dependency on target 'WebFoundation' in project 'web'
➜ Explicit dependency on target 'Events' in project 'web'
➜ Explicit dependency on target 'JavaScriptKit-product' in project 'JavaScriptKit'
➜ Explicit dependency on target 'JavaScriptBigIntSupport-product' in project 'JavaScriptKit'
Target 'PushAPI' in project 'web'
➜ Explicit dependency on target 'WebFoundation' in project 'web'
➜ Explicit dependency on target 'JavaScriptKit-product' in project 'JavaScriptKit'
➜ Explicit dependency on target 'JavaScriptBigIntSupport-product' in project 'JavaScriptKit'
Target 'NotificationsAPI' in project 'web'
➜ Explicit dependency on target 'WebFoundation' in project 'web'
➜ Explicit dependency on target 'JavaScriptKit-product' in project 'JavaScriptKit'
➜ Explicit dependency on target 'JavaScriptBigIntSupport-product' in project 'JavaScriptKit'
Target 'ContentIndexAPI' in project 'web'
➜ Explicit dependency on target 'WebFoundation' in project 'web'
➜ Explicit dependency on target 'JavaScriptKit-product' in project 'JavaScriptKit'
➜ Explicit dependency on target 'JavaScriptBigIntSupport-product' in project 'JavaScriptKit'
Target 'HistoryAPI' in project 'web'
➜ Explicit dependency on target 'WebFoundation' in project 'web'
➜ Explicit dependency on target 'LocationAPI' in project 'web'
➜ Explicit dependency on target 'JavaScriptKit-product' in project 'JavaScriptKit'
➜ Explicit dependency on target 'JavaScriptBigIntSupport-product' in project 'JavaScriptKit'
Target 'LocationAPI' in project 'web'
➜ Explicit dependency on target 'WebFoundation' in project 'web'
➜ Explicit dependency on target 'JavaScriptKit-product' in project 'JavaScriptKit'
➜ Explicit dependency on target 'JavaScriptBigIntSupport-product' in project 'JavaScriptKit'
Target 'DOMEvents' in project 'web'
➜ Explicit dependency on target 'WebFoundation' in project 'web'
➜ Explicit dependency on target 'Events' in project 'web'
➜ Explicit dependency on target 'JavaScriptKit-product' in project 'JavaScriptKit'
➜ Explicit dependency on target 'JavaScriptBigIntSupport-product' in project 'JavaScriptKit'
Target 'Events' in project 'web'
➜ Explicit dependency on target 'WebFoundation' in project 'web'
➜ Explicit dependency on target 'JavaScriptKit-product' in project 'JavaScriptKit'
➜ Explicit dependency on target 'JavaScriptBigIntSupport-product' in project 'JavaScriptKit'
Target 'WebFoundation' in project 'web'
➜ Explicit dependency on target 'JavaScriptKit-product' in project 'JavaScriptKit'
➜ Explicit dependency on target 'JavaScriptBigIntSupport-product' in project 'JavaScriptKit'
Target 'JavaScriptBigIntSupport-product' in project 'JavaScriptKit'
➜ Explicit dependency on target 'JavaScriptBigIntSupport' in project 'JavaScriptKit'
➜ Explicit dependency on target '_CJavaScriptKit' in project 'JavaScriptKit'
➜ Explicit dependency on target '_CJavaScriptBigIntSupport' in project 'JavaScriptKit'
➜ Explicit dependency on target 'JavaScriptKit' in project 'JavaScriptKit'
Target 'JavaScriptBigIntSupport' in project 'JavaScriptKit'
➜ Explicit dependency on target '_CJavaScriptKit' in project 'JavaScriptKit'
➜ Explicit dependency on target '_CJavaScriptBigIntSupport' in project 'JavaScriptKit'
➜ Explicit dependency on target 'JavaScriptKit' in project 'JavaScriptKit'
Target '_CJavaScriptBigIntSupport' in project 'JavaScriptKit'
➜ Explicit dependency on target '_CJavaScriptKit' in project 'JavaScriptKit'
Target 'JavaScriptKit-product' in project 'JavaScriptKit'
➜ Explicit dependency on target 'JavaScriptKit' in project 'JavaScriptKit'
➜ Explicit dependency on target 'JavaScriptKit_JavaScriptKit' in project 'JavaScriptKit'
➜ Explicit dependency on target '_CJavaScriptKit' in project 'JavaScriptKit'
Target 'JavaScriptKit' in project 'JavaScriptKit'
➜ Explicit dependency on target 'JavaScriptKit_JavaScriptKit' in project 'JavaScriptKit'
➜ Explicit dependency on target '_CJavaScriptKit' in project 'JavaScriptKit'
Target '_CJavaScriptKit' in project 'JavaScriptKit' (no dependencies)
Target 'JavaScriptKit_JavaScriptKit' in project 'JavaScriptKit' (no dependencies)
Target 'bootstrap_BootstrapFoundation' in project 'bootstrap' (no dependencies)
GatherProvisioningInputs
CreateBuildDescription
ClangStatCache /Applications/Xcode-27.0.0-Release.Candidate.app/Contents/Developer/Toolchains/XcodeDefault.xctoolchain/usr/bin/clang-stat-cache /Applications/Xcode-27.0.0-Release.Candidate.app/Contents/Developer/Platforms/WatchOS.platform/Developer/SDKs/WatchOS27.0.sdk /Users/admin/builder/spi-builder-workspace/.derivedData/SDKStatCaches.noindex/watchos27.0-24R360-e829b21a6f8c9b70876ba0858053c04477534ef55a1706bf4c1112bbb242f0a2.sdkstatcache
cd /Users/admin/builder/spi-builder-workspace/.swiftpm/xcode
/Applications/Xcode-27.0.0-Release.Candidate.app/Contents/Developer/Toolchains/XcodeDefault.xctoolchain/usr/bin/clang-stat-cache /Applications/Xcode-27.0.0-Release.Candidate.app/Contents/Developer/Platforms/WatchOS.platform/Developer/SDKs/WatchOS27.0.sdk -o /Users/admin/builder/spi-builder-workspace/.derivedData/SDKStatCaches.noindex/watchos27.0-24R360-e829b21a6f8c9b70876ba0858053c04477534ef55a1706bf4c1112bbb242f0a2.sdkstatcache
SwiftDriver BootstrapFoundation normal arm64_32 com.apple.xcode.tools.swift.compiler (in target 'BootstrapFoundation' from project 'bootstrap')
cd /Users/admin/builder/spi-builder-workspace/.swiftpm/xcode
builtin-SwiftDriver -- /Applications/Xcode-27.0.0-Release.Candidate.app/Contents/Developer/Toolchains/XcodeDefault.xctoolchain/usr/bin/swiftc -parse-as-library -module-name BootstrapFoundation -Onone @/Users/admin/builder/spi-builder-workspace/.derivedData/Build/Intermediates.noindex/bootstrap.build/Debug-watchos/BootstrapFoundation-t.build/Objects-normal/arm64_32/BootstrapFoundation.SwiftFileList -DSWIFT_PACKAGE -DDEBUG -DSWIFT_MODULE_RESOURCE_BUNDLE_AVAILABLE -Xcc -fmodule-map-file\=/Users/admin/builder/spi-builder-workspace/.dependencies/checkouts/JavaScriptKit/Sources/_CJavaScriptBigIntSupport/include/module.modulemap -Xcc -fmodule-map-file\=/Users/admin/builder/spi-builder-workspace/.dependencies/checkouts/JavaScriptKit/Sources/_CJavaScriptKit/include/module.modulemap -DXcode -plugin-path /Applications/Xcode-27.0.0-Release.Candidate.app/Contents/Developer/Toolchains/XcodeDefault.xctoolchain/usr/lib/swift/host/plugins/testing -enable-experimental-feature DebugDescriptionMacro -sdk /Applications/Xcode-27.0.0-Release.Candidate.app/Contents/Developer/Platforms/WatchOS.platform/Developer/SDKs/WatchOS27.0.sdk -target arm64_32-apple-watchos9.0 -g -module-cache-path /Users/admin/builder/spi-builder-workspace/.derivedData/ModuleCache.noindex -Xfrontend -serialize-debugging-options -profile-coverage-mapping -profile-generate -enable-testing -index-store-path /Users/admin/builder/spi-builder-workspace/.derivedData/Index.noindex/DataStore -Xcc -D_LIBCPP_HARDENING_MODE\=_LIBCPP_HARDENING_MODE_DEBUG -swift-version 5 -I /Users/admin/builder/spi-builder-workspace/.derivedData/Build/Products/Debug-watchos -Isystem /Applications/Xcode-27.0.0-Release.Candidate.app/Contents/Developer/Platforms/WatchOS.platform/Developer/usr/lib -F /Users/admin/builder/spi-builder-workspace/.derivedData/Build/Products/Debug-watchos/PackageFrameworks -F /Users/admin/builder/spi-builder-workspace/.derivedData/Build/Products/Debug-watchos -F /Applications/Xcode-27.0.0-Release.Candidate.app/Contents/Developer/Platforms/WatchOS.platform/Developer/Library/Frameworks -F /Applications/Xcode-27.0.0-Release.Candidate.app/Contents/Developer/Platforms/WatchOS.platform/Developer/SDKs/WatchOS27.0.sdk/Developer/Library/Frameworks -c -j10 -enable-batch-mode -incremental -Xcc -ivfsstatcache -Xcc /Users/admin/builder/spi-builder-workspace/.derivedData/SDKStatCaches.noindex/watchos27.0-24R360-e829b21a6f8c9b70876ba0858053c04477534ef55a1706bf4c1112bbb242f0a2.sdkstatcache -output-file-map /Users/admin/builder/spi-builder-workspace/.derivedData/Build/Intermediates.noindex/bootstrap.build/Debug-watchos/BootstrapFoundation-t.build/Objects-normal/arm64_32/BootstrapFoundation-OutputFileMap.json -save-temps -no-color-diagnostics -explicit-module-build -module-cache-path /Users/admin/builder/spi-builder-workspace/.derivedData/Build/Intermediates.noindex/SwiftExplicitPrecompiledModules -clang-scanner-module-cache-path /Users/admin/builder/spi-builder-workspace/.derivedData/ModuleCache.noindex -sdk-module-cache-path /Users/admin/builder/spi-builder-workspace/.derivedData/SDKExplicitPrecompiledModules -emit-dependencies -emit-module -emit-module-path /Users/admin/builder/spi-builder-workspace/.derivedData/Build/Intermediates.noindex/bootstrap.build/Debug-watchos/BootstrapFoundation-t.build/Objects-normal/arm64_32/BootstrapFoundation.swiftmodule -serialize-diagnostics -dependency-scan-serialize-diagnostics-path /Users/admin/builder/spi-builder-workspace/.derivedData/Build/Intermediates.noindex/bootstrap.build/Debug-watchos/BootstrapFoundation-t.build/Objects-normal/arm64_32/BootstrapFoundation-dependency-scan.dia -validate-clang-modules-once -clang-build-session-file /Users/admin/builder/spi-builder-workspace/.derivedData/ModuleCache.noindex/Session.modulevalidation -Xcc -fmodules-prune-interval\=86400 -Xcc -fmodules-prune-after\=345600 -emit-const-values -const-gather-protocols-list /Users/admin/builder/spi-builder-workspace/.derivedData/Build/Intermediates.noindex/bootstrap.build/Debug-watchos/BootstrapFoundation-t.build/Objects-normal/arm64_32/BootstrapFoundation_const_extract_protocols.json -Xcc -I/Users/admin/builder/spi-builder-workspace/.dependencies/checkouts/JavaScriptKit/Sources/_CJavaScriptBigIntSupport/include -Xcc -I/Users/admin/builder/spi-builder-workspace/.dependencies/checkouts/JavaScriptKit/Sources/_CJavaScriptKit/include -Xcc -I/Users/admin/builder/spi-builder-workspace/.derivedData/Build/Products/Debug-watchos/include -Xcc -I/Users/admin/builder/spi-builder-workspace/.derivedData/Build/Intermediates.noindex/bootstrap.build/Debug-watchos/BootstrapFoundation-t.build/DerivedSources-normal/arm64_32 -Xcc -I/Users/admin/builder/spi-builder-workspace/.derivedData/Build/Intermediates.noindex/bootstrap.build/Debug-watchos/BootstrapFoundation-t.build/DerivedSources/arm64_32 -Xcc -I/Users/admin/builder/spi-builder-workspace/.derivedData/Build/Intermediates.noindex/bootstrap.build/Debug-watchos/BootstrapFoundation-t.build/DerivedSources -Xcc -DSWIFT_PACKAGE -Xcc -DDEBUG\=1 -emit-objc-header -emit-objc-header-path /Users/admin/builder/spi-builder-workspace/.derivedData/Build/Intermediates.noindex/bootstrap.build/Debug-watchos/BootstrapFoundation-t.build/Objects-normal/arm64_32/BootstrapFoundation-Swift.h -working-directory /Users/admin/builder/spi-builder-workspace/.swiftpm/xcode -experimental-emit-module-separately -disable-cmo
SwiftDriver Web normal arm64_32 com.apple.xcode.tools.swift.compiler (in target 'Web' from project 'web')
cd /Users/admin/builder/spi-builder-workspace/.swiftpm/xcode
builtin-SwiftDriver -- /Applications/Xcode-27.0.0-Release.Candidate.app/Contents/Developer/Toolchains/XcodeDefault.xctoolchain/usr/bin/swiftc -parse-as-library -module-name Web -Onone @/Users/admin/builder/spi-builder-workspace/.derivedData/Build/Intermediates.noindex/web.build/Debug-watchos/Web-t.build/Objects-normal/arm64_32/Web.SwiftFileList -DSWIFT_PACKAGE -DDEBUG -DSWIFT_MODULE_RESOURCE_BUNDLE_UNAVAILABLE -Xcc -fmodule-map-file\=/Users/admin/builder/spi-builder-workspace/.dependencies/checkouts/JavaScriptKit/Sources/_CJavaScriptBigIntSupport/include/module.modulemap -Xcc -fmodule-map-file\=/Users/admin/builder/spi-builder-workspace/.dependencies/checkouts/JavaScriptKit/Sources/_CJavaScriptKit/include/module.modulemap -DXcode -plugin-path /Applications/Xcode-27.0.0-Release.Candidate.app/Contents/Developer/Toolchains/XcodeDefault.xctoolchain/usr/lib/swift/host/plugins/testing -enable-experimental-feature DebugDescriptionMacro -sdk /Applications/Xcode-27.0.0-Release.Candidate.app/Contents/Developer/Platforms/WatchOS.platform/Developer/SDKs/WatchOS27.0.sdk -target arm64_32-apple-watchos9.0 -g -module-cache-path /Users/admin/builder/spi-builder-workspace/.derivedData/ModuleCache.noindex -Xfrontend -serialize-debugging-options -profile-coverage-mapping -profile-generate -enable-testing -suppress-warnings -index-store-path /Users/admin/builder/spi-builder-workspace/.derivedData/Index.noindex/DataStore -Xcc -D_LIBCPP_HARDENING_MODE\=_LIBCPP_HARDENING_MODE_DEBUG -swift-version 5 -I /Users/admin/builder/spi-builder-workspace/.derivedData/Build/Products/Debug-watchos -Isystem /Applications/Xcode-27.0.0-Release.Candidate.app/Contents/Developer/Platforms/WatchOS.platform/Developer/usr/lib -F /Users/admin/builder/spi-builder-workspace/.derivedData/Build/Products/Debug-watchos/PackageFrameworks -F /Users/admin/builder/spi-builder-workspace/.derivedData/Build/Products/Debug-watchos -F /Applications/Xcode-27.0.0-Release.Candidate.app/Contents/Developer/Platforms/WatchOS.platform/Developer/Library/Frameworks -F /Applications/Xcode-27.0.0-Release.Candidate.app/Contents/Developer/Platforms/WatchOS.platform/Developer/SDKs/WatchOS27.0.sdk/Developer/Library/Frameworks -c -j10 -enable-batch-mode -incremental -Xcc -ivfsstatcache -Xcc /Users/admin/builder/spi-builder-workspace/.derivedData/SDKStatCaches.noindex/watchos27.0-24R360-e829b21a6f8c9b70876ba0858053c04477534ef55a1706bf4c1112bbb242f0a2.sdkstatcache -output-file-map /Users/admin/builder/spi-builder-workspace/.derivedData/Build/Intermediates.noindex/web.build/Debug-watchos/Web-t.build/Objects-normal/arm64_32/Web-OutputFileMap.json -save-temps -no-color-diagnostics -explicit-module-build -module-cache-path /Users/admin/builder/spi-builder-workspace/.derivedData/Build/Intermediates.noindex/SwiftExplicitPrecompiledModules -clang-scanner-module-cache-path /Users/admin/builder/spi-builder-workspace/.derivedData/ModuleCache.noindex -sdk-module-cache-path /Users/admin/builder/spi-builder-workspace/.derivedData/SDKExplicitPrecompiledModules -emit-dependencies -emit-module -emit-module-path /Users/admin/builder/spi-builder-workspace/.derivedData/Build/Intermediates.noindex/web.build/Debug-watchos/Web-t.build/Objects-normal/arm64_32/Web.swiftmodule -serialize-diagnostics -dependency-scan-serialize-diagnostics-path /Users/admin/builder/spi-builder-workspace/.derivedData/Build/Intermediates.noindex/web.build/Debug-watchos/Web-t.build/Objects-normal/arm64_32/Web-dependency-scan.dia -validate-clang-modules-once -clang-build-session-file /Users/admin/builder/spi-builder-workspace/.derivedData/ModuleCache.noindex/Session.modulevalidation -Xcc -fmodules-prune-interval\=86400 -Xcc -fmodules-prune-after\=345600 -emit-const-values -const-gather-protocols-list /Users/admin/builder/spi-builder-workspace/.derivedData/Build/Intermediates.noindex/web.build/Debug-watchos/Web-t.build/Objects-normal/arm64_32/Web_const_extract_protocols.json -Xcc -I/Users/admin/builder/spi-builder-workspace/.dependencies/checkouts/JavaScriptKit/Sources/_CJavaScriptBigIntSupport/include -Xcc -I/Users/admin/builder/spi-builder-workspace/.dependencies/checkouts/JavaScriptKit/Sources/_CJavaScriptKit/include -Xcc -I/Users/admin/builder/spi-builder-workspace/.derivedData/Build/Products/Debug-watchos/include -Xcc -I/Users/admin/builder/spi-builder-workspace/.derivedData/Build/Intermediates.noindex/web.build/Debug-watchos/Web-t.build/DerivedSources-normal/arm64_32 -Xcc -I/Users/admin/builder/spi-builder-workspace/.derivedData/Build/Intermediates.noindex/web.build/Debug-watchos/Web-t.build/DerivedSources/arm64_32 -Xcc -I/Users/admin/builder/spi-builder-workspace/.derivedData/Build/Intermediates.noindex/web.build/Debug-watchos/Web-t.build/DerivedSources -Xcc -DSWIFT_PACKAGE -Xcc -DDEBUG\=1 -emit-objc-header -emit-objc-header-path /Users/admin/builder/spi-builder-workspace/.derivedData/Build/Intermediates.noindex/web.build/Debug-watchos/Web-t.build/Objects-normal/arm64_32/Web-Swift.h -working-directory /Users/admin/builder/spi-builder-workspace/.swiftpm/xcode -experimental-emit-module-separately -disable-cmo
SwiftDriver CSS normal arm64_32 com.apple.xcode.tools.swift.compiler (in target 'CSS' from project 'web')
cd /Users/admin/builder/spi-builder-workspace/.swiftpm/xcode
builtin-SwiftDriver -- /Applications/Xcode-27.0.0-Release.Candidate.app/Contents/Developer/Toolchains/XcodeDefault.xctoolchain/usr/bin/swiftc -parse-as-library -module-name CSS -Onone @/Users/admin/builder/spi-builder-workspace/.derivedData/Build/Intermediates.noindex/web.build/Debug-watchos/CSS-t.build/Objects-normal/arm64_32/CSS.SwiftFileList -DSWIFT_PACKAGE -DDEBUG -DSWIFT_MODULE_RESOURCE_BUNDLE_UNAVAILABLE -Xcc -fmodule-map-file\=/Users/admin/builder/spi-builder-workspace/.dependencies/checkouts/JavaScriptKit/Sources/_CJavaScriptBigIntSupport/include/module.modulemap -Xcc -fmodule-map-file\=/Users/admin/builder/spi-builder-workspace/.dependencies/checkouts/JavaScriptKit/Sources/_CJavaScriptKit/include/module.modulemap -DXcode -plugin-path /Applications/Xcode-27.0.0-Release.Candidate.app/Contents/Developer/Toolchains/XcodeDefault.xctoolchain/usr/lib/swift/host/plugins/testing -enable-experimental-feature DebugDescriptionMacro -sdk /Applications/Xcode-27.0.0-Release.Candidate.app/Contents/Developer/Platforms/WatchOS.platform/Developer/SDKs/WatchOS27.0.sdk -target arm64_32-apple-watchos9.0 -g -module-cache-path /Users/admin/builder/spi-builder-workspace/.derivedData/ModuleCache.noindex -Xfrontend -serialize-debugging-options -profile-coverage-mapping -profile-generate -enable-testing -suppress-warnings -index-store-path /Users/admin/builder/spi-builder-workspace/.derivedData/Index.noindex/DataStore -Xcc -D_LIBCPP_HARDENING_MODE\=_LIBCPP_HARDENING_MODE_DEBUG -swift-version 5 -I /Users/admin/builder/spi-builder-workspace/.derivedData/Build/Products/Debug-watchos -Isystem /Applications/Xcode-27.0.0-Release.Candidate.app/Contents/Developer/Platforms/WatchOS.platform/Developer/usr/lib -F /Users/admin/builder/spi-builder-workspace/.derivedData/Build/Products/Debug-watchos/PackageFrameworks -F /Users/admin/builder/spi-builder-workspace/.derivedData/Build/Products/Debug-watchos -F /Applications/Xcode-27.0.0-Release.Candidate.app/Contents/Developer/Platforms/WatchOS.platform/Developer/Library/Frameworks -F /Applications/Xcode-27.0.0-Release.Candidate.app/Contents/Developer/Platforms/WatchOS.platform/Developer/SDKs/WatchOS27.0.sdk/Developer/Library/Frameworks -c -j10 -enable-batch-mode -incremental -Xcc -ivfsstatcache -Xcc /Users/admin/builder/spi-builder-workspace/.derivedData/SDKStatCaches.noindex/watchos27.0-24R360-e829b21a6f8c9b70876ba0858053c04477534ef55a1706bf4c1112bbb242f0a2.sdkstatcache -output-file-map /Users/admin/builder/spi-builder-workspace/.derivedData/Build/Intermediates.noindex/web.build/Debug-watchos/CSS-t.build/Objects-normal/arm64_32/CSS-OutputFileMap.json -save-temps -no-color-diagnostics -explicit-module-build -module-cache-path /Users/admin/builder/spi-builder-workspace/.derivedData/Build/Intermediates.noindex/SwiftExplicitPrecompiledModules -clang-scanner-module-cache-path /Users/admin/builder/spi-builder-workspace/.derivedData/ModuleCache.noindex -sdk-module-cache-path /Users/admin/builder/spi-builder-workspace/.derivedData/SDKExplicitPrecompiledModules -emit-dependencies -emit-module -emit-module-path /Users/admin/builder/spi-builder-workspace/.derivedData/Build/Intermediates.noindex/web.build/Debug-watchos/CSS-t.build/Objects-normal/arm64_32/CSS.swiftmodule -serialize-diagnostics -dependency-scan-serialize-diagnostics-path /Users/admin/builder/spi-builder-workspace/.derivedData/Build/Intermediates.noindex/web.build/Debug-watchos/CSS-t.build/Objects-normal/arm64_32/CSS-dependency-scan.dia -validate-clang-modules-once -clang-build-session-file /Users/admin/builder/spi-builder-workspace/.derivedData/ModuleCache.noindex/Session.modulevalidation -Xcc -fmodules-prune-interval\=86400 -Xcc -fmodules-prune-after\=345600 -emit-const-values -const-gather-protocols-list /Users/admin/builder/spi-builder-workspace/.derivedData/Build/Intermediates.noindex/web.build/Debug-watchos/CSS-t.build/Objects-normal/arm64_32/CSS_const_extract_protocols.json -Xcc -I/Users/admin/builder/spi-builder-workspace/.dependencies/checkouts/JavaScriptKit/Sources/_CJavaScriptBigIntSupport/include -Xcc -I/Users/admin/builder/spi-builder-workspace/.dependencies/checkouts/JavaScriptKit/Sources/_CJavaScriptKit/include -Xcc -I/Users/admin/builder/spi-builder-workspace/.derivedData/Build/Products/Debug-watchos/include -Xcc -I/Users/admin/builder/spi-builder-workspace/.derivedData/Build/Intermediates.noindex/web.build/Debug-watchos/CSS-t.build/DerivedSources-normal/arm64_32 -Xcc -I/Users/admin/builder/spi-builder-workspace/.derivedData/Build/Intermediates.noindex/web.build/Debug-watchos/CSS-t.build/DerivedSources/arm64_32 -Xcc -I/Users/admin/builder/spi-builder-workspace/.derivedData/Build/Intermediates.noindex/web.build/Debug-watchos/CSS-t.build/DerivedSources -Xcc -DSWIFT_PACKAGE -Xcc -DDEBUG\=1 -emit-objc-header -emit-objc-header-path /Users/admin/builder/spi-builder-workspace/.derivedData/Build/Intermediates.noindex/web.build/Debug-watchos/CSS-t.build/Objects-normal/arm64_32/CSS-Swift.h -working-directory /Users/admin/builder/spi-builder-workspace/.swiftpm/xcode -experimental-emit-module-separately -disable-cmo
SwiftDriver Web normal arm64 com.apple.xcode.tools.swift.compiler (in target 'Web' from project 'web')
cd /Users/admin/builder/spi-builder-workspace/.swiftpm/xcode
builtin-SwiftDriver -- /Applications/Xcode-27.0.0-Release.Candidate.app/Contents/Developer/Toolchains/XcodeDefault.xctoolchain/usr/bin/swiftc -parse-as-library -module-name Web -Onone @/Users/admin/builder/spi-builder-workspace/.derivedData/Build/Intermediates.noindex/web.build/Debug-watchos/Web-t.build/Objects-normal/arm64/Web.SwiftFileList -DSWIFT_PACKAGE -DDEBUG -DSWIFT_MODULE_RESOURCE_BUNDLE_UNAVAILABLE -Xcc -fmodule-map-file\=/Users/admin/builder/spi-builder-workspace/.dependencies/checkouts/JavaScriptKit/Sources/_CJavaScriptBigIntSupport/include/module.modulemap -Xcc -fmodule-map-file\=/Users/admin/builder/spi-builder-workspace/.dependencies/checkouts/JavaScriptKit/Sources/_CJavaScriptKit/include/module.modulemap -DXcode -plugin-path /Applications/Xcode-27.0.0-Release.Candidate.app/Contents/Developer/Toolchains/XcodeDefault.xctoolchain/usr/lib/swift/host/plugins/testing -enable-experimental-feature DebugDescriptionMacro -sdk /Applications/Xcode-27.0.0-Release.Candidate.app/Contents/Developer/Platforms/WatchOS.platform/Developer/SDKs/WatchOS27.0.sdk -target arm64-apple-watchos9.0 -g -module-cache-path /Users/admin/builder/spi-builder-workspace/.derivedData/ModuleCache.noindex -Xfrontend -serialize-debugging-options -profile-coverage-mapping -profile-generate -enable-testing -suppress-warnings -index-store-path /Users/admin/builder/spi-builder-workspace/.derivedData/Index.noindex/DataStore -Xcc -D_LIBCPP_HARDENING_MODE\=_LIBCPP_HARDENING_MODE_DEBUG -swift-version 5 -I /Users/admin/builder/spi-builder-workspace/.derivedData/Build/Products/Debug-watchos -Isystem /Applications/Xcode-27.0.0-Release.Candidate.app/Contents/Developer/Platforms/WatchOS.platform/Developer/usr/lib -F /Users/admin/builder/spi-builder-workspace/.derivedData/Build/Products/Debug-watchos/PackageFrameworks -F /Users/admin/builder/spi-builder-workspace/.derivedData/Build/Products/Debug-watchos -F /Applications/Xcode-27.0.0-Release.Candidate.app/Contents/Developer/Platforms/WatchOS.platform/Developer/Library/Frameworks -F /Applications/Xcode-27.0.0-Release.Candidate.app/Contents/Developer/Platforms/WatchOS.platform/Developer/SDKs/WatchOS27.0.sdk/Developer/Library/Frameworks -c -j10 -enable-batch-mode -incremental -Xcc -ivfsstatcache -Xcc /Users/admin/builder/spi-builder-workspace/.derivedData/SDKStatCaches.noindex/watchos27.0-24R360-e829b21a6f8c9b70876ba0858053c04477534ef55a1706bf4c1112bbb242f0a2.sdkstatcache -output-file-map /Users/admin/builder/spi-builder-workspace/.derivedData/Build/Intermediates.noindex/web.build/Debug-watchos/Web-t.build/Objects-normal/arm64/Web-OutputFileMap.json -save-temps -no-color-diagnostics -explicit-module-build -module-cache-path /Users/admin/builder/spi-builder-workspace/.derivedData/Build/Intermediates.noindex/SwiftExplicitPrecompiledModules -clang-scanner-module-cache-path /Users/admin/builder/spi-builder-workspace/.derivedData/ModuleCache.noindex -sdk-module-cache-path /Users/admin/builder/spi-builder-workspace/.derivedData/SDKExplicitPrecompiledModules -emit-dependencies -emit-module -emit-module-path /Users/admin/builder/spi-builder-workspace/.derivedData/Build/Intermediates.noindex/web.build/Debug-watchos/Web-t.build/Objects-normal/arm64/Web.swiftmodule -serialize-diagnostics -dependency-scan-serialize-diagnostics-path /Users/admin/builder/spi-builder-workspace/.derivedData/Build/Intermediates.noindex/web.build/Debug-watchos/Web-t.build/Objects-normal/arm64/Web-dependency-scan.dia -validate-clang-modules-once -clang-build-session-file /Users/admin/builder/spi-builder-workspace/.derivedData/ModuleCache.noindex/Session.modulevalidation -Xcc -fmodules-prune-interval\=86400 -Xcc -fmodules-prune-after\=345600 -emit-const-values -const-gather-protocols-list /Users/admin/builder/spi-builder-workspace/.derivedData/Build/Intermediates.noindex/web.build/Debug-watchos/Web-t.build/Objects-normal/arm64/Web_const_extract_protocols.json -Xcc -I/Users/admin/builder/spi-builder-workspace/.dependencies/checkouts/JavaScriptKit/Sources/_CJavaScriptBigIntSupport/include -Xcc -I/Users/admin/builder/spi-builder-workspace/.dependencies/checkouts/JavaScriptKit/Sources/_CJavaScriptKit/include -Xcc -I/Users/admin/builder/spi-builder-workspace/.derivedData/Build/Products/Debug-watchos/include -Xcc -I/Users/admin/builder/spi-builder-workspace/.derivedData/Build/Intermediates.noindex/web.build/Debug-watchos/Web-t.build/DerivedSources-normal/arm64 -Xcc -I/Users/admin/builder/spi-builder-workspace/.derivedData/Build/Intermediates.noindex/web.build/Debug-watchos/Web-t.build/DerivedSources/arm64 -Xcc -I/Users/admin/builder/spi-builder-workspace/.derivedData/Build/Intermediates.noindex/web.build/Debug-watchos/Web-t.build/DerivedSources -Xcc -DSWIFT_PACKAGE -Xcc -DDEBUG\=1 -emit-objc-header -emit-objc-header-path /Users/admin/builder/spi-builder-workspace/.derivedData/Build/Intermediates.noindex/web.build/Debug-watchos/Web-t.build/Objects-normal/arm64/Web-Swift.h -working-directory /Users/admin/builder/spi-builder-workspace/.swiftpm/xcode -experimental-emit-module-separately -disable-cmo
SwiftDriver CSS normal arm64 com.apple.xcode.tools.swift.compiler (in target 'CSS' from project 'web')
cd /Users/admin/builder/spi-builder-workspace/.swiftpm/xcode
builtin-SwiftDriver -- /Applications/Xcode-27.0.0-Release.Candidate.app/Contents/Developer/Toolchains/XcodeDefault.xctoolchain/usr/bin/swiftc -parse-as-library -module-name CSS -Onone @/Users/admin/builder/spi-builder-workspace/.derivedData/Build/Intermediates.noindex/web.build/Debug-watchos/CSS-t.build/Objects-normal/arm64/CSS.SwiftFileList -DSWIFT_PACKAGE -DDEBUG -DSWIFT_MODULE_RESOURCE_BUNDLE_UNAVAILABLE -Xcc -fmodule-map-file\=/Users/admin/builder/spi-builder-workspace/.dependencies/checkouts/JavaScriptKit/Sources/_CJavaScriptBigIntSupport/include/module.modulemap -Xcc -fmodule-map-file\=/Users/admin/builder/spi-builder-workspace/.dependencies/checkouts/JavaScriptKit/Sources/_CJavaScriptKit/include/module.modulemap -DXcode -plugin-path /Applications/Xcode-27.0.0-Release.Candidate.app/Contents/Developer/Toolchains/XcodeDefault.xctoolchain/usr/lib/swift/host/plugins/testing -enable-experimental-feature DebugDescriptionMacro -sdk /Applications/Xcode-27.0.0-Release.Candidate.app/Contents/Developer/Platforms/WatchOS.platform/Developer/SDKs/WatchOS27.0.sdk -target arm64-apple-watchos9.0 -g -module-cache-path /Users/admin/builder/spi-builder-workspace/.derivedData/ModuleCache.noindex -Xfrontend -serialize-debugging-options -profile-coverage-mapping -profile-generate -enable-testing -suppress-warnings -index-store-path /Users/admin/builder/spi-builder-workspace/.derivedData/Index.noindex/DataStore -Xcc -D_LIBCPP_HARDENING_MODE\=_LIBCPP_HARDENING_MODE_DEBUG -swift-version 5 -I /Users/admin/builder/spi-builder-workspace/.derivedData/Build/Products/Debug-watchos -Isystem /Applications/Xcode-27.0.0-Release.Candidate.app/Contents/Developer/Platforms/WatchOS.platform/Developer/usr/lib -F /Users/admin/builder/spi-builder-workspace/.derivedData/Build/Products/Debug-watchos/PackageFrameworks -F /Users/admin/builder/spi-builder-workspace/.derivedData/Build/Products/Debug-watchos -F /Applications/Xcode-27.0.0-Release.Candidate.app/Contents/Developer/Platforms/WatchOS.platform/Developer/Library/Frameworks -F /Applications/Xcode-27.0.0-Release.Candidate.app/Contents/Developer/Platforms/WatchOS.platform/Developer/SDKs/WatchOS27.0.sdk/Developer/Library/Frameworks -c -j10 -enable-batch-mode -incremental -Xcc -ivfsstatcache -Xcc /Users/admin/builder/spi-builder-workspace/.derivedData/SDKStatCaches.noindex/watchos27.0-24R360-e829b21a6f8c9b70876ba0858053c04477534ef55a1706bf4c1112bbb242f0a2.sdkstatcache -output-file-map /Users/admin/builder/spi-builder-workspace/.derivedData/Build/Intermediates.noindex/web.build/Debug-watchos/CSS-t.build/Objects-normal/arm64/CSS-OutputFileMap.json -save-temps -no-color-diagnostics -explicit-module-build -module-cache-path /Users/admin/builder/spi-builder-workspace/.derivedData/Build/Intermediates.noindex/SwiftExplicitPrecompiledModules -clang-scanner-module-cache-path /Users/admin/builder/spi-builder-workspace/.derivedData/ModuleCache.noindex -sdk-module-cache-path /Users/admin/builder/spi-builder-workspace/.derivedData/SDKExplicitPrecompiledModules -emit-dependencies -emit-module -emit-module-path /Users/admin/builder/spi-builder-workspace/.derivedData/Build/Intermediates.noindex/web.build/Debug-watchos/CSS-t.build/Objects-normal/arm64/CSS.swiftmodule -serialize-diagnostics -dependency-scan-serialize-diagnostics-path /Users/admin/builder/spi-builder-workspace/.derivedData/Build/Intermediates.noindex/web.build/Debug-watchos/CSS-t.build/Objects-normal/arm64/CSS-dependency-scan.dia -validate-clang-modules-once -clang-build-session-file /Users/admin/builder/spi-builder-workspace/.derivedData/ModuleCache.noindex/Session.modulevalidation -Xcc -fmodules-prune-interval\=86400 -Xcc -fmodules-prune-after\=345600 -emit-const-values -const-gather-protocols-list /Users/admin/builder/spi-builder-workspace/.derivedData/Build/Intermediates.noindex/web.build/Debug-watchos/CSS-t.build/Objects-normal/arm64/CSS_const_extract_protocols.json -Xcc -I/Users/admin/builder/spi-builder-workspace/.dependencies/checkouts/JavaScriptKit/Sources/_CJavaScriptBigIntSupport/include -Xcc -I/Users/admin/builder/spi-builder-workspace/.dependencies/checkouts/JavaScriptKit/Sources/_CJavaScriptKit/include -Xcc -I/Users/admin/builder/spi-builder-workspace/.derivedData/Build/Products/Debug-watchos/include -Xcc -I/Users/admin/builder/spi-builder-workspace/.derivedData/Build/Intermediates.noindex/web.build/Debug-watchos/CSS-t.build/DerivedSources-normal/arm64 -Xcc -I/Users/admin/builder/spi-builder-workspace/.derivedData/Build/Intermediates.noindex/web.build/Debug-watchos/CSS-t.build/DerivedSources/arm64 -Xcc -I/Users/admin/builder/spi-builder-workspace/.derivedData/Build/Intermediates.noindex/web.build/Debug-watchos/CSS-t.build/DerivedSources -Xcc -DSWIFT_PACKAGE -Xcc -DDEBUG\=1 -emit-objc-header -emit-objc-header-path /Users/admin/builder/spi-builder-workspace/.derivedData/Build/Intermediates.noindex/web.build/Debug-watchos/CSS-t.build/Objects-normal/arm64/CSS-Swift.h -working-directory /Users/admin/builder/spi-builder-workspace/.swiftpm/xcode -experimental-emit-module-separately -disable-cmo
SwiftDriver BootstrapFoundation normal arm64 com.apple.xcode.tools.swift.compiler (in target 'BootstrapFoundation' from project 'bootstrap')
cd /Users/admin/builder/spi-builder-workspace/.swiftpm/xcode
builtin-SwiftDriver -- /Applications/Xcode-27.0.0-Release.Candidate.app/Contents/Developer/Toolchains/XcodeDefault.xctoolchain/usr/bin/swiftc -parse-as-library -module-name BootstrapFoundation -Onone @/Users/admin/builder/spi-builder-workspace/.derivedData/Build/Intermediates.noindex/bootstrap.build/Debug-watchos/BootstrapFoundation-t.build/Objects-normal/arm64/BootstrapFoundation.SwiftFileList -DSWIFT_PACKAGE -DDEBUG -DSWIFT_MODULE_RESOURCE_BUNDLE_AVAILABLE -Xcc -fmodule-map-file\=/Users/admin/builder/spi-builder-workspace/.dependencies/checkouts/JavaScriptKit/Sources/_CJavaScriptBigIntSupport/include/module.modulemap -Xcc -fmodule-map-file\=/Users/admin/builder/spi-builder-workspace/.dependencies/checkouts/JavaScriptKit/Sources/_CJavaScriptKit/include/module.modulemap -DXcode -plugin-path /Applications/Xcode-27.0.0-Release.Candidate.app/Contents/Developer/Toolchains/XcodeDefault.xctoolchain/usr/lib/swift/host/plugins/testing -enable-experimental-feature DebugDescriptionMacro -sdk /Applications/Xcode-27.0.0-Release.Candidate.app/Contents/Developer/Platforms/WatchOS.platform/Developer/SDKs/WatchOS27.0.sdk -target arm64-apple-watchos9.0 -g -module-cache-path /Users/admin/builder/spi-builder-workspace/.derivedData/ModuleCache.noindex -Xfrontend -serialize-debugging-options -profile-coverage-mapping -profile-generate -enable-testing -index-store-path /Users/admin/builder/spi-builder-workspace/.derivedData/Index.noindex/DataStore -Xcc -D_LIBCPP_HARDENING_MODE\=_LIBCPP_HARDENING_MODE_DEBUG -swift-version 5 -I /Users/admin/builder/spi-builder-workspace/.derivedData/Build/Products/Debug-watchos -Isystem /Applications/Xcode-27.0.0-Release.Candidate.app/Contents/Developer/Platforms/WatchOS.platform/Developer/usr/lib -F /Users/admin/builder/spi-builder-workspace/.derivedData/Build/Products/Debug-watchos/PackageFrameworks -F /Users/admin/builder/spi-builder-workspace/.derivedData/Build/Products/Debug-watchos -F /Applications/Xcode-27.0.0-Release.Candidate.app/Contents/Developer/Platforms/WatchOS.platform/Developer/Library/Frameworks -F /Applications/Xcode-27.0.0-Release.Candidate.app/Contents/Developer/Platforms/WatchOS.platform/Developer/SDKs/WatchOS27.0.sdk/Developer/Library/Frameworks -c -j10 -enable-batch-mode -incremental -Xcc -ivfsstatcache -Xcc /Users/admin/builder/spi-builder-workspace/.derivedData/SDKStatCaches.noindex/watchos27.0-24R360-e829b21a6f8c9b70876ba0858053c04477534ef55a1706bf4c1112bbb242f0a2.sdkstatcache -output-file-map /Users/admin/builder/spi-builder-workspace/.derivedData/Build/Intermediates.noindex/bootstrap.build/Debug-watchos/BootstrapFoundation-t.build/Objects-normal/arm64/BootstrapFoundation-OutputFileMap.json -save-temps -no-color-diagnostics -explicit-module-build -module-cache-path /Users/admin/builder/spi-builder-workspace/.derivedData/Build/Intermediates.noindex/SwiftExplicitPrecompiledModules -clang-scanner-module-cache-path /Users/admin/builder/spi-builder-workspace/.derivedData/ModuleCache.noindex -sdk-module-cache-path /Users/admin/builder/spi-builder-workspace/.derivedData/SDKExplicitPrecompiledModules -emit-dependencies -emit-module -emit-module-path /Users/admin/builder/spi-builder-workspace/.derivedData/Build/Intermediates.noindex/bootstrap.build/Debug-watchos/BootstrapFoundation-t.build/Objects-normal/arm64/BootstrapFoundation.swiftmodule -serialize-diagnostics -dependency-scan-serialize-diagnostics-path /Users/admin/builder/spi-builder-workspace/.derivedData/Build/Intermediates.noindex/bootstrap.build/Debug-watchos/BootstrapFoundation-t.build/Objects-normal/arm64/BootstrapFoundation-dependency-scan.dia -validate-clang-modules-once -clang-build-session-file /Users/admin/builder/spi-builder-workspace/.derivedData/ModuleCache.noindex/Session.modulevalidation -Xcc -fmodules-prune-interval\=86400 -Xcc -fmodules-prune-after\=345600 -emit-const-values -const-gather-protocols-list /Users/admin/builder/spi-builder-workspace/.derivedData/Build/Intermediates.noindex/bootstrap.build/Debug-watchos/BootstrapFoundation-t.build/Objects-normal/arm64/BootstrapFoundation_const_extract_protocols.json -Xcc -I/Users/admin/builder/spi-builder-workspace/.dependencies/checkouts/JavaScriptKit/Sources/_CJavaScriptBigIntSupport/include -Xcc -I/Users/admin/builder/spi-builder-workspace/.dependencies/checkouts/JavaScriptKit/Sources/_CJavaScriptKit/include -Xcc -I/Users/admin/builder/spi-builder-workspace/.derivedData/Build/Products/Debug-watchos/include -Xcc -I/Users/admin/builder/spi-builder-workspace/.derivedData/Build/Intermediates.noindex/bootstrap.build/Debug-watchos/BootstrapFoundation-t.build/DerivedSources-normal/arm64 -Xcc -I/Users/admin/builder/spi-builder-workspace/.derivedData/Build/Intermediates.noindex/bootstrap.build/Debug-watchos/BootstrapFoundation-t.build/DerivedSources/arm64 -Xcc -I/Users/admin/builder/spi-builder-workspace/.derivedData/Build/Intermediates.noindex/bootstrap.build/Debug-watchos/BootstrapFoundation-t.build/DerivedSources -Xcc -DSWIFT_PACKAGE -Xcc -DDEBUG\=1 -emit-objc-header -emit-objc-header-path /Users/admin/builder/spi-builder-workspace/.derivedData/Build/Intermediates.noindex/bootstrap.build/Debug-watchos/BootstrapFoundation-t.build/Objects-normal/arm64/BootstrapFoundation-Swift.h -working-directory /Users/admin/builder/spi-builder-workspace/.swiftpm/xcode -experimental-emit-module-separately -disable-cmo
SwiftCompile normal arm64 Compiling\ resource_bundle_accessor.swift /Users/admin/builder/spi-builder-workspace/.derivedData/Build/Intermediates.noindex/bootstrap.build/Debug-watchos/BootstrapFoundation-t.build/DerivedSources/resource_bundle_accessor.swift (in target 'BootstrapFoundation' from project 'bootstrap')
SwiftCompile normal arm64 /Users/admin/builder/spi-builder-workspace/.derivedData/Build/Intermediates.noindex/bootstrap.build/Debug-watchos/BootstrapFoundation-t.build/DerivedSources/resource_bundle_accessor.swift (in target 'BootstrapFoundation' from project 'bootstrap')
cd /Users/admin/builder/spi-builder-workspace/.swiftpm/xcode
builtin-SwiftPerFileCompile resource_bundle_accessor.swift
SwiftEmitModule normal arm64 Emitting\ module\ for\ BootstrapFoundation (in target 'BootstrapFoundation' from project 'bootstrap')
SwiftCompile normal arm64 (in target 'BootstrapFoundation' from project 'bootstrap')
cd /Users/admin/builder/spi-builder-workspace/.swiftpm/xcode
SwiftCompile normal arm64 Compiling\ Protocols.swift /Users/admin/builder/spi-builder-workspace/Sources/BootstrapFoundation/Protocols.swift (in target 'BootstrapFoundation' from project 'bootstrap')
SwiftCompile normal arm64 /Users/admin/builder/spi-builder-workspace/Sources/BootstrapFoundation/Protocols.swift (in target 'BootstrapFoundation' from project 'bootstrap')
cd /Users/admin/builder/spi-builder-workspace/.swiftpm/xcode
builtin-SwiftPerFileCompile Protocols.swift
SwiftCompile normal arm64 Compiling\ BootstrapFoundation.swift /Users/admin/builder/spi-builder-workspace/Sources/BootstrapFoundation/BootstrapFoundation.swift (in target 'BootstrapFoundation' from project 'bootstrap')
/Users/admin/builder/spi-builder-workspace/Sources/BootstrapFoundation/BootstrapFoundation.swift:25:27: error: type 'StateConvertible' has no member 'rgba'
23 | Rule(Class.accordionButton.focus)
24 | .boxShadow(.none.important)
25 | .borderColor(.rgba(r: 0, g: 0, b: 0, a: 0.125).important)
| `- error: type 'StateConvertible' has no member 'rgba'
26 | }
27 | }
Failed frontend command:
/Applications/Xcode-27.0.0-Release.Candidate.app/Contents/Developer/Toolchains/XcodeDefault.xctoolchain/usr/bin/swift-frontend -frontend -c /Users/admin/builder/spi-builder-workspace/.derivedData/Build/Intermediates.noindex/bootstrap.build/Debug-watchos/BootstrapFoundation-t.build/DerivedSources/resource_bundle_accessor.swift -primary-file /Users/admin/builder/spi-builder-workspace/Sources/BootstrapFoundation/BootstrapFoundation.swift /Users/admin/builder/spi-builder-workspace/Sources/BootstrapFoundation/Protocols.swift -emit-dependencies-path /Users/admin/builder/spi-builder-workspace/.derivedData/Build/Intermediates.noindex/bootstrap.build/Debug-watchos/BootstrapFoundation-t.build/Objects-normal/arm64/BootstrapFoundation.d -emit-const-values-path /Users/admin/builder/spi-builder-workspace/.derivedData/Build/Intermediates.noindex/bootstrap.build/Debug-watchos/BootstrapFoundation-t.build/Objects-normal/arm64/BootstrapFoundation.swiftconstvalues -emit-reference-dependencies-path /Users/admin/builder/spi-builder-workspace/.derivedData/Build/Intermediates.noindex/bootstrap.build/Debug-watchos/BootstrapFoundation-t.build/Objects-normal/arm64/BootstrapFoundation.swiftdeps -serialize-diagnostics-path /Users/admin/builder/spi-builder-workspace/.derivedData/Build/Intermediates.noindex/bootstrap.build/Debug-watchos/BootstrapFoundation-t.build/Objects-normal/arm64/BootstrapFoundation.dia -target arm64-apple-watchos9.0 -disable-cross-import-overlay-search -load-resolved-plugin /Applications/Xcode-27.0.0-Release.Candidate.app/Contents/Developer/Platforms/WatchOS.platform/Developer/usr/lib/swift/host/plugins/libFoundationMacros.dylib\#/Applications/Xcode-27.0.0-Release.Candidate.app/Contents/Developer/Platforms/WatchOS.platform/Developer/usr/bin/swift-plugin-server\#FoundationMacros -load-resolved-plugin /Applications/Xcode-27.0.0-Release.Candidate.app/Contents/Developer/Platforms/WatchOS.platform/Developer/usr/lib/swift/host/plugins/libObservationMacros.dylib\#/Applications/Xcode-27.0.0-Release.Candidate.app/Contents/Developer/Platforms/WatchOS.platform/Developer/usr/bin/swift-plugin-server\#ObservationMacros -load-resolved-plugin /Applications/Xcode-27.0.0-Release.Candidate.app/Contents/Developer/Platforms/WatchOS.platform/Developer/usr/lib/swift/host/plugins/libSwiftMacros.dylib\#/Applications/Xcode-27.0.0-Release.Candidate.app/Contents/Developer/Platforms/WatchOS.platform/Developer/usr/bin/swift-plugin-server\#SwiftMacros -disable-implicit-swift-modules -Xcc -fno-implicit-modules -Xcc -fno-implicit-module-maps -explicit-swift-module-map-file /Users/admin/builder/spi-builder-workspace/.derivedData/Build/Intermediates.noindex/bootstrap.build/Debug-watchos/BootstrapFoundation-t.build/Objects-normal/arm64/BootstrapFoundation-dependencies-1.json -Xllvm -aarch64-use-tbi -enable-objc-interop -stack-check -sdk /Applications/Xcode-27.0.0-Release.Candidate.app/Contents/Developer/Platforms/WatchOS.platform/Developer/SDKs/WatchOS27.0.sdk -I /Users/admin/builder/spi-builder-workspace/.derivedData/Build/Products/Debug-watchos -Isystem /Applications/Xcode-27.0.0-Release.Candidate.app/Contents/Developer/Platforms/WatchOS.platform/Developer/usr/lib -F /Users/admin/builder/spi-builder-workspace/.derivedData/Build/Products/Debug-watchos/PackageFrameworks -F /Users/admin/builder/spi-builder-workspace/.derivedData/Build/Products/Debug-watchos -F /Applications/Xcode-27.0.0-Release.Candidate.app/Contents/Developer/Platforms/WatchOS.platform/Developer/Library/Frameworks -F /Applications/Xcode-27.0.0-Release.Candidate.app/Contents/Developer/Platforms/WatchOS.platform/Developer/SDKs/WatchOS27.0.sdk/Developer/Library/Frameworks -module-cache-path /Users/admin/builder/spi-builder-workspace/.derivedData/Build/Intermediates.noindex/SwiftExplicitPrecompiledModules -no-color-diagnostics -Xcc -fno-color-diagnostics -enable-testing -g -debug-info-format\=dwarf -dwarf-version\=4 -profile-generate -profile-coverage-mapping -swift-version 5 -Onone -D SWIFT_PACKAGE -D DEBUG -D SWIFT_MODULE_RESOURCE_BUNDLE_AVAILABLE -D Xcode -serialize-debugging-options -enable-experimental-feature DebugDescriptionMacro -empty-abi-descriptor -validate-clang-modules-once -clang-build-session-file /Users/admin/builder/spi-builder-workspace/.derivedData/ModuleCache.noindex/Session.modulevalidation -Xcc -working-directory -Xcc /Users/admin/builder/spi-builder-workspace/.swiftpm/xcode -enable-anonymous-context-mangled-names -file-compilation-dir /Users/admin/builder/spi-builder-workspace/.swiftpm/xcode -Xcc -fmodule-map-file\=/Users/admin/builder/spi-builder-workspace/.dependencies/checkouts/JavaScriptKit/Sources/_CJavaScriptBigIntSupport/include/module.modulemap -Xcc -fmodule-map-file\=/Users/admin/builder/spi-builder-workspace/.dependencies/checkouts/JavaScriptKit/Sources/_CJavaScriptKit/include/module.modulemap -Xcc -D_LIBCPP_HARDENING_MODE\=_LIBCPP_HARDENING_MODE_DEBUG -Xcc -ivfsstatcache -Xcc /Users/admin/builder/spi-builder-workspace/.derivedData/SDKStatCaches.noindex/watchos27.0-24R360-e829b21a6f8c9b70876ba0858053c04477534ef55a1706bf4c1112bbb242f0a2.sdkstatcache -Xcc -fmodules-prune-interval\=86400 -Xcc -fmodules-prune-after\=345600 -Xcc -I/Users/admin/builder/spi-builder-workspace/.dependencies/checkouts/JavaScriptKit/Sources/_CJavaScriptBigIntSupport/include -Xcc -I/Users/admin/builder/spi-builder-workspace/.dependencies/checkouts/JavaScriptKit/Sources/_CJavaScriptKit/include -Xcc -I/Users/admin/builder/spi-builder-workspace/.derivedData/Build/Products/Debug-watchos/include -Xcc -I/Users/admin/builder/spi-builder-workspace/.derivedData/Build/Intermediates.noindex/bootstrap.build/Debug-watchos/BootstrapFoundation-t.build/DerivedSources-normal/arm64 -Xcc -I/Users/admin/builder/spi-builder-workspace/.derivedData/Build/Intermediates.noindex/bootstrap.build/Debug-watchos/BootstrapFoundation-t.build/DerivedSources/arm64 -Xcc -I/Users/admin/builder/spi-builder-workspace/.derivedData/Build/Intermediates.noindex/bootstrap.build/Debug-watchos/BootstrapFoundation-t.build/DerivedSources -Xcc -DSWIFT_PACKAGE -Xcc -DDEBUG\=1 -no-auto-bridging-header-chaining -module-name BootstrapFoundation -const-gather-protocols-file /Users/admin/builder/spi-builder-workspace/.derivedData/Build/Intermediates.noindex/bootstrap.build/Debug-watchos/BootstrapFoundation-t.build/Objects-normal/arm64/BootstrapFoundation_const_extract_protocols.json -disable-clang-spi -clang-target arm64-apple-watchos27.0 -target-sdk-version 27.0 -target-sdk-name watchos27.0 -in-process-plugin-server-path /Applications/Xcode-27.0.0-Release.Candidate.app/Contents/Developer/Toolchains/XcodeDefault.xctoolchain/usr/lib/swift/host/libSwiftInProcPluginServer.dylib -parse-as-library -o /Users/admin/builder/spi-builder-workspace/.derivedData/Build/Intermediates.noindex/bootstrap.build/Debug-watchos/BootstrapFoundation-t.build/Objects-normal/arm64/BootstrapFoundation.o -debug-module-path /Users/admin/builder/spi-builder-workspace/.derivedData/Build/Intermediates.noindex/bootstrap.build/Debug-watchos/BootstrapFoundation-t.build/Objects-normal/arm64/BootstrapFoundation.swiftmodule -index-unit-output-path /bootstrap.build/Debug-watchos/BootstrapFoundation-t.build/Objects-normal/arm64/BootstrapFoundation.o -index-store-path /Users/admin/builder/spi-builder-workspace/.derivedData/Index.noindex/DataStore -index-system-modules
SwiftCompile normal arm64 /Users/admin/builder/spi-builder-workspace/Sources/BootstrapFoundation/BootstrapFoundation.swift (in target 'BootstrapFoundation' from project 'bootstrap')
cd /Users/admin/builder/spi-builder-workspace/.swiftpm/xcode
builtin-SwiftPerFileCompile BootstrapFoundation.swift
SwiftDriverJobDiscovery normal arm64 Compiling Protocols.swift (in target 'BootstrapFoundation' from project 'bootstrap')
PruneExplicitPrecompiledModules /Users/admin/builder/spi-builder-workspace/.derivedData/Build/Intermediates.noindex/ExplicitPrecompiledModules
PruneExplicitPrecompiledModules /Users/admin/builder/spi-builder-workspace/.derivedData/SDKExplicitPrecompiledModules
PruneExplicitPrecompiledModules /Users/admin/builder/spi-builder-workspace/.derivedData/Build/Intermediates.noindex/SwiftExplicitPrecompiledModules
2026-09-18 23:07:57.536 xcodebuild[1290:8749] [MT] IDERunDestination: Supported platforms for the buildables in the current scheme is empty.
** BUILD FAILED **
The following build commands failed:
SwiftCompile normal arm64 Compiling\ BootstrapFoundation.swift /Users/admin/builder/spi-builder-workspace/Sources/BootstrapFoundation/BootstrapFoundation.swift (in target 'BootstrapFoundation' from project 'bootstrap')
SwiftCompile normal arm64 /Users/admin/builder/spi-builder-workspace/Sources/BootstrapFoundation/BootstrapFoundation.swift (in target 'BootstrapFoundation' from project 'bootstrap')
Building workspace bootstrap with scheme bootstrap
(3 failures)
BUILD FAILURE 6.4 watchOS