Build Information
Failed to build RVS_Spinner, reference main (c5bf68), with Swift 6.1 for macOS (SPM) on 5 Oct 2026 00:44:40 UTC.
Build Command
env DEVELOPER_DIR=/Applications/Xcode-16.3.0.app xcrun swift build --arch arm64Build Log
========================================
RunAll
========================================
Builder version: 5.1.1
Interrupt handler set up.
========================================
Checkout
========================================
Clone URL: https://github.com/RiftValleySoftware/RVS_Spinner.git
Reference: main
Initialized empty Git repository in /Users/admin/builder/spi-builder-workspace/.git/
From https://github.com/RiftValleySoftware/RVS_Spinner
* branch main -> FETCH_HEAD
* [new branch] main -> origin/main
HEAD is now at c5bf68c Mostly documentation changes.
Cloned https://github.com/RiftValleySoftware/RVS_Spinner.git
Revision (git rev-parse @):
c5bf68c2eb568df5bd1838bc0427fa2665ca29cb
SUCCESS checkout https://github.com/RiftValleySoftware/RVS_Spinner.git at main
========================================
Build
========================================
Selected platform: macosSpm
Swift version: 6.1
Building package at path: $PWD
https://github.com/RiftValleySoftware/RVS_Spinner.git
https://github.com/RiftValleySoftware/RVS_Spinner.git
{
"dependencies" : [
],
"manifest_display_name" : "RVS_Spinner",
"name" : "RVS_Spinner",
"path" : "/Users/admin/builder/spi-builder-workspace",
"platforms" : [
{
"name" : "ios",
"version" : "15.0"
}
],
"products" : [
{
"name" : "RVS-Spinner",
"targets" : [
"RVS_Spinner"
],
"type" : {
"library" : [
"automatic"
]
}
}
],
"targets" : [
{
"c99name" : "RVS_Spinner",
"module_type" : "SwiftTarget",
"name" : "RVS_Spinner",
"path" : "Sources/RVS_Spinner",
"product_memberships" : [
"RVS-Spinner"
],
"resources" : [
{
"path" : "/Users/admin/builder/spi-builder-workspace/Sources/RVS_Spinner/PrivacyInfo.xcprivacy",
"rule" : {
"copy" : {
}
}
}
],
"sources" : [
"RVS_Spinner.swift"
],
"type" : "library"
}
],
"tools_version" : "5.5"
}
Running build ...
env DEVELOPER_DIR=/Applications/Xcode-16.3.0.app xcrun swift build --arch arm64 -Xswiftc -Xfrontend -Xswiftc -stats-output-dir -Xswiftc -Xfrontend -Xswiftc .stats -Xswiftc -strict-concurrency=complete -Xswiftc -enable-upcoming-feature -Xswiftc StrictConcurrency -Xswiftc -enable-upcoming-feature -Xswiftc DisableOutwardActorInference -Xswiftc -enable-upcoming-feature -Xswiftc GlobalActorIsolatedTypesUsability -Xswiftc -enable-upcoming-feature -Xswiftc InferSendableFromCaptures
Building for debugging...
[0/3] Write sources
[1/3] Copying PrivacyInfo.xcprivacy
[2/3] Write swift-version-2F0A5646E1D333AE.txt
error: emit-module command failed with exit code 1 (use -v to see invocation)
[4/6] Emitting module RVS_Spinner
/Users/admin/builder/spi-builder-workspace/Sources/RVS_Spinner/RVS_Spinner.swift:27:8: error: no such module 'UIKit'
25 |
26 | import AudioToolbox
27 | import UIKit
| `- error: no such module 'UIKit'
28 |
29 | /* ###################################################################################################################################### */
[5/6] Compiling RVS_Spinner RVS_Spinner.swift
/Users/admin/builder/spi-builder-workspace/Sources/RVS_Spinner/RVS_Spinner.swift:27:8: error: no such module 'UIKit'
25 |
26 | import AudioToolbox
27 | import UIKit
| `- error: no such module 'UIKit'
28 |
29 | /* ###################################################################################################################################### */
[6/6] Compiling RVS_Spinner resource_bundle_accessor.swift
/Users/admin/builder/spi-builder-workspace/Sources/RVS_Spinner/RVS_Spinner.swift:27:8: error: no such module 'UIKit'
25 |
26 | import AudioToolbox
27 | import UIKit
| `- error: no such module 'UIKit'
28 |
29 | /* ###################################################################################################################################### */
Running build ...
env DEVELOPER_DIR=/Applications/Xcode-16.3.0.app xcrun swift build --arch arm64
[0/1] Planning build
Building for debugging...
[0/1] Write swift-version-2F0A5646E1D333AE.txt
[2/4] Compiling RVS_Spinner resource_bundle_accessor.swift
/Users/admin/builder/spi-builder-workspace/Sources/RVS_Spinner/RVS_Spinner.swift:27:8: error: no such module 'UIKit'
25 |
26 | import AudioToolbox
27 | import UIKit
| `- error: no such module 'UIKit'
28 |
29 | /* ###################################################################################################################################### */
[3/4] Compiling RVS_Spinner RVS_Spinner.swift
/Users/admin/builder/spi-builder-workspace/Sources/RVS_Spinner/RVS_Spinner.swift:27:8: error: no such module 'UIKit'
25 |
26 | import AudioToolbox
27 | import UIKit
| `- error: no such module 'UIKit'
28 |
29 | /* ###################################################################################################################################### */
error: emit-module command failed with exit code 1 (use -v to see invocation)
[4/4] Emitting module RVS_Spinner
/Users/admin/builder/spi-builder-workspace/Sources/RVS_Spinner/RVS_Spinner.swift:27:8: error: no such module 'UIKit'
25 |
26 | import AudioToolbox
27 | import UIKit
| `- error: no such module 'UIKit'
28 |
29 | /* ###################################################################################################################################### */
BUILD FAILURE 6.1 macosSpm