Build Information
Failed to build CryptoScraper, reference main (c8626e), with Swift 6.1 for macOS (SPM) on 12 Oct 2026 14:44:34 UTC.
Build Command
env DEVELOPER_DIR=/Applications/Xcode-16.3.0.app xcrun swift build --arch arm64Build Log
/Users/admin/builder/spi-builder-workspace/.build/checkouts/FOSUtilities/Sources/FOSMVVM/SwiftUI Support/Generated/View+Localizable.swift:395:9: error: instance method 'accessibilityScrollStatus(_:defaultValue:isEnabled:)' requires that 'Text' conform to 'Localizable'
392 | /// - defaultValue: Fallback text used if localization did not complete.
393 | @available(iOS 26.0, macOS 26.0, tvOS 26.0, watchOS 26.0, visionOS 26.0, *)
394 | nonisolated func accessibilityScrollStatus(_ localizable: some Localizable, defaultValue: String? = nil, isEnabled: Bool = true) -> ModifiedContent<Self, AccessibilityAttachmentModifier> {
| `- note: where 'some Localizable' = 'Text'
395 | accessibilityScrollStatus(Text(verbatim: localizable.defaultedLocalizedString(defaultValue: defaultValue)), isEnabled: isEnabled)
| `- error: instance method 'accessibilityScrollStatus(_:defaultValue:isEnabled:)' requires that 'Text' conform to 'Localizable'
396 | }
397 |
[892/1022] Compiling FOSMVVM InvalidationDispatcher.swift
/Users/admin/builder/spi-builder-workspace/.build/checkouts/FOSUtilities/Sources/FOSMVVM/SwiftUI Support/Generated/View+Localizable.swift:395:9: error: instance method 'accessibilityScrollStatus(_:defaultValue:isEnabled:)' requires that 'Text' conform to 'Localizable'
392 | /// - defaultValue: Fallback text used if localization did not complete.
393 | @available(iOS 26.0, macOS 26.0, tvOS 26.0, watchOS 26.0, visionOS 26.0, *)
394 | nonisolated func accessibilityScrollStatus(_ localizable: some Localizable, defaultValue: String? = nil, isEnabled: Bool = true) -> ModifiedContent<Self, AccessibilityAttachmentModifier> {
| `- note: where 'some Localizable' = 'Text'
395 | accessibilityScrollStatus(Text(verbatim: localizable.defaultedLocalizedString(defaultValue: defaultValue)), isEnabled: isEnabled)
| `- error: instance method 'accessibilityScrollStatus(_:defaultValue:isEnabled:)' requires that 'Text' conform to 'Localizable'
396 | }
397 |
[893/1022] Compiling FOSMVVM LiveRegistrationCoordinator.swift
/Users/admin/builder/spi-builder-workspace/.build/checkouts/FOSUtilities/Sources/FOSMVVM/SwiftUI Support/Generated/View+Localizable.swift:395:9: error: instance method 'accessibilityScrollStatus(_:defaultValue:isEnabled:)' requires that 'Text' conform to 'Localizable'
392 | /// - defaultValue: Fallback text used if localization did not complete.
393 | @available(iOS 26.0, macOS 26.0, tvOS 26.0, watchOS 26.0, visionOS 26.0, *)
394 | nonisolated func accessibilityScrollStatus(_ localizable: some Localizable, defaultValue: String? = nil, isEnabled: Bool = true) -> ModifiedContent<Self, AccessibilityAttachmentModifier> {
| `- note: where 'some Localizable' = 'Text'
395 | accessibilityScrollStatus(Text(verbatim: localizable.defaultedLocalizedString(defaultValue: defaultValue)), isEnabled: isEnabled)
| `- error: instance method 'accessibilityScrollStatus(_:defaultValue:isEnabled:)' requires that 'Text' conform to 'Localizable'
396 | }
397 |
[894/1022] Compiling FOSMVVM LocalizableViews.swift
/Users/admin/builder/spi-builder-workspace/.build/checkouts/FOSUtilities/Sources/FOSMVVM/SwiftUI Support/Generated/View+Localizable.swift:395:9: error: instance method 'accessibilityScrollStatus(_:defaultValue:isEnabled:)' requires that 'Text' conform to 'Localizable'
392 | /// - defaultValue: Fallback text used if localization did not complete.
393 | @available(iOS 26.0, macOS 26.0, tvOS 26.0, watchOS 26.0, visionOS 26.0, *)
394 | nonisolated func accessibilityScrollStatus(_ localizable: some Localizable, defaultValue: String? = nil, isEnabled: Bool = true) -> ModifiedContent<Self, AccessibilityAttachmentModifier> {
| `- note: where 'some Localizable' = 'Text'
395 | accessibilityScrollStatus(Text(verbatim: localizable.defaultedLocalizedString(defaultValue: defaultValue)), isEnabled: isEnabled)
| `- error: instance method 'accessibilityScrollStatus(_:defaultValue:isEnabled:)' requires that 'Text' conform to 'Localizable'
396 | }
397 |
[895/1022] Compiling FOSMVVM MVVMEnvironment.swift
/Users/admin/builder/spi-builder-workspace/.build/checkouts/FOSUtilities/Sources/FOSMVVM/SwiftUI Support/Generated/View+Localizable.swift:395:9: error: instance method 'accessibilityScrollStatus(_:defaultValue:isEnabled:)' requires that 'Text' conform to 'Localizable'
392 | /// - defaultValue: Fallback text used if localization did not complete.
393 | @available(iOS 26.0, macOS 26.0, tvOS 26.0, watchOS 26.0, visionOS 26.0, *)
394 | nonisolated func accessibilityScrollStatus(_ localizable: some Localizable, defaultValue: String? = nil, isEnabled: Bool = true) -> ModifiedContent<Self, AccessibilityAttachmentModifier> {
| `- note: where 'some Localizable' = 'Text'
395 | accessibilityScrollStatus(Text(verbatim: localizable.defaultedLocalizedString(defaultValue: defaultValue)), isEnabled: isEnabled)
| `- error: instance method 'accessibilityScrollStatus(_:defaultValue:isEnabled:)' requires that 'Text' conform to 'Localizable'
396 | }
397 |
[896/1022] Compiling FOSMVVM MissingEnvironmentDiagnostic.swift
/Users/admin/builder/spi-builder-workspace/.build/checkouts/FOSUtilities/Sources/FOSMVVM/SwiftUI Support/Generated/View+Localizable.swift:395:9: error: instance method 'accessibilityScrollStatus(_:defaultValue:isEnabled:)' requires that 'Text' conform to 'Localizable'
392 | /// - defaultValue: Fallback text used if localization did not complete.
393 | @available(iOS 26.0, macOS 26.0, tvOS 26.0, watchOS 26.0, visionOS 26.0, *)
394 | nonisolated func accessibilityScrollStatus(_ localizable: some Localizable, defaultValue: String? = nil, isEnabled: Bool = true) -> ModifiedContent<Self, AccessibilityAttachmentModifier> {
| `- note: where 'some Localizable' = 'Text'
395 | accessibilityScrollStatus(Text(verbatim: localizable.defaultedLocalizedString(defaultValue: defaultValue)), isEnabled: isEnabled)
| `- error: instance method 'accessibilityScrollStatus(_:defaultValue:isEnabled:)' requires that 'Text' conform to 'Localizable'
396 | }
397 |
[897/1022] Compiling FOSMVVM OperationBus.swift
/Users/admin/builder/spi-builder-workspace/.build/checkouts/FOSUtilities/Sources/FOSMVVM/SwiftUI Support/Generated/View+Localizable.swift:395:9: error: instance method 'accessibilityScrollStatus(_:defaultValue:isEnabled:)' requires that 'Text' conform to 'Localizable'
392 | /// - defaultValue: Fallback text used if localization did not complete.
393 | @available(iOS 26.0, macOS 26.0, tvOS 26.0, watchOS 26.0, visionOS 26.0, *)
394 | nonisolated func accessibilityScrollStatus(_ localizable: some Localizable, defaultValue: String? = nil, isEnabled: Bool = true) -> ModifiedContent<Self, AccessibilityAttachmentModifier> {
| `- note: where 'some Localizable' = 'Text'
395 | accessibilityScrollStatus(Text(verbatim: localizable.defaultedLocalizedString(defaultValue: defaultValue)), isEnabled: isEnabled)
| `- error: instance method 'accessibilityScrollStatus(_:defaultValue:isEnabled:)' requires that 'Text' conform to 'Localizable'
396 | }
397 |
[898/1022] Compiling FOSMVVM PreviewHostingView.swift
/Users/admin/builder/spi-builder-workspace/.build/checkouts/FOSUtilities/Sources/FOSMVVM/SwiftUI Support/Generated/View+Localizable.swift:395:9: error: instance method 'accessibilityScrollStatus(_:defaultValue:isEnabled:)' requires that 'Text' conform to 'Localizable'
392 | /// - defaultValue: Fallback text used if localization did not complete.
393 | @available(iOS 26.0, macOS 26.0, tvOS 26.0, watchOS 26.0, visionOS 26.0, *)
394 | nonisolated func accessibilityScrollStatus(_ localizable: some Localizable, defaultValue: String? = nil, isEnabled: Bool = true) -> ModifiedContent<Self, AccessibilityAttachmentModifier> {
| `- note: where 'some Localizable' = 'Text'
395 | accessibilityScrollStatus(Text(verbatim: localizable.defaultedLocalizedString(defaultValue: defaultValue)), isEnabled: isEnabled)
| `- error: instance method 'accessibilityScrollStatus(_:defaultValue:isEnabled:)' requires that 'Text' conform to 'Localizable'
396 | }
397 |
[899/1022] Compiling FOSMVVM ProductionParents.swift
/Users/admin/builder/spi-builder-workspace/.build/checkouts/FOSUtilities/Sources/FOSMVVM/SwiftUI Support/Generated/View+Localizable.swift:395:9: error: instance method 'accessibilityScrollStatus(_:defaultValue:isEnabled:)' requires that 'Text' conform to 'Localizable'
392 | /// - defaultValue: Fallback text used if localization did not complete.
393 | @available(iOS 26.0, macOS 26.0, tvOS 26.0, watchOS 26.0, visionOS 26.0, *)
394 | nonisolated func accessibilityScrollStatus(_ localizable: some Localizable, defaultValue: String? = nil, isEnabled: Bool = true) -> ModifiedContent<Self, AccessibilityAttachmentModifier> {
| `- note: where 'some Localizable' = 'Text'
395 | accessibilityScrollStatus(Text(verbatim: localizable.defaultedLocalizedString(defaultValue: defaultValue)), isEnabled: isEnabled)
| `- error: instance method 'accessibilityScrollStatus(_:defaultValue:isEnabled:)' requires that 'Text' conform to 'Localizable'
396 | }
397 |
[900/1022] Compiling FOSMVVM SSEInvalidationChannel.swift
/Users/admin/builder/spi-builder-workspace/.build/checkouts/FOSUtilities/Sources/FOSMVVM/SwiftUI Support/Generated/View+Localizable.swift:395:9: error: instance method 'accessibilityScrollStatus(_:defaultValue:isEnabled:)' requires that 'Text' conform to 'Localizable'
392 | /// - defaultValue: Fallback text used if localization did not complete.
393 | @available(iOS 26.0, macOS 26.0, tvOS 26.0, watchOS 26.0, visionOS 26.0, *)
394 | nonisolated func accessibilityScrollStatus(_ localizable: some Localizable, defaultValue: String? = nil, isEnabled: Bool = true) -> ModifiedContent<Self, AccessibilityAttachmentModifier> {
| `- note: where 'some Localizable' = 'Text'
395 | accessibilityScrollStatus(Text(verbatim: localizable.defaultedLocalizedString(defaultValue: defaultValue)), isEnabled: isEnabled)
| `- error: instance method 'accessibilityScrollStatus(_:defaultValue:isEnabled:)' requires that 'Text' conform to 'Localizable'
396 | }
397 |
[901/1022] Compiling FOSMVVM TabContent+Testing.swift
/Users/admin/builder/spi-builder-workspace/.build/checkouts/FOSUtilities/Sources/FOSMVVM/SwiftUI Support/Generated/View+Localizable.swift:395:9: error: instance method 'accessibilityScrollStatus(_:defaultValue:isEnabled:)' requires that 'Text' conform to 'Localizable'
392 | /// - defaultValue: Fallback text used if localization did not complete.
393 | @available(iOS 26.0, macOS 26.0, tvOS 26.0, watchOS 26.0, visionOS 26.0, *)
394 | nonisolated func accessibilityScrollStatus(_ localizable: some Localizable, defaultValue: String? = nil, isEnabled: Bool = true) -> ModifiedContent<Self, AccessibilityAttachmentModifier> {
| `- note: where 'some Localizable' = 'Text'
395 | accessibilityScrollStatus(Text(verbatim: localizable.defaultedLocalizedString(defaultValue: defaultValue)), isEnabled: isEnabled)
| `- error: instance method 'accessibilityScrollStatus(_:defaultValue:isEnabled:)' requires that 'Text' conform to 'Localizable'
396 | }
397 |
[902/1022] Compiling FOSMVVM TestDataTransporter.swift
/Users/admin/builder/spi-builder-workspace/.build/checkouts/FOSUtilities/Sources/FOSMVVM/SwiftUI Support/Generated/View+Localizable.swift:395:9: error: instance method 'accessibilityScrollStatus(_:defaultValue:isEnabled:)' requires that 'Text' conform to 'Localizable'
392 | /// - defaultValue: Fallback text used if localization did not complete.
393 | @available(iOS 26.0, macOS 26.0, tvOS 26.0, watchOS 26.0, visionOS 26.0, *)
394 | nonisolated func accessibilityScrollStatus(_ localizable: some Localizable, defaultValue: String? = nil, isEnabled: Bool = true) -> ModifiedContent<Self, AccessibilityAttachmentModifier> {
| `- note: where 'some Localizable' = 'Text'
395 | accessibilityScrollStatus(Text(verbatim: localizable.defaultedLocalizedString(defaultValue: defaultValue)), isEnabled: isEnabled)
| `- error: instance method 'accessibilityScrollStatus(_:defaultValue:isEnabled:)' requires that 'Text' conform to 'Localizable'
396 | }
397 |
[903/1022] Compiling FOSMVVM FormFieldView.swift
[904/1022] Compiling FOSMVVM FormValidationsView.swift
[905/1022] Compiling FOSMVVM FreshnessGate.swift
[906/1022] Compiling FOSMVVM AccessibilityActionCategory+Localizable.swift
[907/1022] Compiling FOSMVVM AccessibilityCustomContentKey+Localizable.swift
[908/1022] Compiling FOSMVVM AccessibilityRotorEntry+Localizable.swift
[909/1022] Compiling FOSMVVM AlertScene+Localizable.swift
[910/1022] Compiling FOSMVVM Button+AsyncAction.swift
[911/1022] Compiling FOSMVVM Button+Localizable.swift
[912/1022] Compiling FOSMVVM ColorPicker+Localizable.swift
[913/1022] Compiling FOSMVVM CommandMenu+Localizable.swift
[914/1022] Compiling FOSMVVM ContentUnavailableView+Localizable.swift
[915/1022] Compiling FOSMVVM ControlGroup+Localizable.swift
[916/1022] Compiling FOSMVVM DatePicker+Localizable.swift
[917/1022] Compiling FOSMVVM DisclosureGroup+Localizable.swift
error: emit-module command failed with exit code 1 (use -v to see invocation)
[918/1022] Compiling FOSMVVM ModelOperation.swift
[919/1022] Compiling FOSMVVM PaginatedQuery.swift
[920/1022] Compiling FOSMVVM ProjectionContext.swift
[921/1022] Compiling FOSMVVM ReplaceRequest.swift
[922/1022] Compiling FOSMVVM RequestableViewModel.swift
[923/1022] Compiling FOSMVVM ResettableModel.swift
[924/1022] Compiling FOSMVVM ResponseBodyFactory.swift
[925/1022] Compiling FOSMVVM RetrievablePropertyNames.swift
[926/1022] Compiling FOSMVVM RootScope.swift
[927/1022] Compiling FOSMVVM ScopedQuery.swift
[928/1022] Compiling FOSMVVM ServerRequest+Fetch.swift
[929/1022] Compiling FOSMVVM ServerRequest.swift
[930/1022] Compiling FOSMVVM ServerRequestSort.swift
[931/1022] Compiling FOSMVVM ShowRequest.swift
[932/1022] Compiling FOSMVVM TargetedQuery.swift
[933/1022] Compiling FOSMVVM JSONEncoder.swift
[934/1022] Compiling FOSMVVM FormField.swift
[935/1022] Compiling FOSMVVM FormFieldIdentifier.swift
[936/1022] Compiling FOSMVVM FormFieldModel.swift
[937/1022] Compiling FOSMVVM FormFieldType.swift
[938/1022] Compiling FOSMVVM FormInputOption.swift
[939/1022] Compiling FOSMVVM FormInputType.swift
[940/1022] Compiling FOSMVVM Localizable.swift
[941/1022] Compiling FOSMVVM LocalizableArray.swift
[942/1022] Compiling FOSMVVM LocalizableCase.swift
[943/1022] Compiling FOSMVVM LocalizableCompoundValue.swift
[944/1022] Compiling FOSMVVM LocalizableDate.swift
[945/1022] Compiling FOSMVVM LocalizableDouble.swift
[946/1022] Compiling FOSMVVM LocalizableInt.swift
[947/1022] Compiling FOSMVVM LocalizableRef.swift
[948/1022] Emitting module FOSMVVM
/Users/admin/builder/spi-builder-workspace/.build/checkouts/FOSUtilities/Sources/FOSMVVM/SwiftUI Support/Generated/SliderTick+Localizable.swift:30:18: error: cannot find type 'SliderTick' in scope
28 | @available(iOS 26.0, macOS 26.0, watchOS 26.0, visionOS 26.0, *)
29 | @available(tvOS, unavailable)
30 | public extension SliderTick where V: BinaryFloatingPoint {
| `- error: cannot find type 'SliderTick' in scope
31 | #if os(iOS) || os(macOS) || os(watchOS) || os(visionOS)
32 | /// Localizable-accepting form of SwiftUI's `SliderTick.init(_:_:)`.
[949/1022] Compiling FOSMVVM ContainerOperation.swift
[950/1022] Compiling FOSMVVM ContainmentScope.swift
[951/1022] Compiling FOSMVVM CreateRequest.swift
[952/1022] Compiling FOSMVVM CredentialChallenge.swift
[953/1022] Compiling FOSMVVM CredentialRejectedError.swift
[954/1022] Compiling FOSMVVM DestroyRequest.swift
[955/1022] Compiling FOSMVVM InvalidationChannel.swift
[956/1022] Compiling FOSMVVM LiveViewModel.swift
[957/1022] Compiling FOSMVVM LoadingPlan.swift
[958/1022] Compiling FOSMVVM LocalizableError.swift
[959/1022] Compiling FOSMVVM Model.swift
[960/1022] Compiling FOSMVVM ModelAuthorization.swift
[961/1022] Compiling FOSMVVM ModelIdentifiedViewModel.swift
[962/1022] Compiling FOSMVVM ModelIdentity.swift
[963/1022] Compiling FOSMVVM ModelNamespace.swift
[964/1022] Compiling FOSMVVM UpdateRequest.swift
[965/1022] Compiling FOSMVVM ValidatableModel.swift
[966/1022] Compiling FOSMVVM ValidatableViewModelRequest.swift
[967/1022] Compiling FOSMVVM ViewModel.swift
[968/1022] Compiling FOSMVVM ViewModelFactory.swift
[969/1022] Compiling FOSMVVM ViewModelId.swift
[970/1022] Compiling FOSMVVM ViewModelOperations.swift
[971/1022] Compiling FOSMVVM ViewModelRequest.swift
[972/1022] Compiling FOSMVVM WireError.swift
[973/1022] Compiling FOSMVVM PushEnvironment.swift
[974/1022] Compiling FOSMVVM PushRegistration.swift
[975/1022] Compiling FOSMVVM RecordLoadPlan.swift
[976/1022] Compiling FOSMVVM AsyncButtonActivity.swift
[977/1022] Compiling FOSMVVM ErrorAlert.swift
[978/1022] Compiling FOSMVVM FieldValidationsView.swift
[979/1022] Compiling FOSMVVM LocalizableString.swift
[980/1022] Compiling FOSMVVM LocalizableSubstitutions.swift
[981/1022] Compiling FOSMVVM LocalizableValue.swift
[982/1022] Compiling FOSMVVM LocalizationStore.swift
[983/1022] Compiling FOSMVVM LocalizedArrayProperty.swift
[984/1022] Compiling FOSMVVM LocalizedProperty.swift
[985/1022] Compiling FOSMVVM Localizer.swift
[986/1022] Compiling FOSMVVM YamlLocalizationStore.swift
[987/1022] Compiling FOSMVVM Macros.swift
[988/1022] Compiling FOSMVVM ArchiveRequest.swift
[989/1022] Compiling FOSMVVM AuthorityFlow.swift
[990/1022] Compiling FOSMVVM ClientCredentialProvider.swift
[991/1022] Compiling FOSMVVM ComposableFactory.swift
[992/1022] Compiling FOSMVVM ComposedChild.swift
[993/1022] Compiling FOSMVVM Container.swift
[994/1022] Compiling FOSMVVM Section+Localizable.swift
/Users/admin/builder/spi-builder-workspace/.build/checkouts/FOSUtilities/Sources/FOSMVVM/SwiftUI Support/Generated/SliderTick+Localizable.swift:30:18: error: cannot find type 'SliderTick' in scope
28 | @available(iOS 26.0, macOS 26.0, watchOS 26.0, visionOS 26.0, *)
29 | @available(tvOS, unavailable)
30 | public extension SliderTick where V: BinaryFloatingPoint {
| `- error: cannot find type 'SliderTick' in scope
31 | #if os(iOS) || os(macOS) || os(watchOS) || os(visionOS)
32 | /// Localizable-accepting form of SwiftUI's `SliderTick.init(_:_:)`.
/Users/admin/builder/spi-builder-workspace/.build/checkouts/FOSUtilities/Sources/FOSMVVM/SwiftUI Support/Generated/SliderTick+Localizable.swift:30:29: error: 'where' clause cannot be applied to a non-generic top-level declaration
28 | @available(iOS 26.0, macOS 26.0, watchOS 26.0, visionOS 26.0, *)
29 | @available(tvOS, unavailable)
30 | public extension SliderTick where V: BinaryFloatingPoint {
| `- error: 'where' clause cannot be applied to a non-generic top-level declaration
31 | #if os(iOS) || os(macOS) || os(watchOS) || os(visionOS)
32 | /// Localizable-accepting form of SwiftUI's `SliderTick.init(_:_:)`.
/Users/admin/builder/spi-builder-workspace/.build/checkouts/FOSUtilities/Sources/FOSMVVM/SwiftUI Support/Generated/SliderTick+Localizable.swift:51:81: error: cannot find type 'V' in scope
49 | @available(iOS 26.0, macOS 26.0, watchOS 26.0, visionOS 26.0, *)
50 | @available(tvOS, unavailable)
51 | init(_ localizable: some Localizable, defaultValue: String? = nil, _ value: V) {
| `- error: cannot find type 'V' in scope
52 | self.init(localizable.defaultedLocalizedString(defaultValue: defaultValue), value)
53 | }
[995/1022] Compiling FOSMVVM SecureField+Localizable.swift
/Users/admin/builder/spi-builder-workspace/.build/checkouts/FOSUtilities/Sources/FOSMVVM/SwiftUI Support/Generated/SliderTick+Localizable.swift:30:18: error: cannot find type 'SliderTick' in scope
28 | @available(iOS 26.0, macOS 26.0, watchOS 26.0, visionOS 26.0, *)
29 | @available(tvOS, unavailable)
30 | public extension SliderTick where V: BinaryFloatingPoint {
| `- error: cannot find type 'SliderTick' in scope
31 | #if os(iOS) || os(macOS) || os(watchOS) || os(visionOS)
32 | /// Localizable-accepting form of SwiftUI's `SliderTick.init(_:_:)`.
/Users/admin/builder/spi-builder-workspace/.build/checkouts/FOSUtilities/Sources/FOSMVVM/SwiftUI Support/Generated/SliderTick+Localizable.swift:30:29: error: 'where' clause cannot be applied to a non-generic top-level declaration
28 | @available(iOS 26.0, macOS 26.0, watchOS 26.0, visionOS 26.0, *)
29 | @available(tvOS, unavailable)
30 | public extension SliderTick where V: BinaryFloatingPoint {
| `- error: 'where' clause cannot be applied to a non-generic top-level declaration
31 | #if os(iOS) || os(macOS) || os(watchOS) || os(visionOS)
32 | /// Localizable-accepting form of SwiftUI's `SliderTick.init(_:_:)`.
/Users/admin/builder/spi-builder-workspace/.build/checkouts/FOSUtilities/Sources/FOSMVVM/SwiftUI Support/Generated/SliderTick+Localizable.swift:51:81: error: cannot find type 'V' in scope
49 | @available(iOS 26.0, macOS 26.0, watchOS 26.0, visionOS 26.0, *)
50 | @available(tvOS, unavailable)
51 | init(_ localizable: some Localizable, defaultValue: String? = nil, _ value: V) {
| `- error: cannot find type 'V' in scope
52 | self.init(localizable.defaultedLocalizedString(defaultValue: defaultValue), value)
53 | }
[996/1022] Compiling FOSMVVM ShareLink+Localizable.swift
/Users/admin/builder/spi-builder-workspace/.build/checkouts/FOSUtilities/Sources/FOSMVVM/SwiftUI Support/Generated/SliderTick+Localizable.swift:30:18: error: cannot find type 'SliderTick' in scope
28 | @available(iOS 26.0, macOS 26.0, watchOS 26.0, visionOS 26.0, *)
29 | @available(tvOS, unavailable)
30 | public extension SliderTick where V: BinaryFloatingPoint {
| `- error: cannot find type 'SliderTick' in scope
31 | #if os(iOS) || os(macOS) || os(watchOS) || os(visionOS)
32 | /// Localizable-accepting form of SwiftUI's `SliderTick.init(_:_:)`.
/Users/admin/builder/spi-builder-workspace/.build/checkouts/FOSUtilities/Sources/FOSMVVM/SwiftUI Support/Generated/SliderTick+Localizable.swift:30:29: error: 'where' clause cannot be applied to a non-generic top-level declaration
28 | @available(iOS 26.0, macOS 26.0, watchOS 26.0, visionOS 26.0, *)
29 | @available(tvOS, unavailable)
30 | public extension SliderTick where V: BinaryFloatingPoint {
| `- error: 'where' clause cannot be applied to a non-generic top-level declaration
31 | #if os(iOS) || os(macOS) || os(watchOS) || os(visionOS)
32 | /// Localizable-accepting form of SwiftUI's `SliderTick.init(_:_:)`.
/Users/admin/builder/spi-builder-workspace/.build/checkouts/FOSUtilities/Sources/FOSMVVM/SwiftUI Support/Generated/SliderTick+Localizable.swift:51:81: error: cannot find type 'V' in scope
49 | @available(iOS 26.0, macOS 26.0, watchOS 26.0, visionOS 26.0, *)
50 | @available(tvOS, unavailable)
51 | init(_ localizable: some Localizable, defaultValue: String? = nil, _ value: V) {
| `- error: cannot find type 'V' in scope
52 | self.init(localizable.defaultedLocalizedString(defaultValue: defaultValue), value)
53 | }
[997/1022] Compiling FOSMVVM SharePreview+Localizable.swift
/Users/admin/builder/spi-builder-workspace/.build/checkouts/FOSUtilities/Sources/FOSMVVM/SwiftUI Support/Generated/SliderTick+Localizable.swift:30:18: error: cannot find type 'SliderTick' in scope
28 | @available(iOS 26.0, macOS 26.0, watchOS 26.0, visionOS 26.0, *)
29 | @available(tvOS, unavailable)
30 | public extension SliderTick where V: BinaryFloatingPoint {
| `- error: cannot find type 'SliderTick' in scope
31 | #if os(iOS) || os(macOS) || os(watchOS) || os(visionOS)
32 | /// Localizable-accepting form of SwiftUI's `SliderTick.init(_:_:)`.
/Users/admin/builder/spi-builder-workspace/.build/checkouts/FOSUtilities/Sources/FOSMVVM/SwiftUI Support/Generated/SliderTick+Localizable.swift:30:29: error: 'where' clause cannot be applied to a non-generic top-level declaration
28 | @available(iOS 26.0, macOS 26.0, watchOS 26.0, visionOS 26.0, *)
29 | @available(tvOS, unavailable)
30 | public extension SliderTick where V: BinaryFloatingPoint {
| `- error: 'where' clause cannot be applied to a non-generic top-level declaration
31 | #if os(iOS) || os(macOS) || os(watchOS) || os(visionOS)
32 | /// Localizable-accepting form of SwiftUI's `SliderTick.init(_:_:)`.
/Users/admin/builder/spi-builder-workspace/.build/checkouts/FOSUtilities/Sources/FOSMVVM/SwiftUI Support/Generated/SliderTick+Localizable.swift:51:81: error: cannot find type 'V' in scope
49 | @available(iOS 26.0, macOS 26.0, watchOS 26.0, visionOS 26.0, *)
50 | @available(tvOS, unavailable)
51 | init(_ localizable: some Localizable, defaultValue: String? = nil, _ value: V) {
| `- error: cannot find type 'V' in scope
52 | self.init(localizable.defaultedLocalizedString(defaultValue: defaultValue), value)
53 | }
[998/1022] Compiling FOSMVVM SliderTick+Localizable.swift
/Users/admin/builder/spi-builder-workspace/.build/checkouts/FOSUtilities/Sources/FOSMVVM/SwiftUI Support/Generated/SliderTick+Localizable.swift:30:18: error: cannot find type 'SliderTick' in scope
28 | @available(iOS 26.0, macOS 26.0, watchOS 26.0, visionOS 26.0, *)
29 | @available(tvOS, unavailable)
30 | public extension SliderTick where V: BinaryFloatingPoint {
| `- error: cannot find type 'SliderTick' in scope
31 | #if os(iOS) || os(macOS) || os(watchOS) || os(visionOS)
32 | /// Localizable-accepting form of SwiftUI's `SliderTick.init(_:_:)`.
/Users/admin/builder/spi-builder-workspace/.build/checkouts/FOSUtilities/Sources/FOSMVVM/SwiftUI Support/Generated/SliderTick+Localizable.swift:30:29: error: 'where' clause cannot be applied to a non-generic top-level declaration
28 | @available(iOS 26.0, macOS 26.0, watchOS 26.0, visionOS 26.0, *)
29 | @available(tvOS, unavailable)
30 | public extension SliderTick where V: BinaryFloatingPoint {
| `- error: 'where' clause cannot be applied to a non-generic top-level declaration
31 | #if os(iOS) || os(macOS) || os(watchOS) || os(visionOS)
32 | /// Localizable-accepting form of SwiftUI's `SliderTick.init(_:_:)`.
/Users/admin/builder/spi-builder-workspace/.build/checkouts/FOSUtilities/Sources/FOSMVVM/SwiftUI Support/Generated/SliderTick+Localizable.swift:51:81: error: cannot find type 'V' in scope
49 | @available(iOS 26.0, macOS 26.0, watchOS 26.0, visionOS 26.0, *)
50 | @available(tvOS, unavailable)
51 | init(_ localizable: some Localizable, defaultValue: String? = nil, _ value: V) {
| `- error: cannot find type 'V' in scope
52 | self.init(localizable.defaultedLocalizedString(defaultValue: defaultValue), value)
53 | }
[999/1022] Compiling FOSMVVM Stepper+Localizable.swift
/Users/admin/builder/spi-builder-workspace/.build/checkouts/FOSUtilities/Sources/FOSMVVM/SwiftUI Support/Generated/SliderTick+Localizable.swift:30:18: error: cannot find type 'SliderTick' in scope
28 | @available(iOS 26.0, macOS 26.0, watchOS 26.0, visionOS 26.0, *)
29 | @available(tvOS, unavailable)
30 | public extension SliderTick where V: BinaryFloatingPoint {
| `- error: cannot find type 'SliderTick' in scope
31 | #if os(iOS) || os(macOS) || os(watchOS) || os(visionOS)
32 | /// Localizable-accepting form of SwiftUI's `SliderTick.init(_:_:)`.
/Users/admin/builder/spi-builder-workspace/.build/checkouts/FOSUtilities/Sources/FOSMVVM/SwiftUI Support/Generated/SliderTick+Localizable.swift:30:29: error: 'where' clause cannot be applied to a non-generic top-level declaration
28 | @available(iOS 26.0, macOS 26.0, watchOS 26.0, visionOS 26.0, *)
29 | @available(tvOS, unavailable)
30 | public extension SliderTick where V: BinaryFloatingPoint {
| `- error: 'where' clause cannot be applied to a non-generic top-level declaration
31 | #if os(iOS) || os(macOS) || os(watchOS) || os(visionOS)
32 | /// Localizable-accepting form of SwiftUI's `SliderTick.init(_:_:)`.
/Users/admin/builder/spi-builder-workspace/.build/checkouts/FOSUtilities/Sources/FOSMVVM/SwiftUI Support/Generated/SliderTick+Localizable.swift:51:81: error: cannot find type 'V' in scope
49 | @available(iOS 26.0, macOS 26.0, watchOS 26.0, visionOS 26.0, *)
50 | @available(tvOS, unavailable)
51 | init(_ localizable: some Localizable, defaultValue: String? = nil, _ value: V) {
| `- error: cannot find type 'V' in scope
52 | self.init(localizable.defaultedLocalizedString(defaultValue: defaultValue), value)
53 | }
[1000/1022] Compiling FOSMVVM Tab+Localizable.swift
/Users/admin/builder/spi-builder-workspace/.build/checkouts/FOSUtilities/Sources/FOSMVVM/SwiftUI Support/Generated/SliderTick+Localizable.swift:30:18: error: cannot find type 'SliderTick' in scope
28 | @available(iOS 26.0, macOS 26.0, watchOS 26.0, visionOS 26.0, *)
29 | @available(tvOS, unavailable)
30 | public extension SliderTick where V: BinaryFloatingPoint {
| `- error: cannot find type 'SliderTick' in scope
31 | #if os(iOS) || os(macOS) || os(watchOS) || os(visionOS)
32 | /// Localizable-accepting form of SwiftUI's `SliderTick.init(_:_:)`.
/Users/admin/builder/spi-builder-workspace/.build/checkouts/FOSUtilities/Sources/FOSMVVM/SwiftUI Support/Generated/SliderTick+Localizable.swift:30:29: error: 'where' clause cannot be applied to a non-generic top-level declaration
28 | @available(iOS 26.0, macOS 26.0, watchOS 26.0, visionOS 26.0, *)
29 | @available(tvOS, unavailable)
30 | public extension SliderTick where V: BinaryFloatingPoint {
| `- error: 'where' clause cannot be applied to a non-generic top-level declaration
31 | #if os(iOS) || os(macOS) || os(watchOS) || os(visionOS)
32 | /// Localizable-accepting form of SwiftUI's `SliderTick.init(_:_:)`.
/Users/admin/builder/spi-builder-workspace/.build/checkouts/FOSUtilities/Sources/FOSMVVM/SwiftUI Support/Generated/SliderTick+Localizable.swift:51:81: error: cannot find type 'V' in scope
49 | @available(iOS 26.0, macOS 26.0, watchOS 26.0, visionOS 26.0, *)
50 | @available(tvOS, unavailable)
51 | init(_ localizable: some Localizable, defaultValue: String? = nil, _ value: V) {
| `- error: cannot find type 'V' in scope
52 | self.init(localizable.defaultedLocalizedString(defaultValue: defaultValue), value)
53 | }
[1001/1022] Compiling FOSMVVM TabContent+Localizable.swift
/Users/admin/builder/spi-builder-workspace/.build/checkouts/FOSUtilities/Sources/FOSMVVM/SwiftUI Support/Generated/SliderTick+Localizable.swift:30:18: error: cannot find type 'SliderTick' in scope
28 | @available(iOS 26.0, macOS 26.0, watchOS 26.0, visionOS 26.0, *)
29 | @available(tvOS, unavailable)
30 | public extension SliderTick where V: BinaryFloatingPoint {
| `- error: cannot find type 'SliderTick' in scope
31 | #if os(iOS) || os(macOS) || os(watchOS) || os(visionOS)
32 | /// Localizable-accepting form of SwiftUI's `SliderTick.init(_:_:)`.
/Users/admin/builder/spi-builder-workspace/.build/checkouts/FOSUtilities/Sources/FOSMVVM/SwiftUI Support/Generated/SliderTick+Localizable.swift:30:29: error: 'where' clause cannot be applied to a non-generic top-level declaration
28 | @available(iOS 26.0, macOS 26.0, watchOS 26.0, visionOS 26.0, *)
29 | @available(tvOS, unavailable)
30 | public extension SliderTick where V: BinaryFloatingPoint {
| `- error: 'where' clause cannot be applied to a non-generic top-level declaration
31 | #if os(iOS) || os(macOS) || os(watchOS) || os(visionOS)
32 | /// Localizable-accepting form of SwiftUI's `SliderTick.init(_:_:)`.
/Users/admin/builder/spi-builder-workspace/.build/checkouts/FOSUtilities/Sources/FOSMVVM/SwiftUI Support/Generated/SliderTick+Localizable.swift:51:81: error: cannot find type 'V' in scope
49 | @available(iOS 26.0, macOS 26.0, watchOS 26.0, visionOS 26.0, *)
50 | @available(tvOS, unavailable)
51 | init(_ localizable: some Localizable, defaultValue: String? = nil, _ value: V) {
| `- error: cannot find type 'V' in scope
52 | self.init(localizable.defaultedLocalizedString(defaultValue: defaultValue), value)
53 | }
[1002/1022] Compiling FOSMVVM TabSection+Localizable.swift
/Users/admin/builder/spi-builder-workspace/.build/checkouts/FOSUtilities/Sources/FOSMVVM/SwiftUI Support/Generated/SliderTick+Localizable.swift:30:18: error: cannot find type 'SliderTick' in scope
28 | @available(iOS 26.0, macOS 26.0, watchOS 26.0, visionOS 26.0, *)
29 | @available(tvOS, unavailable)
30 | public extension SliderTick where V: BinaryFloatingPoint {
| `- error: cannot find type 'SliderTick' in scope
31 | #if os(iOS) || os(macOS) || os(watchOS) || os(visionOS)
32 | /// Localizable-accepting form of SwiftUI's `SliderTick.init(_:_:)`.
/Users/admin/builder/spi-builder-workspace/.build/checkouts/FOSUtilities/Sources/FOSMVVM/SwiftUI Support/Generated/SliderTick+Localizable.swift:30:29: error: 'where' clause cannot be applied to a non-generic top-level declaration
28 | @available(iOS 26.0, macOS 26.0, watchOS 26.0, visionOS 26.0, *)
29 | @available(tvOS, unavailable)
30 | public extension SliderTick where V: BinaryFloatingPoint {
| `- error: 'where' clause cannot be applied to a non-generic top-level declaration
31 | #if os(iOS) || os(macOS) || os(watchOS) || os(visionOS)
32 | /// Localizable-accepting form of SwiftUI's `SliderTick.init(_:_:)`.
/Users/admin/builder/spi-builder-workspace/.build/checkouts/FOSUtilities/Sources/FOSMVVM/SwiftUI Support/Generated/SliderTick+Localizable.swift:51:81: error: cannot find type 'V' in scope
49 | @available(iOS 26.0, macOS 26.0, watchOS 26.0, visionOS 26.0, *)
50 | @available(tvOS, unavailable)
51 | init(_ localizable: some Localizable, defaultValue: String? = nil, _ value: V) {
| `- error: cannot find type 'V' in scope
52 | self.init(localizable.defaultedLocalizedString(defaultValue: defaultValue), value)
53 | }
[1003/1022] Compiling FOSMVVM TableColumn+Localizable.swift
/Users/admin/builder/spi-builder-workspace/.build/checkouts/FOSUtilities/Sources/FOSMVVM/SwiftUI Support/Generated/SliderTick+Localizable.swift:30:18: error: cannot find type 'SliderTick' in scope
28 | @available(iOS 26.0, macOS 26.0, watchOS 26.0, visionOS 26.0, *)
29 | @available(tvOS, unavailable)
30 | public extension SliderTick where V: BinaryFloatingPoint {
| `- error: cannot find type 'SliderTick' in scope
31 | #if os(iOS) || os(macOS) || os(watchOS) || os(visionOS)
32 | /// Localizable-accepting form of SwiftUI's `SliderTick.init(_:_:)`.
/Users/admin/builder/spi-builder-workspace/.build/checkouts/FOSUtilities/Sources/FOSMVVM/SwiftUI Support/Generated/SliderTick+Localizable.swift:30:29: error: 'where' clause cannot be applied to a non-generic top-level declaration
28 | @available(iOS 26.0, macOS 26.0, watchOS 26.0, visionOS 26.0, *)
29 | @available(tvOS, unavailable)
30 | public extension SliderTick where V: BinaryFloatingPoint {
| `- error: 'where' clause cannot be applied to a non-generic top-level declaration
31 | #if os(iOS) || os(macOS) || os(watchOS) || os(visionOS)
32 | /// Localizable-accepting form of SwiftUI's `SliderTick.init(_:_:)`.
/Users/admin/builder/spi-builder-workspace/.build/checkouts/FOSUtilities/Sources/FOSMVVM/SwiftUI Support/Generated/SliderTick+Localizable.swift:51:81: error: cannot find type 'V' in scope
49 | @available(iOS 26.0, macOS 26.0, watchOS 26.0, visionOS 26.0, *)
50 | @available(tvOS, unavailable)
51 | init(_ localizable: some Localizable, defaultValue: String? = nil, _ value: V) {
| `- error: cannot find type 'V' in scope
52 | self.init(localizable.defaultedLocalizedString(defaultValue: defaultValue), value)
53 | }
[1004/1022] Compiling FOSMVVM Text+Localizable.swift
/Users/admin/builder/spi-builder-workspace/.build/checkouts/FOSUtilities/Sources/FOSMVVM/SwiftUI Support/Generated/SliderTick+Localizable.swift:30:18: error: cannot find type 'SliderTick' in scope
28 | @available(iOS 26.0, macOS 26.0, watchOS 26.0, visionOS 26.0, *)
29 | @available(tvOS, unavailable)
30 | public extension SliderTick where V: BinaryFloatingPoint {
| `- error: cannot find type 'SliderTick' in scope
31 | #if os(iOS) || os(macOS) || os(watchOS) || os(visionOS)
32 | /// Localizable-accepting form of SwiftUI's `SliderTick.init(_:_:)`.
/Users/admin/builder/spi-builder-workspace/.build/checkouts/FOSUtilities/Sources/FOSMVVM/SwiftUI Support/Generated/SliderTick+Localizable.swift:30:29: error: 'where' clause cannot be applied to a non-generic top-level declaration
28 | @available(iOS 26.0, macOS 26.0, watchOS 26.0, visionOS 26.0, *)
29 | @available(tvOS, unavailable)
30 | public extension SliderTick where V: BinaryFloatingPoint {
| `- error: 'where' clause cannot be applied to a non-generic top-level declaration
31 | #if os(iOS) || os(macOS) || os(watchOS) || os(visionOS)
32 | /// Localizable-accepting form of SwiftUI's `SliderTick.init(_:_:)`.
/Users/admin/builder/spi-builder-workspace/.build/checkouts/FOSUtilities/Sources/FOSMVVM/SwiftUI Support/Generated/SliderTick+Localizable.swift:51:81: error: cannot find type 'V' in scope
49 | @available(iOS 26.0, macOS 26.0, watchOS 26.0, visionOS 26.0, *)
50 | @available(tvOS, unavailable)
51 | init(_ localizable: some Localizable, defaultValue: String? = nil, _ value: V) {
| `- error: cannot find type 'V' in scope
52 | self.init(localizable.defaultedLocalizedString(defaultValue: defaultValue), value)
53 | }
[1005/1022] Compiling FOSMVVM TextField+Localizable.swift
/Users/admin/builder/spi-builder-workspace/.build/checkouts/FOSUtilities/Sources/FOSMVVM/SwiftUI Support/Generated/SliderTick+Localizable.swift:30:18: error: cannot find type 'SliderTick' in scope
28 | @available(iOS 26.0, macOS 26.0, watchOS 26.0, visionOS 26.0, *)
29 | @available(tvOS, unavailable)
30 | public extension SliderTick where V: BinaryFloatingPoint {
| `- error: cannot find type 'SliderTick' in scope
31 | #if os(iOS) || os(macOS) || os(watchOS) || os(visionOS)
32 | /// Localizable-accepting form of SwiftUI's `SliderTick.init(_:_:)`.
/Users/admin/builder/spi-builder-workspace/.build/checkouts/FOSUtilities/Sources/FOSMVVM/SwiftUI Support/Generated/SliderTick+Localizable.swift:30:29: error: 'where' clause cannot be applied to a non-generic top-level declaration
28 | @available(iOS 26.0, macOS 26.0, watchOS 26.0, visionOS 26.0, *)
29 | @available(tvOS, unavailable)
30 | public extension SliderTick where V: BinaryFloatingPoint {
| `- error: 'where' clause cannot be applied to a non-generic top-level declaration
31 | #if os(iOS) || os(macOS) || os(watchOS) || os(visionOS)
32 | /// Localizable-accepting form of SwiftUI's `SliderTick.init(_:_:)`.
/Users/admin/builder/spi-builder-workspace/.build/checkouts/FOSUtilities/Sources/FOSMVVM/SwiftUI Support/Generated/SliderTick+Localizable.swift:51:81: error: cannot find type 'V' in scope
49 | @available(iOS 26.0, macOS 26.0, watchOS 26.0, visionOS 26.0, *)
50 | @available(tvOS, unavailable)
51 | init(_ localizable: some Localizable, defaultValue: String? = nil, _ value: V) {
| `- error: cannot find type 'V' in scope
52 | self.init(localizable.defaultedLocalizedString(defaultValue: defaultValue), value)
53 | }
[1006/1022] Compiling FOSMVVM TextFieldLink+Localizable.swift
/Users/admin/builder/spi-builder-workspace/.build/checkouts/FOSUtilities/Sources/FOSMVVM/SwiftUI Support/Generated/SliderTick+Localizable.swift:30:18: error: cannot find type 'SliderTick' in scope
28 | @available(iOS 26.0, macOS 26.0, watchOS 26.0, visionOS 26.0, *)
29 | @available(tvOS, unavailable)
30 | public extension SliderTick where V: BinaryFloatingPoint {
| `- error: cannot find type 'SliderTick' in scope
31 | #if os(iOS) || os(macOS) || os(watchOS) || os(visionOS)
32 | /// Localizable-accepting form of SwiftUI's `SliderTick.init(_:_:)`.
/Users/admin/builder/spi-builder-workspace/.build/checkouts/FOSUtilities/Sources/FOSMVVM/SwiftUI Support/Generated/SliderTick+Localizable.swift:30:29: error: 'where' clause cannot be applied to a non-generic top-level declaration
28 | @available(iOS 26.0, macOS 26.0, watchOS 26.0, visionOS 26.0, *)
29 | @available(tvOS, unavailable)
30 | public extension SliderTick where V: BinaryFloatingPoint {
| `- error: 'where' clause cannot be applied to a non-generic top-level declaration
31 | #if os(iOS) || os(macOS) || os(watchOS) || os(visionOS)
32 | /// Localizable-accepting form of SwiftUI's `SliderTick.init(_:_:)`.
/Users/admin/builder/spi-builder-workspace/.build/checkouts/FOSUtilities/Sources/FOSMVVM/SwiftUI Support/Generated/SliderTick+Localizable.swift:51:81: error: cannot find type 'V' in scope
49 | @available(iOS 26.0, macOS 26.0, watchOS 26.0, visionOS 26.0, *)
50 | @available(tvOS, unavailable)
51 | init(_ localizable: some Localizable, defaultValue: String? = nil, _ value: V) {
| `- error: cannot find type 'V' in scope
52 | self.init(localizable.defaultedLocalizedString(defaultValue: defaultValue), value)
53 | }
[1007/1022] Compiling FOSMVVM Toggle+Localizable.swift
/Users/admin/builder/spi-builder-workspace/.build/checkouts/FOSUtilities/Sources/FOSMVVM/SwiftUI Support/Generated/SliderTick+Localizable.swift:30:18: error: cannot find type 'SliderTick' in scope
28 | @available(iOS 26.0, macOS 26.0, watchOS 26.0, visionOS 26.0, *)
29 | @available(tvOS, unavailable)
30 | public extension SliderTick where V: BinaryFloatingPoint {
| `- error: cannot find type 'SliderTick' in scope
31 | #if os(iOS) || os(macOS) || os(watchOS) || os(visionOS)
32 | /// Localizable-accepting form of SwiftUI's `SliderTick.init(_:_:)`.
/Users/admin/builder/spi-builder-workspace/.build/checkouts/FOSUtilities/Sources/FOSMVVM/SwiftUI Support/Generated/SliderTick+Localizable.swift:30:29: error: 'where' clause cannot be applied to a non-generic top-level declaration
28 | @available(iOS 26.0, macOS 26.0, watchOS 26.0, visionOS 26.0, *)
29 | @available(tvOS, unavailable)
30 | public extension SliderTick where V: BinaryFloatingPoint {
| `- error: 'where' clause cannot be applied to a non-generic top-level declaration
31 | #if os(iOS) || os(macOS) || os(watchOS) || os(visionOS)
32 | /// Localizable-accepting form of SwiftUI's `SliderTick.init(_:_:)`.
/Users/admin/builder/spi-builder-workspace/.build/checkouts/FOSUtilities/Sources/FOSMVVM/SwiftUI Support/Generated/SliderTick+Localizable.swift:51:81: error: cannot find type 'V' in scope
49 | @available(iOS 26.0, macOS 26.0, watchOS 26.0, visionOS 26.0, *)
50 | @available(tvOS, unavailable)
51 | init(_ localizable: some Localizable, defaultValue: String? = nil, _ value: V) {
| `- error: cannot find type 'V' in scope
52 | self.init(localizable.defaultedLocalizedString(defaultValue: defaultValue), value)
53 | }
[1008/1022] Compiling FOSMVVM UtilityWindow+Localizable.swift
/Users/admin/builder/spi-builder-workspace/.build/checkouts/FOSUtilities/Sources/FOSMVVM/SwiftUI Support/Generated/SliderTick+Localizable.swift:30:18: error: cannot find type 'SliderTick' in scope
28 | @available(iOS 26.0, macOS 26.0, watchOS 26.0, visionOS 26.0, *)
29 | @available(tvOS, unavailable)
30 | public extension SliderTick where V: BinaryFloatingPoint {
| `- error: cannot find type 'SliderTick' in scope
31 | #if os(iOS) || os(macOS) || os(watchOS) || os(visionOS)
32 | /// Localizable-accepting form of SwiftUI's `SliderTick.init(_:_:)`.
/Users/admin/builder/spi-builder-workspace/.build/checkouts/FOSUtilities/Sources/FOSMVVM/SwiftUI Support/Generated/SliderTick+Localizable.swift:30:29: error: 'where' clause cannot be applied to a non-generic top-level declaration
28 | @available(iOS 26.0, macOS 26.0, watchOS 26.0, visionOS 26.0, *)
29 | @available(tvOS, unavailable)
30 | public extension SliderTick where V: BinaryFloatingPoint {
| `- error: 'where' clause cannot be applied to a non-generic top-level declaration
31 | #if os(iOS) || os(macOS) || os(watchOS) || os(visionOS)
32 | /// Localizable-accepting form of SwiftUI's `SliderTick.init(_:_:)`.
/Users/admin/builder/spi-builder-workspace/.build/checkouts/FOSUtilities/Sources/FOSMVVM/SwiftUI Support/Generated/SliderTick+Localizable.swift:51:81: error: cannot find type 'V' in scope
49 | @available(iOS 26.0, macOS 26.0, watchOS 26.0, visionOS 26.0, *)
50 | @available(tvOS, unavailable)
51 | init(_ localizable: some Localizable, defaultValue: String? = nil, _ value: V) {
| `- error: cannot find type 'V' in scope
52 | self.init(localizable.defaultedLocalizedString(defaultValue: defaultValue), value)
53 | }
[1009/1022] Compiling FOSMVVM TestHost.swift
[1010/1022] Compiling FOSMVVM TestHostFacts.swift
[1011/1022] Compiling FOSMVVM View+AsyncTask.swift
[1012/1022] Compiling FOSMVVM View+Testing.swift
[1013/1022] Compiling FOSMVVM View.swift
[1014/1022] Compiling FOSMVVM ViewModelView.swift
[1015/1022] Compiling FOSMVVM FieldValidationModel.swift
[1016/1022] Compiling FOSMVVM ValidationError.swift
[1017/1022] Compiling FOSMVVM ValidationResult.swift
[1018/1022] Compiling FOSMVVM Validations.swift
[1019/1022] Compiling FOSMVVM Deployment.swift
[1020/1022] Compiling FOSMVVM SystemVersion.swift
[1021/1022] Compiling FOSMVVM Versionable.swift
[1022/1022] Compiling FOSMVVM VersionedProperty.swift
Fetching https://github.com/vapor/fluent-sqlite-driver.git
Fetching https://github.com/vapor/vapor.git
Fetching https://github.com/krzyzanowskim/CryptoSwift.git
Fetching https://github.com/vapor/fluent.git
Fetching https://github.com/Boilertalk/secp256k1.swift.git
Fetching https://github.com/vapor/fluent-postgres-driver.git
Fetching https://github.com/apple/swift-crypto.git from cache
[1/1373] Fetching fluent-sqlite-driver
[221/2154] Fetching fluent-sqlite-driver, secp256k1.swift
[229/5034] Fetching fluent-sqlite-driver, secp256k1.swift, fluent-postgres-driver
[752/18473] Fetching fluent-sqlite-driver, secp256k1.swift, fluent-postgres-driver, cryptoswift
[1174/31991] Fetching fluent-sqlite-driver, secp256k1.swift, fluent-postgres-driver, cryptoswift, fluent
[10838/115075] Fetching fluent-sqlite-driver, secp256k1.swift, fluent-postgres-driver, cryptoswift, fluent, vapor
Fetched https://github.com/vapor/fluent-sqlite-driver.git from cache (2.02s)
Fetched https://github.com/vapor/fluent.git from cache (2.02s)
[13937/100184] Fetching secp256k1.swift, fluent-postgres-driver, cryptoswift, vapor
Fetching https://github.com/foscomputerservices/FOSUtilities.git
[35380/109020] Fetching secp256k1.swift, fluent-postgres-driver, cryptoswift, vapor, fosutilities
Fetched https://github.com/foscomputerservices/FOSUtilities.git from cache (1.76s)
[38702/100184] Fetching secp256k1.swift, fluent-postgres-driver, cryptoswift, vapor
Fetched https://github.com/vapor/vapor.git from cache (8.26s)
Fetched https://github.com/vapor/fluent-postgres-driver.git from cache (8.27s)
Fetched https://github.com/krzyzanowskim/CryptoSwift.git from cache (8.27s)
Fetched https://github.com/Boilertalk/secp256k1.swift.git from cache (8.27s)
Fetched https://github.com/apple/swift-crypto.git from cache (8.31s)
Computing version for https://github.com/Boilertalk/secp256k1.swift.git
Computed https://github.com/Boilertalk/secp256k1.swift.git at 0.1.7 (12.15s)
Computing version for https://github.com/vapor/fluent.git
Computed https://github.com/vapor/fluent.git at 4.13.0 (0.48s)
Fetching https://github.com/vapor/fluent-kit.git
[1/13968] Fetching fluent-kit
Fetched https://github.com/vapor/fluent-kit.git from cache (1.32s)
Computing version for https://github.com/vapor/fluent-sqlite-driver.git
Computed https://github.com/vapor/fluent-sqlite-driver.git at 4.9.0 (1.83s)
Fetching https://github.com/vapor/sqlite-kit.git
Fetching https://github.com/apple/swift-log.git from cache
[1/2197] Fetching sqlite-kit
Fetched https://github.com/apple/swift-log.git from cache (1.21s)
Fetched https://github.com/vapor/sqlite-kit.git from cache (1.97s)
Computing version for https://github.com/vapor/sqlite-kit.git
Computed https://github.com/vapor/sqlite-kit.git at 4.5.2 (2.50s)
Fetching https://github.com/vapor/async-kit.git
Fetching https://github.com/vapor/sql-kit.git
Fetching https://github.com/apple/swift-nio.git from cache
Fetching https://github.com/vapor/sqlite-nio.git
[1/2514] Fetching async-kit
[127/8872] Fetching async-kit, sql-kit
Fetched https://github.com/vapor/async-kit.git from cache (0.99s)
[509/6358] Fetching sql-kit
[6359/8389] Fetching sql-kit, sqlite-nio
Fetched https://github.com/vapor/sqlite-nio.git from cache (3.01s)
Fetched https://github.com/vapor/sql-kit.git from cache (3.01s)
Fetched https://github.com/apple/swift-nio.git from cache (3.16s)
Computing version for https://github.com/foscomputerservices/FOSUtilities.git
Computed https://github.com/foscomputerservices/FOSUtilities.git at 0.20.2 (3.78s)
Fetching https://github.com/tuist/XcodeProj.git
Fetching https://github.com/vapor/leaf-kit.git
Fetching https://github.com/swift-server-community/APNSwift.git
Fetching https://github.com/swiftwasm/JavaScriptKit
Fetching https://github.com/jpsim/Yams.git from cache
Fetching https://github.com/apple/swift-asn1.git from cache
Fetching https://github.com/apple/swift-argument-parser.git from cache
[1/5091] Fetching leaf-kit
[2/11444] Fetching leaf-kit, apnswift
[765/36638] Fetching leaf-kit, apnswift, xcodeproj
[2887/77909] Fetching leaf-kit, apnswift, xcodeproj, javascriptkit
Fetched https://github.com/swift-server-community/APNSwift.git from cache (2.50s)
Fetched https://github.com/tuist/XcodeProj.git from cache (2.51s)
Fetched https://github.com/vapor/leaf-kit.git from cache (2.51s)
Fetched https://github.com/swiftwasm/JavaScriptKit from cache (2.51s)
Fetching https://github.com/apple/swift-certificates.git
Fetching https://github.com/swiftlang/swift-syntax.git from cache
Fetched https://github.com/apple/swift-asn1.git from cache (2.53s)
Fetched https://github.com/jpsim/Yams.git from cache (2.54s)
Fetched https://github.com/apple/swift-argument-parser.git from cache (2.59s)
[1/7613] Fetching swift-certificates
Fetched https://github.com/apple/swift-certificates.git from cache (1.35s)
Fetched https://github.com/swiftlang/swift-syntax.git from cache (2.95s)
Computing version for https://github.com/jpsim/Yams.git
Computed https://github.com/jpsim/Yams.git at 6.2.2 (6.05s)
Computing version for https://github.com/swiftlang/swift-syntax.git
Computed https://github.com/swiftlang/swift-syntax.git at 604.0.0 (0.69s)
Computing version for https://github.com/swift-server-community/APNSwift.git
Computed https://github.com/swift-server-community/APNSwift.git at 7.0.2 (0.51s)
Fetching https://github.com/apple/swift-nio-ssl.git from cache
Fetching https://github.com/swift-server/async-http-client.git from cache
Fetched https://github.com/swift-server/async-http-client.git from cache (1.44s)
Fetched https://github.com/apple/swift-nio-ssl.git from cache (1.46s)
Computing version for https://github.com/vapor/async-kit.git
Computed https://github.com/vapor/async-kit.git at 1.22.0 (1.96s)
Fetching https://github.com/apple/swift-collections.git from cache
Fetching https://github.com/apple/swift-algorithms.git from cache
Fetched https://github.com/apple/swift-algorithms.git from cache (2.23s)
Fetched https://github.com/apple/swift-collections.git from cache (2.30s)
Computing version for https://github.com/apple/swift-algorithms.git
Computed https://github.com/apple/swift-algorithms.git at 1.2.1 (2.94s)
Fetching https://github.com/apple/swift-numerics.git from cache
Fetched https://github.com/apple/swift-numerics.git from cache (1.07s)
Computing version for https://github.com/apple/swift-numerics.git
Computed https://github.com/apple/swift-numerics.git at 1.1.1 (1.57s)
Computing version for https://github.com/vapor/fluent-postgres-driver.git
Computed https://github.com/vapor/fluent-postgres-driver.git at 2.12.0 (0.46s)
Fetching https://github.com/vapor/postgres-kit.git
[1/5581] Fetching postgres-kit
Fetched https://github.com/vapor/postgres-kit.git from cache (1.17s)
Computing version for https://github.com/vapor/postgres-kit.git
Computed https://github.com/vapor/postgres-kit.git at 2.17.0 (1.69s)
Fetching https://github.com/vapor/postgres-nio.git
[1/15655] Fetching postgres-nio
Fetched https://github.com/vapor/postgres-nio.git from cache (2.48s)
Computing version for https://github.com/vapor/sql-kit.git
Computed https://github.com/vapor/sql-kit.git at 3.36.0 (2.98s)
Computing version for https://github.com/krzyzanowskim/CryptoSwift.git
Computed https://github.com/krzyzanowskim/CryptoSwift.git at 1.10.0 (0.58s)
Computing version for https://github.com/vapor/postgres-nio.git
Computed https://github.com/vapor/postgres-nio.git at 1.33.1 (0.49s)
Fetching https://github.com/apple/swift-atomics.git from cache
Fetching https://github.com/apple/swift-metrics.git from cache
Fetching https://github.com/swift-server/swift-service-lifecycle.git
Fetching https://github.com/apple/swift-nio-transport-services.git from cache
[1/2874] Fetching swift-service-lifecycle
Fetched https://github.com/swift-server/swift-service-lifecycle.git from cache (1.12s)
Fetched https://github.com/apple/swift-atomics.git from cache (1.13s)
Fetched https://github.com/apple/swift-nio-transport-services.git from cache (1.13s)
Fetched https://github.com/apple/swift-metrics.git from cache (1.15s)
Computing version for https://github.com/apple/swift-atomics.git
Computed https://github.com/apple/swift-atomics.git at 1.3.1 (1.65s)
Computing version for https://github.com/apple/swift-crypto.git
Computed https://github.com/apple/swift-crypto.git at 4.5.2 (3.03s)
Computing version for https://github.com/vapor/fluent-kit.git
Computed https://github.com/vapor/fluent-kit.git at 1.57.0 (0.50s)
Fetching https://github.com/apple/swift-distributed-tracing.git
Fetching https://github.com/apple/swift-service-context.git
[1/1500] Fetching swift-service-context
[211/8069] Fetching swift-service-context, swift-distributed-tracing
Fetched https://github.com/apple/swift-service-context.git from cache (1.36s)
Fetched https://github.com/apple/swift-distributed-tracing.git from cache (1.36s)
Computing version for https://github.com/apple/swift-distributed-tracing.git
Computed https://github.com/apple/swift-distributed-tracing.git at 1.5.0 (1.87s)
Computing version for https://github.com/apple/swift-service-context.git
Computed https://github.com/apple/swift-service-context.git at 1.3.0 (0.47s)
Computing version for https://github.com/swift-server/swift-service-lifecycle.git
Computed https://github.com/swift-server/swift-service-lifecycle.git at 2.12.1 (0.48s)
Fetching https://github.com/apple/swift-async-algorithms.git
[1/6820] Fetching swift-async-algorithms
Fetched https://github.com/apple/swift-async-algorithms.git from cache (1.26s)
Computing version for https://github.com/apple/swift-log.git
Computed https://github.com/apple/swift-log.git at 1.15.1 (0.47s)
Computing version for https://github.com/apple/swift-async-algorithms.git
Computed https://github.com/apple/swift-async-algorithms.git at 1.1.7 (0.53s)
Computing version for https://github.com/tuist/XcodeProj.git
Computed https://github.com/tuist/XcodeProj.git at 9.17.5 (0.48s)
Fetching https://github.com/apple/xcode-project-format.git
Fetching https://github.com/kylef/PathKit.git
Fetching https://github.com/tadija/AEXML.git
[1/1460] Fetching pathkit
[16/3622] Fetching pathkit, aexml
[183/4050] Fetching pathkit, aexml, xcode-project-format
Fetched https://github.com/apple/xcode-project-format.git from cache (0.96s)
Fetched https://github.com/tadija/AEXML.git from cache (0.98s)
Fetched https://github.com/kylef/PathKit.git from cache (0.98s)
Computing version for https://github.com/apple/xcode-project-format.git
Computed https://github.com/apple/xcode-project-format.git at 0.1.0 (1.48s)
Computing version for https://github.com/kylef/PathKit.git
Computed https://github.com/kylef/PathKit.git at 1.0.1 (3.17s)
Fetching https://github.com/kylef/Spectre.git
[1/1021] Fetching spectre
Fetched https://github.com/kylef/Spectre.git from cache (1.04s)
Computing version for https://github.com/tadija/AEXML.git
Computed https://github.com/tadija/AEXML.git at 4.7.1 (1.78s)
Computing version for https://github.com/kylef/Spectre.git
Computed https://github.com/kylef/Spectre.git at 0.10.1 (0.87s)
Computing version for https://github.com/apple/swift-collections.git
Computed https://github.com/apple/swift-collections.git at 1.6.0 (0.87s)
Computing version for https://github.com/vapor/leaf-kit.git
Computed https://github.com/vapor/leaf-kit.git at 1.14.3 (0.75s)
Computing version for https://github.com/vapor/vapor.git
Computed https://github.com/vapor/vapor.git at 4.122.2 (0.78s)
Fetching https://github.com/vapor/multipart-kit.git
Fetching https://github.com/vapor/console-kit.git
Fetching https://github.com/vapor/routing-kit.git
Fetching https://github.com/vapor/websocket-kit.git
Fetching https://github.com/apple/swift-nio-extras.git from cache
Fetching https://github.com/apple/swift-nio-http2.git from cache
[1/2681] Fetching websocket-kit
[2/8966] Fetching websocket-kit, multipart-kit
[3/30521] Fetching websocket-kit, multipart-kit, routing-kit
[4/37364] Fetching websocket-kit, multipart-kit, routing-kit, console-kit
Fetched https://github.com/vapor/multipart-kit.git from cache (4.22s)
[25643/31079] Fetching websocket-kit, routing-kit, console-kit
Fetched https://github.com/vapor/websocket-kit.git from cache (9.20s)
Fetched https://github.com/vapor/routing-kit.git from cache (9.20s)
Fetched https://github.com/vapor/console-kit.git from cache (9.20s)
Fetched https://github.com/apple/swift-nio-http2.git from cache (9.22s)
Fetched https://github.com/apple/swift-nio-extras.git from cache (9.23s)
Computing version for https://github.com/vapor/routing-kit.git
Computed https://github.com/vapor/routing-kit.git at 4.9.3 (9.76s)
Computing version for https://github.com/vapor/websocket-kit.git
Computed https://github.com/vapor/websocket-kit.git at 2.16.2 (0.53s)
Computing version for https://github.com/vapor/console-kit.git
Computed https://github.com/vapor/console-kit.git at 4.16.1 (0.49s)
Computing version for https://github.com/apple/swift-nio-ssl.git
Computed https://github.com/apple/swift-nio-ssl.git at 2.37.5 (0.55s)
Computing version for https://github.com/apple/swift-nio.git
Computed https://github.com/apple/swift-nio.git at 2.104.0 (0.72s)
Fetching https://github.com/apple/swift-system.git from cache
Fetched https://github.com/apple/swift-system.git from cache (1.90s)
Computing version for https://github.com/apple/swift-asn1.git
Computed https://github.com/apple/swift-asn1.git at 1.7.3 (2.52s)
Computing version for https://github.com/apple/swift-metrics.git
Computed https://github.com/apple/swift-metrics.git at 2.11.0 (0.45s)
Computing version for https://github.com/vapor/multipart-kit.git
Computed https://github.com/vapor/multipart-kit.git at 4.7.1 (0.48s)
Computing version for https://github.com/apple/swift-argument-parser.git
Computed https://github.com/apple/swift-argument-parser.git at 1.8.2 (0.49s)
Computing version for https://github.com/apple/swift-certificates.git
Computed https://github.com/apple/swift-certificates.git at 1.21.0 (0.62s)
Computing version for https://github.com/apple/swift-nio-transport-services.git
Computed https://github.com/apple/swift-nio-transport-services.git at 1.28.0 (0.49s)
Computing version for https://github.com/apple/swift-system.git
Computed https://github.com/apple/swift-system.git at 1.8.1 (0.52s)
Computing version for https://github.com/apple/swift-nio-extras.git
Computed https://github.com/apple/swift-nio-extras.git at 1.35.1 (0.69s)
Fetching https://github.com/apple/swift-http-structured-headers.git from cache
Fetching https://github.com/apple/swift-http-types.git from cache
Fetched https://github.com/apple/swift-http-structured-headers.git from cache (0.71s)
Fetched https://github.com/apple/swift-http-types.git from cache (0.92s)
Computing version for https://github.com/apple/swift-http-structured-headers.git
Computed https://github.com/apple/swift-http-structured-headers.git at 1.7.0 (1.43s)
Computing version for https://github.com/apple/swift-http-types.git
Computed https://github.com/apple/swift-http-types.git at 1.8.0 (0.51s)
Computing version for https://github.com/apple/swift-nio-http2.git
Computed https://github.com/apple/swift-nio-http2.git at 1.46.0 (0.49s)
Computing version for https://github.com/swift-server/async-http-client.git
Computed https://github.com/swift-server/async-http-client.git at 1.36.2 (0.50s)
Computing version for https://github.com/vapor/sqlite-nio.git
Computed https://github.com/vapor/sqlite-nio.git at 1.13.1 (0.50s)
Computing version for https://github.com/swiftwasm/JavaScriptKit
Computed https://github.com/swiftwasm/JavaScriptKit at 0.26.2 (0.49s)
Creating working copy for https://github.com/jpsim/Yams.git
Working copy of https://github.com/jpsim/Yams.git resolved at 6.2.2
Creating working copy for https://github.com/apple/swift-atomics.git
Working copy of https://github.com/apple/swift-atomics.git resolved at 1.3.1
Creating working copy for https://github.com/vapor/fluent.git
Working copy of https://github.com/vapor/fluent.git resolved at 4.13.0
Creating working copy for https://github.com/apple/swift-service-context.git
Working copy of https://github.com/apple/swift-service-context.git resolved at 1.3.0
Creating working copy for https://github.com/swiftwasm/JavaScriptKit
Working copy of https://github.com/swiftwasm/JavaScriptKit resolved at 0.26.2
Creating working copy for https://github.com/swiftlang/swift-syntax.git
Working copy of https://github.com/swiftlang/swift-syntax.git resolved at 604.0.0
Creating working copy for https://github.com/apple/swift-distributed-tracing.git
Working copy of https://github.com/apple/swift-distributed-tracing.git resolved at 1.5.0
Creating working copy for https://github.com/apple/swift-collections.git
Working copy of https://github.com/apple/swift-collections.git resolved at 1.6.0
Creating working copy for https://github.com/swift-server/async-http-client.git
Working copy of https://github.com/swift-server/async-http-client.git resolved at 1.36.2
Creating working copy for https://github.com/apple/swift-nio-ssl.git
Working copy of https://github.com/apple/swift-nio-ssl.git resolved at 2.37.5
Creating working copy for https://github.com/apple/swift-certificates.git
Working copy of https://github.com/apple/swift-certificates.git resolved at 1.21.0
Creating working copy for https://github.com/vapor/console-kit.git
Working copy of https://github.com/vapor/console-kit.git resolved at 4.16.1
Creating working copy for https://github.com/vapor/routing-kit.git
Working copy of https://github.com/vapor/routing-kit.git resolved at 4.9.3
Creating working copy for https://github.com/apple/swift-algorithms.git
Working copy of https://github.com/apple/swift-algorithms.git resolved at 1.2.1
Creating working copy for https://github.com/apple/swift-metrics.git
Working copy of https://github.com/apple/swift-metrics.git resolved at 2.11.0
Creating working copy for https://github.com/foscomputerservices/FOSUtilities.git
Working copy of https://github.com/foscomputerservices/FOSUtilities.git resolved at 0.20.2
Creating working copy for https://github.com/vapor/fluent-sqlite-driver.git
Working copy of https://github.com/vapor/fluent-sqlite-driver.git resolved at 4.9.0
Creating working copy for https://github.com/swift-server-community/APNSwift.git
Working copy of https://github.com/swift-server-community/APNSwift.git resolved at 7.0.2
Creating working copy for https://github.com/vapor/leaf-kit.git
Working copy of https://github.com/vapor/leaf-kit.git resolved at 1.14.3
Creating working copy for https://github.com/kylef/Spectre.git
Working copy of https://github.com/kylef/Spectre.git resolved at 0.10.1
Creating working copy for https://github.com/vapor/websocket-kit.git
Working copy of https://github.com/vapor/websocket-kit.git resolved at 2.16.2
Creating working copy for https://github.com/apple/swift-nio-transport-services.git
Working copy of https://github.com/apple/swift-nio-transport-services.git resolved at 1.28.0
Creating working copy for https://github.com/apple/swift-log.git
Working copy of https://github.com/apple/swift-log.git resolved at 1.15.1
Creating working copy for https://github.com/apple/swift-http-types.git
Working copy of https://github.com/apple/swift-http-types.git resolved at 1.8.0
Creating working copy for https://github.com/vapor/async-kit.git
Working copy of https://github.com/vapor/async-kit.git resolved at 1.22.0
Creating working copy for https://github.com/apple/swift-nio-http2.git
Working copy of https://github.com/apple/swift-nio-http2.git resolved at 1.46.0
Creating working copy for https://github.com/vapor/postgres-kit.git
Working copy of https://github.com/vapor/postgres-kit.git resolved at 2.17.0
Creating working copy for https://github.com/tadija/AEXML.git
Working copy of https://github.com/tadija/AEXML.git resolved at 4.7.1
Creating working copy for https://github.com/vapor/fluent-kit.git
Working copy of https://github.com/vapor/fluent-kit.git resolved at 1.57.0
Creating working copy for https://github.com/vapor/fluent-postgres-driver.git
Working copy of https://github.com/vapor/fluent-postgres-driver.git resolved at 2.12.0
Creating working copy for https://github.com/apple/swift-nio-extras.git
Working copy of https://github.com/apple/swift-nio-extras.git resolved at 1.35.1
Creating working copy for https://github.com/apple/xcode-project-format.git
Working copy of https://github.com/apple/xcode-project-format.git resolved at 0.1.0
Creating working copy for https://github.com/apple/swift-http-structured-headers.git
Working copy of https://github.com/apple/swift-http-structured-headers.git resolved at 1.7.0
Creating working copy for https://github.com/Boilertalk/secp256k1.swift.git
Working copy of https://github.com/Boilertalk/secp256k1.swift.git resolved at 0.1.7
Creating working copy for https://github.com/vapor/multipart-kit.git
Working copy of https://github.com/vapor/multipart-kit.git resolved at 4.7.1
Creating working copy for https://github.com/apple/swift-nio.git
Working copy of https://github.com/apple/swift-nio.git resolved at 2.104.0
Creating working copy for https://github.com/swift-server/swift-service-lifecycle.git
Working copy of https://github.com/swift-server/swift-service-lifecycle.git resolved at 2.12.1
Creating working copy for https://github.com/vapor/sqlite-nio.git
Working copy of https://github.com/vapor/sqlite-nio.git resolved at 1.13.1
Creating working copy for https://github.com/apple/swift-async-algorithms.git
Working copy of https://github.com/apple/swift-async-algorithms.git resolved at 1.1.7
Creating working copy for https://github.com/kylef/PathKit.git
Working copy of https://github.com/kylef/PathKit.git resolved at 1.0.1
Creating working copy for https://github.com/apple/swift-system.git
Working copy of https://github.com/apple/swift-system.git resolved at 1.8.1
Creating working copy for https://github.com/vapor/postgres-nio.git
Working copy of https://github.com/vapor/postgres-nio.git resolved at 1.33.1
Creating working copy for https://github.com/vapor/vapor.git
Working copy of https://github.com/vapor/vapor.git resolved at 4.122.2
Creating working copy for https://github.com/tuist/XcodeProj.git
Working copy of https://github.com/tuist/XcodeProj.git resolved at 9.17.5
Creating working copy for https://github.com/apple/swift-crypto.git
Working copy of https://github.com/apple/swift-crypto.git resolved at 4.5.2
Creating working copy for https://github.com/apple/swift-numerics.git
Working copy of https://github.com/apple/swift-numerics.git resolved at 1.1.1
Creating working copy for https://github.com/vapor/sqlite-kit.git
Working copy of https://github.com/vapor/sqlite-kit.git resolved at 4.5.2
Creating working copy for https://github.com/vapor/sql-kit.git
Working copy of https://github.com/vapor/sql-kit.git resolved at 3.36.0
Creating working copy for https://github.com/apple/swift-argument-parser.git
Working copy of https://github.com/apple/swift-argument-parser.git resolved at 1.8.2
Creating working copy for https://github.com/krzyzanowskim/CryptoSwift.git
Working copy of https://github.com/krzyzanowskim/CryptoSwift.git resolved at 1.10.0
Creating working copy for https://github.com/apple/swift-asn1.git
Working copy of https://github.com/apple/swift-asn1.git resolved at 1.7.3
Running build ...
env DEVELOPER_DIR=/Applications/Xcode-16.3.0.app xcrun swift build --arch arm64
[0/1] Planning build
[1/1] Compiling plugin FOSMVVMDoctor
[2/2] Compiling plugin GenerateManual
[3/3] Compiling plugin GenerateDoccReference
[4/4] Compiling plugin PackageToJS
Building for debugging...
[4/7] Write swift-version-2F0A5646E1D333AE.txt
[6/19] Compiling SwiftSyntax510 Empty.swift
[7/19] Emitting module SwiftSyntax510
[8/19] Compiling SwiftSyntax600 Empty.swift
[9/19] Emitting module SwiftSyntax600
[10/19] Emitting module SwiftSyntax604
[11/19] Compiling SwiftSyntax604 Empty.swift
[12/21] Compiling SwiftSyntax509 Empty.swift
[13/21] Emitting module SwiftSyntax509
[14/21] Compiling SwiftSyntax603 Empty.swift
[15/21] Emitting module SwiftSyntax603
[16/24] Emitting module SwiftSyntax602
[17/24] Compiling SwiftSyntax602 Empty.swift
[18/61] Emitting module SwiftSyntax601
[19/61] Compiling SwiftSyntax601 Empty.swift
[20/61] Emitting module secp256k1
[21/61] Compiling secp256k1 Exporter.swift
[22/61] Compiling CryptoSwiftResources resource_bundle_accessor.swift
[23/61] Compiling CryptoSwiftResources Empty.swift
[24/61] Emitting module CryptoSwiftResources
[25/81] Compiling FOSFoundation URLSession+MockingSupport.swift
[26/81] Compiling FOSFoundation URLSessionWebSocketTask.swift
[27/81] Compiling FOSFoundation URLRequest.swift
[28/81] Compiling FOSFoundation URLResponse.swift
[29/84] Emitting module FOSFoundation
[30/84] Compiling FOSFoundation JSONError.swift
[31/84] Compiling FOSFoundation Stubbable.swift
[32/84] Compiling FOSFoundation Array.swift
[33/84] Compiling FOSFoundation Collection.swift
[34/84] Compiling FOSFoundation DataFetchError.swift
[35/84] Compiling FOSFoundation HTTPURLResponse+RetryAfter.swift
[36/84] Compiling FOSFoundation URL+DataFetch.swift
[37/84] Compiling FOSFoundation URL+Files.swift
[38/84] Compiling FOSFoundation String+Crypto.swift
[39/84] Compiling FOSFoundation String+Obfuscation.swift
[40/84] Compiling FOSFoundation String+Polyfill.swift
[41/84] Compiling Yams Resolver.swift
[42/84] Compiling Yams String+Yams.swift
[43/84] Compiling Yams Tag.swift
[44/84] Compiling Yams YamlAnchorProviding.swift
[45/187] Compiling CryptoSwift ISO10126Padding.swift
[46/187] Compiling CryptoSwift ISO78164Padding.swift
[47/187] Compiling CryptoSwift Int+Extension.swift
[48/187] Compiling CryptoSwift MD5.swift
[49/187] Compiling CryptoSwift Generics.swift
[50/187] Compiling CryptoSwift HKDF.swift
[51/187] Compiling CryptoSwift HMAC.swift
[52/187] Compiling CryptoSwift AEAD.swift
[53/187] Compiling CryptoSwift AEADChaCha20Poly1305.swift
[54/187] Compiling CryptoSwift AEADXChaCha20Poly1305.swift
[55/187] Compiling CryptoSwift AES.Cryptors.swift
[56/187] Compiling CryptoSwift Rabbit+Foundation.swift
[57/187] Compiling CryptoSwift String+FoundationExtension.swift
[58/187] Compiling CryptoSwift Utils+Foundation.swift
[59/187] Compiling CryptoSwift XChaCha20+Foundation.swift
[60/252] Compiling SwiftSyntax Convenience.swift
[61/252] Compiling SwiftSyntax CustomTraits.swift
[62/252] Compiling SwiftSyntax RawSyntaxNodeProtocol.swift
[63/252] Emitting module Yams
[64/254] Compiling SwiftSyntax RawSyntaxNodesGHI.swift
[65/254] Compiling SwiftSyntax Syntax.swift
[66/254] Compiling SwiftSyntax SyntaxHashable.swift
[67/254] Compiling SwiftSyntax SyntaxIdentifier.swift
[68/330] Compiling CryptoAsset COSMOS+Imported.swift
[69/330] Compiling CryptoAsset COSMOS.swift
[70/330] Compiling CryptoAsset CKB+Imported.swift
[71/330] Compiling CryptoAsset CKB.swift
[72/330] Compiling CryptoAsset BIP122.swift
[73/330] Compiling CryptoAsset BarInterval.swift
[74/330] Compiling CryptoAsset Assets.swift
[75/330] Compiling CryptoAsset BIP122+Imported.swift
[76/330] Compiling CryptoAsset AssetSymbol.swift
[77/330] Compiling CryptoAsset Assets+Imported.swift
[78/330] Compiling CryptoAsset AssetInstance.swift
[79/330] Compiling CryptoAsset AssetReferenceSource.swift
[80/330] Compiling CryptoAsset AssetRegistry.swift
[81/330] Compiling CryptoAsset CIP34+Imported.swift
[82/330] Compiling CryptoAsset CIP34.swift
[83/330] Compiling CryptoFearGreed FearGreedHistoryStore.swift
[84/330] Compiling CryptoFearGreed FearGreedHistoryRetrieval.swift
[85/330] Compiling CryptoAsset DCR.swift
[86/330] Compiling CryptoAsset EIP155+Imported.swift
[87/330] Emitting module CryptoFearGreed
[88/330] Compiling CryptoFearGreed FearGreedClient.swift
[89/330] Compiling CryptoFearGreed FearGreedHistoryFileStore.swift
[90/330] Compiling CryptoAsset HEDERA+Imported.swift
[91/330] Compiling CryptoAsset HEDERA.swift
[92/330] Compiling CryptoAsset ICP+Imported.swift
[93/330] Compiling CryptoAsset ICP.swift
[94/330] Compiling CryptoAsset ALGORAND+Imported.swift
[95/330] Compiling CryptoAsset ALGORAND.swift
[96/330] Compiling CryptoAsset ARWEAVE+Imported.swift
[97/330] Compiling CryptoAsset ARWEAVE.swift
[98/330] Compiling CryptoFearGreed AlternativeMeFearGreedError.swift
[99/330] Compiling CryptoFearGreed AlternativeMeFearGreedClient.swift
[100/337] Compiling CryptoSwift Bit.swift
[101/337] Compiling CryptoSwift BlockCipher.swift
[102/337] Compiling CryptoSwift BlockDecryptor.swift
[103/337] Compiling CryptoSwift BlockEncryptor.swift
[104/337] Compiling CryptoSwift BlockMode.swift
[105/337] Compiling CryptoSwift BlockModeOptions.swift
[106/337] Compiling CryptoSwift CBC.swift
[107/337] Compiling CryptoSwift CCM.swift
[108/337] Compiling CryptoSwift CFB.swift
[109/337] Compiling CryptoSwift CTR.swift
[110/337] Compiling CryptoSwift CipherModeWorker.swift
[111/337] Compiling CryptoSwift ECB.swift
[112/337] Compiling CryptoSwift NoPadding.swift
[113/337] Compiling CryptoSwift Operators.swift
[114/337] Compiling CryptoSwift DER.swift
[115/337] Compiling CryptoSwift PBKDF1.swift
[116/337] Compiling CryptoSwift PBKDF2.swift
[117/337] Compiling CryptoSwift PKCS1v15.swift
[118/337] Compiling CryptoSwift PKCS5.swift
[119/337] Compiling CryptoSwift PKCS7.swift
[120/337] Compiling CryptoSwift PKCS7Padding.swift
[121/337] Compiling CryptoSwift Padding.swift
[122/337] Compiling CryptoSwift Poly1305.swift
[123/348] Compiling CryptoAsset STACKS.swift
[124/348] Compiling CryptoAsset STELLAR+Imported.swift
[125/348] Compiling CryptoAsset STELLAR.swift
[126/348] Compiling CryptoAsset Scaling.swift
[127/348] Compiling CryptoAsset TEZOS+Imported.swift
[128/348] Compiling CryptoAsset TEZOS.swift
[129/348] Compiling CryptoAsset TRON+Imported.swift
[134/348] Compiling CryptoAsset Amount.swift
[135/348] Compiling CryptoAsset AmountError.swift
[136/348] Compiling CryptoAsset Asset.swift
[137/348] Compiling CryptoAsset AssetDeclaration.swift
[138/348] Compiling CryptoAsset NEAR+Imported.swift
[139/348] Compiling CryptoAsset NEAR.swift
[140/348] Compiling CryptoAsset NEO+Imported.swift
[141/348] Compiling CryptoAsset NEO.swift
[142/348] Compiling CryptoAsset ONT+Imported.swift
[143/348] Compiling CryptoAsset ONT.swift
[144/348] Compiling CryptoAsset POLKADOT+Imported.swift
[145/348] Compiling CryptoAsset IOTA+Imported.swift
[146/348] Compiling CryptoAsset IOTA.swift
[147/348] Compiling CryptoAsset ISO4217.swift
[148/348] Compiling CryptoAsset MINA+Imported.swift
[149/348] Compiling CryptoAsset MINA.swift
[150/348] Compiling CryptoAsset MVX+Imported.swift
[151/348] Compiling CryptoAsset MVX.swift
[152/348] Compiling CryptoAsset POLKADOT.swift
[153/348] Compiling CryptoAsset Price.swift
[154/348] Compiling CryptoAsset SIA+Imported.swift
[155/348] Compiling SwiftSyntax SyntaxNodesD.swift
[156/348] Compiling SwiftSyntax SyntaxNodesEF.swift
[157/348] Compiling SwiftSyntax SyntaxNodesGHI.swift
[158/348] Compiling SwiftSyntax SyntaxNodesJKLMN.swift
[159/355] Compiling CryptoAsset TRON.swift
[160/355] Compiling CryptoAsset VECHAIN+Imported.swift
[161/355] Compiling CryptoAsset VECHAIN.swift
[162/355] Compiling CryptoAsset XRPL+Imported.swift
[163/355] Compiling CryptoAsset XRPL.swift
[164/355] Compiling CryptoAsset ZIL+Imported.swift
[165/355] Compiling CryptoAsset ZIL.swift
[173/355] Compiling CryptoSwift ChaCha20.swift
[174/355] Compiling CryptoSwift Checksum.swift
[175/355] Compiling CryptoSwift Cipher.swift
[176/355] Compiling CryptoSwift Collection+Extension.swift
[177/355] Emitting module CryptoSwift
[212/355] Compiling CryptoAsset FIL+Imported.swift
[213/355] Compiling CryptoAsset FIL.swift
[214/355] Compiling CryptoAsset FLOW+Imported.swift
[215/355] Compiling CryptoAsset FLOW.swift
[216/355] Compiling CryptoAsset Fraction.swift
[236/355] Compiling CryptoAsset CONFLUX+Imported.swift
[237/355] Compiling CryptoAsset CONFLUX.swift
[240/355] Compiling CryptoAsset CurrencyDeclaration.swift
[241/355] Compiling CryptoAsset DCR+Imported.swift
[244/355] Compiling CryptoAsset EIP155.swift
[245/355] Compiling CryptoAsset EXCHANGE.swift
[278/355] Emitting module CryptoAsset
[279/364] Emitting module SwiftSyntax
[280/364] Compiling CryptoExchange ExchangeClient.swift
[281/364] Compiling CryptoExchange ClientFetch.swift
[282/364] Emitting module CryptoExchange
[283/399] Compiling CryptoExchange WireDecimal.swift
[284/404] Emitting module CryptoReference
[285/404] Compiling CryptoReference CoinMarketCapClient.swift
[286/410] Compiling CryptoReference ReferenceClient.swift
[287/580] Compiling CryptoScraper OptimisticEtherscan.swift
[288/580] Compiling CryptoScraper PolkadotChain.swift
[289/580] Compiling CryptoScraper PolkadotContract+Addresses.swift
[290/580] Compiling CryptoScraper BitcoinExplorer+Transactions.swift
[291/580] Compiling CryptoScraper BitcoinExplorer.swift
[292/580] Compiling CryptoScraper BlockChainInfo+Accounts.swift
[293/580] Compiling CryptoScraper BlockChainInfo+Transactions.swift
[294/580] Compiling CryptoExchange ExchangeClientValues.swift
[295/580] Compiling CryptoExchange ExchangeClientErrorMapping.swift
[296/580] Compiling CryptoScraper Etherscan.swift
[297/580] Compiling CryptoScraper EthereumClassicChain.swift
[298/580] Compiling CryptoScraper EthereumClassicContract.swift
[299/580] Compiling CryptoScraper FTMScan.swift
[300/580] Compiling CryptoScraper FantomChain.swift
[301/580] Compiling CryptoScraper FantomContract.swift
[302/580] Compiling CryptoScraper FetchAIChain.swift
[303/580] Compiling CryptoScraper CeloScan.swift
[304/580] Compiling CryptoScraper ConfluxChain.swift
[305/580] Compiling CryptoScraper ConfluxContract.swift
[306/580] Compiling CryptoScraper ConfluxRPC+Accounts.swift
[307/580] Compiling CryptoScraper ConfluxRPC.swift
[308/580] Compiling CryptoScraper EthereumScanner+Transactions.swift
[309/580] Compiling CryptoScraper EthereumScanner.swift
[310/580] Compiling CryptoScraper CardanoChain.swift
[311/580] Compiling CryptoScraper CardanoContract.swift
[312/580] Compiling CryptoScraper Koios+Accounts.swift
[313/580] Compiling CryptoScraper Koios+Transactions.swift
[314/580] Compiling CryptoScraper Koios.swift
[315/580] Compiling CryptoScraper CeloChain.swift
[316/580] Compiling CryptoScraper CeloContract.swift
[317/580] Compiling CryptoScraper FetchAIContract.swift
[318/580] Compiling CryptoScraper FilecoinChain.swift
[319/580] Compiling CryptoScraper FilecoinContract.swift
[320/580] Compiling CryptoScraper Filfox+Accounts.swift
[321/580] Compiling CryptoScraper Filfox+Transactions.swift
[322/580] Compiling CryptoScraper Filfox.swift
[323/580] Compiling CryptoScraper FlowAccessAPI+Accounts.swift
[324/580] Compiling CryptoScraper PolkadotContract.swift
[325/580] Compiling CryptoScraper SubstrateSidecar+Accounts.swift
[326/580] Compiling CryptoScraper SubstrateSidecar.swift
[327/580] Compiling CryptoScraper MaticContract.swift
[328/580] Compiling CryptoScraper PolygonChain.swift
[329/580] Compiling CryptoScraper PolygonScan.swift
[330/580] Compiling CryptoScraper QtumChain.swift
[331/580] Compiling CryptoScraper QtumContract.swift
[332/580] Compiling CryptoScraper RavencoinChain.swift
[333/580] Compiling CryptoScraper RavencoinContract.swift
[334/580] Compiling CryptoScraper SiaChain.swift
[335/580] Compiling CryptoScraper SiaContract.swift
[336/580] Compiling CryptoScraper SiaScan.swift
[337/580] Compiling CryptoScraper SolanaChain.swift
[338/580] Compiling CryptoScraper SolanaContract.swift
[339/580] Compiling CryptoScraper SolanaRPC+Accounts.swift
[340/580] Compiling CryptoScraper SolanaRPC+Transactions.swift
[341/580] Compiling CryptoScraper SolanaRPC.swift
[342/580] Compiling CryptoScraper Hiro+Accounts.swift
[343/580] Compiling CryptoScraper Hiro+Transactions.swift
[344/580] Compiling CryptoScraper Hiro.swift
[345/580] Compiling CryptoScraper StacksChain.swift
[346/580] Compiling CryptoScraper StacksContract.swift
[347/580] Compiling CryptoScraper Horizon+Accounts.swift
[348/603] Compiling CryptoScraper AlgoNode+Accounts.swift
[349/603] Compiling CryptoScraper AlgoNode+Transactions.swift
[350/603] Compiling CryptoScraper AlgoNode.swift
[351/603] Compiling CryptoScraper AlgorandChain.swift
[352/603] Compiling CryptoScraper AlgorandContract.swift
[353/603] Compiling CryptoScraper ArweaveChain.swift
[354/603] Compiling CryptoScraper ArweaveContract.swift
[355/603] Compiling CryptoScraper ArweaveGateway+Accounts.swift
[356/603] Compiling CryptoScraper ArweaveGateway+Transactions.swift
[357/603] Compiling CryptoScraper ArweaveGateway.swift
[358/603] Compiling CryptoScraper AvalancheChain.swift
[359/603] Compiling CryptoScraper AvalancheContract.swift
[360/603] Compiling CryptoScraper SnowScan.swift
[361/603] Compiling CryptoScraper BaseChain.swift
[362/603] Compiling CryptoScraper BaseContract.swift
[363/603] Compiling CryptoScraper BaseScan.swift
[364/603] Compiling CryptoScraper BNBContract.swift
[365/603] Compiling CryptoScraper BinanceSmartChain.swift
[366/603] Compiling CryptoScraper BscScan.swift
[367/603] Compiling CryptoScraper BTCTokenInfo.swift
[368/603] Compiling CryptoScraper BitcoinChain.swift
[369/603] Compiling CryptoScraper BitcoinContract+Addresses.swift
[370/603] Compiling CryptoScraper BitcoinContract.swift
[371/603] Compiling CryptoScraper BitcoinExplorer+Accounts.swift
[372/603] Compiling CryptoScraper NearChain.swift
[373/603] Compiling CryptoScraper NearContract.swift
[374/603] Compiling CryptoScraper NearRPC+Accounts.swift
[375/603] Compiling CryptoScraper NearRPC+Transactions.swift
[376/603] Compiling CryptoScraper NearRPC.swift
[377/603] Compiling CryptoScraper NeoChain.swift
[378/603] Compiling CryptoScraper NeoContract.swift
[379/603] Compiling CryptoScraper NeoRPC+Accounts.swift
[380/603] Compiling CryptoScraper NeoRPC+Transactions.swift
[381/603] Compiling CryptoScraper NeoRPC.swift
[382/603] Compiling CryptoScraper CKBExplorer+Accounts.swift
[383/603] Compiling CryptoScraper CKBExplorer+Transactions.swift
[384/603] Compiling CryptoScraper CKBExplorer.swift
[385/603] Compiling CryptoScraper NervosChain.swift
[386/603] Compiling CryptoScraper NervosContract.swift
[387/603] Compiling CryptoScraper OntologyChain.swift
[388/603] Compiling CryptoScraper OntologyContract.swift
[389/603] Compiling CryptoScraper OntologyExplorer+Accounts.swift
[390/603] Compiling CryptoScraper OntologyExplorer.swift
[391/603] Compiling CryptoScraper OptimismChain.swift
[392/603] Compiling CryptoScraper OptimismContract.swift
[400/603] Compiling CryptoScraper BlockChainInfo.swift
[401/603] Compiling CryptoScraper Blockchair+Accounts.swift
[402/603] Compiling CryptoScraper Blockchair.swift
[403/603] Compiling CryptoScraper BitcoinCashChain.swift
[404/603] Compiling CryptoScraper BitcoinCashContract.swift
[405/603] Compiling CryptoScraper BlockChains.swift
[406/603] Compiling CryptoScraper COTIChain.swift
[407/603] Compiling CryptoScraper COTIContract.swift
[436/603] Compiling CryptoScraper FlowAccessAPI.swift
[437/603] Compiling CryptoScraper FlowChain.swift
[438/603] Compiling CryptoScraper FlowContract.swift
[439/603] Compiling CryptoScraper HederaChain.swift
[440/603] Compiling CryptoScraper HederaContract.swift
[441/603] Compiling CryptoScraper HederaMirrorNode+Accounts.swift
[442/603] Compiling CryptoScraper HederaMirrorNode+Transactions.swift
[443/603] Compiling CryptoScraper HederaMirrorNode.swift
[444/603] Compiling CryptoScraper Horizon+Transactions.swift
[445/603] Compiling CryptoScraper Horizon.swift
[446/603] Compiling CryptoScraper StellarChain.swift
[447/603] Compiling CryptoScraper StellarContract.swift
[448/603] Compiling CryptoScraper THORChainChain.swift
[449/603] Compiling CryptoScraper THORChainContract.swift
[450/603] Compiling CryptoScraper TerraChain.swift
[451/603] Compiling CryptoScraper TerraContract.swift
[452/603] Compiling CryptoScraper TezosChain.swift
[453/603] Compiling CryptoScraper TezosContract.swift
[454/603] Compiling CryptoScraper TzKT+Accounts.swift
[455/603] Compiling CryptoScraper TzKT+Transactions.swift
[456/603] Compiling CryptoScraper TzKT.swift
[457/603] Compiling CryptoScraper ThetaChain.swift
[458/603] Compiling CryptoScraper ThetaContract.swift
[459/603] Compiling CryptoScraper TronChain.swift
[460/603] Compiling CryptoScraper TronContract.swift
[461/603] Compiling CryptoScraper TronScan+Accounts.swift
[462/603] Compiling CryptoScraper TronScan+Transactions.swift
[463/603] Compiling CryptoScraper TronScan.swift
[464/603] Compiling CryptoScraper VeChainChain.swift
[465/603] Compiling CryptoScraper VeChainContract.swift
[466/603] Compiling CryptoScraper VeChainThor+Accounts.swift
[467/603] Compiling CryptoScraper VeChainThor+Transactions.swift
[468/603] Compiling CryptoScraper CosmosHubChain.swift
[469/603] Compiling CryptoScraper CosmosHubContract+Addresses.swift
[470/603] Compiling CryptoScraper CosmosHubContract.swift
[471/603] Compiling CryptoScraper CosmosLCD+Accounts.swift
[472/603] Compiling CryptoScraper CosmosLCD+Transactions.swift
[473/603] Compiling CryptoScraper CosmosLCD.swift
[474/603] Compiling CryptoScraper DashChain.swift
[475/603] Compiling CryptoScraper DashContract.swift
[476/603] Compiling CryptoScraper Dcrdata.swift
[477/603] Compiling CryptoScraper DecredChain.swift
[478/603] Compiling CryptoScraper DecredContract.swift
[479/603] Compiling CryptoScraper DigiByteChain.swift
[480/603] Compiling CryptoScraper DigiByteContract.swift
[481/603] Compiling CryptoScraper DogecoinChain.swift
[482/603] Compiling CryptoScraper DogecoinContract.swift
[483/603] Compiling CryptoScraper ECashChain.swift
[484/603] Compiling CryptoScraper ECashContract.swift
[485/603] Compiling CryptoScraper EnjinChain.swift
[486/603] Compiling CryptoScraper EnjinContract.swift
[487/603] Compiling CryptoScraper EVMNormalTransaction.swift
[488/603] Compiling CryptoScraper EthereumChain.swift
[489/603] Compiling CryptoScraper EthereumContract.swift
[490/603] Compiling CryptoScraper EthereumScanner+Accounts.swift
[491/603] Compiling CryptoScraper EthereumScanner+Tokens.swift
[492/603] Compiling CryptoScraper ICPRosetta+Accounts.swift
[493/603] Compiling CryptoScraper ICPRosetta+Transactions.swift
[494/603] Compiling CryptoScraper ICPRosetta.swift
[495/603] Compiling CryptoScraper InternetComputerChain.swift
[496/603] Compiling CryptoScraper InternetComputerContract.swift
[497/603] Compiling CryptoScraper IotaChain.swift
[498/603] Compiling CryptoScraper IotaContract.swift
[499/603] Compiling CryptoScraper IotaRPC+Accounts.swift
[500/603] Compiling CryptoScraper IotaRPC+Transactions.swift
[501/603] Compiling CryptoScraper IotaRPC.swift
[502/603] Compiling CryptoScraper KusamaChain.swift
[503/603] Compiling CryptoScraper KusamaContract.swift
[504/603] Compiling CryptoScraper LitecoinChain.swift
[505/603] Compiling CryptoScraper LitecoinContract.swift
[506/603] Compiling CryptoScraper MinaChain.swift
[507/603] Compiling CryptoScraper MinaContract.swift
[508/603] Compiling CryptoScraper Minascan+Accounts.swift
[509/603] Compiling CryptoScraper Minascan+Transactions.swift
[510/603] Compiling CryptoScraper Minascan.swift
[511/603] Compiling CryptoScraper MultiversXAPI+Accounts.swift
[512/603] Compiling CryptoScraper MultiversXAPI+Transactions.swift
[513/603] Compiling CryptoScraper MultiversXAPI.swift
[514/603] Compiling CryptoScraper MultiversXChain.swift
[515/603] Compiling CryptoScraper MultiversXContract.swift
[516/603] Emitting module CryptoScraper
[517/603] Compiling CryptoScraper VeChainThor.swift
[518/603] Compiling CryptoScraper VergeChain.swift
[519/603] Compiling CryptoScraper VergeContract.swift
[520/603] Compiling CryptoScraper Rippled+Accounts.swift
[521/603] Compiling CryptoScraper Rippled+Transactions.swift
[522/603] Compiling CryptoScraper Rippled.swift
[523/603] Compiling CryptoScraper XRPLedgerChain.swift
[524/603] Compiling CryptoScraper XRPLedgerContract.swift
[525/603] Compiling CryptoScraper ZcashChain.swift
[526/603] Compiling CryptoScraper ZcashContract.swift
[527/603] Compiling CryptoScraper NilScanner.swift
[528/603] Compiling CryptoScraper ZeroAmountChain.swift
[529/603] Compiling CryptoScraper ZeroAmountContract.swift
[530/603] Compiling CryptoScraper ZeroAmountScanner.swift
[531/603] Compiling CryptoScraper ZilliqaChain.swift
[532/603] Compiling CryptoScraper ZilliqaContract+Addresses.swift
[533/603] Compiling CryptoScraper ZilliqaContract.swift
[534/603] Compiling CryptoScraper ZilliqaRPC.swift
[535/603] Compiling CryptoScraper CryptoScraper.swift
[536/603] Compiling CryptoScraper CoinGeckoAggregator+Availability.swift
[537/603] Compiling CryptoScraper CoinGeckoAggregator+Coins.swift
[538/603] Compiling CryptoScraper CoinGeckoAggregator+Import.swift
[539/603] Compiling CryptoScraper CoinGeckoAggregator+Price.swift
[540/603] Compiling CryptoScraper CoinGeckoAggregator.swift
/Users/admin/builder/spi-builder-workspace/Sources/CryptoScraper/Fiats/USD.swift:12:16: warning: immutable property will not be decoded because it is declared with an initial value which cannot be overwritten
10 | // MARK: FiatCurrency Protocol
11 |
12 | public let symbol: String = "usd"
| |- warning: immutable property will not be decoded because it is declared with an initial value which cannot be overwritten
| |- note: set the initial value via the initializer or explicitly define a CodingKeys enum including a 'symbol' case to silence this warning
| `- note: make the property mutable instead
13 |
14 | public enum Units: CurrencyUnits {
/Users/admin/builder/spi-builder-workspace/Sources/CryptoScraper/Protocols/Amount.swift:56:25: warning: no calls to throwing functions occur within 'try' expression
54 |
55 | public func encode(to encoder: any Encoder) throws {
56 | var container = try encoder.container(keyedBy: CodingKeys.self)
| `- warning: no calls to throwing functions occur within 'try' expression
57 |
58 | try container.encode(quantity, forKey: .quantity)
[541/603] Compiling CryptoScraper CoinGeckoError.swift
/Users/admin/builder/spi-builder-workspace/Sources/CryptoScraper/Fiats/USD.swift:12:16: warning: immutable property will not be decoded because it is declared with an initial value which cannot be overwritten
10 | // MARK: FiatCurrency Protocol
11 |
12 | public let symbol: String = "usd"
| |- warning: immutable property will not be decoded because it is declared with an initial value which cannot be overwritten
| |- note: set the initial value via the initializer or explicitly define a CodingKeys enum including a 'symbol' case to silence this warning
| `- note: make the property mutable instead
13 |
14 | public enum Units: CurrencyUnits {
/Users/admin/builder/spi-builder-workspace/Sources/CryptoScraper/Protocols/Amount.swift:56:25: warning: no calls to throwing functions occur within 'try' expression
54 |
55 | public func encode(to encoder: any Encoder) throws {
56 | var container = try encoder.container(keyedBy: CodingKeys.self)
| `- warning: no calls to throwing functions occur within 'try' expression
57 |
58 | try container.encode(quantity, forKey: .quantity)
[542/603] Compiling CryptoScraper CoinMarketCapAggregator+Coins.swift
/Users/admin/builder/spi-builder-workspace/Sources/CryptoScraper/Fiats/USD.swift:12:16: warning: immutable property will not be decoded because it is declared with an initial value which cannot be overwritten
10 | // MARK: FiatCurrency Protocol
11 |
12 | public let symbol: String = "usd"
| |- warning: immutable property will not be decoded because it is declared with an initial value which cannot be overwritten
| |- note: set the initial value via the initializer or explicitly define a CodingKeys enum including a 'symbol' case to silence this warning
| `- note: make the property mutable instead
13 |
14 | public enum Units: CurrencyUnits {
/Users/admin/builder/spi-builder-workspace/Sources/CryptoScraper/Protocols/Amount.swift:56:25: warning: no calls to throwing functions occur within 'try' expression
54 |
55 | public func encode(to encoder: any Encoder) throws {
56 | var container = try encoder.container(keyedBy: CodingKeys.self)
| `- warning: no calls to throwing functions occur within 'try' expression
57 |
58 | try container.encode(quantity, forKey: .quantity)
[543/603] Compiling CryptoScraper CoinMarketCapAggregator.swift
/Users/admin/builder/spi-builder-workspace/Sources/CryptoScraper/Fiats/USD.swift:12:16: warning: immutable property will not be decoded because it is declared with an initial value which cannot be overwritten
10 | // MARK: FiatCurrency Protocol
11 |
12 | public let symbol: String = "usd"
| |- warning: immutable property will not be decoded because it is declared with an initial value which cannot be overwritten
| |- note: set the initial value via the initializer or explicitly define a CodingKeys enum including a 'symbol' case to silence this warning
| `- note: make the property mutable instead
13 |
14 | public enum Units: CurrencyUnits {
/Users/admin/builder/spi-builder-workspace/Sources/CryptoScraper/Protocols/Amount.swift:56:25: warning: no calls to throwing functions occur within 'try' expression
54 |
55 | public func encode(to encoder: any Encoder) throws {
56 | var container = try encoder.container(keyedBy: CodingKeys.self)
| `- warning: no calls to throwing functions occur within 'try' expression
57 |
58 | try container.encode(quantity, forKey: .quantity)
[544/603] Compiling CryptoScraper CoinMarketCapError.swift
/Users/admin/builder/spi-builder-workspace/Sources/CryptoScraper/Fiats/USD.swift:12:16: warning: immutable property will not be decoded because it is declared with an initial value which cannot be overwritten
10 | // MARK: FiatCurrency Protocol
11 |
12 | public let symbol: String = "usd"
| |- warning: immutable property will not be decoded because it is declared with an initial value which cannot be overwritten
| |- note: set the initial value via the initializer or explicitly define a CodingKeys enum including a 'symbol' case to silence this warning
| `- note: make the property mutable instead
13 |
14 | public enum Units: CurrencyUnits {
/Users/admin/builder/spi-builder-workspace/Sources/CryptoScraper/Protocols/Amount.swift:56:25: warning: no calls to throwing functions occur within 'try' expression
54 |
55 | public func encode(to encoder: any Encoder) throws {
56 | var container = try encoder.container(keyedBy: CodingKeys.self)
| `- warning: no calls to throwing functions occur within 'try' expression
57 |
58 | try container.encode(quantity, forKey: .quantity)
[545/603] Compiling CryptoScraper Exports.swift
/Users/admin/builder/spi-builder-workspace/Sources/CryptoScraper/Fiats/USD.swift:12:16: warning: immutable property will not be decoded because it is declared with an initial value which cannot be overwritten
10 | // MARK: FiatCurrency Protocol
11 |
12 | public let symbol: String = "usd"
| |- warning: immutable property will not be decoded because it is declared with an initial value which cannot be overwritten
| |- note: set the initial value via the initializer or explicitly define a CodingKeys enum including a 'symbol' case to silence this warning
| `- note: make the property mutable instead
13 |
14 | public enum Units: CurrencyUnits {
/Users/admin/builder/spi-builder-workspace/Sources/CryptoScraper/Protocols/Amount.swift:56:25: warning: no calls to throwing functions occur within 'try' expression
54 |
55 | public func encode(to encoder: any Encoder) throws {
56 | var container = try encoder.container(keyedBy: CodingKeys.self)
| `- warning: no calls to throwing functions occur within 'try' expression
57 |
58 | try container.encode(quantity, forKey: .quantity)
[546/603] Compiling CryptoScraper Calendar.swift
/Users/admin/builder/spi-builder-workspace/Sources/CryptoScraper/Fiats/USD.swift:12:16: warning: immutable property will not be decoded because it is declared with an initial value which cannot be overwritten
10 | // MARK: FiatCurrency Protocol
11 |
12 | public let symbol: String = "usd"
| |- warning: immutable property will not be decoded because it is declared with an initial value which cannot be overwritten
| |- note: set the initial value via the initializer or explicitly define a CodingKeys enum including a 'symbol' case to silence this warning
| `- note: make the property mutable instead
13 |
14 | public enum Units: CurrencyUnits {
/Users/admin/builder/spi-builder-workspace/Sources/CryptoScraper/Protocols/Amount.swift:56:25: warning: no calls to throwing functions occur within 'try' expression
54 |
55 | public func encode(to encoder: any Encoder) throws {
56 | var container = try encoder.container(keyedBy: CodingKeys.self)
| `- warning: no calls to throwing functions occur within 'try' expression
57 |
58 | try container.encode(quantity, forKey: .quantity)
[547/603] Compiling CryptoScraper URL.swift
/Users/admin/builder/spi-builder-workspace/Sources/CryptoScraper/Fiats/USD.swift:12:16: warning: immutable property will not be decoded because it is declared with an initial value which cannot be overwritten
10 | // MARK: FiatCurrency Protocol
11 |
12 | public let symbol: String = "usd"
| |- warning: immutable property will not be decoded because it is declared with an initial value which cannot be overwritten
| |- note: set the initial value via the initializer or explicitly define a CodingKeys enum including a 'symbol' case to silence this warning
| `- note: make the property mutable instead
13 |
14 | public enum Units: CurrencyUnits {
/Users/admin/builder/spi-builder-workspace/Sources/CryptoScraper/Protocols/Amount.swift:56:25: warning: no calls to throwing functions occur within 'try' expression
54 |
55 | public func encode(to encoder: any Encoder) throws {
56 | var container = try encoder.container(keyedBy: CodingKeys.self)
| `- warning: no calls to throwing functions occur within 'try' expression
57 |
58 | try container.encode(quantity, forKey: .quantity)
[548/603] Compiling CryptoScraper USD.swift
/Users/admin/builder/spi-builder-workspace/Sources/CryptoScraper/Fiats/USD.swift:12:16: warning: immutable property will not be decoded because it is declared with an initial value which cannot be overwritten
10 | // MARK: FiatCurrency Protocol
11 |
12 | public let symbol: String = "usd"
| |- warning: immutable property will not be decoded because it is declared with an initial value which cannot be overwritten
| |- note: set the initial value via the initializer or explicitly define a CodingKeys enum including a 'symbol' case to silence this warning
| `- note: make the property mutable instead
13 |
14 | public enum Units: CurrencyUnits {
/Users/admin/builder/spi-builder-workspace/Sources/CryptoScraper/Protocols/Amount.swift:56:25: warning: no calls to throwing functions occur within 'try' expression
54 |
55 | public func encode(to encoder: any Encoder) throws {
56 | var container = try encoder.container(keyedBy: CodingKeys.self)
| `- warning: no calls to throwing functions occur within 'try' expression
57 |
58 | try container.encode(quantity, forKey: .quantity)
[549/603] Compiling CryptoScraper AssetImporter+Exchanges.swift
/Users/admin/builder/spi-builder-workspace/Sources/CryptoScraper/Fiats/USD.swift:12:16: warning: immutable property will not be decoded because it is declared with an initial value which cannot be overwritten
10 | // MARK: FiatCurrency Protocol
11 |
12 | public let symbol: String = "usd"
| |- warning: immutable property will not be decoded because it is declared with an initial value which cannot be overwritten
| |- note: set the initial value via the initializer or explicitly define a CodingKeys enum including a 'symbol' case to silence this warning
| `- note: make the property mutable instead
13 |
14 | public enum Units: CurrencyUnits {
/Users/admin/builder/spi-builder-workspace/Sources/CryptoScraper/Protocols/Amount.swift:56:25: warning: no calls to throwing functions occur within 'try' expression
54 |
55 | public func encode(to encoder: any Encoder) throws {
56 | var container = try encoder.container(keyedBy: CodingKeys.self)
| `- warning: no calls to throwing functions occur within 'try' expression
57 |
58 | try container.encode(quantity, forKey: .quantity)
[550/603] Compiling CryptoScraper AssetImporter.swift
/Users/admin/builder/spi-builder-workspace/Sources/CryptoScraper/Fiats/USD.swift:12:16: warning: immutable property will not be decoded because it is declared with an initial value which cannot be overwritten
10 | // MARK: FiatCurrency Protocol
11 |
12 | public let symbol: String = "usd"
| |- warning: immutable property will not be decoded because it is declared with an initial value which cannot be overwritten
| |- note: set the initial value via the initializer or explicitly define a CodingKeys enum including a 'symbol' case to silence this warning
| `- note: make the property mutable instead
13 |
14 | public enum Units: CurrencyUnits {
/Users/admin/builder/spi-builder-workspace/Sources/CryptoScraper/Protocols/Amount.swift:56:25: warning: no calls to throwing functions occur within 'try' expression
54 |
55 | public func encode(to encoder: any Encoder) throws {
56 | var container = try encoder.container(keyedBy: CodingKeys.self)
| `- warning: no calls to throwing functions occur within 'try' expression
57 |
58 | try container.encode(quantity, forKey: .quantity)
[551/603] Compiling CryptoScraper Amount.swift
/Users/admin/builder/spi-builder-workspace/Sources/CryptoScraper/Fiats/USD.swift:12:16: warning: immutable property will not be decoded because it is declared with an initial value which cannot be overwritten
10 | // MARK: FiatCurrency Protocol
11 |
12 | public let symbol: String = "usd"
| |- warning: immutable property will not be decoded because it is declared with an initial value which cannot be overwritten
| |- note: set the initial value via the initializer or explicitly define a CodingKeys enum including a 'symbol' case to silence this warning
| `- note: make the property mutable instead
13 |
14 | public enum Units: CurrencyUnits {
/Users/admin/builder/spi-builder-workspace/Sources/CryptoScraper/Protocols/Amount.swift:56:25: warning: no calls to throwing functions occur within 'try' expression
54 |
55 | public func encode(to encoder: any Encoder) throws {
56 | var container = try encoder.container(keyedBy: CodingKeys.self)
| `- warning: no calls to throwing functions occur within 'try' expression
57 |
58 | try container.encode(quantity, forKey: .quantity)
[552/603] Compiling CryptoScraper CryptoChain.swift
/Users/admin/builder/spi-builder-workspace/Sources/CryptoScraper/Fiats/USD.swift:12:16: warning: immutable property will not be decoded because it is declared with an initial value which cannot be overwritten
10 | // MARK: FiatCurrency Protocol
11 |
12 | public let symbol: String = "usd"
| |- warning: immutable property will not be decoded because it is declared with an initial value which cannot be overwritten
| |- note: set the initial value via the initializer or explicitly define a CodingKeys enum including a 'symbol' case to silence this warning
| `- note: make the property mutable instead
13 |
14 | public enum Units: CurrencyUnits {
/Users/admin/builder/spi-builder-workspace/Sources/CryptoScraper/Protocols/Amount.swift:56:25: warning: no calls to throwing functions occur within 'try' expression
54 |
55 | public func encode(to encoder: any Encoder) throws {
56 | var container = try encoder.container(keyedBy: CodingKeys.self)
| `- warning: no calls to throwing functions occur within 'try' expression
57 |
58 | try container.encode(quantity, forKey: .quantity)
[553/603] Compiling CryptoScraper CryptoContract.swift
/Users/admin/builder/spi-builder-workspace/Sources/CryptoScraper/Fiats/USD.swift:12:16: warning: immutable property will not be decoded because it is declared with an initial value which cannot be overwritten
10 | // MARK: FiatCurrency Protocol
11 |
12 | public let symbol: String = "usd"
| |- warning: immutable property will not be decoded because it is declared with an initial value which cannot be overwritten
| |- note: set the initial value via the initializer or explicitly define a CodingKeys enum including a 'symbol' case to silence this warning
| `- note: make the property mutable instead
13 |
14 | public enum Units: CurrencyUnits {
/Users/admin/builder/spi-builder-workspace/Sources/CryptoScraper/Protocols/Amount.swift:56:25: warning: no calls to throwing functions occur within 'try' expression
54 |
55 | public func encode(to encoder: any Encoder) throws {
56 | var container = try encoder.container(keyedBy: CodingKeys.self)
| `- warning: no calls to throwing functions occur within 'try' expression
57 |
58 | try container.encode(quantity, forKey: .quantity)
[554/603] Compiling CryptoScraper CryptoDataAggregator.swift
/Users/admin/builder/spi-builder-workspace/Sources/CryptoScraper/Fiats/USD.swift:12:16: warning: immutable property will not be decoded because it is declared with an initial value which cannot be overwritten
10 | // MARK: FiatCurrency Protocol
11 |
12 | public let symbol: String = "usd"
| |- warning: immutable property will not be decoded because it is declared with an initial value which cannot be overwritten
| |- note: set the initial value via the initializer or explicitly define a CodingKeys enum including a 'symbol' case to silence this warning
| `- note: make the property mutable instead
13 |
14 | public enum Units: CurrencyUnits {
/Users/admin/builder/spi-builder-workspace/Sources/CryptoScraper/Protocols/Amount.swift:56:25: warning: no calls to throwing functions occur within 'try' expression
54 |
55 | public func encode(to encoder: any Encoder) throws {
56 | var container = try encoder.container(keyedBy: CodingKeys.self)
| `- warning: no calls to throwing functions occur within 'try' expression
57 |
58 | try container.encode(quantity, forKey: .quantity)
[555/603] Compiling CryptoScraper CryptoEquivalencyMap.swift
/Users/admin/builder/spi-builder-workspace/Sources/CryptoScraper/Fiats/USD.swift:12:16: warning: immutable property will not be decoded because it is declared with an initial value which cannot be overwritten
10 | // MARK: FiatCurrency Protocol
11 |
12 | public let symbol: String = "usd"
| |- warning: immutable property will not be decoded because it is declared with an initial value which cannot be overwritten
| |- note: set the initial value via the initializer or explicitly define a CodingKeys enum including a 'symbol' case to silence this warning
| `- note: make the property mutable instead
13 |
14 | public enum Units: CurrencyUnits {
/Users/admin/builder/spi-builder-workspace/Sources/CryptoScraper/Protocols/Amount.swift:56:25: warning: no calls to throwing functions occur within 'try' expression
54 |
55 | public func encode(to encoder: any Encoder) throws {
56 | var container = try encoder.container(keyedBy: CodingKeys.self)
| `- warning: no calls to throwing functions occur within 'try' expression
57 |
58 | try container.encode(quantity, forKey: .quantity)
[556/603] Compiling CryptoScraper CryptoScanner.swift
/Users/admin/builder/spi-builder-workspace/Sources/CryptoScraper/Fiats/USD.swift:12:16: warning: immutable property will not be decoded because it is declared with an initial value which cannot be overwritten
10 | // MARK: FiatCurrency Protocol
11 |
12 | public let symbol: String = "usd"
| |- warning: immutable property will not be decoded because it is declared with an initial value which cannot be overwritten
| |- note: set the initial value via the initializer or explicitly define a CodingKeys enum including a 'symbol' case to silence this warning
| `- note: make the property mutable instead
13 |
14 | public enum Units: CurrencyUnits {
/Users/admin/builder/spi-builder-workspace/Sources/CryptoScraper/Protocols/Amount.swift:56:25: warning: no calls to throwing functions occur within 'try' expression
54 |
55 | public func encode(to encoder: any Encoder) throws {
56 | var container = try encoder.container(keyedBy: CodingKeys.self)
| `- warning: no calls to throwing functions occur within 'try' expression
57 |
58 | try container.encode(quantity, forKey: .quantity)
[557/603] Compiling CryptoScraper CryptoTransaction.swift
/Users/admin/builder/spi-builder-workspace/Sources/CryptoScraper/Fiats/USD.swift:12:16: warning: immutable property will not be decoded because it is declared with an initial value which cannot be overwritten
10 | // MARK: FiatCurrency Protocol
11 |
12 | public let symbol: String = "usd"
| |- warning: immutable property will not be decoded because it is declared with an initial value which cannot be overwritten
| |- note: set the initial value via the initializer or explicitly define a CodingKeys enum including a 'symbol' case to silence this warning
| `- note: make the property mutable instead
13 |
14 | public enum Units: CurrencyUnits {
/Users/admin/builder/spi-builder-workspace/Sources/CryptoScraper/Protocols/Amount.swift:56:25: warning: no calls to throwing functions occur within 'try' expression
54 |
55 | public func encode(to encoder: any Encoder) throws {
56 | var container = try encoder.container(keyedBy: CodingKeys.self)
| `- warning: no calls to throwing functions occur within 'try' expression
57 |
58 | try container.encode(quantity, forKey: .quantity)
[558/603] Compiling CryptoScraper Currency.swift
/Users/admin/builder/spi-builder-workspace/Sources/CryptoScraper/Fiats/USD.swift:12:16: warning: immutable property will not be decoded because it is declared with an initial value which cannot be overwritten
10 | // MARK: FiatCurrency Protocol
11 |
12 | public let symbol: String = "usd"
| |- warning: immutable property will not be decoded because it is declared with an initial value which cannot be overwritten
| |- note: set the initial value via the initializer or explicitly define a CodingKeys enum including a 'symbol' case to silence this warning
| `- note: make the property mutable instead
13 |
14 | public enum Units: CurrencyUnits {
/Users/admin/builder/spi-builder-workspace/Sources/CryptoScraper/Protocols/Amount.swift:56:25: warning: no calls to throwing functions occur within 'try' expression
54 |
55 | public func encode(to encoder: any Encoder) throws {
56 | var container = try encoder.container(keyedBy: CodingKeys.self)
| `- warning: no calls to throwing functions occur within 'try' expression
57 |
58 | try container.encode(quantity, forKey: .quantity)
[559/603] Compiling CryptoScraper CurrencyFormatter.swift
/Users/admin/builder/spi-builder-workspace/Sources/CryptoScraper/Fiats/USD.swift:12:16: warning: immutable property will not be decoded because it is declared with an initial value which cannot be overwritten
10 | // MARK: FiatCurrency Protocol
11 |
12 | public let symbol: String = "usd"
| |- warning: immutable property will not be decoded because it is declared with an initial value which cannot be overwritten
| |- note: set the initial value via the initializer or explicitly define a CodingKeys enum including a 'symbol' case to silence this warning
| `- note: make the property mutable instead
13 |
14 | public enum Units: CurrencyUnits {
/Users/admin/builder/spi-builder-workspace/Sources/CryptoScraper/Protocols/Amount.swift:56:25: warning: no calls to throwing functions occur within 'try' expression
54 |
55 | public func encode(to encoder: any Encoder) throws {
56 | var container = try encoder.container(keyedBy: CodingKeys.self)
| `- warning: no calls to throwing functions occur within 'try' expression
57 |
58 | try container.encode(quantity, forKey: .quantity)
[560/603] Compiling CryptoScraper FiatCurrency.swift
/Users/admin/builder/spi-builder-workspace/Sources/CryptoScraper/Fiats/USD.swift:12:16: warning: immutable property will not be decoded because it is declared with an initial value which cannot be overwritten
10 | // MARK: FiatCurrency Protocol
11 |
12 | public let symbol: String = "usd"
| |- warning: immutable property will not be decoded because it is declared with an initial value which cannot be overwritten
| |- note: set the initial value via the initializer or explicitly define a CodingKeys enum including a 'symbol' case to silence this warning
| `- note: make the property mutable instead
13 |
14 | public enum Units: CurrencyUnits {
/Users/admin/builder/spi-builder-workspace/Sources/CryptoScraper/Protocols/Amount.swift:56:25: warning: no calls to throwing functions occur within 'try' expression
54 |
55 | public func encode(to encoder: any Encoder) throws {
56 | var container = try encoder.container(keyedBy: CodingKeys.self)
| `- warning: no calls to throwing functions occur within 'try' expression
57 |
58 | try container.encode(quantity, forKey: .quantity)
[561/603] Compiling CryptoScraper SimpleTokenInfo.swift
/Users/admin/builder/spi-builder-workspace/Sources/CryptoScraper/Fiats/USD.swift:12:16: warning: immutable property will not be decoded because it is declared with an initial value which cannot be overwritten
10 | // MARK: FiatCurrency Protocol
11 |
12 | public let symbol: String = "usd"
| |- warning: immutable property will not be decoded because it is declared with an initial value which cannot be overwritten
| |- note: set the initial value via the initializer or explicitly define a CodingKeys enum including a 'symbol' case to silence this warning
| `- note: make the property mutable instead
13 |
14 | public enum Units: CurrencyUnits {
/Users/admin/builder/spi-builder-workspace/Sources/CryptoScraper/Protocols/Amount.swift:56:25: warning: no calls to throwing functions occur within 'try' expression
54 |
55 | public func encode(to encoder: any Encoder) throws {
56 | var container = try encoder.container(keyedBy: CodingKeys.self)
| `- warning: no calls to throwing functions occur within 'try' expression
57 |
58 | try container.encode(quantity, forKey: .quantity)
[562/603] Compiling CryptoScraper TokenInfo.swift
/Users/admin/builder/spi-builder-workspace/Sources/CryptoScraper/Fiats/USD.swift:12:16: warning: immutable property will not be decoded because it is declared with an initial value which cannot be overwritten
10 | // MARK: FiatCurrency Protocol
11 |
12 | public let symbol: String = "usd"
| |- warning: immutable property will not be decoded because it is declared with an initial value which cannot be overwritten
| |- note: set the initial value via the initializer or explicitly define a CodingKeys enum including a 'symbol' case to silence this warning
| `- note: make the property mutable instead
13 |
14 | public enum Units: CurrencyUnits {
/Users/admin/builder/spi-builder-workspace/Sources/CryptoScraper/Protocols/Amount.swift:56:25: warning: no calls to throwing functions occur within 'try' expression
54 |
55 | public func encode(to encoder: any Encoder) throws {
56 | var container = try encoder.container(keyedBy: CodingKeys.self)
| `- warning: no calls to throwing functions occur within 'try' expression
57 |
58 | try container.encode(quantity, forKey: .quantity)
[563/630] Compiling CryptoTesting TCScan.swift
[564/630] Compiling CryptoTesting TestCoinContract.swift
[565/630] Emitting module CryptoTesting
[566/630] Compiling CryptoTesting TestCoinChain.swift
[567/630] Compiling CryptoTesting TestCoinTransaction.swift
[568/630] Compiling CryptoOHLCV KrakenOHLCVClient.swift
[569/630] Compiling CryptoOHLCV Milliseconds.swift
[570/632] Compiling CryptoOHLCV KrakenExchangeChain+Overrides.swift
[571/632] Compiling CryptoOHLCV KrakenExchangeChain.swift
[572/632] Compiling CryptoOHLCV CoinbaseExchangeChain+Overrides.swift
[573/632] Compiling CryptoOHLCV CoinbaseExchangeChain.swift
[574/632] Compiling CryptoOHLCV CoinbaseOHLCVClient.swift
[575/632] Compiling CryptoOHLCV OHLCVHistoryRetrieval.swift
[576/632] Compiling CryptoOHLCV OHLCVHistoryStore.swift
[584/632] Compiling CryptoOHLCV BinanceOHLCVError.swift
[585/632] Compiling CryptoOHLCV BinanceExchangeChain+Imported.swift
[586/632] Compiling CryptoOHLCV BinanceExchangeChain+Overrides.swift
[587/632] Compiling CryptoOHLCV BinanceExchangeChain.swift
[588/632] Compiling CryptoOHLCV HyperliquidExchangeChain+Overrides.swift
[589/632] Compiling CryptoOHLCV HyperliquidExchangeChain.swift
[590/632] Compiling CryptoOHLCV HyperliquidOHLCVClient.swift
[591/632] Compiling CryptoOHLCV KrakenExchangeChain+Imported.swift
[592/632] Compiling CryptoOHLCV OHLCVClient.swift
[593/632] Compiling CryptoOHLCV OHLCVHistoryFileStore.swift
[601/632] Compiling CryptoOHLCV ExchangeMarketNames.swift
[602/632] Compiling CryptoOHLCV ExchangeWireErrors.swift
[603/632] Compiling CryptoOHLCV BinanceMarket.swift
[604/632] Compiling CryptoOHLCV BinanceOHLCVClient.swift
[611/692] Compiling SwiftDiagnostics BasicDiagnosticDecorator.swift
[612/693] Compiling SwiftDiagnostics Message.swift
[613/693] Compiling SwiftDiagnostics Diagnostic.swift
[614/693] Compiling SwiftDiagnostics Convenience.swift
[615/693] Compiling SwiftDiagnostics ANSIDiagnosticDecorator.swift
[616/693] Emitting module SwiftDiagnostics
[617/693] Compiling SwiftDiagnostics Note.swift
[618/693] Compiling SwiftDiagnostics FixIt.swift
[619/693] Compiling SwiftDiagnostics GroupedDiagnostics.swift
[620/693] Compiling SwiftDiagnostics DiagnosticDecorator.swift
[621/693] Compiling SwiftDiagnostics DiagnosticsFormatter.swift
[622/693] Compiling SwiftBasicFormat Indenter.swift
[623/693] Compiling SwiftBasicFormat Syntax+Extensions.swift
[624/693] Compiling SwiftBasicFormat InferIndentation.swift
[625/693] Compiling SwiftBasicFormat SyntaxProtocol+Formatted.swift
[626/693] Compiling SwiftBasicFormat Trivia+FormatExtensions.swift
[627/693] Emitting module SwiftBasicFormat
[628/693] Compiling SwiftBasicFormat BasicFormat.swift
[629/693] Compiling SwiftParser TokenConsumer.swift
[630/693] Compiling SwiftParser TokenPrecedence.swift
[631/693] Compiling SwiftParser TokenSpec.swift
[632/693] Compiling SwiftParser TokenSpecSet.swift
[633/697] Compiling SwiftParser Expressions.swift
[634/697] Compiling SwiftParser IncrementalParseTransition.swift
[635/697] Compiling SwiftParser TopLevel.swift
[636/697] Compiling SwiftParser Declarations.swift
[637/697] Compiling SwiftParser Directives.swift
[638/697] Compiling SwiftParser ExpressionInterpretedAsVersionTuple.swift
[639/697] Compiling SwiftParser CollectionNodes+Parsable.swift
[640/697] Compiling SwiftParser CompilerFiles.swift
[641/697] Emitting module CryptoOHLCV
[642/697] Compiling SwiftParser Names.swift
[643/697] Compiling SwiftParser Nominals.swift
[644/697] Compiling SwiftParser Parameters.swift
[645/697] Compiling SwiftParser ParseSourceFile.swift
[646/697] Compiling SwiftParser Parser.swift
[647/697] Compiling SwiftParser Patterns.swift
[648/697] Compiling SwiftParser Recovery.swift
[649/697] Compiling SwiftParser Specifiers.swift
[650/697] Compiling SwiftParser Statements.swift
[651/697] Compiling SwiftParser StringLiteralRepresentedLiteralValue.swift
[652/697] Compiling SwiftParser StringLiterals.swift
[653/697] Compiling SwiftParser SwiftParserCompatibility.swift
[654/697] Compiling SwiftParser SwiftVersion.swift
[655/697] Compiling SwiftParser SyntaxUtils.swift
[657/697] Compiling SwiftParser TriviaParser.swift
[658/697] Compiling SwiftParser Types.swift
[659/697] Compiling SwiftParser ExperimentalFeatures.swift
[660/697] Compiling SwiftParser IsValidIdentifier.swift
[661/697] Compiling SwiftParser Cursor.swift
[662/697] Compiling SwiftParser Lexeme.swift
[663/697] Compiling SwiftParser LexemeSequence.swift
[664/697] Compiling SwiftParser Lexer.swift
[665/697] Compiling SwiftParser RegexLiteralLexer.swift
[666/697] Compiling SwiftParser UnicodeScalarExtensions.swift
[667/697] Compiling SwiftParser Lookahead.swift
[668/697] Compiling SwiftParser LoopProgressCondition.swift
[669/697] Compiling SwiftParser Modifiers.swift
[670/697] Emitting module SwiftParser
[671/707] Compiling CryptoCoinbase CoinbaseValues.swift
[672/707] Compiling CryptoKraken KrakenValues.swift
[673/707] Compiling SwiftParser Attributes.swift
[674/707] Compiling SwiftParser Availability.swift
[675/707] Compiling SwiftParser CharacterInfo.swift
[683/707] Compiling SwiftParser IsLexerClassified.swift
[684/707] Compiling SwiftParser LayoutNodes+Parsable.swift
[685/707] Compiling SwiftParser Parser+TokenSpecSet.swift
[686/707] Compiling SwiftParser TokenSpecStaticMembers.swift
[687/707] Compiling CryptoKraken KrakenErrors.swift
[688/707] Compiling CryptoKraken KrakenClient.swift
[689/707] Emitting module CryptoKraken
[690/707] Compiling CryptoKraken KrakenResponses.swift
[691/707] Compiling CryptoCoinbase CoinbaseErrors.swift
[692/707] Compiling CryptoCoinbase CoinbaseClient.swift
[693/707] Emitting module CryptoCoinbase
[694/707] Compiling CryptoCoinbase CoinbaseResponses.swift
[695/730] Compiling SwiftOperators OperatorTable.swift
[696/730] Compiling SwiftOperators PrecedenceGroup.swift
[697/730] Compiling SwiftOperators PrecedenceGraph.swift
[698/731] Compiling SwiftParserDiagnostics SyntaxKindNameForDiagnostics.swift
[699/732] Emitting module SwiftOperators
[700/732] Compiling SwiftOperators SyntaxSynthesis.swift
[701/732] Compiling SwiftOperators Operator.swift
[702/732] Compiling SwiftOperators OperatorTable+Defaults.swift
[703/732] Compiling SwiftOperators OperatorError.swift
[704/732] Compiling SwiftOperators OperatorTable+Semantics.swift
[705/732] Compiling SwiftOperators OperatorTable+Folding.swift
[706/732] Compiling SwiftOperators OperatorError+Diagnostics.swift
[707/732] Compiling SwiftParserDiagnostics PresenceUtils.swift
[708/732] Compiling SwiftParserDiagnostics TokenNameForDiagnostics.swift
[709/732] Compiling SwiftParserDiagnostics ParserDiagnosticMessages.swift
[710/732] Compiling SwiftParserDiagnostics Utils.swift
[711/732] Compiling SwiftParserDiagnostics SyntaxExtensions.swift
[712/732] Compiling SwiftParserDiagnostics ChildNameForDiagnostics.swift
[713/732] Emitting module SwiftParserDiagnostics
[725/732] Compiling SwiftParserDiagnostics MissingNodesError.swift
[726/732] Compiling SwiftParserDiagnostics MissingTokenError.swift
[727/732] Compiling SwiftParserDiagnostics DiagnosticExtensions.swift
[728/732] Compiling SwiftParserDiagnostics LexerDiagnosticMessages.swift
[729/732] Compiling SwiftParserDiagnostics MultiLineStringLiteralDiagnosticsGenerator.swift
[730/732] Compiling SwiftParserDiagnostics ParseDiagnosticsGenerator.swift
[731/754] Compiling SwiftSyntaxBuilder RenamedChildrenBuilderCompatibility.swift
[732/754] Compiling SwiftSyntaxBuilder ResultBuilders.swift
[733/755] Compiling SwiftSyntaxBuilder SyntaxParsable+ExpressibleByStringInterpolation.swift
[734/755] Compiling SwiftSyntaxBuilder ValidatingSyntaxNodes.swift
[735/755] Compiling SwiftSyntaxBuilder WithTrailingCommaSyntax+EnsuringTrailingComma.swift
[736/755] Compiling SwiftSyntaxBuilder BuildableNodes.swift
[737/755] Compiling CryptoHyperliquid HyperliquidSigning.swift
[738/755] Compiling CryptoHyperliquid HyperliquidValues.swift
[739/755] Compiling SwiftSyntaxBuilder ResultBuilderExtensions.swift
[740/755] Compiling SwiftSyntaxBuilder SwiftSyntaxBuilderCompatibility.swift
[741/755] Compiling SwiftSyntaxBuilder Indenter.swift
[742/755] Compiling SwiftSyntaxBuilder ListBuilder.swift
[743/755] Compiling SwiftSyntaxBuilder ConvenienceInitializers.swift
[744/755] Compiling SwiftSyntaxBuilder DeclSyntaxParseable.swift
[745/755] Compiling SwiftSyntaxBuilder Syntax+StringInterpolation.swift
[746/755] Compiling SwiftSyntaxBuilder SyntaxNodeWithBody.swift
[747/755] Emitting module SwiftSyntaxBuilder
[748/755] Compiling CryptoHyperliquid HyperliquidResponses.swift
[749/755] Compiling CryptoHyperliquid HyperliquidErrors.swift
[750/755] Emitting module CryptoHyperliquid
[751/755] Compiling CryptoHyperliquid HyperliquidClient.swift
[752/755] Compiling CryptoHyperliquid HyperliquidAgentKey.swift
[753/755] Compiling SwiftSyntaxBuilder SyntaxExpressibleByStringInterpolationConformances.swift
[754/770] Compiling SwiftIfConfig VersionTuple+Parsing.swift
[755/771] Compiling SwiftIfConfig SyntaxProtocol+IfConfig.swift
[756/771] Compiling SwiftIfConfig SyntaxLiteralUtils.swift
[757/771] Compiling SwiftIfConfig IfConfigFunctions.swift
[758/771] Compiling SwiftIfConfig IfConfigRegionState.swift
[759/771] Compiling SwiftIfConfig StaticBuildConfiguration.swift
[760/771] Compiling SwiftIfConfig VersionTuple.swift
[761/771] Compiling SwiftIfConfig ConfiguredRegions.swift
[762/771] Compiling SwiftIfConfig IfConfigDecl+IfConfig.swift
[763/771] Compiling SwiftIfConfig ActiveClauseEvaluator.swift
[764/771] Compiling SwiftIfConfig ActiveSyntaxRewriter.swift
[765/771] Compiling SwiftIfConfig ActiveSyntaxVisitor.swift
[766/771] Compiling SwiftIfConfig BuildConfiguration.swift
[767/771] Emitting module SwiftIfConfig
[768/771] Compiling SwiftIfConfig IfConfigDiagnostic.swift
[769/771] Compiling SwiftIfConfig IfConfigEvaluation.swift
[770/789] Compiling SwiftSyntaxMacros PreambleMacro.swift
[771/790] Compiling SwiftSyntaxMacros FreestandingMacro.swift
[772/790] Compiling SwiftSyntaxMacros Macro+Format.swift
[773/790] Compiling SwiftSyntaxMacros Macro.swift
[774/790] Compiling SwiftSyntaxMacros MemberAttributeMacro.swift
[775/790] Compiling SwiftSyntaxMacros MemberMacro.swift
[776/790] Compiling SwiftSyntaxMacros PeerMacro.swift
[777/790] Compiling SwiftSyntaxMacros ExpressionMacro.swift
[778/790] Compiling SwiftSyntaxMacros ExtensionMacro.swift
[779/790] Compiling SwiftSyntaxMacros CodeItemMacro.swift
[780/790] Compiling SwiftSyntaxMacros DeclarationMacro.swift
[781/790] Compiling SwiftSyntaxMacros MacroExpansionDiagnosticMessages.swift
[782/790] Compiling SwiftSyntaxMacros AccessorMacro.swift
[783/790] Emitting module SwiftSyntaxMacros
[784/790] Compiling SwiftSyntaxMacros AttachedMacro.swift
[785/790] Compiling SwiftSyntaxMacros BodyMacro.swift
[786/790] Compiling SwiftSyntaxMacros AbstractSourceLocation.swift
[787/790] Compiling SwiftSyntaxMacros MacroExpansionContext.swift
[788/790] Compiling SwiftSyntaxMacros Syntax+LexicalContext.swift
[789/800] Compiling SwiftSyntaxMacroExpansion MacroSpec.swift
[790/800] Compiling SwiftSyntaxMacroExpansion MacroReplacement.swift
[791/800] Compiling SwiftSyntaxMacroExpansion MacroExpansionDiagnosticMessages.swift
[792/800] Compiling SwiftSyntaxMacroExpansion MacroExpansion.swift
[793/800] Compiling SwiftSyntaxMacroExpansion IndentationUtils.swift
[794/800] Compiling SwiftSyntaxMacroExpansion MacroArgument.swift
[795/800] Compiling SwiftSyntaxMacroExpansion FunctionParameterUtils.swift
[796/800] Compiling SwiftSyntaxMacroExpansion MacroSystem.swift
[797/800] Emitting module SwiftSyntaxMacroExpansion
[798/800] Compiling SwiftSyntaxMacroExpansion BasicMacroExpansionContext.swift
[799/812] Compiling SwiftCompilerPluginMessageHandling PluginMessageCompatibility.swift
[800/812] Compiling SwiftCompilerPluginMessageHandling PluginMessages.swift
[801/812] Compiling SwiftCompilerPluginMessageHandling PluginMacroExpansionContext.swift
[802/812] Compiling SwiftCompilerPluginMessageHandling LRUCache.swift
[803/812] Compiling SwiftCompilerPluginMessageHandling Macros.swift
[804/813] Compiling SwiftCompilerPluginMessageHandling JSONEncoding.swift
[805/813] Compiling SwiftCompilerPluginMessageHandling CodingUtilities.swift
[806/813] Compiling SwiftCompilerPluginMessageHandling JSON.swift
[807/813] Compiling SwiftCompilerPluginMessageHandling CompilerPluginMessageHandler.swift
[808/813] Compiling SwiftCompilerPluginMessageHandling Diagnostics.swift
[809/813] Emitting module SwiftCompilerPluginMessageHandling
[810/813] Compiling SwiftCompilerPluginMessageHandling JSONDecoding.swift
[811/813] Compiling SwiftCompilerPluginMessageHandling StandardIOMessageConnection.swift
[812/815] Emitting module SwiftCompilerPlugin
[813/815] Compiling SwiftCompilerPlugin CompilerPlugin.swift
[814/825] Compiling FOSMacros ViewModelFactoryMacro.swift
[815/825] Compiling FOSMacros VersionedFactoryMethodMacro.swift
[816/825] Compiling FOSMacros SystemVersion.swift
[817/825] Compiling FOSMacros Stubbable.swift
[818/825] Compiling FOSMacros FieldValidationModelMacro.swift
[819/825] Compiling FOSMacros FieldIdMacro.swift
[820/825] Compiling FOSMacros FOSMacros.swift
[821/825] Compiling FOSMacros LocalizableErrorMacro.swift
[822/825] Compiling FOSMacros ViewModelMacro.swift
[823/825] Emitting module FOSMacros
[823/824] Linking FOSMacros-tool
[825/959] Compiling FOSMVVM Section+Localizable.swift
/Users/admin/builder/spi-builder-workspace/.build/checkouts/FOSUtilities/Sources/FOSMVVM/SwiftUI Support/Generated/SliderTick+Localizable.swift:30:18: error: cannot find type 'SliderTick' in scope
28 | @available(iOS 26.0, macOS 26.0, watchOS 26.0, visionOS 26.0, *)
29 | @available(tvOS, unavailable)
30 | public extension SliderTick where V: BinaryFloatingPoint {
| `- error: cannot find type 'SliderTick' in scope
31 | #if os(iOS) || os(macOS) || os(watchOS) || os(visionOS)
32 | /// Localizable-accepting form of SwiftUI's `SliderTick.init(_:_:)`.
/Users/admin/builder/spi-builder-workspace/.build/checkouts/FOSUtilities/Sources/FOSMVVM/SwiftUI Support/Generated/SliderTick+Localizable.swift:30:29: error: 'where' clause cannot be applied to a non-generic top-level declaration
28 | @available(iOS 26.0, macOS 26.0, watchOS 26.0, visionOS 26.0, *)
29 | @available(tvOS, unavailable)
30 | public extension SliderTick where V: BinaryFloatingPoint {
| `- error: 'where' clause cannot be applied to a non-generic top-level declaration
31 | #if os(iOS) || os(macOS) || os(watchOS) || os(visionOS)
32 | /// Localizable-accepting form of SwiftUI's `SliderTick.init(_:_:)`.
/Users/admin/builder/spi-builder-workspace/.build/checkouts/FOSUtilities/Sources/FOSMVVM/SwiftUI Support/Generated/SliderTick+Localizable.swift:51:81: error: cannot find type 'V' in scope
49 | @available(iOS 26.0, macOS 26.0, watchOS 26.0, visionOS 26.0, *)
50 | @available(tvOS, unavailable)
51 | init(_ localizable: some Localizable, defaultValue: String? = nil, _ value: V) {
| `- error: cannot find type 'V' in scope
52 | self.init(localizable.defaultedLocalizedString(defaultValue: defaultValue), value)
53 | }
[826/959] Compiling FOSMVVM SecureField+Localizable.swift
/Users/admin/builder/spi-builder-workspace/.build/checkouts/FOSUtilities/Sources/FOSMVVM/SwiftUI Support/Generated/SliderTick+Localizable.swift:30:18: error: cannot find type 'SliderTick' in scope
28 | @available(iOS 26.0, macOS 26.0, watchOS 26.0, visionOS 26.0, *)
29 | @available(tvOS, unavailable)
30 | public extension SliderTick where V: BinaryFloatingPoint {
| `- error: cannot find type 'SliderTick' in scope
31 | #if os(iOS) || os(macOS) || os(watchOS) || os(visionOS)
32 | /// Localizable-accepting form of SwiftUI's `SliderTick.init(_:_:)`.
/Users/admin/builder/spi-builder-workspace/.build/checkouts/FOSUtilities/Sources/FOSMVVM/SwiftUI Support/Generated/SliderTick+Localizable.swift:30:29: error: 'where' clause cannot be applied to a non-generic top-level declaration
28 | @available(iOS 26.0, macOS 26.0, watchOS 26.0, visionOS 26.0, *)
29 | @available(tvOS, unavailable)
30 | public extension SliderTick where V: BinaryFloatingPoint {
| `- error: 'where' clause cannot be applied to a non-generic top-level declaration
31 | #if os(iOS) || os(macOS) || os(watchOS) || os(visionOS)
32 | /// Localizable-accepting form of SwiftUI's `SliderTick.init(_:_:)`.
/Users/admin/builder/spi-builder-workspace/.build/checkouts/FOSUtilities/Sources/FOSMVVM/SwiftUI Support/Generated/SliderTick+Localizable.swift:51:81: error: cannot find type 'V' in scope
49 | @available(iOS 26.0, macOS 26.0, watchOS 26.0, visionOS 26.0, *)
50 | @available(tvOS, unavailable)
51 | init(_ localizable: some Localizable, defaultValue: String? = nil, _ value: V) {
| `- error: cannot find type 'V' in scope
52 | self.init(localizable.defaultedLocalizedString(defaultValue: defaultValue), value)
53 | }
[827/959] Compiling FOSMVVM ShareLink+Localizable.swift
/Users/admin/builder/spi-builder-workspace/.build/checkouts/FOSUtilities/Sources/FOSMVVM/SwiftUI Support/Generated/SliderTick+Localizable.swift:30:18: error: cannot find type 'SliderTick' in scope
28 | @available(iOS 26.0, macOS 26.0, watchOS 26.0, visionOS 26.0, *)
29 | @available(tvOS, unavailable)
30 | public extension SliderTick where V: BinaryFloatingPoint {
| `- error: cannot find type 'SliderTick' in scope
31 | #if os(iOS) || os(macOS) || os(watchOS) || os(visionOS)
32 | /// Localizable-accepting form of SwiftUI's `SliderTick.init(_:_:)`.
/Users/admin/builder/spi-builder-workspace/.build/checkouts/FOSUtilities/Sources/FOSMVVM/SwiftUI Support/Generated/SliderTick+Localizable.swift:30:29: error: 'where' clause cannot be applied to a non-generic top-level declaration
28 | @available(iOS 26.0, macOS 26.0, watchOS 26.0, visionOS 26.0, *)
29 | @available(tvOS, unavailable)
30 | public extension SliderTick where V: BinaryFloatingPoint {
| `- error: 'where' clause cannot be applied to a non-generic top-level declaration
31 | #if os(iOS) || os(macOS) || os(watchOS) || os(visionOS)
32 | /// Localizable-accepting form of SwiftUI's `SliderTick.init(_:_:)`.
/Users/admin/builder/spi-builder-workspace/.build/checkouts/FOSUtilities/Sources/FOSMVVM/SwiftUI Support/Generated/SliderTick+Localizable.swift:51:81: error: cannot find type 'V' in scope
49 | @available(iOS 26.0, macOS 26.0, watchOS 26.0, visionOS 26.0, *)
50 | @available(tvOS, unavailable)
51 | init(_ localizable: some Localizable, defaultValue: String? = nil, _ value: V) {
| `- error: cannot find type 'V' in scope
52 | self.init(localizable.defaultedLocalizedString(defaultValue: defaultValue), value)
53 | }
[828/959] Compiling FOSMVVM SharePreview+Localizable.swift
/Users/admin/builder/spi-builder-workspace/.build/checkouts/FOSUtilities/Sources/FOSMVVM/SwiftUI Support/Generated/SliderTick+Localizable.swift:30:18: error: cannot find type 'SliderTick' in scope
28 | @available(iOS 26.0, macOS 26.0, watchOS 26.0, visionOS 26.0, *)
29 | @available(tvOS, unavailable)
30 | public extension SliderTick where V: BinaryFloatingPoint {
| `- error: cannot find type 'SliderTick' in scope
31 | #if os(iOS) || os(macOS) || os(watchOS) || os(visionOS)
32 | /// Localizable-accepting form of SwiftUI's `SliderTick.init(_:_:)`.
/Users/admin/builder/spi-builder-workspace/.build/checkouts/FOSUtilities/Sources/FOSMVVM/SwiftUI Support/Generated/SliderTick+Localizable.swift:30:29: error: 'where' clause cannot be applied to a non-generic top-level declaration
28 | @available(iOS 26.0, macOS 26.0, watchOS 26.0, visionOS 26.0, *)
29 | @available(tvOS, unavailable)
30 | public extension SliderTick where V: BinaryFloatingPoint {
| `- error: 'where' clause cannot be applied to a non-generic top-level declaration
31 | #if os(iOS) || os(macOS) || os(watchOS) || os(visionOS)
32 | /// Localizable-accepting form of SwiftUI's `SliderTick.init(_:_:)`.
/Users/admin/builder/spi-builder-workspace/.build/checkouts/FOSUtilities/Sources/FOSMVVM/SwiftUI Support/Generated/SliderTick+Localizable.swift:51:81: error: cannot find type 'V' in scope
49 | @available(iOS 26.0, macOS 26.0, watchOS 26.0, visionOS 26.0, *)
50 | @available(tvOS, unavailable)
51 | init(_ localizable: some Localizable, defaultValue: String? = nil, _ value: V) {
| `- error: cannot find type 'V' in scope
52 | self.init(localizable.defaultedLocalizedString(defaultValue: defaultValue), value)
53 | }
[829/959] Compiling FOSMVVM SliderTick+Localizable.swift
/Users/admin/builder/spi-builder-workspace/.build/checkouts/FOSUtilities/Sources/FOSMVVM/SwiftUI Support/Generated/SliderTick+Localizable.swift:30:18: error: cannot find type 'SliderTick' in scope
28 | @available(iOS 26.0, macOS 26.0, watchOS 26.0, visionOS 26.0, *)
29 | @available(tvOS, unavailable)
30 | public extension SliderTick where V: BinaryFloatingPoint {
| `- error: cannot find type 'SliderTick' in scope
31 | #if os(iOS) || os(macOS) || os(watchOS) || os(visionOS)
32 | /// Localizable-accepting form of SwiftUI's `SliderTick.init(_:_:)`.
/Users/admin/builder/spi-builder-workspace/.build/checkouts/FOSUtilities/Sources/FOSMVVM/SwiftUI Support/Generated/SliderTick+Localizable.swift:30:29: error: 'where' clause cannot be applied to a non-generic top-level declaration
28 | @available(iOS 26.0, macOS 26.0, watchOS 26.0, visionOS 26.0, *)
29 | @available(tvOS, unavailable)
30 | public extension SliderTick where V: BinaryFloatingPoint {
| `- error: 'where' clause cannot be applied to a non-generic top-level declaration
31 | #if os(iOS) || os(macOS) || os(watchOS) || os(visionOS)
32 | /// Localizable-accepting form of SwiftUI's `SliderTick.init(_:_:)`.
/Users/admin/builder/spi-builder-workspace/.build/checkouts/FOSUtilities/Sources/FOSMVVM/SwiftUI Support/Generated/SliderTick+Localizable.swift:51:81: error: cannot find type 'V' in scope
49 | @available(iOS 26.0, macOS 26.0, watchOS 26.0, visionOS 26.0, *)
50 | @available(tvOS, unavailable)
51 | init(_ localizable: some Localizable, defaultValue: String? = nil, _ value: V) {
| `- error: cannot find type 'V' in scope
52 | self.init(localizable.defaultedLocalizedString(defaultValue: defaultValue), value)
53 | }
[830/959] Compiling FOSMVVM Stepper+Localizable.swift
/Users/admin/builder/spi-builder-workspace/.build/checkouts/FOSUtilities/Sources/FOSMVVM/SwiftUI Support/Generated/SliderTick+Localizable.swift:30:18: error: cannot find type 'SliderTick' in scope
28 | @available(iOS 26.0, macOS 26.0, watchOS 26.0, visionOS 26.0, *)
29 | @available(tvOS, unavailable)
30 | public extension SliderTick where V: BinaryFloatingPoint {
| `- error: cannot find type 'SliderTick' in scope
31 | #if os(iOS) || os(macOS) || os(watchOS) || os(visionOS)
32 | /// Localizable-accepting form of SwiftUI's `SliderTick.init(_:_:)`.
/Users/admin/builder/spi-builder-workspace/.build/checkouts/FOSUtilities/Sources/FOSMVVM/SwiftUI Support/Generated/SliderTick+Localizable.swift:30:29: error: 'where' clause cannot be applied to a non-generic top-level declaration
28 | @available(iOS 26.0, macOS 26.0, watchOS 26.0, visionOS 26.0, *)
29 | @available(tvOS, unavailable)
30 | public extension SliderTick where V: BinaryFloatingPoint {
| `- error: 'where' clause cannot be applied to a non-generic top-level declaration
31 | #if os(iOS) || os(macOS) || os(watchOS) || os(visionOS)
32 | /// Localizable-accepting form of SwiftUI's `SliderTick.init(_:_:)`.
/Users/admin/builder/spi-builder-workspace/.build/checkouts/FOSUtilities/Sources/FOSMVVM/SwiftUI Support/Generated/SliderTick+Localizable.swift:51:81: error: cannot find type 'V' in scope
49 | @available(iOS 26.0, macOS 26.0, watchOS 26.0, visionOS 26.0, *)
50 | @available(tvOS, unavailable)
51 | init(_ localizable: some Localizable, defaultValue: String? = nil, _ value: V) {
| `- error: cannot find type 'V' in scope
52 | self.init(localizable.defaultedLocalizedString(defaultValue: defaultValue), value)
53 | }
[831/959] Compiling FOSMVVM Tab+Localizable.swift
/Users/admin/builder/spi-builder-workspace/.build/checkouts/FOSUtilities/Sources/FOSMVVM/SwiftUI Support/Generated/SliderTick+Localizable.swift:30:18: error: cannot find type 'SliderTick' in scope
28 | @available(iOS 26.0, macOS 26.0, watchOS 26.0, visionOS 26.0, *)
29 | @available(tvOS, unavailable)
30 | public extension SliderTick where V: BinaryFloatingPoint {
| `- error: cannot find type 'SliderTick' in scope
31 | #if os(iOS) || os(macOS) || os(watchOS) || os(visionOS)
32 | /// Localizable-accepting form of SwiftUI's `SliderTick.init(_:_:)`.
/Users/admin/builder/spi-builder-workspace/.build/checkouts/FOSUtilities/Sources/FOSMVVM/SwiftUI Support/Generated/SliderTick+Localizable.swift:30:29: error: 'where' clause cannot be applied to a non-generic top-level declaration
28 | @available(iOS 26.0, macOS 26.0, watchOS 26.0, visionOS 26.0, *)
29 | @available(tvOS, unavailable)
30 | public extension SliderTick where V: BinaryFloatingPoint {
| `- error: 'where' clause cannot be applied to a non-generic top-level declaration
31 | #if os(iOS) || os(macOS) || os(watchOS) || os(visionOS)
32 | /// Localizable-accepting form of SwiftUI's `SliderTick.init(_:_:)`.
/Users/admin/builder/spi-builder-workspace/.build/checkouts/FOSUtilities/Sources/FOSMVVM/SwiftUI Support/Generated/SliderTick+Localizable.swift:51:81: error: cannot find type 'V' in scope
49 | @available(iOS 26.0, macOS 26.0, watchOS 26.0, visionOS 26.0, *)
50 | @available(tvOS, unavailable)
51 | init(_ localizable: some Localizable, defaultValue: String? = nil, _ value: V) {
| `- error: cannot find type 'V' in scope
52 | self.init(localizable.defaultedLocalizedString(defaultValue: defaultValue), value)
53 | }
[832/959] Compiling FOSMVVM TabContent+Localizable.swift
/Users/admin/builder/spi-builder-workspace/.build/checkouts/FOSUtilities/Sources/FOSMVVM/SwiftUI Support/Generated/SliderTick+Localizable.swift:30:18: error: cannot find type 'SliderTick' in scope
28 | @available(iOS 26.0, macOS 26.0, watchOS 26.0, visionOS 26.0, *)
29 | @available(tvOS, unavailable)
30 | public extension SliderTick where V: BinaryFloatingPoint {
| `- error: cannot find type 'SliderTick' in scope
31 | #if os(iOS) || os(macOS) || os(watchOS) || os(visionOS)
32 | /// Localizable-accepting form of SwiftUI's `SliderTick.init(_:_:)`.
/Users/admin/builder/spi-builder-workspace/.build/checkouts/FOSUtilities/Sources/FOSMVVM/SwiftUI Support/Generated/SliderTick+Localizable.swift:30:29: error: 'where' clause cannot be applied to a non-generic top-level declaration
28 | @available(iOS 26.0, macOS 26.0, watchOS 26.0, visionOS 26.0, *)
29 | @available(tvOS, unavailable)
30 | public extension SliderTick where V: BinaryFloatingPoint {
| `- error: 'where' clause cannot be applied to a non-generic top-level declaration
31 | #if os(iOS) || os(macOS) || os(watchOS) || os(visionOS)
32 | /// Localizable-accepting form of SwiftUI's `SliderTick.init(_:_:)`.
/Users/admin/builder/spi-builder-workspace/.build/checkouts/FOSUtilities/Sources/FOSMVVM/SwiftUI Support/Generated/SliderTick+Localizable.swift:51:81: error: cannot find type 'V' in scope
49 | @available(iOS 26.0, macOS 26.0, watchOS 26.0, visionOS 26.0, *)
50 | @available(tvOS, unavailable)
51 | init(_ localizable: some Localizable, defaultValue: String? = nil, _ value: V) {
| `- error: cannot find type 'V' in scope
52 | self.init(localizable.defaultedLocalizedString(defaultValue: defaultValue), value)
53 | }
[833/959] Compiling FOSMVVM TabSection+Localizable.swift
/Users/admin/builder/spi-builder-workspace/.build/checkouts/FOSUtilities/Sources/FOSMVVM/SwiftUI Support/Generated/SliderTick+Localizable.swift:30:18: error: cannot find type 'SliderTick' in scope
28 | @available(iOS 26.0, macOS 26.0, watchOS 26.0, visionOS 26.0, *)
29 | @available(tvOS, unavailable)
30 | public extension SliderTick where V: BinaryFloatingPoint {
| `- error: cannot find type 'SliderTick' in scope
31 | #if os(iOS) || os(macOS) || os(watchOS) || os(visionOS)
32 | /// Localizable-accepting form of SwiftUI's `SliderTick.init(_:_:)`.
/Users/admin/builder/spi-builder-workspace/.build/checkouts/FOSUtilities/Sources/FOSMVVM/SwiftUI Support/Generated/SliderTick+Localizable.swift:30:29: error: 'where' clause cannot be applied to a non-generic top-level declaration
28 | @available(iOS 26.0, macOS 26.0, watchOS 26.0, visionOS 26.0, *)
29 | @available(tvOS, unavailable)
30 | public extension SliderTick where V: BinaryFloatingPoint {
| `- error: 'where' clause cannot be applied to a non-generic top-level declaration
31 | #if os(iOS) || os(macOS) || os(watchOS) || os(visionOS)
32 | /// Localizable-accepting form of SwiftUI's `SliderTick.init(_:_:)`.
/Users/admin/builder/spi-builder-workspace/.build/checkouts/FOSUtilities/Sources/FOSMVVM/SwiftUI Support/Generated/SliderTick+Localizable.swift:51:81: error: cannot find type 'V' in scope
49 | @available(iOS 26.0, macOS 26.0, watchOS 26.0, visionOS 26.0, *)
50 | @available(tvOS, unavailable)
51 | init(_ localizable: some Localizable, defaultValue: String? = nil, _ value: V) {
| `- error: cannot find type 'V' in scope
52 | self.init(localizable.defaultedLocalizedString(defaultValue: defaultValue), value)
53 | }
[834/959] Compiling FOSMVVM TableColumn+Localizable.swift
/Users/admin/builder/spi-builder-workspace/.build/checkouts/FOSUtilities/Sources/FOSMVVM/SwiftUI Support/Generated/SliderTick+Localizable.swift:30:18: error: cannot find type 'SliderTick' in scope
28 | @available(iOS 26.0, macOS 26.0, watchOS 26.0, visionOS 26.0, *)
29 | @available(tvOS, unavailable)
30 | public extension SliderTick where V: BinaryFloatingPoint {
| `- error: cannot find type 'SliderTick' in scope
31 | #if os(iOS) || os(macOS) || os(watchOS) || os(visionOS)
32 | /// Localizable-accepting form of SwiftUI's `SliderTick.init(_:_:)`.
/Users/admin/builder/spi-builder-workspace/.build/checkouts/FOSUtilities/Sources/FOSMVVM/SwiftUI Support/Generated/SliderTick+Localizable.swift:30:29: error: 'where' clause cannot be applied to a non-generic top-level declaration
28 | @available(iOS 26.0, macOS 26.0, watchOS 26.0, visionOS 26.0, *)
29 | @available(tvOS, unavailable)
30 | public extension SliderTick where V: BinaryFloatingPoint {
| `- error: 'where' clause cannot be applied to a non-generic top-level declaration
31 | #if os(iOS) || os(macOS) || os(watchOS) || os(visionOS)
32 | /// Localizable-accepting form of SwiftUI's `SliderTick.init(_:_:)`.
/Users/admin/builder/spi-builder-workspace/.build/checkouts/FOSUtilities/Sources/FOSMVVM/SwiftUI Support/Generated/SliderTick+Localizable.swift:51:81: error: cannot find type 'V' in scope
49 | @available(iOS 26.0, macOS 26.0, watchOS 26.0, visionOS 26.0, *)
50 | @available(tvOS, unavailable)
51 | init(_ localizable: some Localizable, defaultValue: String? = nil, _ value: V) {
| `- error: cannot find type 'V' in scope
52 | self.init(localizable.defaultedLocalizedString(defaultValue: defaultValue), value)
53 | }
[835/959] Compiling FOSMVVM Text+Localizable.swift
/Users/admin/builder/spi-builder-workspace/.build/checkouts/FOSUtilities/Sources/FOSMVVM/SwiftUI Support/Generated/SliderTick+Localizable.swift:30:18: error: cannot find type 'SliderTick' in scope
28 | @available(iOS 26.0, macOS 26.0, watchOS 26.0, visionOS 26.0, *)
29 | @available(tvOS, unavailable)
30 | public extension SliderTick where V: BinaryFloatingPoint {
| `- error: cannot find type 'SliderTick' in scope
31 | #if os(iOS) || os(macOS) || os(watchOS) || os(visionOS)
32 | /// Localizable-accepting form of SwiftUI's `SliderTick.init(_:_:)`.
/Users/admin/builder/spi-builder-workspace/.build/checkouts/FOSUtilities/Sources/FOSMVVM/SwiftUI Support/Generated/SliderTick+Localizable.swift:30:29: error: 'where' clause cannot be applied to a non-generic top-level declaration
28 | @available(iOS 26.0, macOS 26.0, watchOS 26.0, visionOS 26.0, *)
29 | @available(tvOS, unavailable)
30 | public extension SliderTick where V: BinaryFloatingPoint {
| `- error: 'where' clause cannot be applied to a non-generic top-level declaration
31 | #if os(iOS) || os(macOS) || os(watchOS) || os(visionOS)
32 | /// Localizable-accepting form of SwiftUI's `SliderTick.init(_:_:)`.
/Users/admin/builder/spi-builder-workspace/.build/checkouts/FOSUtilities/Sources/FOSMVVM/SwiftUI Support/Generated/SliderTick+Localizable.swift:51:81: error: cannot find type 'V' in scope
49 | @available(iOS 26.0, macOS 26.0, watchOS 26.0, visionOS 26.0, *)
50 | @available(tvOS, unavailable)
51 | init(_ localizable: some Localizable, defaultValue: String? = nil, _ value: V) {
| `- error: cannot find type 'V' in scope
52 | self.init(localizable.defaultedLocalizedString(defaultValue: defaultValue), value)
53 | }
[836/959] Compiling FOSMVVM TextField+Localizable.swift
/Users/admin/builder/spi-builder-workspace/.build/checkouts/FOSUtilities/Sources/FOSMVVM/SwiftUI Support/Generated/SliderTick+Localizable.swift:30:18: error: cannot find type 'SliderTick' in scope
28 | @available(iOS 26.0, macOS 26.0, watchOS 26.0, visionOS 26.0, *)
29 | @available(tvOS, unavailable)
30 | public extension SliderTick where V: BinaryFloatingPoint {
| `- error: cannot find type 'SliderTick' in scope
31 | #if os(iOS) || os(macOS) || os(watchOS) || os(visionOS)
32 | /// Localizable-accepting form of SwiftUI's `SliderTick.init(_:_:)`.
/Users/admin/builder/spi-builder-workspace/.build/checkouts/FOSUtilities/Sources/FOSMVVM/SwiftUI Support/Generated/SliderTick+Localizable.swift:30:29: error: 'where' clause cannot be applied to a non-generic top-level declaration
28 | @available(iOS 26.0, macOS 26.0, watchOS 26.0, visionOS 26.0, *)
29 | @available(tvOS, unavailable)
30 | public extension SliderTick where V: BinaryFloatingPoint {
| `- error: 'where' clause cannot be applied to a non-generic top-level declaration
31 | #if os(iOS) || os(macOS) || os(watchOS) || os(visionOS)
32 | /// Localizable-accepting form of SwiftUI's `SliderTick.init(_:_:)`.
/Users/admin/builder/spi-builder-workspace/.build/checkouts/FOSUtilities/Sources/FOSMVVM/SwiftUI Support/Generated/SliderTick+Localizable.swift:51:81: error: cannot find type 'V' in scope
49 | @available(iOS 26.0, macOS 26.0, watchOS 26.0, visionOS 26.0, *)
50 | @available(tvOS, unavailable)
51 | init(_ localizable: some Localizable, defaultValue: String? = nil, _ value: V) {
| `- error: cannot find type 'V' in scope
52 | self.init(localizable.defaultedLocalizedString(defaultValue: defaultValue), value)
53 | }
[837/959] Compiling FOSMVVM TextFieldLink+Localizable.swift
/Users/admin/builder/spi-builder-workspace/.build/checkouts/FOSUtilities/Sources/FOSMVVM/SwiftUI Support/Generated/SliderTick+Localizable.swift:30:18: error: cannot find type 'SliderTick' in scope
28 | @available(iOS 26.0, macOS 26.0, watchOS 26.0, visionOS 26.0, *)
29 | @available(tvOS, unavailable)
30 | public extension SliderTick where V: BinaryFloatingPoint {
| `- error: cannot find type 'SliderTick' in scope
31 | #if os(iOS) || os(macOS) || os(watchOS) || os(visionOS)
32 | /// Localizable-accepting form of SwiftUI's `SliderTick.init(_:_:)`.
/Users/admin/builder/spi-builder-workspace/.build/checkouts/FOSUtilities/Sources/FOSMVVM/SwiftUI Support/Generated/SliderTick+Localizable.swift:30:29: error: 'where' clause cannot be applied to a non-generic top-level declaration
28 | @available(iOS 26.0, macOS 26.0, watchOS 26.0, visionOS 26.0, *)
29 | @available(tvOS, unavailable)
30 | public extension SliderTick where V: BinaryFloatingPoint {
| `- error: 'where' clause cannot be applied to a non-generic top-level declaration
31 | #if os(iOS) || os(macOS) || os(watchOS) || os(visionOS)
32 | /// Localizable-accepting form of SwiftUI's `SliderTick.init(_:_:)`.
/Users/admin/builder/spi-builder-workspace/.build/checkouts/FOSUtilities/Sources/FOSMVVM/SwiftUI Support/Generated/SliderTick+Localizable.swift:51:81: error: cannot find type 'V' in scope
49 | @available(iOS 26.0, macOS 26.0, watchOS 26.0, visionOS 26.0, *)
50 | @available(tvOS, unavailable)
51 | init(_ localizable: some Localizable, defaultValue: String? = nil, _ value: V) {
| `- error: cannot find type 'V' in scope
52 | self.init(localizable.defaultedLocalizedString(defaultValue: defaultValue), value)
53 | }
[838/959] Compiling FOSMVVM Toggle+Localizable.swift
/Users/admin/builder/spi-builder-workspace/.build/checkouts/FOSUtilities/Sources/FOSMVVM/SwiftUI Support/Generated/SliderTick+Localizable.swift:30:18: error: cannot find type 'SliderTick' in scope
28 | @available(iOS 26.0, macOS 26.0, watchOS 26.0, visionOS 26.0, *)
29 | @available(tvOS, unavailable)
30 | public extension SliderTick where V: BinaryFloatingPoint {
| `- error: cannot find type 'SliderTick' in scope
31 | #if os(iOS) || os(macOS) || os(watchOS) || os(visionOS)
32 | /// Localizable-accepting form of SwiftUI's `SliderTick.init(_:_:)`.
/Users/admin/builder/spi-builder-workspace/.build/checkouts/FOSUtilities/Sources/FOSMVVM/SwiftUI Support/Generated/SliderTick+Localizable.swift:30:29: error: 'where' clause cannot be applied to a non-generic top-level declaration
28 | @available(iOS 26.0, macOS 26.0, watchOS 26.0, visionOS 26.0, *)
29 | @available(tvOS, unavailable)
30 | public extension SliderTick where V: BinaryFloatingPoint {
| `- error: 'where' clause cannot be applied to a non-generic top-level declaration
31 | #if os(iOS) || os(macOS) || os(watchOS) || os(visionOS)
32 | /// Localizable-accepting form of SwiftUI's `SliderTick.init(_:_:)`.
/Users/admin/builder/spi-builder-workspace/.build/checkouts/FOSUtilities/Sources/FOSMVVM/SwiftUI Support/Generated/SliderTick+Localizable.swift:51:81: error: cannot find type 'V' in scope
49 | @available(iOS 26.0, macOS 26.0, watchOS 26.0, visionOS 26.0, *)
50 | @available(tvOS, unavailable)
51 | init(_ localizable: some Localizable, defaultValue: String? = nil, _ value: V) {
| `- error: cannot find type 'V' in scope
52 | self.init(localizable.defaultedLocalizedString(defaultValue: defaultValue), value)
53 | }
[839/959] Compiling FOSMVVM UtilityWindow+Localizable.swift
/Users/admin/builder/spi-builder-workspace/.build/checkouts/FOSUtilities/Sources/FOSMVVM/SwiftUI Support/Generated/SliderTick+Localizable.swift:30:18: error: cannot find type 'SliderTick' in scope
28 | @available(iOS 26.0, macOS 26.0, watchOS 26.0, visionOS 26.0, *)
29 | @available(tvOS, unavailable)
30 | public extension SliderTick where V: BinaryFloatingPoint {
| `- error: cannot find type 'SliderTick' in scope
31 | #if os(iOS) || os(macOS) || os(watchOS) || os(visionOS)
32 | /// Localizable-accepting form of SwiftUI's `SliderTick.init(_:_:)`.
/Users/admin/builder/spi-builder-workspace/.build/checkouts/FOSUtilities/Sources/FOSMVVM/SwiftUI Support/Generated/SliderTick+Localizable.swift:30:29: error: 'where' clause cannot be applied to a non-generic top-level declaration
28 | @available(iOS 26.0, macOS 26.0, watchOS 26.0, visionOS 26.0, *)
29 | @available(tvOS, unavailable)
30 | public extension SliderTick where V: BinaryFloatingPoint {
| `- error: 'where' clause cannot be applied to a non-generic top-level declaration
31 | #if os(iOS) || os(macOS) || os(watchOS) || os(visionOS)
32 | /// Localizable-accepting form of SwiftUI's `SliderTick.init(_:_:)`.
/Users/admin/builder/spi-builder-workspace/.build/checkouts/FOSUtilities/Sources/FOSMVVM/SwiftUI Support/Generated/SliderTick+Localizable.swift:51:81: error: cannot find type 'V' in scope
49 | @available(iOS 26.0, macOS 26.0, watchOS 26.0, visionOS 26.0, *)
50 | @available(tvOS, unavailable)
51 | init(_ localizable: some Localizable, defaultValue: String? = nil, _ value: V) {
| `- error: cannot find type 'V' in scope
52 | self.init(localizable.defaultedLocalizedString(defaultValue: defaultValue), value)
53 | }
[840/973] Compiling FOSMVVM ModelOperation.swift
[841/973] Compiling FOSMVVM PaginatedQuery.swift
[842/973] Compiling FOSMVVM ProjectionContext.swift
[843/973] Compiling FOSMVVM ReplaceRequest.swift
[844/973] Compiling FOSMVVM RequestableViewModel.swift
[845/973] Compiling FOSMVVM ResettableModel.swift
[846/973] Compiling FOSMVVM ResponseBodyFactory.swift
[847/973] Compiling FOSMVVM RetrievablePropertyNames.swift
[848/973] Compiling FOSMVVM RootScope.swift
[849/973] Compiling FOSMVVM ScopedQuery.swift
[850/973] Compiling FOSMVVM ServerRequest+Fetch.swift
[851/973] Compiling FOSMVVM ServerRequest.swift
[852/973] Compiling FOSMVVM ServerRequestSort.swift
[853/973] Compiling FOSMVVM ShowRequest.swift
[854/973] Compiling FOSMVVM TargetedQuery.swift
[855/973] Compiling FOSMVVM DocumentGroupLaunchScene+Localizable.swift
/Users/admin/builder/spi-builder-workspace/.build/checkouts/FOSUtilities/Sources/FOSMVVM/SwiftUI Support/Generated/ModifiedContent+Localizable.swift:186:9: error: instance method 'accessibilityScrollStatus(_:defaultValue:isEnabled:)' requires that 'Text' conform to 'Localizable'
183 | /// - defaultValue: Fallback text used if localization did not complete.
184 | @available(iOS 26.0, macOS 26.0, tvOS 26.0, watchOS 26.0, visionOS 26.0, *)
185 | nonisolated func accessibilityScrollStatus(_ localizable: some Localizable, defaultValue: String? = nil, isEnabled: Bool = true) -> ModifiedContent<Content, Modifier> {
| `- note: where 'some Localizable' = 'Text'
186 | accessibilityScrollStatus(Text(verbatim: localizable.defaultedLocalizedString(defaultValue: defaultValue)), isEnabled: isEnabled)
| `- error: instance method 'accessibilityScrollStatus(_:defaultValue:isEnabled:)' requires that 'Text' conform to 'Localizable'
187 | }
188 | }
[856/973] Compiling FOSMVVM DocumentLaunchView+Localizable.swift
/Users/admin/builder/spi-builder-workspace/.build/checkouts/FOSUtilities/Sources/FOSMVVM/SwiftUI Support/Generated/ModifiedContent+Localizable.swift:186:9: error: instance method 'accessibilityScrollStatus(_:defaultValue:isEnabled:)' requires that 'Text' conform to 'Localizable'
183 | /// - defaultValue: Fallback text used if localization did not complete.
184 | @available(iOS 26.0, macOS 26.0, tvOS 26.0, watchOS 26.0, visionOS 26.0, *)
185 | nonisolated func accessibilityScrollStatus(_ localizable: some Localizable, defaultValue: String? = nil, isEnabled: Bool = true) -> ModifiedContent<Content, Modifier> {
| `- note: where 'some Localizable' = 'Text'
186 | accessibilityScrollStatus(Text(verbatim: localizable.defaultedLocalizedString(defaultValue: defaultValue)), isEnabled: isEnabled)
| `- error: instance method 'accessibilityScrollStatus(_:defaultValue:isEnabled:)' requires that 'Text' conform to 'Localizable'
187 | }
188 | }
[857/973] Compiling FOSMVVM GroupBox+Localizable.swift
/Users/admin/builder/spi-builder-workspace/.build/checkouts/FOSUtilities/Sources/FOSMVVM/SwiftUI Support/Generated/ModifiedContent+Localizable.swift:186:9: error: instance method 'accessibilityScrollStatus(_:defaultValue:isEnabled:)' requires that 'Text' conform to 'Localizable'
183 | /// - defaultValue: Fallback text used if localization did not complete.
184 | @available(iOS 26.0, macOS 26.0, tvOS 26.0, watchOS 26.0, visionOS 26.0, *)
185 | nonisolated func accessibilityScrollStatus(_ localizable: some Localizable, defaultValue: String? = nil, isEnabled: Bool = true) -> ModifiedContent<Content, Modifier> {
| `- note: where 'some Localizable' = 'Text'
186 | accessibilityScrollStatus(Text(verbatim: localizable.defaultedLocalizedString(defaultValue: defaultValue)), isEnabled: isEnabled)
| `- error: instance method 'accessibilityScrollStatus(_:defaultValue:isEnabled:)' requires that 'Text' conform to 'Localizable'
187 | }
188 | }
[858/973] Compiling FOSMVVM Label+Localizable.swift
/Users/admin/builder/spi-builder-workspace/.build/checkouts/FOSUtilities/Sources/FOSMVVM/SwiftUI Support/Generated/ModifiedContent+Localizable.swift:186:9: error: instance method 'accessibilityScrollStatus(_:defaultValue:isEnabled:)' requires that 'Text' conform to 'Localizable'
183 | /// - defaultValue: Fallback text used if localization did not complete.
184 | @available(iOS 26.0, macOS 26.0, tvOS 26.0, watchOS 26.0, visionOS 26.0, *)
185 | nonisolated func accessibilityScrollStatus(_ localizable: some Localizable, defaultValue: String? = nil, isEnabled: Bool = true) -> ModifiedContent<Content, Modifier> {
| `- note: where 'some Localizable' = 'Text'
186 | accessibilityScrollStatus(Text(verbatim: localizable.defaultedLocalizedString(defaultValue: defaultValue)), isEnabled: isEnabled)
| `- error: instance method 'accessibilityScrollStatus(_:defaultValue:isEnabled:)' requires that 'Text' conform to 'Localizable'
187 | }
188 | }
[859/973] Compiling FOSMVVM LabeledContent+Localizable.swift
/Users/admin/builder/spi-builder-workspace/.build/checkouts/FOSUtilities/Sources/FOSMVVM/SwiftUI Support/Generated/ModifiedContent+Localizable.swift:186:9: error: instance method 'accessibilityScrollStatus(_:defaultValue:isEnabled:)' requires that 'Text' conform to 'Localizable'
183 | /// - defaultValue: Fallback text used if localization did not complete.
184 | @available(iOS 26.0, macOS 26.0, tvOS 26.0, watchOS 26.0, visionOS 26.0, *)
185 | nonisolated func accessibilityScrollStatus(_ localizable: some Localizable, defaultValue: String? = nil, isEnabled: Bool = true) -> ModifiedContent<Content, Modifier> {
| `- note: where 'some Localizable' = 'Text'
186 | accessibilityScrollStatus(Text(verbatim: localizable.defaultedLocalizedString(defaultValue: defaultValue)), isEnabled: isEnabled)
| `- error: instance method 'accessibilityScrollStatus(_:defaultValue:isEnabled:)' requires that 'Text' conform to 'Localizable'
187 | }
188 | }
[860/973] Compiling FOSMVVM Link+Localizable.swift
/Users/admin/builder/spi-builder-workspace/.build/checkouts/FOSUtilities/Sources/FOSMVVM/SwiftUI Support/Generated/ModifiedContent+Localizable.swift:186:9: error: instance method 'accessibilityScrollStatus(_:defaultValue:isEnabled:)' requires that 'Text' conform to 'Localizable'
183 | /// - defaultValue: Fallback text used if localization did not complete.
184 | @available(iOS 26.0, macOS 26.0, tvOS 26.0, watchOS 26.0, visionOS 26.0, *)
185 | nonisolated func accessibilityScrollStatus(_ localizable: some Localizable, defaultValue: String? = nil, isEnabled: Bool = true) -> ModifiedContent<Content, Modifier> {
| `- note: where 'some Localizable' = 'Text'
186 | accessibilityScrollStatus(Text(verbatim: localizable.defaultedLocalizedString(defaultValue: defaultValue)), isEnabled: isEnabled)
| `- error: instance method 'accessibilityScrollStatus(_:defaultValue:isEnabled:)' requires that 'Text' conform to 'Localizable'
187 | }
188 | }
[861/973] Compiling FOSMVVM Menu+Localizable.swift
/Users/admin/builder/spi-builder-workspace/.build/checkouts/FOSUtilities/Sources/FOSMVVM/SwiftUI Support/Generated/ModifiedContent+Localizable.swift:186:9: error: instance method 'accessibilityScrollStatus(_:defaultValue:isEnabled:)' requires that 'Text' conform to 'Localizable'
183 | /// - defaultValue: Fallback text used if localization did not complete.
184 | @available(iOS 26.0, macOS 26.0, tvOS 26.0, watchOS 26.0, visionOS 26.0, *)
185 | nonisolated func accessibilityScrollStatus(_ localizable: some Localizable, defaultValue: String? = nil, isEnabled: Bool = true) -> ModifiedContent<Content, Modifier> {
| `- note: where 'some Localizable' = 'Text'
186 | accessibilityScrollStatus(Text(verbatim: localizable.defaultedLocalizedString(defaultValue: defaultValue)), isEnabled: isEnabled)
| `- error: instance method 'accessibilityScrollStatus(_:defaultValue:isEnabled:)' requires that 'Text' conform to 'Localizable'
187 | }
188 | }
[862/973] Compiling FOSMVVM MenuBarExtra+Localizable.swift
/Users/admin/builder/spi-builder-workspace/.build/checkouts/FOSUtilities/Sources/FOSMVVM/SwiftUI Support/Generated/ModifiedContent+Localizable.swift:186:9: error: instance method 'accessibilityScrollStatus(_:defaultValue:isEnabled:)' requires that 'Text' conform to 'Localizable'
183 | /// - defaultValue: Fallback text used if localization did not complete.
184 | @available(iOS 26.0, macOS 26.0, tvOS 26.0, watchOS 26.0, visionOS 26.0, *)
185 | nonisolated func accessibilityScrollStatus(_ localizable: some Localizable, defaultValue: String? = nil, isEnabled: Bool = true) -> ModifiedContent<Content, Modifier> {
| `- note: where 'some Localizable' = 'Text'
186 | accessibilityScrollStatus(Text(verbatim: localizable.defaultedLocalizedString(defaultValue: defaultValue)), isEnabled: isEnabled)
| `- error: instance method 'accessibilityScrollStatus(_:defaultValue:isEnabled:)' requires that 'Text' conform to 'Localizable'
187 | }
188 | }
[863/973] Compiling FOSMVVM ModifiedContent+Localizable.swift
/Users/admin/builder/spi-builder-workspace/.build/checkouts/FOSUtilities/Sources/FOSMVVM/SwiftUI Support/Generated/ModifiedContent+Localizable.swift:186:9: error: instance method 'accessibilityScrollStatus(_:defaultValue:isEnabled:)' requires that 'Text' conform to 'Localizable'
183 | /// - defaultValue: Fallback text used if localization did not complete.
184 | @available(iOS 26.0, macOS 26.0, tvOS 26.0, watchOS 26.0, visionOS 26.0, *)
185 | nonisolated func accessibilityScrollStatus(_ localizable: some Localizable, defaultValue: String? = nil, isEnabled: Bool = true) -> ModifiedContent<Content, Modifier> {
| `- note: where 'some Localizable' = 'Text'
186 | accessibilityScrollStatus(Text(verbatim: localizable.defaultedLocalizedString(defaultValue: defaultValue)), isEnabled: isEnabled)
| `- error: instance method 'accessibilityScrollStatus(_:defaultValue:isEnabled:)' requires that 'Text' conform to 'Localizable'
187 | }
188 | }
[864/973] Compiling FOSMVVM MultiDatePicker+Localizable.swift
/Users/admin/builder/spi-builder-workspace/.build/checkouts/FOSUtilities/Sources/FOSMVVM/SwiftUI Support/Generated/ModifiedContent+Localizable.swift:186:9: error: instance method 'accessibilityScrollStatus(_:defaultValue:isEnabled:)' requires that 'Text' conform to 'Localizable'
183 | /// - defaultValue: Fallback text used if localization did not complete.
184 | @available(iOS 26.0, macOS 26.0, tvOS 26.0, watchOS 26.0, visionOS 26.0, *)
185 | nonisolated func accessibilityScrollStatus(_ localizable: some Localizable, defaultValue: String? = nil, isEnabled: Bool = true) -> ModifiedContent<Content, Modifier> {
| `- note: where 'some Localizable' = 'Text'
186 | accessibilityScrollStatus(Text(verbatim: localizable.defaultedLocalizedString(defaultValue: defaultValue)), isEnabled: isEnabled)
| `- error: instance method 'accessibilityScrollStatus(_:defaultValue:isEnabled:)' requires that 'Text' conform to 'Localizable'
187 | }
188 | }
[865/973] Compiling FOSMVVM NavigationLink+Localizable.swift
/Users/admin/builder/spi-builder-workspace/.build/checkouts/FOSUtilities/Sources/FOSMVVM/SwiftUI Support/Generated/ModifiedContent+Localizable.swift:186:9: error: instance method 'accessibilityScrollStatus(_:defaultValue:isEnabled:)' requires that 'Text' conform to 'Localizable'
183 | /// - defaultValue: Fallback text used if localization did not complete.
184 | @available(iOS 26.0, macOS 26.0, tvOS 26.0, watchOS 26.0, visionOS 26.0, *)
185 | nonisolated func accessibilityScrollStatus(_ localizable: some Localizable, defaultValue: String? = nil, isEnabled: Bool = true) -> ModifiedContent<Content, Modifier> {
| `- note: where 'some Localizable' = 'Text'
186 | accessibilityScrollStatus(Text(verbatim: localizable.defaultedLocalizedString(defaultValue: defaultValue)), isEnabled: isEnabled)
| `- error: instance method 'accessibilityScrollStatus(_:defaultValue:isEnabled:)' requires that 'Text' conform to 'Localizable'
187 | }
188 | }
[866/973] Compiling FOSMVVM NewDocumentButton+Localizable.swift
/Users/admin/builder/spi-builder-workspace/.build/checkouts/FOSUtilities/Sources/FOSMVVM/SwiftUI Support/Generated/ModifiedContent+Localizable.swift:186:9: error: instance method 'accessibilityScrollStatus(_:defaultValue:isEnabled:)' requires that 'Text' conform to 'Localizable'
183 | /// - defaultValue: Fallback text used if localization did not complete.
184 | @available(iOS 26.0, macOS 26.0, tvOS 26.0, watchOS 26.0, visionOS 26.0, *)
185 | nonisolated func accessibilityScrollStatus(_ localizable: some Localizable, defaultValue: String? = nil, isEnabled: Bool = true) -> ModifiedContent<Content, Modifier> {
| `- note: where 'some Localizable' = 'Text'
186 | accessibilityScrollStatus(Text(verbatim: localizable.defaultedLocalizedString(defaultValue: defaultValue)), isEnabled: isEnabled)
| `- error: instance method 'accessibilityScrollStatus(_:defaultValue:isEnabled:)' requires that 'Text' conform to 'Localizable'
187 | }
188 | }
[867/973] Compiling FOSMVVM Picker+Localizable.swift
/Users/admin/builder/spi-builder-workspace/.build/checkouts/FOSUtilities/Sources/FOSMVVM/SwiftUI Support/Generated/ModifiedContent+Localizable.swift:186:9: error: instance method 'accessibilityScrollStatus(_:defaultValue:isEnabled:)' requires that 'Text' conform to 'Localizable'
183 | /// - defaultValue: Fallback text used if localization did not complete.
184 | @available(iOS 26.0, macOS 26.0, tvOS 26.0, watchOS 26.0, visionOS 26.0, *)
185 | nonisolated func accessibilityScrollStatus(_ localizable: some Localizable, defaultValue: String? = nil, isEnabled: Bool = true) -> ModifiedContent<Content, Modifier> {
| `- note: where 'some Localizable' = 'Text'
186 | accessibilityScrollStatus(Text(verbatim: localizable.defaultedLocalizedString(defaultValue: defaultValue)), isEnabled: isEnabled)
| `- error: instance method 'accessibilityScrollStatus(_:defaultValue:isEnabled:)' requires that 'Text' conform to 'Localizable'
187 | }
188 | }
[868/973] Compiling FOSMVVM ProgressView+Localizable.swift
/Users/admin/builder/spi-builder-workspace/.build/checkouts/FOSUtilities/Sources/FOSMVVM/SwiftUI Support/Generated/ModifiedContent+Localizable.swift:186:9: error: instance method 'accessibilityScrollStatus(_:defaultValue:isEnabled:)' requires that 'Text' conform to 'Localizable'
183 | /// - defaultValue: Fallback text used if localization did not complete.
184 | @available(iOS 26.0, macOS 26.0, tvOS 26.0, watchOS 26.0, visionOS 26.0, *)
185 | nonisolated func accessibilityScrollStatus(_ localizable: some Localizable, defaultValue: String? = nil, isEnabled: Bool = true) -> ModifiedContent<Content, Modifier> {
| `- note: where 'some Localizable' = 'Text'
186 | accessibilityScrollStatus(Text(verbatim: localizable.defaultedLocalizedString(defaultValue: defaultValue)), isEnabled: isEnabled)
| `- error: instance method 'accessibilityScrollStatus(_:defaultValue:isEnabled:)' requires that 'Text' conform to 'Localizable'
187 | }
188 | }
[869/973] Compiling FOSMVVM Scene+Localizable.swift
/Users/admin/builder/spi-builder-workspace/.build/checkouts/FOSUtilities/Sources/FOSMVVM/SwiftUI Support/Generated/ModifiedContent+Localizable.swift:186:9: error: instance method 'accessibilityScrollStatus(_:defaultValue:isEnabled:)' requires that 'Text' conform to 'Localizable'
183 | /// - defaultValue: Fallback text used if localization did not complete.
184 | @available(iOS 26.0, macOS 26.0, tvOS 26.0, watchOS 26.0, visionOS 26.0, *)
185 | nonisolated func accessibilityScrollStatus(_ localizable: some Localizable, defaultValue: String? = nil, isEnabled: Bool = true) -> ModifiedContent<Content, Modifier> {
| `- note: where 'some Localizable' = 'Text'
186 | accessibilityScrollStatus(Text(verbatim: localizable.defaultedLocalizedString(defaultValue: defaultValue)), isEnabled: isEnabled)
| `- error: instance method 'accessibilityScrollStatus(_:defaultValue:isEnabled:)' requires that 'Text' conform to 'Localizable'
187 | }
188 | }
[870/973] Compiling FOSMVVM UpdateRequest.swift
[871/973] Compiling FOSMVVM ValidatableModel.swift
[872/973] Compiling FOSMVVM ValidatableViewModelRequest.swift
[873/973] Compiling FOSMVVM ViewModel.swift
[874/973] Compiling FOSMVVM ViewModelFactory.swift
[875/973] Compiling FOSMVVM ViewModelId.swift
[876/973] Compiling FOSMVVM ViewModelOperations.swift
[877/973] Compiling FOSMVVM ViewModelRequest.swift
[878/973] Compiling FOSMVVM WireError.swift
[879/973] Compiling FOSMVVM PushEnvironment.swift
[880/973] Compiling FOSMVVM PushRegistration.swift
[881/973] Compiling FOSMVVM RecordLoadPlan.swift
[882/973] Compiling FOSMVVM AsyncButtonActivity.swift
[883/973] Compiling FOSMVVM ErrorAlert.swift
[884/973] Compiling FOSMVVM FieldValidationsView.swift
[885/973] Compiling FOSMVVM ContainerOperation.swift
[886/973] Compiling FOSMVVM ContainmentScope.swift
[887/973] Compiling FOSMVVM CreateRequest.swift
[888/973] Compiling FOSMVVM CredentialChallenge.swift
[889/973] Compiling FOSMVVM CredentialRejectedError.swift
[890/973] Compiling FOSMVVM DestroyRequest.swift
[891/973] Compiling FOSMVVM InvalidationChannel.swift
[892/973] Compiling FOSMVVM LiveViewModel.swift
[893/973] Compiling FOSMVVM LoadingPlan.swift
[894/973] Compiling FOSMVVM LocalizableError.swift
[895/973] Compiling FOSMVVM Model.swift
[896/973] Compiling FOSMVVM ModelAuthorization.swift
[897/973] Compiling FOSMVVM ModelIdentifiedViewModel.swift
[898/973] Compiling FOSMVVM ModelIdentity.swift
[899/973] Compiling FOSMVVM ModelNamespace.swift
[900/973] Compiling FOSMVVM LocalizableString.swift
[901/973] Compiling FOSMVVM LocalizableSubstitutions.swift
[902/973] Compiling FOSMVVM LocalizableValue.swift
[903/973] Compiling FOSMVVM LocalizationStore.swift
[904/973] Compiling FOSMVVM LocalizedArrayProperty.swift
[905/973] Compiling FOSMVVM LocalizedProperty.swift
[906/973] Compiling FOSMVVM Localizer.swift
[907/973] Compiling FOSMVVM YamlLocalizationStore.swift
[908/973] Compiling FOSMVVM Macros.swift
[909/973] Compiling FOSMVVM ArchiveRequest.swift
[910/973] Compiling FOSMVVM AuthorityFlow.swift
[911/973] Compiling FOSMVVM ClientCredentialProvider.swift
[912/973] Compiling FOSMVVM ComposableFactory.swift
[913/973] Compiling FOSMVVM ComposedChild.swift
[914/973] Compiling FOSMVVM Container.swift
[915/973] Compiling FOSMVVM FormFieldView.swift
[916/973] Compiling FOSMVVM FormValidationsView.swift
[917/973] Compiling FOSMVVM FreshnessGate.swift
[918/973] Compiling FOSMVVM AccessibilityActionCategory+Localizable.swift
[919/973] Compiling FOSMVVM AccessibilityCustomContentKey+Localizable.swift
[920/973] Compiling FOSMVVM AccessibilityRotorEntry+Localizable.swift
[921/973] Compiling FOSMVVM AlertScene+Localizable.swift
[922/973] Compiling FOSMVVM Button+AsyncAction.swift
[923/973] Compiling FOSMVVM Button+Localizable.swift
[924/973] Compiling FOSMVVM ColorPicker+Localizable.swift
[925/973] Compiling FOSMVVM CommandMenu+Localizable.swift
[926/973] Compiling FOSMVVM ContentUnavailableView+Localizable.swift
[927/973] Compiling FOSMVVM ControlGroup+Localizable.swift
[928/973] Compiling FOSMVVM DatePicker+Localizable.swift
[929/973] Compiling FOSMVVM DisclosureGroup+Localizable.swift
[930/973] Compiling FOSMVVM View+Localizable.swift
/Users/admin/builder/spi-builder-workspace/.build/checkouts/FOSUtilities/Sources/FOSMVVM/SwiftUI Support/Generated/View+Localizable.swift:395:9: error: instance method 'accessibilityScrollStatus(_:defaultValue:isEnabled:)' requires that 'Text' conform to 'Localizable'
392 | /// - defaultValue: Fallback text used if localization did not complete.
393 | @available(iOS 26.0, macOS 26.0, tvOS 26.0, watchOS 26.0, visionOS 26.0, *)
394 | nonisolated func accessibilityScrollStatus(_ localizable: some Localizable, defaultValue: String? = nil, isEnabled: Bool = true) -> ModifiedContent<Self, AccessibilityAttachmentModifier> {
| `- note: where 'some Localizable' = 'Text'
395 | accessibilityScrollStatus(Text(verbatim: localizable.defaultedLocalizedString(defaultValue: defaultValue)), isEnabled: isEnabled)
| `- error: instance method 'accessibilityScrollStatus(_:defaultValue:isEnabled:)' requires that 'Text' conform to 'Localizable'
396 | }
397 |
[931/973] Compiling FOSMVVM Window+Localizable.swift
/Users/admin/builder/spi-builder-workspace/.build/checkouts/FOSUtilities/Sources/FOSMVVM/SwiftUI Support/Generated/View+Localizable.swift:395:9: error: instance method 'accessibilityScrollStatus(_:defaultValue:isEnabled:)' requires that 'Text' conform to 'Localizable'
392 | /// - defaultValue: Fallback text used if localization did not complete.
393 | @available(iOS 26.0, macOS 26.0, tvOS 26.0, watchOS 26.0, visionOS 26.0, *)
394 | nonisolated func accessibilityScrollStatus(_ localizable: some Localizable, defaultValue: String? = nil, isEnabled: Bool = true) -> ModifiedContent<Self, AccessibilityAttachmentModifier> {
| `- note: where 'some Localizable' = 'Text'
395 | accessibilityScrollStatus(Text(verbatim: localizable.defaultedLocalizedString(defaultValue: defaultValue)), isEnabled: isEnabled)
| `- error: instance method 'accessibilityScrollStatus(_:defaultValue:isEnabled:)' requires that 'Text' conform to 'Localizable'
396 | }
397 |
[932/973] Compiling FOSMVVM WindowGroup+Localizable.swift
/Users/admin/builder/spi-builder-workspace/.build/checkouts/FOSUtilities/Sources/FOSMVVM/SwiftUI Support/Generated/View+Localizable.swift:395:9: error: instance method 'accessibilityScrollStatus(_:defaultValue:isEnabled:)' requires that 'Text' conform to 'Localizable'
392 | /// - defaultValue: Fallback text used if localization did not complete.
393 | @available(iOS 26.0, macOS 26.0, tvOS 26.0, watchOS 26.0, visionOS 26.0, *)
394 | nonisolated func accessibilityScrollStatus(_ localizable: some Localizable, defaultValue: String? = nil, isEnabled: Bool = true) -> ModifiedContent<Self, AccessibilityAttachmentModifier> {
| `- note: where 'some Localizable' = 'Text'
395 | accessibilityScrollStatus(Text(verbatim: localizable.defaultedLocalizedString(defaultValue: defaultValue)), isEnabled: isEnabled)
| `- error: instance method 'accessibilityScrollStatus(_:defaultValue:isEnabled:)' requires that 'Text' conform to 'Localizable'
396 | }
397 |
[933/973] Compiling FOSMVVM InvalidationDispatcher.swift
/Users/admin/builder/spi-builder-workspace/.build/checkouts/FOSUtilities/Sources/FOSMVVM/SwiftUI Support/Generated/View+Localizable.swift:395:9: error: instance method 'accessibilityScrollStatus(_:defaultValue:isEnabled:)' requires that 'Text' conform to 'Localizable'
392 | /// - defaultValue: Fallback text used if localization did not complete.
393 | @available(iOS 26.0, macOS 26.0, tvOS 26.0, watchOS 26.0, visionOS 26.0, *)
394 | nonisolated func accessibilityScrollStatus(_ localizable: some Localizable, defaultValue: String? = nil, isEnabled: Bool = true) -> ModifiedContent<Self, AccessibilityAttachmentModifier> {
| `- note: where 'some Localizable' = 'Text'
395 | accessibilityScrollStatus(Text(verbatim: localizable.defaultedLocalizedString(defaultValue: defaultValue)), isEnabled: isEnabled)
| `- error: instance method 'accessibilityScrollStatus(_:defaultValue:isEnabled:)' requires that 'Text' conform to 'Localizable'
396 | }
397 |
[934/973] Compiling FOSMVVM LiveRegistrationCoordinator.swift
/Users/admin/builder/spi-builder-workspace/.build/checkouts/FOSUtilities/Sources/FOSMVVM/SwiftUI Support/Generated/View+Localizable.swift:395:9: error: instance method 'accessibilityScrollStatus(_:defaultValue:isEnabled:)' requires that 'Text' conform to 'Localizable'
392 | /// - defaultValue: Fallback text used if localization did not complete.
393 | @available(iOS 26.0, macOS 26.0, tvOS 26.0, watchOS 26.0, visionOS 26.0, *)
394 | nonisolated func accessibilityScrollStatus(_ localizable: some Localizable, defaultValue: String? = nil, isEnabled: Bool = true) -> ModifiedContent<Self, AccessibilityAttachmentModifier> {
| `- note: where 'some Localizable' = 'Text'
395 | accessibilityScrollStatus(Text(verbatim: localizable.defaultedLocalizedString(defaultValue: defaultValue)), isEnabled: isEnabled)
| `- error: instance method 'accessibilityScrollStatus(_:defaultValue:isEnabled:)' requires that 'Text' conform to 'Localizable'
396 | }
397 |
[935/973] Compiling FOSMVVM LocalizableViews.swift
/Users/admin/builder/spi-builder-workspace/.build/checkouts/FOSUtilities/Sources/FOSMVVM/SwiftUI Support/Generated/View+Localizable.swift:395:9: error: instance method 'accessibilityScrollStatus(_:defaultValue:isEnabled:)' requires that 'Text' conform to 'Localizable'
392 | /// - defaultValue: Fallback text used if localization did not complete.
393 | @available(iOS 26.0, macOS 26.0, tvOS 26.0, watchOS 26.0, visionOS 26.0, *)
394 | nonisolated func accessibilityScrollStatus(_ localizable: some Localizable, defaultValue: String? = nil, isEnabled: Bool = true) -> ModifiedContent<Self, AccessibilityAttachmentModifier> {
| `- note: where 'some Localizable' = 'Text'
395 | accessibilityScrollStatus(Text(verbatim: localizable.defaultedLocalizedString(defaultValue: defaultValue)), isEnabled: isEnabled)
| `- error: instance method 'accessibilityScrollStatus(_:defaultValue:isEnabled:)' requires that 'Text' conform to 'Localizable'
396 | }
397 |
[936/973] Compiling FOSMVVM MVVMEnvironment.swift
/Users/admin/builder/spi-builder-workspace/.build/checkouts/FOSUtilities/Sources/FOSMVVM/SwiftUI Support/Generated/View+Localizable.swift:395:9: error: instance method 'accessibilityScrollStatus(_:defaultValue:isEnabled:)' requires that 'Text' conform to 'Localizable'
392 | /// - defaultValue: Fallback text used if localization did not complete.
393 | @available(iOS 26.0, macOS 26.0, tvOS 26.0, watchOS 26.0, visionOS 26.0, *)
394 | nonisolated func accessibilityScrollStatus(_ localizable: some Localizable, defaultValue: String? = nil, isEnabled: Bool = true) -> ModifiedContent<Self, AccessibilityAttachmentModifier> {
| `- note: where 'some Localizable' = 'Text'
395 | accessibilityScrollStatus(Text(verbatim: localizable.defaultedLocalizedString(defaultValue: defaultValue)), isEnabled: isEnabled)
| `- error: instance method 'accessibilityScrollStatus(_:defaultValue:isEnabled:)' requires that 'Text' conform to 'Localizable'
396 | }
397 |
[937/973] Compiling FOSMVVM MissingEnvironmentDiagnostic.swift
/Users/admin/builder/spi-builder-workspace/.build/checkouts/FOSUtilities/Sources/FOSMVVM/SwiftUI Support/Generated/View+Localizable.swift:395:9: error: instance method 'accessibilityScrollStatus(_:defaultValue:isEnabled:)' requires that 'Text' conform to 'Localizable'
392 | /// - defaultValue: Fallback text used if localization did not complete.
393 | @available(iOS 26.0, macOS 26.0, tvOS 26.0, watchOS 26.0, visionOS 26.0, *)
394 | nonisolated func accessibilityScrollStatus(_ localizable: some Localizable, defaultValue: String? = nil, isEnabled: Bool = true) -> ModifiedContent<Self, AccessibilityAttachmentModifier> {
| `- note: where 'some Localizable' = 'Text'
395 | accessibilityScrollStatus(Text(verbatim: localizable.defaultedLocalizedString(defaultValue: defaultValue)), isEnabled: isEnabled)
| `- error: instance method 'accessibilityScrollStatus(_:defaultValue:isEnabled:)' requires that 'Text' conform to 'Localizable'
396 | }
397 |
[938/973] Compiling FOSMVVM OperationBus.swift
/Users/admin/builder/spi-builder-workspace/.build/checkouts/FOSUtilities/Sources/FOSMVVM/SwiftUI Support/Generated/View+Localizable.swift:395:9: error: instance method 'accessibilityScrollStatus(_:defaultValue:isEnabled:)' requires that 'Text' conform to 'Localizable'
392 | /// - defaultValue: Fallback text used if localization did not complete.
393 | @available(iOS 26.0, macOS 26.0, tvOS 26.0, watchOS 26.0, visionOS 26.0, *)
394 | nonisolated func accessibilityScrollStatus(_ localizable: some Localizable, defaultValue: String? = nil, isEnabled: Bool = true) -> ModifiedContent<Self, AccessibilityAttachmentModifier> {
| `- note: where 'some Localizable' = 'Text'
395 | accessibilityScrollStatus(Text(verbatim: localizable.defaultedLocalizedString(defaultValue: defaultValue)), isEnabled: isEnabled)
| `- error: instance method 'accessibilityScrollStatus(_:defaultValue:isEnabled:)' requires that 'Text' conform to 'Localizable'
396 | }
397 |
[939/973] Compiling FOSMVVM PreviewHostingView.swift
/Users/admin/builder/spi-builder-workspace/.build/checkouts/FOSUtilities/Sources/FOSMVVM/SwiftUI Support/Generated/View+Localizable.swift:395:9: error: instance method 'accessibilityScrollStatus(_:defaultValue:isEnabled:)' requires that 'Text' conform to 'Localizable'
392 | /// - defaultValue: Fallback text used if localization did not complete.
393 | @available(iOS 26.0, macOS 26.0, tvOS 26.0, watchOS 26.0, visionOS 26.0, *)
394 | nonisolated func accessibilityScrollStatus(_ localizable: some Localizable, defaultValue: String? = nil, isEnabled: Bool = true) -> ModifiedContent<Self, AccessibilityAttachmentModifier> {
| `- note: where 'some Localizable' = 'Text'
395 | accessibilityScrollStatus(Text(verbatim: localizable.defaultedLocalizedString(defaultValue: defaultValue)), isEnabled: isEnabled)
| `- error: instance method 'accessibilityScrollStatus(_:defaultValue:isEnabled:)' requires that 'Text' conform to 'Localizable'
396 | }
397 |
[940/973] Compiling FOSMVVM ProductionParents.swift
/Users/admin/builder/spi-builder-workspace/.build/checkouts/FOSUtilities/Sources/FOSMVVM/SwiftUI Support/Generated/View+Localizable.swift:395:9: error: instance method 'accessibilityScrollStatus(_:defaultValue:isEnabled:)' requires that 'Text' conform to 'Localizable'
392 | /// - defaultValue: Fallback text used if localization did not complete.
393 | @available(iOS 26.0, macOS 26.0, tvOS 26.0, watchOS 26.0, visionOS 26.0, *)
394 | nonisolated func accessibilityScrollStatus(_ localizable: some Localizable, defaultValue: String? = nil, isEnabled: Bool = true) -> ModifiedContent<Self, AccessibilityAttachmentModifier> {
| `- note: where 'some Localizable' = 'Text'
395 | accessibilityScrollStatus(Text(verbatim: localizable.defaultedLocalizedString(defaultValue: defaultValue)), isEnabled: isEnabled)
| `- error: instance method 'accessibilityScrollStatus(_:defaultValue:isEnabled:)' requires that 'Text' conform to 'Localizable'
396 | }
397 |
[941/973] Compiling FOSMVVM SSEInvalidationChannel.swift
/Users/admin/builder/spi-builder-workspace/.build/checkouts/FOSUtilities/Sources/FOSMVVM/SwiftUI Support/Generated/View+Localizable.swift:395:9: error: instance method 'accessibilityScrollStatus(_:defaultValue:isEnabled:)' requires that 'Text' conform to 'Localizable'
392 | /// - defaultValue: Fallback text used if localization did not complete.
393 | @available(iOS 26.0, macOS 26.0, tvOS 26.0, watchOS 26.0, visionOS 26.0, *)
394 | nonisolated func accessibilityScrollStatus(_ localizable: some Localizable, defaultValue: String? = nil, isEnabled: Bool = true) -> ModifiedContent<Self, AccessibilityAttachmentModifier> {
| `- note: where 'some Localizable' = 'Text'
395 | accessibilityScrollStatus(Text(verbatim: localizable.defaultedLocalizedString(defaultValue: defaultValue)), isEnabled: isEnabled)
| `- error: instance method 'accessibilityScrollStatus(_:defaultValue:isEnabled:)' requires that 'Text' conform to 'Localizable'
396 | }
397 |
[942/973] Compiling FOSMVVM TabContent+Testing.swift
/Users/admin/builder/spi-builder-workspace/.build/checkouts/FOSUtilities/Sources/FOSMVVM/SwiftUI Support/Generated/View+Localizable.swift:395:9: error: instance method 'accessibilityScrollStatus(_:defaultValue:isEnabled:)' requires that 'Text' conform to 'Localizable'
392 | /// - defaultValue: Fallback text used if localization did not complete.
393 | @available(iOS 26.0, macOS 26.0, tvOS 26.0, watchOS 26.0, visionOS 26.0, *)
394 | nonisolated func accessibilityScrollStatus(_ localizable: some Localizable, defaultValue: String? = nil, isEnabled: Bool = true) -> ModifiedContent<Self, AccessibilityAttachmentModifier> {
| `- note: where 'some Localizable' = 'Text'
395 | accessibilityScrollStatus(Text(verbatim: localizable.defaultedLocalizedString(defaultValue: defaultValue)), isEnabled: isEnabled)
| `- error: instance method 'accessibilityScrollStatus(_:defaultValue:isEnabled:)' requires that 'Text' conform to 'Localizable'
396 | }
397 |
[943/973] Compiling FOSMVVM TestDataTransporter.swift
/Users/admin/builder/spi-builder-workspace/.build/checkouts/FOSUtilities/Sources/FOSMVVM/SwiftUI Support/Generated/View+Localizable.swift:395:9: error: instance method 'accessibilityScrollStatus(_:defaultValue:isEnabled:)' requires that 'Text' conform to 'Localizable'
392 | /// - defaultValue: Fallback text used if localization did not complete.
393 | @available(iOS 26.0, macOS 26.0, tvOS 26.0, watchOS 26.0, visionOS 26.0, *)
394 | nonisolated func accessibilityScrollStatus(_ localizable: some Localizable, defaultValue: String? = nil, isEnabled: Bool = true) -> ModifiedContent<Self, AccessibilityAttachmentModifier> {
| `- note: where 'some Localizable' = 'Text'
395 | accessibilityScrollStatus(Text(verbatim: localizable.defaultedLocalizedString(defaultValue: defaultValue)), isEnabled: isEnabled)
| `- error: instance method 'accessibilityScrollStatus(_:defaultValue:isEnabled:)' requires that 'Text' conform to 'Localizable'
396 | }
397 |
error: emit-module command failed with exit code 1 (use -v to see invocation)
[944/973] Emitting module FOSMVVM
/Users/admin/builder/spi-builder-workspace/.build/checkouts/FOSUtilities/Sources/FOSMVVM/SwiftUI Support/Generated/SliderTick+Localizable.swift:30:18: error: cannot find type 'SliderTick' in scope
28 | @available(iOS 26.0, macOS 26.0, watchOS 26.0, visionOS 26.0, *)
29 | @available(tvOS, unavailable)
30 | public extension SliderTick where V: BinaryFloatingPoint {
| `- error: cannot find type 'SliderTick' in scope
31 | #if os(iOS) || os(macOS) || os(watchOS) || os(visionOS)
32 | /// Localizable-accepting form of SwiftUI's `SliderTick.init(_:_:)`.
[945/973] Compiling FOSMVVM TestHost.swift
[946/973] Compiling FOSMVVM TestHostFacts.swift
[947/973] Compiling FOSMVVM View+AsyncTask.swift
[948/973] Compiling FOSMVVM View+Testing.swift
[949/973] Compiling FOSMVVM View.swift
[950/973] Compiling FOSMVVM ViewModelView.swift
[951/973] Compiling FOSMVVM FieldValidationModel.swift
[952/973] Compiling FOSMVVM ValidationError.swift
[953/973] Compiling FOSMVVM ValidationResult.swift
[954/973] Compiling FOSMVVM Validations.swift
[955/973] Compiling FOSMVVM Deployment.swift
[956/973] Compiling FOSMVVM SystemVersion.swift
[957/973] Compiling FOSMVVM Versionable.swift
[958/973] Compiling FOSMVVM VersionedProperty.swift
[959/973] Compiling FOSMVVM JSONEncoder.swift
[960/973] Compiling FOSMVVM FormField.swift
[961/973] Compiling FOSMVVM FormFieldIdentifier.swift
[962/973] Compiling FOSMVVM FormFieldModel.swift
[963/973] Compiling FOSMVVM FormFieldType.swift
[964/973] Compiling FOSMVVM FormInputOption.swift
[965/973] Compiling FOSMVVM FormInputType.swift
[966/973] Compiling FOSMVVM Localizable.swift
[967/973] Compiling FOSMVVM LocalizableArray.swift
[968/973] Compiling FOSMVVM LocalizableCase.swift
[969/973] Compiling FOSMVVM LocalizableCompoundValue.swift
[970/973] Compiling FOSMVVM LocalizableDate.swift
[971/973] Compiling FOSMVVM LocalizableDouble.swift
[972/973] Compiling FOSMVVM LocalizableInt.swift
[973/973] Compiling FOSMVVM LocalizableRef.swift
BUILD FAILURE 6.1 macosSpm