Build Information
Failed to build ThinPath, reference 3.0.0 (83db65), with Swift 6.1 for Wasm on 18 Jul 2026 21:48:05 UTC.
Build Command
bash -c docker run --pull=always --rm -v "checkouts-54344849-2":/host -w "$PWD" -e JAVA_HOME="/root/.sdkman/candidates/java/current" -e SPI_BUILD="1" -e SPI_PROCESSING="1" registry.gitlab.com/saguaro1/spi-images:wasm-6.1-latest swift build --swift-sdk wasm32-unknown-wasi 2>&1Build Log
========================================
RunAll
========================================
Builder version: 333316120c8b89ed7d21f1b34865290794301d91
Interrupt handler set up.
========================================
Checkout
========================================
Clone URL: https://github.com/sohandotgit/ThinPath.git
Reference: 3.0.0
Initialized empty Git repository in /host/spi-builder-workspace/.git/
hint: Using 'master' as the name for the initial branch. This default branch name
hint: is subject to change. To configure the initial branch name to use in all
hint: of your new repositories, which will suppress this warning, call:
hint:
hint: git config --global init.defaultBranch <name>
hint:
hint: Names commonly chosen instead of 'master' are 'main', 'trunk' and
hint: 'development'. The just-created branch can be renamed via this command:
hint:
hint: git branch -m <name>
From https://github.com/sohandotgit/ThinPath
* tag 3.0.0 -> FETCH_HEAD
HEAD is now at 83db65e update readme related to blend support
Cloned https://github.com/sohandotgit/ThinPath.git
Revision (git rev-parse @):
83db65eb7d24dc0c31077153aa12ccb83658ac84
SPI manifest file found: $PWD/.spi.yml
SUCCESS checkout https://github.com/sohandotgit/ThinPath.git at 3.0.0
========================================
Build
========================================
Selected platform: wasm
Swift version: 6.1
Building package at path: $PWD
https://github.com/sohandotgit/ThinPath.git
https://github.com/sohandotgit/ThinPath.git
WARNING: environment variable SUPPRESS_SWIFT_6_FLAGS is not set
Running build ...
bash -c docker run --pull=always --rm -v "checkouts-54344849-2":/host -w "$PWD" -e JAVA_HOME="/root/.sdkman/candidates/java/current" -e SPI_BUILD="1" -e SPI_PROCESSING="1" registry.gitlab.com/saguaro1/spi-images:wasm-6.1-latest swift build --swift-sdk wasm32-unknown-wasi -Xswiftc -Xfrontend -Xswiftc -stats-output-dir -Xswiftc -Xfrontend -Xswiftc .stats -Xswiftc -strict-concurrency=complete -Xswiftc -enable-upcoming-feature -Xswiftc StrictConcurrency -Xswiftc -enable-upcoming-feature -Xswiftc DisableOutwardActorInference -Xswiftc -enable-upcoming-feature -Xswiftc GlobalActorIsolatedTypesUsability -Xswiftc -enable-upcoming-feature -Xswiftc InferSendableFromCaptures 2>&1
wasm-6.1-latest: Pulling from saguaro1/spi-images
Digest: sha256:1ad245dad3d2ae0004e1afbc92334bd39884ed9ca587cf04d0a8d5f640fb02e9
Status: Image is up to date for registry.gitlab.com/saguaro1/spi-images:wasm-6.1-latest
Fetching https://github.com/swiftlang/swift-docc-plugin
[1/2325] Fetching swift-docc-plugin
Fetched https://github.com/swiftlang/swift-docc-plugin from cache (0.47s)
Computing version for https://github.com/swiftlang/swift-docc-plugin
Computed https://github.com/swiftlang/swift-docc-plugin at 1.5.0 (1.40s)
Fetching https://github.com/swiftlang/swift-docc-symbolkit
[1/3756] Fetching swift-docc-symbolkit
Fetched https://github.com/swiftlang/swift-docc-symbolkit from cache (0.51s)
Computing version for https://github.com/swiftlang/swift-docc-symbolkit
Computed https://github.com/swiftlang/swift-docc-symbolkit at 1.0.0 (0.88s)
Creating working copy for https://github.com/swiftlang/swift-docc-plugin
Working copy of https://github.com/swiftlang/swift-docc-plugin resolved at 1.5.0
Creating working copy for https://github.com/swiftlang/swift-docc-symbolkit
Working copy of https://github.com/swiftlang/swift-docc-symbolkit resolved at 1.0.0
[1/1] Compiling plugin Swift-DocC Preview
[2/2] Compiling plugin Swift-DocC
Building for debugging...
[2/4] Write sources
[3/4] Write swift-version-24593BA9C3E375BF.txt
error: emit-module command failed with exit code 1 (use -v to see invocation)
[5/25] Emitting module ThinPath
/host/spi-builder-workspace/Sources/ThinPath/APISurface.swift:18:8: error: no such module 'CoreGraphics'
16 | //
17 |
18 | import CoreGraphics
| `- error: no such module 'CoreGraphics'
19 | import Foundation
20 |
[6/27] Compiling ThinPath Transforms.swift
/host/spi-builder-workspace/Sources/ThinPath/APISurface.swift:18:8: error: no such module 'CoreGraphics'
16 | //
17 |
18 | import CoreGraphics
| `- error: no such module 'CoreGraphics'
19 | import Foundation
20 |
[7/27] Compiling ThinPath UseSymbolRenderer.swift
/host/spi-builder-workspace/Sources/ThinPath/APISurface.swift:18:8: error: no such module 'CoreGraphics'
16 | //
17 |
18 | import CoreGraphics
| `- error: no such module 'CoreGraphics'
19 | import Foundation
20 |
[8/27] Compiling ThinPath ImageCache.swift
/host/spi-builder-workspace/Sources/ThinPath/APISurface.swift:18:8: error: no such module 'CoreGraphics'
16 | //
17 |
18 | import CoreGraphics
| `- error: no such module 'CoreGraphics'
19 | import Foundation
20 |
[9/27] Compiling ThinPath ImageDecoder.swift
/host/spi-builder-workspace/Sources/ThinPath/APISurface.swift:18:8: error: no such module 'CoreGraphics'
16 | //
17 |
18 | import CoreGraphics
| `- error: no such module 'CoreGraphics'
19 | import Foundation
20 |
[10/27] Compiling ThinPath ImageRenderer.swift
/host/spi-builder-workspace/Sources/ThinPath/APISurface.swift:18:8: error: no such module 'CoreGraphics'
16 | //
17 |
18 | import CoreGraphics
| `- error: no such module 'CoreGraphics'
19 | import Foundation
20 |
[11/27] Compiling ThinPath TextRenderer.swift
/host/spi-builder-workspace/Sources/ThinPath/APISurface.swift:18:8: error: no such module 'CoreGraphics'
16 | //
17 |
18 | import CoreGraphics
| `- error: no such module 'CoreGraphics'
19 | import Foundation
20 |
[12/27] Compiling ThinPath ThinPath.swift
/host/spi-builder-workspace/Sources/ThinPath/APISurface.swift:18:8: error: no such module 'CoreGraphics'
16 | //
17 |
18 | import CoreGraphics
| `- error: no such module 'CoreGraphics'
19 | import Foundation
20 |
[13/27] Compiling ThinPath RenderContext.swift
/host/spi-builder-workspace/Sources/ThinPath/APISurface.swift:18:8: error: no such module 'CoreGraphics'
16 | //
17 |
18 | import CoreGraphics
| `- error: no such module 'CoreGraphics'
19 | import Foundation
20 |
[14/27] Compiling ThinPath SVGModel.swift
/host/spi-builder-workspace/Sources/ThinPath/APISurface.swift:18:8: error: no such module 'CoreGraphics'
16 | //
17 |
18 | import CoreGraphics
| `- error: no such module 'CoreGraphics'
19 | import Foundation
20 |
[15/27] Compiling ThinPath SVGParser.swift
/host/spi-builder-workspace/Sources/ThinPath/APISurface.swift:18:8: error: no such module 'CoreGraphics'
16 | //
17 |
18 | import CoreGraphics
| `- error: no such module 'CoreGraphics'
19 | import Foundation
20 |
[16/27] Compiling ThinPath MaskRenderer.swift
/host/spi-builder-workspace/Sources/ThinPath/APISurface.swift:18:8: error: no such module 'CoreGraphics'
16 | //
17 |
18 | import CoreGraphics
| `- error: no such module 'CoreGraphics'
19 | import Foundation
20 |
[17/27] Compiling ThinPath PaintServer.swift
/host/spi-builder-workspace/Sources/ThinPath/APISurface.swift:18:8: error: no such module 'CoreGraphics'
16 | //
17 |
18 | import CoreGraphics
| `- error: no such module 'CoreGraphics'
19 | import Foundation
20 |
[18/27] Compiling ThinPath PathBuilder.swift
/host/spi-builder-workspace/Sources/ThinPath/APISurface.swift:18:8: error: no such module 'CoreGraphics'
16 | //
17 |
18 | import CoreGraphics
| `- error: no such module 'CoreGraphics'
19 | import Foundation
20 |
[19/27] Compiling ThinPath PathDataParser.swift
/host/spi-builder-workspace/Sources/ThinPath/APISurface.swift:18:8: error: no such module 'CoreGraphics'
16 | //
17 |
18 | import CoreGraphics
| `- error: no such module 'CoreGraphics'
19 | import Foundation
20 |
[20/27] Compiling ThinPath PatternRenderer.swift
/host/spi-builder-workspace/Sources/ThinPath/APISurface.swift:18:8: error: no such module 'CoreGraphics'
16 | //
17 |
18 | import CoreGraphics
| `- error: no such module 'CoreGraphics'
19 | import Foundation
20 |
[21/27] Compiling ThinPath ReferenceResolver.swift
/host/spi-builder-workspace/Sources/ThinPath/APISurface.swift:18:8: error: no such module 'CoreGraphics'
16 | //
17 |
18 | import CoreGraphics
| `- error: no such module 'CoreGraphics'
19 | import Foundation
20 |
[22/27] Compiling ThinPath ShapeRenderer.swift
/host/spi-builder-workspace/Sources/ThinPath/APISurface.swift:18:8: error: no such module 'CoreGraphics'
16 | //
17 |
18 | import CoreGraphics
| `- error: no such module 'CoreGraphics'
19 | import Foundation
20 |
[23/27] Compiling ThinPath StyleResolver.swift
/host/spi-builder-workspace/Sources/ThinPath/APISurface.swift:18:8: error: no such module 'CoreGraphics'
16 | //
17 |
18 | import CoreGraphics
| `- error: no such module 'CoreGraphics'
19 | import Foundation
20 |
[24/27] Compiling ThinPath SwiftUIWrapper.swift
/host/spi-builder-workspace/Sources/ThinPath/APISurface.swift:18:8: error: no such module 'CoreGraphics'
16 | //
17 |
18 | import CoreGraphics
| `- error: no such module 'CoreGraphics'
19 | import Foundation
20 |
[25/27] Compiling ThinPath APISurface.swift
/host/spi-builder-workspace/Sources/ThinPath/APISurface.swift:18:8: error: no such module 'CoreGraphics'
16 | //
17 |
18 | import CoreGraphics
| `- error: no such module 'CoreGraphics'
19 | import Foundation
20 |
[26/27] Compiling ThinPath ClipRenderer.swift
/host/spi-builder-workspace/Sources/ThinPath/APISurface.swift:18:8: error: no such module 'CoreGraphics'
16 | //
17 |
18 | import CoreGraphics
| `- error: no such module 'CoreGraphics'
19 | import Foundation
20 |
[27/27] Compiling ThinPath GradientRenderer.swift
/host/spi-builder-workspace/Sources/ThinPath/APISurface.swift:18:8: error: no such module 'CoreGraphics'
16 | //
17 |
18 | import CoreGraphics
| `- error: no such module 'CoreGraphics'
19 | import Foundation
20 |
Running build ...
bash -c docker run --pull=always --rm -v "checkouts-54344849-2":/host -w "$PWD" -e JAVA_HOME="/root/.sdkman/candidates/java/current" -e SPI_BUILD="1" -e SPI_PROCESSING="1" registry.gitlab.com/saguaro1/spi-images:wasm-6.1-latest swift build --swift-sdk wasm32-unknown-wasi 2>&1
wasm-6.1-latest: Pulling from saguaro1/spi-images
Digest: sha256:1ad245dad3d2ae0004e1afbc92334bd39884ed9ca587cf04d0a8d5f640fb02e9
Status: Image is up to date for registry.gitlab.com/saguaro1/spi-images:wasm-6.1-latest
[0/1] Planning build
[1/1] Compiling plugin Swift-DocC Preview
[2/2] Compiling plugin Swift-DocC
Building for debugging...
[2/3] Write swift-version-24593BA9C3E375BF.txt
error: emit-module command failed with exit code 1 (use -v to see invocation)
[4/24] Emitting module ThinPath
/host/spi-builder-workspace/Sources/ThinPath/APISurface.swift:18:8: error: no such module 'CoreGraphics'
16 | //
17 |
18 | import CoreGraphics
| `- error: no such module 'CoreGraphics'
19 | import Foundation
20 |
[5/26] Compiling ThinPath Transforms.swift
/host/spi-builder-workspace/Sources/ThinPath/APISurface.swift:18:8: error: no such module 'CoreGraphics'
16 | //
17 |
18 | import CoreGraphics
| `- error: no such module 'CoreGraphics'
19 | import Foundation
20 |
[6/26] Compiling ThinPath UseSymbolRenderer.swift
/host/spi-builder-workspace/Sources/ThinPath/APISurface.swift:18:8: error: no such module 'CoreGraphics'
16 | //
17 |
18 | import CoreGraphics
| `- error: no such module 'CoreGraphics'
19 | import Foundation
20 |
[7/26] Compiling ThinPath ShapeRenderer.swift
/host/spi-builder-workspace/Sources/ThinPath/APISurface.swift:18:8: error: no such module 'CoreGraphics'
16 | //
17 |
18 | import CoreGraphics
| `- error: no such module 'CoreGraphics'
19 | import Foundation
20 |
[8/26] Compiling ThinPath StyleResolver.swift
/host/spi-builder-workspace/Sources/ThinPath/APISurface.swift:18:8: error: no such module 'CoreGraphics'
16 | //
17 |
18 | import CoreGraphics
| `- error: no such module 'CoreGraphics'
19 | import Foundation
20 |
[9/26] Compiling ThinPath SwiftUIWrapper.swift
/host/spi-builder-workspace/Sources/ThinPath/APISurface.swift:18:8: error: no such module 'CoreGraphics'
16 | //
17 |
18 | import CoreGraphics
| `- error: no such module 'CoreGraphics'
19 | import Foundation
20 |
[10/26] Compiling ThinPath PathDataParser.swift
/host/spi-builder-workspace/Sources/ThinPath/APISurface.swift:18:8: error: no such module 'CoreGraphics'
16 | //
17 |
18 | import CoreGraphics
| `- error: no such module 'CoreGraphics'
19 | import Foundation
20 |
[11/26] Compiling ThinPath PatternRenderer.swift
/host/spi-builder-workspace/Sources/ThinPath/APISurface.swift:18:8: error: no such module 'CoreGraphics'
16 | //
17 |
18 | import CoreGraphics
| `- error: no such module 'CoreGraphics'
19 | import Foundation
20 |
[12/26] Compiling ThinPath ReferenceResolver.swift
/host/spi-builder-workspace/Sources/ThinPath/APISurface.swift:18:8: error: no such module 'CoreGraphics'
16 | //
17 |
18 | import CoreGraphics
| `- error: no such module 'CoreGraphics'
19 | import Foundation
20 |
[13/26] Compiling ThinPath APISurface.swift
/host/spi-builder-workspace/Sources/ThinPath/APISurface.swift:18:8: error: no such module 'CoreGraphics'
16 | //
17 |
18 | import CoreGraphics
| `- error: no such module 'CoreGraphics'
19 | import Foundation
20 |
[14/26] Compiling ThinPath ClipRenderer.swift
/host/spi-builder-workspace/Sources/ThinPath/APISurface.swift:18:8: error: no such module 'CoreGraphics'
16 | //
17 |
18 | import CoreGraphics
| `- error: no such module 'CoreGraphics'
19 | import Foundation
20 |
[15/26] Compiling ThinPath GradientRenderer.swift
/host/spi-builder-workspace/Sources/ThinPath/APISurface.swift:18:8: error: no such module 'CoreGraphics'
16 | //
17 |
18 | import CoreGraphics
| `- error: no such module 'CoreGraphics'
19 | import Foundation
20 |
[16/26] Compiling ThinPath MaskRenderer.swift
/host/spi-builder-workspace/Sources/ThinPath/APISurface.swift:18:8: error: no such module 'CoreGraphics'
16 | //
17 |
18 | import CoreGraphics
| `- error: no such module 'CoreGraphics'
19 | import Foundation
20 |
[17/26] Compiling ThinPath PaintServer.swift
/host/spi-builder-workspace/Sources/ThinPath/APISurface.swift:18:8: error: no such module 'CoreGraphics'
16 | //
17 |
18 | import CoreGraphics
| `- error: no such module 'CoreGraphics'
19 | import Foundation
20 |
[18/26] Compiling ThinPath PathBuilder.swift
/host/spi-builder-workspace/Sources/ThinPath/APISurface.swift:18:8: error: no such module 'CoreGraphics'
16 | //
17 |
18 | import CoreGraphics
| `- error: no such module 'CoreGraphics'
19 | import Foundation
20 |
[19/26] Compiling ThinPath TextRenderer.swift
/host/spi-builder-workspace/Sources/ThinPath/APISurface.swift:18:8: error: no such module 'CoreGraphics'
16 | //
17 |
18 | import CoreGraphics
| `- error: no such module 'CoreGraphics'
19 | import Foundation
20 |
[20/26] Compiling ThinPath ThinPath.swift
/host/spi-builder-workspace/Sources/ThinPath/APISurface.swift:18:8: error: no such module 'CoreGraphics'
16 | //
17 |
18 | import CoreGraphics
| `- error: no such module 'CoreGraphics'
19 | import Foundation
20 |
[21/26] Compiling ThinPath RenderContext.swift
/host/spi-builder-workspace/Sources/ThinPath/APISurface.swift:18:8: error: no such module 'CoreGraphics'
16 | //
17 |
18 | import CoreGraphics
| `- error: no such module 'CoreGraphics'
19 | import Foundation
20 |
[22/26] Compiling ThinPath SVGModel.swift
/host/spi-builder-workspace/Sources/ThinPath/APISurface.swift:18:8: error: no such module 'CoreGraphics'
16 | //
17 |
18 | import CoreGraphics
| `- error: no such module 'CoreGraphics'
19 | import Foundation
20 |
[23/26] Compiling ThinPath SVGParser.swift
/host/spi-builder-workspace/Sources/ThinPath/APISurface.swift:18:8: error: no such module 'CoreGraphics'
16 | //
17 |
18 | import CoreGraphics
| `- error: no such module 'CoreGraphics'
19 | import Foundation
20 |
[24/26] Compiling ThinPath ImageCache.swift
/host/spi-builder-workspace/Sources/ThinPath/APISurface.swift:18:8: error: no such module 'CoreGraphics'
16 | //
17 |
18 | import CoreGraphics
| `- error: no such module 'CoreGraphics'
19 | import Foundation
20 |
[25/26] Compiling ThinPath ImageDecoder.swift
/host/spi-builder-workspace/Sources/ThinPath/APISurface.swift:18:8: error: no such module 'CoreGraphics'
16 | //
17 |
18 | import CoreGraphics
| `- error: no such module 'CoreGraphics'
19 | import Foundation
20 |
[26/26] Compiling ThinPath ImageRenderer.swift
/host/spi-builder-workspace/Sources/ThinPath/APISurface.swift:18:8: error: no such module 'CoreGraphics'
16 | //
17 |
18 | import CoreGraphics
| `- error: no such module 'CoreGraphics'
19 | import Foundation
20 |
BUILD FAILURE 6.1 wasm