Build Information
Failed to build CSCodeSignature, reference master (e26e68), with Swift 6.4 for watchOS using Xcode 27.0 on 24 Sep 2026 10:50:03 UTC.
Build Command
env DEVELOPER_DIR=/Applications/Xcode-27.0.0-Release.Candidate.app xcrun xcodebuild -IDEClonedSourcePackagesDirPathOverride=$PWD/.dependencies -skipMacroValidation -skipPackagePluginValidation -derivedDataPath $PWD/.derivedData build -scheme CSCodeSignature -destination generic/platform=watchOSBuild Log
========================================
RunAll
========================================
Builder version: 5.1.0
Interrupt handler set up.
========================================
Checkout
========================================
Clone URL: https://github.com/CharlesJS/CSCodeSignature.git
Reference: master
Initialized empty Git repository in /Users/admin/builder/spi-builder-workspace/.git/
From https://github.com/CharlesJS/CSCodeSignature
* branch master -> FETCH_HEAD
* [new branch] master -> origin/master
HEAD is now at e26e68e Update Swift tools to version 6.1
Cloned https://github.com/CharlesJS/CSCodeSignature.git
Revision (git rev-parse @):
e26e68e31d2372f5c9e8e03d793d62da631bae06
SUCCESS checkout https://github.com/CharlesJS/CSCodeSignature.git at master
========================================
Build
========================================
Selected platform: watchOS
Swift version: 6.4
Building package at path: $PWD
https://github.com/CharlesJS/CSCodeSignature.git
Command line invocation:
/Applications/Xcode-27.0.0-Release.Candidate.app/Contents/Developer/usr/bin/xcodebuild -IDEClonedSourcePackagesDirPathOverride=/Users/admin/builder/spi-builder-workspace/.dependencies -resolvePackageDependencies
Resolve Package Graph
Fetching from https://github.com/CharlesJS/CSErrors
Fetching from https://github.com/apple/swift-system
Creating working copy of package ‘CSErrors’
Checking out 2.1.0 of package ‘CSErrors’
Creating working copy of package ‘swift-system’
Checking out 1.8.1 of package ‘swift-system’
Resolve Package Graph
Resolved source packages:
swift-system: https://github.com/apple/swift-system @ 1.8.1
CSCodeSignature: /Users/admin/builder/spi-builder-workspace
CSErrors: https://github.com/CharlesJS/CSErrors @ 2.1.0
resolved source packages: swift-system, CSCodeSignature, CSErrors
2026-09-24 06:49:17.468 xcodebuild[529:3013] [MT] IDERunDestination: Supported platforms for the buildables in the current scheme is empty.
{
"dependencies" : [
{
"identity" : "cserrors",
"requirement" : {
"range" : [
{
"lower_bound" : "2.0.0",
"upper_bound" : "3.0.0"
}
]
},
"type" : "sourceControl",
"url" : "https://github.com/CharlesJS/CSErrors"
}
],
"manifest_display_name" : "CSCodeSignature",
"name" : "CSCodeSignature",
"path" : "/Users/admin/builder/spi-builder-workspace",
"platforms" : [
{
"name" : "macos",
"version" : "10.15"
}
],
"products" : [
{
"name" : "CSCodeSignature",
"targets" : [
"CSCodeSignature"
],
"type" : {
"library" : [
"automatic"
]
}
}
],
"targets" : [
{
"c99name" : "CSCodeSignature",
"module_type" : "SwiftTarget",
"name" : "CSCodeSignature",
"path" : "Sources/CSCodeSignature",
"product_dependencies" : [
"CSErrors"
],
"product_memberships" : [
"CSCodeSignature"
],
"sources" : [
"CSCodeSignature.swift"
],
"type" : "library"
}
],
"tools_version" : "6.1"
}
{
"workspace" : {
"name" : "CSCodeSignature",
"schemes" : [
"CSCodeSignature"
]
}
}
2026-09-24 06:49:49.514 xcodebuild[701:4171] [MT] IDERunDestination: Supported platforms for the buildables in the current scheme is empty.
Running build ...
env DEVELOPER_DIR=/Applications/Xcode-27.0.0-Release.Candidate.app xcrun xcodebuild -IDEClonedSourcePackagesDirPathOverride=$PWD/.dependencies -skipMacroValidation -skipPackagePluginValidation -derivedDataPath $PWD/.derivedData build -scheme CSCodeSignature -destination generic/platform=watchOS
Command line invocation:
/Applications/Xcode-27.0.0-Release.Candidate.app/Contents/Developer/usr/bin/xcodebuild -IDEClonedSourcePackagesDirPathOverride=/Users/admin/builder/spi-builder-workspace/.dependencies -skipMacroValidation -skipPackagePluginValidation -derivedDataPath /Users/admin/builder/spi-builder-workspace/.derivedData build -scheme CSCodeSignature -destination generic/platform=watchOS
Resolve Package Graph
Resolve Package Graph
Resolved source packages:
swift-system: https://github.com/apple/swift-system @ 1.8.1
CSCodeSignature: /Users/admin/builder/spi-builder-workspace
CSErrors: https://github.com/CharlesJS/CSErrors @ 2.1.0
ComputePackagePrebuildTargetDependencyGraph
Prepare packages
CreateBuildRequest
SendProjectDescription
CreateBuildOperation
ComputeTargetDependencyGraph
note: Building targets in dependency order
note: Target dependency graph (4 targets)
Target 'CSCodeSignature-product' in project 'CSCodeSignature'
➜ Explicit dependency on target 'CSCodeSignature' in project 'CSCodeSignature'
➜ Explicit dependency on target 'CSErrors-product' in project 'CSErrors'
Target 'CSCodeSignature' in project 'CSCodeSignature'
➜ Explicit dependency on target 'CSErrors-product' in project 'CSErrors'
Target 'CSErrors-product' in project 'CSErrors'
➜ Explicit dependency on target 'CSErrors' in project 'CSErrors'
Target 'CSErrors' in project 'CSErrors' (no dependencies)
GatherProvisioningInputs
CreateBuildDescription
ExecuteExternalTool /Applications/Xcode-27.0.0-Release.Candidate.app/Contents/Developer/Toolchains/XcodeDefault.xctoolchain/usr/bin/clang -v -E -dM -isysroot /Applications/Xcode-27.0.0-Release.Candidate.app/Contents/Developer/Platforms/WatchOS.platform/Developer/SDKs/WatchOS27.0.sdk -x c -c /dev/null
ExecuteExternalTool /Applications/Xcode-27.0.0-Release.Candidate.app/Contents/Developer/Toolchains/XcodeDefault.xctoolchain/usr/bin/swiftc --version
ExecuteExternalTool /Applications/Xcode-27.0.0-Release.Candidate.app/Contents/Developer/Toolchains/XcodeDefault.xctoolchain/usr/bin/ld -version_details
Build description signature: 503a34d756fdfd67453bd47e3d1fb8b5
Build description path: /Users/admin/builder/spi-builder-workspace/.derivedData/Build/Intermediates.noindex/XCBuildData/503a34d756fdfd67453bd47e3d1fb8b5.xcbuilddata
CreateBuildDirectory /Users/admin/builder/spi-builder-workspace/.derivedData/ModuleCache.noindex
cd /Users/admin/builder/spi-builder-workspace/.swiftpm/xcode
builtin-create-build-directory /Users/admin/builder/spi-builder-workspace/.derivedData/ModuleCache.noindex
CreateBuildDirectory /Users/admin/builder/spi-builder-workspace/.derivedData/SDKExplicitPrecompiledModules
cd /Users/admin/builder/spi-builder-workspace/.swiftpm/xcode
builtin-create-build-directory /Users/admin/builder/spi-builder-workspace/.derivedData/SDKExplicitPrecompiledModules
CreateBuildDirectory /Users/admin/builder/spi-builder-workspace/.derivedData/CompilationCache.noindex
cd /Users/admin/builder/spi-builder-workspace/.swiftpm/xcode
builtin-create-build-directory /Users/admin/builder/spi-builder-workspace/.derivedData/CompilationCache.noindex
CreateBuildDirectory /Users/admin/builder/spi-builder-workspace/.derivedData/Build/Intermediates.noindex
cd /Users/admin/builder/spi-builder-workspace/.swiftpm/xcode
builtin-create-build-directory /Users/admin/builder/spi-builder-workspace/.derivedData/Build/Intermediates.noindex
CreateBuildDirectory /Users/admin/builder/spi-builder-workspace/.derivedData/Build/Products
cd /Users/admin/builder/spi-builder-workspace/.swiftpm/xcode
builtin-create-build-directory /Users/admin/builder/spi-builder-workspace/.derivedData/Build/Products
ClangStatCache /Applications/Xcode-27.0.0-Release.Candidate.app/Contents/Developer/Toolchains/XcodeDefault.xctoolchain/usr/bin/clang-stat-cache /Applications/Xcode-27.0.0-Release.Candidate.app/Contents/Developer/Platforms/WatchOS.platform/Developer/SDKs/WatchOS27.0.sdk /Users/admin/builder/spi-builder-workspace/.derivedData/SDKStatCaches.noindex/watchos27.0-24R360-e829b21a6f8c9b70876ba0858053c04477534ef55a1706bf4c1112bbb242f0a2.sdkstatcache
cd /Users/admin/builder/spi-builder-workspace/.swiftpm/xcode
/Applications/Xcode-27.0.0-Release.Candidate.app/Contents/Developer/Toolchains/XcodeDefault.xctoolchain/usr/bin/clang-stat-cache /Applications/Xcode-27.0.0-Release.Candidate.app/Contents/Developer/Platforms/WatchOS.platform/Developer/SDKs/WatchOS27.0.sdk -o /Users/admin/builder/spi-builder-workspace/.derivedData/SDKStatCaches.noindex/watchos27.0-24R360-e829b21a6f8c9b70876ba0858053c04477534ef55a1706bf4c1112bbb242f0a2.sdkstatcache
CreateBuildDirectory /Users/admin/builder/spi-builder-workspace/.derivedData/Build/Intermediates.noindex/PrecompiledHeaders
cd /Users/admin/builder/spi-builder-workspace/.swiftpm/xcode
builtin-create-build-directory /Users/admin/builder/spi-builder-workspace/.derivedData/Build/Intermediates.noindex/PrecompiledHeaders
CreateBuildDirectory /Users/admin/builder/spi-builder-workspace/.derivedData/Build/Intermediates.noindex/SwiftExplicitPrecompiledModules
cd /Users/admin/builder/spi-builder-workspace/.swiftpm/xcode
builtin-create-build-directory /Users/admin/builder/spi-builder-workspace/.derivedData/Build/Intermediates.noindex/SwiftExplicitPrecompiledModules
CreateBuildDirectory /Users/admin/builder/spi-builder-workspace/.derivedData/Build/Products/Debug-watchos
cd /Users/admin/builder/spi-builder-workspace/.swiftpm/xcode
builtin-create-build-directory /Users/admin/builder/spi-builder-workspace/.derivedData/Build/Products/Debug-watchos
CreateBuildDirectory /Users/admin/builder/spi-builder-workspace/.derivedData/Build/Intermediates.noindex/ExplicitPrecompiledModules
cd /Users/admin/builder/spi-builder-workspace/.swiftpm/xcode
builtin-create-build-directory /Users/admin/builder/spi-builder-workspace/.derivedData/Build/Intermediates.noindex/ExplicitPrecompiledModules
CreateBuildDirectory /Users/admin/builder/spi-builder-workspace/.derivedData/Build/Intermediates.noindex/EagerLinkingTBDs/Debug-watchos
cd /Users/admin/builder/spi-builder-workspace/.swiftpm/xcode
builtin-create-build-directory /Users/admin/builder/spi-builder-workspace/.derivedData/Build/Intermediates.noindex/EagerLinkingTBDs/Debug-watchos
CreateBuildDirectory /Users/admin/builder/spi-builder-workspace/.derivedData/Build/Products/Debug-watchos/PackageFrameworks
cd /Users/admin/builder/spi-builder-workspace/.swiftpm/xcode
builtin-create-build-directory /Users/admin/builder/spi-builder-workspace/.derivedData/Build/Products/Debug-watchos/PackageFrameworks
WriteAuxiliaryFile /Users/admin/builder/spi-builder-workspace/.derivedData/Build/Intermediates.noindex/CSErrors.build/Debug-watchos/CSErrors-t.build/CSErrors.modulemap (in target 'CSErrors' from project 'CSErrors')
cd /Users/admin/builder/spi-builder-workspace/.dependencies/checkouts/CSErrors
write-file /Users/admin/builder/spi-builder-workspace/.derivedData/Build/Intermediates.noindex/CSErrors.build/Debug-watchos/CSErrors-t.build/CSErrors.modulemap
WriteAuxiliaryFile /Users/admin/builder/spi-builder-workspace/.derivedData/Build/Intermediates.noindex/CSErrors.build/Debug-watchos/CSErrors-t.build/Objects-normal/arm64_32/CSErrors-OutputFileMap.json (in target 'CSErrors' from project 'CSErrors')
cd /Users/admin/builder/spi-builder-workspace/.dependencies/checkouts/CSErrors
write-file /Users/admin/builder/spi-builder-workspace/.derivedData/Build/Intermediates.noindex/CSErrors.build/Debug-watchos/CSErrors-t.build/Objects-normal/arm64_32/CSErrors-OutputFileMap.json
WriteAuxiliaryFile /Users/admin/builder/spi-builder-workspace/.derivedData/Build/Intermediates.noindex/CSErrors.build/Debug-watchos/CSErrors-t.build/Objects-normal/arm64_32/CSErrors.SwiftConstValuesFileList (in target 'CSErrors' from project 'CSErrors')
cd /Users/admin/builder/spi-builder-workspace/.dependencies/checkouts/CSErrors
write-file /Users/admin/builder/spi-builder-workspace/.derivedData/Build/Intermediates.noindex/CSErrors.build/Debug-watchos/CSErrors-t.build/Objects-normal/arm64_32/CSErrors.SwiftConstValuesFileList
WriteAuxiliaryFile /Users/admin/builder/spi-builder-workspace/.derivedData/Build/Intermediates.noindex/CSErrors.build/Debug-watchos/CSErrors-t.build/Objects-normal/arm64_32/CSErrors.SwiftFileList (in target 'CSErrors' from project 'CSErrors')
cd /Users/admin/builder/spi-builder-workspace/.dependencies/checkouts/CSErrors
write-file /Users/admin/builder/spi-builder-workspace/.derivedData/Build/Intermediates.noindex/CSErrors.build/Debug-watchos/CSErrors-t.build/Objects-normal/arm64_32/CSErrors.SwiftFileList
WriteAuxiliaryFile /Users/admin/builder/spi-builder-workspace/.derivedData/Build/Intermediates.noindex/CSErrors.build/Debug-watchos/CSErrors-t.build/Objects-normal/arm64_32/CSErrors_const_extract_protocols.json (in target 'CSErrors' from project 'CSErrors')
cd /Users/admin/builder/spi-builder-workspace/.dependencies/checkouts/CSErrors
write-file /Users/admin/builder/spi-builder-workspace/.derivedData/Build/Intermediates.noindex/CSErrors.build/Debug-watchos/CSErrors-t.build/Objects-normal/arm64_32/CSErrors_const_extract_protocols.json
WriteAuxiliaryFile /Users/admin/builder/spi-builder-workspace/.derivedData/Build/Intermediates.noindex/CSErrors.build/Debug-watchos/CSErrors-t.build/Objects-normal/arm64/CSErrors_const_extract_protocols.json (in target 'CSErrors' from project 'CSErrors')
cd /Users/admin/builder/spi-builder-workspace/.dependencies/checkouts/CSErrors
write-file /Users/admin/builder/spi-builder-workspace/.derivedData/Build/Intermediates.noindex/CSErrors.build/Debug-watchos/CSErrors-t.build/Objects-normal/arm64/CSErrors_const_extract_protocols.json
WriteAuxiliaryFile /Users/admin/builder/spi-builder-workspace/.derivedData/Build/Intermediates.noindex/CSErrors.build/Debug-watchos/CSErrors-t.build/Objects-normal/arm64/CSErrors.SwiftFileList (in target 'CSErrors' from project 'CSErrors')
cd /Users/admin/builder/spi-builder-workspace/.dependencies/checkouts/CSErrors
write-file /Users/admin/builder/spi-builder-workspace/.derivedData/Build/Intermediates.noindex/CSErrors.build/Debug-watchos/CSErrors-t.build/Objects-normal/arm64/CSErrors.SwiftFileList
WriteAuxiliaryFile /Users/admin/builder/spi-builder-workspace/.derivedData/Build/Intermediates.noindex/CSErrors.build/Debug-watchos/CSErrors-t.build/Objects-normal/arm64/CSErrors-OutputFileMap.json (in target 'CSErrors' from project 'CSErrors')
cd /Users/admin/builder/spi-builder-workspace/.dependencies/checkouts/CSErrors
write-file /Users/admin/builder/spi-builder-workspace/.derivedData/Build/Intermediates.noindex/CSErrors.build/Debug-watchos/CSErrors-t.build/Objects-normal/arm64/CSErrors-OutputFileMap.json
WriteAuxiliaryFile /Users/admin/builder/spi-builder-workspace/.derivedData/Build/Intermediates.noindex/CSErrors.build/Debug-watchos/CSErrors-t.build/Objects-normal/arm64_32/CSErrors.LinkFileList (in target 'CSErrors' from project 'CSErrors')
cd /Users/admin/builder/spi-builder-workspace/.dependencies/checkouts/CSErrors
write-file /Users/admin/builder/spi-builder-workspace/.derivedData/Build/Intermediates.noindex/CSErrors.build/Debug-watchos/CSErrors-t.build/Objects-normal/arm64_32/CSErrors.LinkFileList
WriteAuxiliaryFile /Users/admin/builder/spi-builder-workspace/.derivedData/Build/Intermediates.noindex/CSErrors.build/Debug-watchos/CSErrors-t.build/Objects-normal/arm64/CSErrors.SwiftConstValuesFileList (in target 'CSErrors' from project 'CSErrors')
cd /Users/admin/builder/spi-builder-workspace/.dependencies/checkouts/CSErrors
write-file /Users/admin/builder/spi-builder-workspace/.derivedData/Build/Intermediates.noindex/CSErrors.build/Debug-watchos/CSErrors-t.build/Objects-normal/arm64/CSErrors.SwiftConstValuesFileList
WriteAuxiliaryFile /Users/admin/builder/spi-builder-workspace/.derivedData/Build/Intermediates.noindex/CSErrors.build/Debug-watchos/CSErrors-t.build/Objects-normal/arm64/CSErrors.LinkFileList (in target 'CSErrors' from project 'CSErrors')
cd /Users/admin/builder/spi-builder-workspace/.dependencies/checkouts/CSErrors
write-file /Users/admin/builder/spi-builder-workspace/.derivedData/Build/Intermediates.noindex/CSErrors.build/Debug-watchos/CSErrors-t.build/Objects-normal/arm64/CSErrors.LinkFileList
WriteAuxiliaryFile /Users/admin/builder/spi-builder-workspace/.derivedData/Build/Intermediates.noindex/CSErrors.build/Debug-watchos/CSErrors-t.build/CSErrors.DependencyStaticMetadataFileList (in target 'CSErrors' from project 'CSErrors')
cd /Users/admin/builder/spi-builder-workspace/.dependencies/checkouts/CSErrors
write-file /Users/admin/builder/spi-builder-workspace/.derivedData/Build/Intermediates.noindex/CSErrors.build/Debug-watchos/CSErrors-t.build/CSErrors.DependencyStaticMetadataFileList
WriteAuxiliaryFile /Users/admin/builder/spi-builder-workspace/.derivedData/Build/Intermediates.noindex/CSErrors.build/Debug-watchos/CSErrors-t.build/CSErrors.DependencyMetadataFileList (in target 'CSErrors' from project 'CSErrors')
cd /Users/admin/builder/spi-builder-workspace/.dependencies/checkouts/CSErrors
write-file /Users/admin/builder/spi-builder-workspace/.derivedData/Build/Intermediates.noindex/CSErrors.build/Debug-watchos/CSErrors-t.build/CSErrors.DependencyMetadataFileList
Copy /Users/admin/builder/spi-builder-workspace/.derivedData/Build/Intermediates.noindex/GeneratedModuleMaps-watchos/CSErrors.modulemap /Users/admin/builder/spi-builder-workspace/.derivedData/Build/Intermediates.noindex/CSErrors.build/Debug-watchos/CSErrors-t.build/CSErrors.modulemap (in target 'CSErrors' from project 'CSErrors')
cd /Users/admin/builder/spi-builder-workspace/.dependencies/checkouts/CSErrors
builtin-copy -exclude .DS_Store -exclude CVS -exclude .svn -exclude .git -exclude .hg -resolve-src-symlinks /Users/admin/builder/spi-builder-workspace/.derivedData/Build/Intermediates.noindex/CSErrors.build/Debug-watchos/CSErrors-t.build/CSErrors.modulemap /Users/admin/builder/spi-builder-workspace/.derivedData/Build/Intermediates.noindex/GeneratedModuleMaps-watchos
WriteAuxiliaryFile /Users/admin/builder/spi-builder-workspace/.derivedData/Build/Intermediates.noindex/CSCodeSignature.build/Debug-watchos/CSCodeSignature-t.build/Objects-normal/arm64_32/CSCodeSignature.SwiftFileList (in target 'CSCodeSignature' from project 'CSCodeSignature')
cd /Users/admin/builder/spi-builder-workspace
write-file /Users/admin/builder/spi-builder-workspace/.derivedData/Build/Intermediates.noindex/CSCodeSignature.build/Debug-watchos/CSCodeSignature-t.build/Objects-normal/arm64_32/CSCodeSignature.SwiftFileList
WriteAuxiliaryFile /Users/admin/builder/spi-builder-workspace/.derivedData/Build/Intermediates.noindex/CSCodeSignature.build/Debug-watchos/CSCodeSignature-t.build/Objects-normal/arm64_32/CSCodeSignature_const_extract_protocols.json (in target 'CSCodeSignature' from project 'CSCodeSignature')
cd /Users/admin/builder/spi-builder-workspace
write-file /Users/admin/builder/spi-builder-workspace/.derivedData/Build/Intermediates.noindex/CSCodeSignature.build/Debug-watchos/CSCodeSignature-t.build/Objects-normal/arm64_32/CSCodeSignature_const_extract_protocols.json
WriteAuxiliaryFile /Users/admin/builder/spi-builder-workspace/.derivedData/Build/Intermediates.noindex/CSCodeSignature.build/Debug-watchos/CSCodeSignature-t.build/Objects-normal/arm64_32/CSCodeSignature.SwiftConstValuesFileList (in target 'CSCodeSignature' from project 'CSCodeSignature')
cd /Users/admin/builder/spi-builder-workspace
write-file /Users/admin/builder/spi-builder-workspace/.derivedData/Build/Intermediates.noindex/CSCodeSignature.build/Debug-watchos/CSCodeSignature-t.build/Objects-normal/arm64_32/CSCodeSignature.SwiftConstValuesFileList
WriteAuxiliaryFile /Users/admin/builder/spi-builder-workspace/.derivedData/Build/Intermediates.noindex/CSCodeSignature.build/Debug-watchos/CSCodeSignature-t.build/Objects-normal/arm64_32/CSCodeSignature-OutputFileMap.json (in target 'CSCodeSignature' from project 'CSCodeSignature')
cd /Users/admin/builder/spi-builder-workspace
write-file /Users/admin/builder/spi-builder-workspace/.derivedData/Build/Intermediates.noindex/CSCodeSignature.build/Debug-watchos/CSCodeSignature-t.build/Objects-normal/arm64_32/CSCodeSignature-OutputFileMap.json
WriteAuxiliaryFile /Users/admin/builder/spi-builder-workspace/.derivedData/Build/Intermediates.noindex/CSCodeSignature.build/Debug-watchos/CSCodeSignature-t.build/Objects-normal/arm64_32/CSCodeSignature.LinkFileList (in target 'CSCodeSignature' from project 'CSCodeSignature')
cd /Users/admin/builder/spi-builder-workspace
write-file /Users/admin/builder/spi-builder-workspace/.derivedData/Build/Intermediates.noindex/CSCodeSignature.build/Debug-watchos/CSCodeSignature-t.build/Objects-normal/arm64_32/CSCodeSignature.LinkFileList
WriteAuxiliaryFile /Users/admin/builder/spi-builder-workspace/.derivedData/Build/Intermediates.noindex/CSCodeSignature.build/Debug-watchos/CSCodeSignature-t.build/Objects-normal/arm64/CSCodeSignature_const_extract_protocols.json (in target 'CSCodeSignature' from project 'CSCodeSignature')
cd /Users/admin/builder/spi-builder-workspace
write-file /Users/admin/builder/spi-builder-workspace/.derivedData/Build/Intermediates.noindex/CSCodeSignature.build/Debug-watchos/CSCodeSignature-t.build/Objects-normal/arm64/CSCodeSignature_const_extract_protocols.json
WriteAuxiliaryFile /Users/admin/builder/spi-builder-workspace/.derivedData/Build/Intermediates.noindex/CSCodeSignature.build/Debug-watchos/CSCodeSignature-t.build/Objects-normal/arm64/CSCodeSignature.SwiftFileList (in target 'CSCodeSignature' from project 'CSCodeSignature')
cd /Users/admin/builder/spi-builder-workspace
write-file /Users/admin/builder/spi-builder-workspace/.derivedData/Build/Intermediates.noindex/CSCodeSignature.build/Debug-watchos/CSCodeSignature-t.build/Objects-normal/arm64/CSCodeSignature.SwiftFileList
WriteAuxiliaryFile /Users/admin/builder/spi-builder-workspace/.derivedData/Build/Intermediates.noindex/CSCodeSignature.build/Debug-watchos/CSCodeSignature-t.build/Objects-normal/arm64/CSCodeSignature.SwiftConstValuesFileList (in target 'CSCodeSignature' from project 'CSCodeSignature')
cd /Users/admin/builder/spi-builder-workspace
write-file /Users/admin/builder/spi-builder-workspace/.derivedData/Build/Intermediates.noindex/CSCodeSignature.build/Debug-watchos/CSCodeSignature-t.build/Objects-normal/arm64/CSCodeSignature.SwiftConstValuesFileList
WriteAuxiliaryFile /Users/admin/builder/spi-builder-workspace/.derivedData/Build/Intermediates.noindex/CSCodeSignature.build/Debug-watchos/CSCodeSignature-t.build/Objects-normal/arm64/CSCodeSignature.LinkFileList (in target 'CSCodeSignature' from project 'CSCodeSignature')
cd /Users/admin/builder/spi-builder-workspace
write-file /Users/admin/builder/spi-builder-workspace/.derivedData/Build/Intermediates.noindex/CSCodeSignature.build/Debug-watchos/CSCodeSignature-t.build/Objects-normal/arm64/CSCodeSignature.LinkFileList
WriteAuxiliaryFile /Users/admin/builder/spi-builder-workspace/.derivedData/Build/Intermediates.noindex/CSCodeSignature.build/Debug-watchos/CSCodeSignature-t.build/Objects-normal/arm64/CSCodeSignature-OutputFileMap.json (in target 'CSCodeSignature' from project 'CSCodeSignature')
cd /Users/admin/builder/spi-builder-workspace
write-file /Users/admin/builder/spi-builder-workspace/.derivedData/Build/Intermediates.noindex/CSCodeSignature.build/Debug-watchos/CSCodeSignature-t.build/Objects-normal/arm64/CSCodeSignature-OutputFileMap.json
WriteAuxiliaryFile /Users/admin/builder/spi-builder-workspace/.derivedData/Build/Intermediates.noindex/CSCodeSignature.build/Debug-watchos/CSCodeSignature-t.build/CSCodeSignature.modulemap (in target 'CSCodeSignature' from project 'CSCodeSignature')
cd /Users/admin/builder/spi-builder-workspace
write-file /Users/admin/builder/spi-builder-workspace/.derivedData/Build/Intermediates.noindex/CSCodeSignature.build/Debug-watchos/CSCodeSignature-t.build/CSCodeSignature.modulemap
WriteAuxiliaryFile /Users/admin/builder/spi-builder-workspace/.derivedData/Build/Intermediates.noindex/CSCodeSignature.build/Debug-watchos/CSCodeSignature-t.build/CSCodeSignature.DependencyMetadataFileList (in target 'CSCodeSignature' from project 'CSCodeSignature')
cd /Users/admin/builder/spi-builder-workspace
write-file /Users/admin/builder/spi-builder-workspace/.derivedData/Build/Intermediates.noindex/CSCodeSignature.build/Debug-watchos/CSCodeSignature-t.build/CSCodeSignature.DependencyMetadataFileList
WriteAuxiliaryFile /Users/admin/builder/spi-builder-workspace/.derivedData/Build/Intermediates.noindex/CSCodeSignature.build/Debug-watchos/CSCodeSignature-t.build/CSCodeSignature.DependencyStaticMetadataFileList (in target 'CSCodeSignature' from project 'CSCodeSignature')
cd /Users/admin/builder/spi-builder-workspace
write-file /Users/admin/builder/spi-builder-workspace/.derivedData/Build/Intermediates.noindex/CSCodeSignature.build/Debug-watchos/CSCodeSignature-t.build/CSCodeSignature.DependencyStaticMetadataFileList
Copy /Users/admin/builder/spi-builder-workspace/.derivedData/Build/Intermediates.noindex/GeneratedModuleMaps-watchos/CSCodeSignature.modulemap /Users/admin/builder/spi-builder-workspace/.derivedData/Build/Intermediates.noindex/CSCodeSignature.build/Debug-watchos/CSCodeSignature-t.build/CSCodeSignature.modulemap (in target 'CSCodeSignature' from project 'CSCodeSignature')
cd /Users/admin/builder/spi-builder-workspace
builtin-copy -exclude .DS_Store -exclude CVS -exclude .svn -exclude .git -exclude .hg -resolve-src-symlinks /Users/admin/builder/spi-builder-workspace/.derivedData/Build/Intermediates.noindex/CSCodeSignature.build/Debug-watchos/CSCodeSignature-t.build/CSCodeSignature.modulemap /Users/admin/builder/spi-builder-workspace/.derivedData/Build/Intermediates.noindex/GeneratedModuleMaps-watchos
SwiftDriver CSErrors normal arm64 com.apple.xcode.tools.swift.compiler (in target 'CSErrors' from project 'CSErrors')
cd /Users/admin/builder/spi-builder-workspace/.swiftpm/xcode
builtin-SwiftDriver -- /Applications/Xcode-27.0.0-Release.Candidate.app/Contents/Developer/Toolchains/XcodeDefault.xctoolchain/usr/bin/swiftc -parse-as-library -module-name CSErrors -Onone @/Users/admin/builder/spi-builder-workspace/.derivedData/Build/Intermediates.noindex/CSErrors.build/Debug-watchos/CSErrors-t.build/Objects-normal/arm64/CSErrors.SwiftFileList -DSWIFT_PACKAGE -DDEBUG -DSWIFT_MODULE_RESOURCE_BUNDLE_UNAVAILABLE -DFoundation -Ddefault -DXcode -plugin-path /Applications/Xcode-27.0.0-Release.Candidate.app/Contents/Developer/Toolchains/XcodeDefault.xctoolchain/usr/lib/swift/host/plugins/testing -enable-experimental-feature DebugDescriptionMacro -sdk /Applications/Xcode-27.0.0-Release.Candidate.app/Contents/Developer/Platforms/WatchOS.platform/Developer/SDKs/WatchOS27.0.sdk -target arm64-apple-watchos9.0 -g -module-cache-path /Users/admin/builder/spi-builder-workspace/.derivedData/ModuleCache.noindex -Xfrontend -serialize-debugging-options -enable-testing -suppress-warnings -index-store-path /Users/admin/builder/spi-builder-workspace/.derivedData/Index.noindex/DataStore -Xcc -D_LIBCPP_HARDENING_MODE\=_LIBCPP_HARDENING_MODE_DEBUG -swift-version 6 -I /Users/admin/builder/spi-builder-workspace/.derivedData/Build/Products/Debug-watchos -Isystem /Applications/Xcode-27.0.0-Release.Candidate.app/Contents/Developer/Platforms/WatchOS.platform/Developer/usr/lib -F /Users/admin/builder/spi-builder-workspace/.derivedData/Build/Products/Debug-watchos -F /Applications/Xcode-27.0.0-Release.Candidate.app/Contents/Developer/Platforms/WatchOS.platform/Developer/Library/Frameworks -F /Applications/Xcode-27.0.0-Release.Candidate.app/Contents/Developer/Platforms/WatchOS.platform/Developer/SDKs/WatchOS27.0.sdk/Developer/Library/Frameworks -c -j10 -enable-batch-mode -incremental -Xcc -ivfsstatcache -Xcc /Users/admin/builder/spi-builder-workspace/.derivedData/SDKStatCaches.noindex/watchos27.0-24R360-e829b21a6f8c9b70876ba0858053c04477534ef55a1706bf4c1112bbb242f0a2.sdkstatcache -output-file-map /Users/admin/builder/spi-builder-workspace/.derivedData/Build/Intermediates.noindex/CSErrors.build/Debug-watchos/CSErrors-t.build/Objects-normal/arm64/CSErrors-OutputFileMap.json -save-temps -no-color-diagnostics -explicit-module-build -module-cache-path /Users/admin/builder/spi-builder-workspace/.derivedData/Build/Intermediates.noindex/SwiftExplicitPrecompiledModules -clang-scanner-module-cache-path /Users/admin/builder/spi-builder-workspace/.derivedData/ModuleCache.noindex -sdk-module-cache-path /Users/admin/builder/spi-builder-workspace/.derivedData/SDKExplicitPrecompiledModules -emit-dependencies -emit-module -emit-module-path /Users/admin/builder/spi-builder-workspace/.derivedData/Build/Intermediates.noindex/CSErrors.build/Debug-watchos/CSErrors-t.build/Objects-normal/arm64/CSErrors.swiftmodule -serialize-diagnostics -dependency-scan-serialize-diagnostics-path /Users/admin/builder/spi-builder-workspace/.derivedData/Build/Intermediates.noindex/CSErrors.build/Debug-watchos/CSErrors-t.build/Objects-normal/arm64/CSErrors-dependency-scan.dia -user-module-version 2.1.0 -validate-clang-modules-once -clang-build-session-file /Users/admin/builder/spi-builder-workspace/.derivedData/ModuleCache.noindex/Session.modulevalidation -Xcc -fmodules-prune-interval\=86400 -Xcc -fmodules-prune-after\=345600 -package-name cserrors -emit-const-values -const-gather-protocols-list /Users/admin/builder/spi-builder-workspace/.derivedData/Build/Intermediates.noindex/CSErrors.build/Debug-watchos/CSErrors-t.build/Objects-normal/arm64/CSErrors_const_extract_protocols.json -Xcc -I/Users/admin/builder/spi-builder-workspace/.derivedData/Build/Products/Debug-watchos/include -Xcc -I/Users/admin/builder/spi-builder-workspace/.derivedData/Build/Intermediates.noindex/CSErrors.build/Debug-watchos/CSErrors-t.build/DerivedSources-normal/arm64 -Xcc -I/Users/admin/builder/spi-builder-workspace/.derivedData/Build/Intermediates.noindex/CSErrors.build/Debug-watchos/CSErrors-t.build/DerivedSources/arm64 -Xcc -I/Users/admin/builder/spi-builder-workspace/.derivedData/Build/Intermediates.noindex/CSErrors.build/Debug-watchos/CSErrors-t.build/DerivedSources -Xcc -DSWIFT_PACKAGE -Xcc -DDEBUG\=1 -emit-objc-header -emit-objc-header-path /Users/admin/builder/spi-builder-workspace/.derivedData/Build/Intermediates.noindex/CSErrors.build/Debug-watchos/CSErrors-t.build/Objects-normal/arm64/CSErrors-Swift.h -working-directory /Users/admin/builder/spi-builder-workspace/.swiftpm/xcode -experimental-emit-module-separately -disable-cmo
SwiftDriver CSErrors normal arm64_32 com.apple.xcode.tools.swift.compiler (in target 'CSErrors' from project 'CSErrors')
cd /Users/admin/builder/spi-builder-workspace/.swiftpm/xcode
builtin-SwiftDriver -- /Applications/Xcode-27.0.0-Release.Candidate.app/Contents/Developer/Toolchains/XcodeDefault.xctoolchain/usr/bin/swiftc -parse-as-library -module-name CSErrors -Onone @/Users/admin/builder/spi-builder-workspace/.derivedData/Build/Intermediates.noindex/CSErrors.build/Debug-watchos/CSErrors-t.build/Objects-normal/arm64_32/CSErrors.SwiftFileList -DSWIFT_PACKAGE -DDEBUG -DSWIFT_MODULE_RESOURCE_BUNDLE_UNAVAILABLE -DFoundation -Ddefault -DXcode -plugin-path /Applications/Xcode-27.0.0-Release.Candidate.app/Contents/Developer/Toolchains/XcodeDefault.xctoolchain/usr/lib/swift/host/plugins/testing -enable-experimental-feature DebugDescriptionMacro -sdk /Applications/Xcode-27.0.0-Release.Candidate.app/Contents/Developer/Platforms/WatchOS.platform/Developer/SDKs/WatchOS27.0.sdk -target arm64_32-apple-watchos9.0 -g -module-cache-path /Users/admin/builder/spi-builder-workspace/.derivedData/ModuleCache.noindex -Xfrontend -serialize-debugging-options -enable-testing -suppress-warnings -index-store-path /Users/admin/builder/spi-builder-workspace/.derivedData/Index.noindex/DataStore -Xcc -D_LIBCPP_HARDENING_MODE\=_LIBCPP_HARDENING_MODE_DEBUG -swift-version 6 -I /Users/admin/builder/spi-builder-workspace/.derivedData/Build/Products/Debug-watchos -Isystem /Applications/Xcode-27.0.0-Release.Candidate.app/Contents/Developer/Platforms/WatchOS.platform/Developer/usr/lib -F /Users/admin/builder/spi-builder-workspace/.derivedData/Build/Products/Debug-watchos -F /Applications/Xcode-27.0.0-Release.Candidate.app/Contents/Developer/Platforms/WatchOS.platform/Developer/Library/Frameworks -F /Applications/Xcode-27.0.0-Release.Candidate.app/Contents/Developer/Platforms/WatchOS.platform/Developer/SDKs/WatchOS27.0.sdk/Developer/Library/Frameworks -c -j10 -enable-batch-mode -incremental -Xcc -ivfsstatcache -Xcc /Users/admin/builder/spi-builder-workspace/.derivedData/SDKStatCaches.noindex/watchos27.0-24R360-e829b21a6f8c9b70876ba0858053c04477534ef55a1706bf4c1112bbb242f0a2.sdkstatcache -output-file-map /Users/admin/builder/spi-builder-workspace/.derivedData/Build/Intermediates.noindex/CSErrors.build/Debug-watchos/CSErrors-t.build/Objects-normal/arm64_32/CSErrors-OutputFileMap.json -save-temps -no-color-diagnostics -explicit-module-build -module-cache-path /Users/admin/builder/spi-builder-workspace/.derivedData/Build/Intermediates.noindex/SwiftExplicitPrecompiledModules -clang-scanner-module-cache-path /Users/admin/builder/spi-builder-workspace/.derivedData/ModuleCache.noindex -sdk-module-cache-path /Users/admin/builder/spi-builder-workspace/.derivedData/SDKExplicitPrecompiledModules -emit-dependencies -emit-module -emit-module-path /Users/admin/builder/spi-builder-workspace/.derivedData/Build/Intermediates.noindex/CSErrors.build/Debug-watchos/CSErrors-t.build/Objects-normal/arm64_32/CSErrors.swiftmodule -serialize-diagnostics -dependency-scan-serialize-diagnostics-path /Users/admin/builder/spi-builder-workspace/.derivedData/Build/Intermediates.noindex/CSErrors.build/Debug-watchos/CSErrors-t.build/Objects-normal/arm64_32/CSErrors-dependency-scan.dia -user-module-version 2.1.0 -validate-clang-modules-once -clang-build-session-file /Users/admin/builder/spi-builder-workspace/.derivedData/ModuleCache.noindex/Session.modulevalidation -Xcc -fmodules-prune-interval\=86400 -Xcc -fmodules-prune-after\=345600 -package-name cserrors -emit-const-values -const-gather-protocols-list /Users/admin/builder/spi-builder-workspace/.derivedData/Build/Intermediates.noindex/CSErrors.build/Debug-watchos/CSErrors-t.build/Objects-normal/arm64_32/CSErrors_const_extract_protocols.json -Xcc -I/Users/admin/builder/spi-builder-workspace/.derivedData/Build/Products/Debug-watchos/include -Xcc -I/Users/admin/builder/spi-builder-workspace/.derivedData/Build/Intermediates.noindex/CSErrors.build/Debug-watchos/CSErrors-t.build/DerivedSources-normal/arm64_32 -Xcc -I/Users/admin/builder/spi-builder-workspace/.derivedData/Build/Intermediates.noindex/CSErrors.build/Debug-watchos/CSErrors-t.build/DerivedSources/arm64_32 -Xcc -I/Users/admin/builder/spi-builder-workspace/.derivedData/Build/Intermediates.noindex/CSErrors.build/Debug-watchos/CSErrors-t.build/DerivedSources -Xcc -DSWIFT_PACKAGE -Xcc -DDEBUG\=1 -emit-objc-header -emit-objc-header-path /Users/admin/builder/spi-builder-workspace/.derivedData/Build/Intermediates.noindex/CSErrors.build/Debug-watchos/CSErrors-t.build/Objects-normal/arm64_32/CSErrors-Swift.h -working-directory /Users/admin/builder/spi-builder-workspace/.swiftpm/xcode -experimental-emit-module-separately -disable-cmo
SwiftExplicitDependencyGeneratePcm arm64_32 /Users/admin/builder/spi-builder-workspace/.derivedData/SDKExplicitPrecompiledModules/_SwiftConcurrencyShims-58G4ISYSYDV3AT1DDGEE0QCUF.pcm
SwiftExplicitDependencyGeneratePcm arm64_32 /Users/admin/builder/spi-builder-workspace/.derivedData/SDKExplicitPrecompiledModules/_Builtin_stdbool-84ZA1VDW90AGWZ2LF5KOCM8DZ.pcm
SwiftExplicitDependencyGeneratePcm arm64_32 /Users/admin/builder/spi-builder-workspace/.derivedData/SDKExplicitPrecompiledModules/ptrcheck-EAZ3I917ZFA9H6ZCL6PGLG4TR.pcm
SwiftExplicitDependencyGeneratePcm arm64_32 /Users/admin/builder/spi-builder-workspace/.derivedData/SDKExplicitPrecompiledModules/_Builtin_stddef-2F9BFIPBQ5EWNSK5G7G7V4EKL.pcm
SwiftExplicitDependencyGeneratePcm arm64_32 /Users/admin/builder/spi-builder-workspace/.derivedData/SDKExplicitPrecompiledModules/_AvailabilityInternal-22ZP1ILSQW16KHXZS5GBZHOCS.pcm
SwiftExplicitDependencyGeneratePcm arm64_32 /Users/admin/builder/spi-builder-workspace/.derivedData/SDKExplicitPrecompiledModules/SwiftShims-D9VBB138U50XYYGW2C2V21N3L.pcm
SwiftExplicitDependencyGeneratePcm arm64_32 /Users/admin/builder/spi-builder-workspace/.derivedData/SDKExplicitPrecompiledModules/_Builtin_stdarg-EYJP6DFYQL9GJLH1TJ84A8MHV.pcm
SwiftExplicitDependencyGeneratePcm arm64_32 /Users/admin/builder/spi-builder-workspace/.derivedData/SDKExplicitPrecompiledModules/ptrauth-EW7YZZ7LEZE1QZF2T8148IPSA.pcm
SwiftExplicitDependencyGeneratePcm arm64_32 /Users/admin/builder/spi-builder-workspace/.derivedData/SDKExplicitPrecompiledModules/_Builtin_float-372PLGDQ1U3B6Z5EA5DJMDORJ.pcm
SwiftExplicitDependencyGeneratePcm arm64 /Users/admin/builder/spi-builder-workspace/.derivedData/SDKExplicitPrecompiledModules/ptrcheck-8K07997SIHO7YGY7UQ3LOQ3TJ.pcm
SwiftExplicitDependencyGeneratePcm arm64 /Users/admin/builder/spi-builder-workspace/.derivedData/SDKExplicitPrecompiledModules/_Builtin_float-E4M4A8689VXF1T7P7BV56IKBT.pcm
SwiftExplicitDependencyGeneratePcm arm64 /Users/admin/builder/spi-builder-workspace/.derivedData/SDKExplicitPrecompiledModules/_Builtin_stdbool-B692L2PMR118794VVYBG37897.pcm
SwiftExplicitDependencyGeneratePcm arm64 /Users/admin/builder/spi-builder-workspace/.derivedData/SDKExplicitPrecompiledModules/_SwiftConcurrencyShims-CTPSFSTDCBVSSQFHL6I305U72.pcm
SwiftExplicitDependencyGeneratePcm arm64 /Users/admin/builder/spi-builder-workspace/.derivedData/SDKExplicitPrecompiledModules/_AvailabilityInternal-42EVAC8Q6P1ZT6G3A168N97G4.pcm
SwiftExplicitDependencyGeneratePcm arm64 /Users/admin/builder/spi-builder-workspace/.derivedData/SDKExplicitPrecompiledModules/ptrauth-C7VQASAJ967Q4Q6SRD4I3CFWZ.pcm
SwiftExplicitDependencyGeneratePcm arm64 /Users/admin/builder/spi-builder-workspace/.derivedData/SDKExplicitPrecompiledModules/_Builtin_stdarg-3X4KLXUYEI0UGBILP4X7D0CYW.pcm
SwiftExplicitDependencyGeneratePcm arm64 /Users/admin/builder/spi-builder-workspace/.derivedData/SDKExplicitPrecompiledModules/SwiftShims-AJ4AZYHQNC33R5RLN7AGEIOMP.pcm
SwiftExplicitDependencyGeneratePcm arm64 /Users/admin/builder/spi-builder-workspace/.derivedData/SDKExplicitPrecompiledModules/_Builtin_stddef-5OH846KKUPSJJT7GCX9XU1TKG.pcm
SwiftExplicitDependencyGeneratePcm arm64_32 /Users/admin/builder/spi-builder-workspace/.derivedData/SDKExplicitPrecompiledModules/_DarwinFoundation1-5SNIO0SFHX9KJZTLQGIPAPXUZ.pcm
SwiftExplicitDependencyGeneratePcm arm64 /Users/admin/builder/spi-builder-workspace/.derivedData/SDKExplicitPrecompiledModules/_DarwinFoundation1-7YQ9TVI7XTOGQU9OADRXP33D1.pcm
SwiftExplicitDependencyGeneratePcm arm64_32 /Users/admin/builder/spi-builder-workspace/.derivedData/SDKExplicitPrecompiledModules/_Builtin_limits-AQMEC9CLG0FZQN6TLGDQ6WF78.pcm
SwiftExplicitDependencyGeneratePcm arm64_32 /Users/admin/builder/spi-builder-workspace/.derivedData/SDKExplicitPrecompiledModules/_DarwinFoundation2-FP2Q8F1Q2HR151SBYKTU6Q8B.pcm
SwiftExplicitDependencyGeneratePcm arm64 /Users/admin/builder/spi-builder-workspace/.derivedData/SDKExplicitPrecompiledModules/_DarwinFoundation2-CUPL4FH2SA95GMALQP4M6O8UA.pcm
SwiftExplicitDependencyGeneratePcm arm64 /Users/admin/builder/spi-builder-workspace/.derivedData/SDKExplicitPrecompiledModules/_Builtin_limits-75TRA1C7IHYOFCG3KJXQVTHJ4.pcm
SwiftExplicitDependencyGeneratePcm arm64_32 /Users/admin/builder/spi-builder-workspace/.derivedData/SDKExplicitPrecompiledModules/sys_types-65NN51P1G7GN2GUAUPC53JJ7N.pcm
SwiftExplicitDependencyGeneratePcm arm64_32 /Users/admin/builder/spi-builder-workspace/.derivedData/SDKExplicitPrecompiledModules/_Builtin_stdint-6IWJLTRH2WB6RCG4THPA65RDS.pcm
SwiftExplicitDependencyGeneratePcm arm64_32 /Users/admin/builder/spi-builder-workspace/.derivedData/SDKExplicitPrecompiledModules/string_h-8QY7P4ZQXQAF14WVDITTM4R70.pcm
SwiftExplicitDependencyGeneratePcm arm64 /Users/admin/builder/spi-builder-workspace/.derivedData/SDKExplicitPrecompiledModules/_Builtin_stdint-6TUACK4YPMARFT56PLIO388SJ.pcm
SwiftExplicitDependencyGeneratePcm arm64 /Users/admin/builder/spi-builder-workspace/.derivedData/SDKExplicitPrecompiledModules/string_h-4N9Z22C0HUO8GV7GFPCLZRZA2.pcm
SwiftExplicitDependencyGeneratePcm arm64 /Users/admin/builder/spi-builder-workspace/.derivedData/SDKExplicitPrecompiledModules/sys_types-9KPVYINL86WUSHF45TU8PWZZ1.pcm
SwiftExplicitDependencyGeneratePcm arm64_32 /Users/admin/builder/spi-builder-workspace/.derivedData/SDKExplicitPrecompiledModules/_DarwinFoundation3-3YOBOPIW2MF1LRNQH7JBUBY4G.pcm
SwiftExplicitDependencyGeneratePcm arm64 /Users/admin/builder/spi-builder-workspace/.derivedData/SDKExplicitPrecompiledModules/_DarwinFoundation3-EJXZKD8LN9EYM9OWP9VLJ49PK.pcm
SwiftExplicitDependencyGeneratePcm arm64_32 /Users/admin/builder/spi-builder-workspace/.derivedData/SDKExplicitPrecompiledModules/_Builtin_inttypes-BPZJ68HW1IMYWSHROAZ0IMUJP.pcm
SwiftExplicitDependencyGeneratePcm arm64_32 /Users/admin/builder/spi-builder-workspace/.derivedData/SDKExplicitPrecompiledModules/Darwin-10D35ZJWCWG7LJAF579U7I5V7.pcm
SwiftExplicitDependencyGeneratePcm arm64 /Users/admin/builder/spi-builder-workspace/.derivedData/SDKExplicitPrecompiledModules/_Builtin_inttypes-86YTNV5YADPJXFMJ82N3R4GWQ.pcm
SwiftExplicitDependencyGeneratePcm arm64 /Users/admin/builder/spi-builder-workspace/.derivedData/SDKExplicitPrecompiledModules/Darwin-CSB8C43KELVSFIQVR0803IZPN.pcm
SwiftExplicitDependencyGeneratePcm arm64_32 /Users/admin/builder/spi-builder-workspace/.derivedData/SDKExplicitPrecompiledModules/ObjectiveC-71AGZNHLBMR2QK817EJNUN54E.pcm
SwiftExplicitDependencyGeneratePcm arm64 /Users/admin/builder/spi-builder-workspace/.derivedData/SDKExplicitPrecompiledModules/ObjectiveC-22CZPC4WYQC9G8T393WT2KKLW.pcm
SwiftExplicitDependencyGeneratePcm arm64_32 /Users/admin/builder/spi-builder-workspace/.derivedData/SDKExplicitPrecompiledModules/os_object-CTXVQBCWDOH6JHUXIFDUOWFRL.pcm
SwiftExplicitDependencyGeneratePcm arm64_32 /Users/admin/builder/spi-builder-workspace/.derivedData/SDKExplicitPrecompiledModules/os_workgroup-9L9R05BT5LTFRZ2NM68BZTVV2.pcm
SwiftExplicitDependencyGeneratePcm arm64 /Users/admin/builder/spi-builder-workspace/.derivedData/SDKExplicitPrecompiledModules/os_object-6KYGGZ4DPVZ3BBAZ6QICZN8LI.pcm
SwiftExplicitDependencyGeneratePcm arm64_32 /Users/admin/builder/spi-builder-workspace/.derivedData/SDKExplicitPrecompiledModules/Dispatch-CGIMI9KQKHNRQHR2IECIPRG14.pcm
SwiftExplicitDependencyGeneratePcm arm64 /Users/admin/builder/spi-builder-workspace/.derivedData/SDKExplicitPrecompiledModules/os_workgroup-AHE7ULDQBKER38CYPIKDTZF4M.pcm
SwiftExplicitDependencyGeneratePcm arm64 /Users/admin/builder/spi-builder-workspace/.derivedData/SDKExplicitPrecompiledModules/Dispatch-39VR0G01IUJ09PQKMFGOHXZ4L.pcm
SwiftExplicitDependencyGeneratePcm arm64_32 /Users/admin/builder/spi-builder-workspace/.derivedData/SDKExplicitPrecompiledModules/XPC-7SLKI45KYLKXH9QET2WYS3UZ4.pcm
SwiftExplicitDependencyGeneratePcm arm64_32 /Users/admin/builder/spi-builder-workspace/.derivedData/SDKExplicitPrecompiledModules/CoreFoundation-76B9WJP9MDYT33HZQVSNNZQZD.pcm
SwiftExplicitDependencyGeneratePcm arm64 /Users/admin/builder/spi-builder-workspace/.derivedData/SDKExplicitPrecompiledModules/XPC-650JAZBTM6I0OMHYO6CKM0CWJ.pcm
SwiftExplicitDependencyGeneratePcm arm64 /Users/admin/builder/spi-builder-workspace/.derivedData/SDKExplicitPrecompiledModules/CoreFoundation-59XKO8YNRGGYNC5U5LK8B4EM.pcm
SwiftExplicitDependencyGeneratePcm arm64_32 /Users/admin/builder/spi-builder-workspace/.derivedData/SDKExplicitPrecompiledModules/Security-1W411BS4UH2UNMNII2341429S.pcm
SwiftExplicitDependencyGeneratePcm arm64 /Users/admin/builder/spi-builder-workspace/.derivedData/SDKExplicitPrecompiledModules/Security-69WNGEAVQP55EDBQHP3BLE8QU.pcm
SwiftExplicitDependencyGeneratePcm arm64_32 /Users/admin/builder/spi-builder-workspace/.derivedData/SDKExplicitPrecompiledModules/Foundation-AIQ30TCDC2B0LBUU6FPQZ0HWI.pcm
SwiftExplicitDependencyGeneratePcm arm64 /Users/admin/builder/spi-builder-workspace/.derivedData/SDKExplicitPrecompiledModules/Foundation-B3IXODHI7VO4VRX2RWRXLVJZT.pcm
SwiftCompile normal arm64_32 Compiling\ Recoverability.swift /Users/admin/builder/spi-builder-workspace/.dependencies/checkouts/CSErrors/Sources/CSErrors/Recoverability.swift (in target 'CSErrors' from project 'CSErrors')
SwiftCompile normal arm64_32 /Users/admin/builder/spi-builder-workspace/.dependencies/checkouts/CSErrors/Sources/CSErrors/Recoverability.swift (in target 'CSErrors' from project 'CSErrors')
cd /Users/admin/builder/spi-builder-workspace/.swiftpm/xcode
builtin-SwiftPerFileCompile Recoverability.swift
SwiftCompile normal arm64_32 Compiling\ POSIX\ Errors.swift /Users/admin/builder/spi-builder-workspace/.dependencies/checkouts/CSErrors/Sources/CSErrors/POSIX\ Errors.swift (in target 'CSErrors' from project 'CSErrors')
SwiftCompile normal arm64_32 /Users/admin/builder/spi-builder-workspace/.dependencies/checkouts/CSErrors/Sources/CSErrors/POSIX\ Errors.swift (in target 'CSErrors' from project 'CSErrors')
cd /Users/admin/builder/spi-builder-workspace/.swiftpm/xcode
builtin-SwiftPerFileCompile POSIX\ Errors.swift
SwiftCompile normal arm64_32 Compiling\ OSStatus\ Errors.swift /Users/admin/builder/spi-builder-workspace/.dependencies/checkouts/CSErrors/Sources/CSErrors/OSStatus\ Errors.swift (in target 'CSErrors' from project 'CSErrors')
SwiftCompile normal arm64_32 /Users/admin/builder/spi-builder-workspace/.dependencies/checkouts/CSErrors/Sources/CSErrors/OSStatus\ Errors.swift (in target 'CSErrors' from project 'CSErrors')
cd /Users/admin/builder/spi-builder-workspace/.swiftpm/xcode
builtin-SwiftPerFileCompile OSStatus\ Errors.swift
SwiftCompile normal arm64_32 Compiling\ Stderr.swift /Users/admin/builder/spi-builder-workspace/.dependencies/checkouts/CSErrors/Sources/CSErrors/Stderr.swift (in target 'CSErrors' from project 'CSErrors')
SwiftCompile normal arm64_32 /Users/admin/builder/spi-builder-workspace/.dependencies/checkouts/CSErrors/Sources/CSErrors/Stderr.swift (in target 'CSErrors' from project 'CSErrors')
cd /Users/admin/builder/spi-builder-workspace/.swiftpm/xcode
builtin-SwiftPerFileCompile Stderr.swift
SwiftCompile normal arm64_32 Compiling\ NSError+CSErrors.swift /Users/admin/builder/spi-builder-workspace/.dependencies/checkouts/CSErrors/Sources/CSErrors/NSError+CSErrors.swift (in target 'CSErrors' from project 'CSErrors')
SwiftCompile normal arm64_32 /Users/admin/builder/spi-builder-workspace/.dependencies/checkouts/CSErrors/Sources/CSErrors/NSError+CSErrors.swift (in target 'CSErrors' from project 'CSErrors')
cd /Users/admin/builder/spi-builder-workspace/.swiftpm/xcode
builtin-SwiftPerFileCompile NSError+CSErrors.swift
SwiftCompile normal arm64_32 Compiling\ URLError+CSErrors.swift /Users/admin/builder/spi-builder-workspace/.dependencies/checkouts/CSErrors/Sources/CSErrors/URLError+CSErrors.swift (in target 'CSErrors' from project 'CSErrors')
SwiftCompile normal arm64_32 /Users/admin/builder/spi-builder-workspace/.dependencies/checkouts/CSErrors/Sources/CSErrors/URLError+CSErrors.swift (in target 'CSErrors' from project 'CSErrors')
cd /Users/admin/builder/spi-builder-workspace/.swiftpm/xcode
builtin-SwiftPerFileCompile URLError+CSErrors.swift
SwiftCompile normal arm64_32 Compiling\ Internal.swift /Users/admin/builder/spi-builder-workspace/.dependencies/checkouts/CSErrors/Sources/CSErrors/Internal.swift (in target 'CSErrors' from project 'CSErrors')
SwiftCompile normal arm64_32 /Users/admin/builder/spi-builder-workspace/.dependencies/checkouts/CSErrors/Sources/CSErrors/Internal.swift (in target 'CSErrors' from project 'CSErrors')
cd /Users/admin/builder/spi-builder-workspace/.swiftpm/xcode
builtin-SwiftPerFileCompile Internal.swift
SwiftCompile normal arm64_32 Compiling\ Error+CSErrors.swift,\ ErrorMetadata.swift /Users/admin/builder/spi-builder-workspace/.dependencies/checkouts/CSErrors/Sources/CSErrors/Error+CSErrors.swift /Users/admin/builder/spi-builder-workspace/.dependencies/checkouts/CSErrors/Sources/CSErrors/ErrorMetadata.swift (in target 'CSErrors' from project 'CSErrors')
SwiftCompile normal arm64_32 /Users/admin/builder/spi-builder-workspace/.dependencies/checkouts/CSErrors/Sources/CSErrors/Error+CSErrors.swift (in target 'CSErrors' from project 'CSErrors')
cd /Users/admin/builder/spi-builder-workspace/.swiftpm/xcode
builtin-SwiftPerFileCompile Error+CSErrors.swift
SwiftCompile normal arm64_32 /Users/admin/builder/spi-builder-workspace/.dependencies/checkouts/CSErrors/Sources/CSErrors/ErrorMetadata.swift (in target 'CSErrors' from project 'CSErrors')
cd /Users/admin/builder/spi-builder-workspace/.swiftpm/xcode
builtin-SwiftPerFileCompile ErrorMetadata.swift
SwiftCompile normal arm64_32 Compiling\ HTTPError.swift /Users/admin/builder/spi-builder-workspace/.dependencies/checkouts/CSErrors/Sources/CSErrors/HTTPError.swift (in target 'CSErrors' from project 'CSErrors')
SwiftCompile normal arm64_32 /Users/admin/builder/spi-builder-workspace/.dependencies/checkouts/CSErrors/Sources/CSErrors/HTTPError.swift (in target 'CSErrors' from project 'CSErrors')
cd /Users/admin/builder/spi-builder-workspace/.swiftpm/xcode
builtin-SwiftPerFileCompile HTTPError.swift
SwiftEmitModule normal arm64_32 Emitting\ module\ for\ CSErrors (in target 'CSErrors' from project 'CSErrors')
SwiftCompile normal arm64_32 (in target 'CSErrors' from project 'CSErrors')
cd /Users/admin/builder/spi-builder-workspace/.swiftpm/xcode
SwiftEmitModule normal arm64 Emitting\ module\ for\ CSErrors (in target 'CSErrors' from project 'CSErrors')
SwiftCompile normal arm64 (in target 'CSErrors' from project 'CSErrors')
cd /Users/admin/builder/spi-builder-workspace/.swiftpm/xcode
SwiftDriverJobDiscovery normal arm64_32 Emitting module for CSErrors (in target 'CSErrors' from project 'CSErrors')
SwiftDriver\ Compilation\ Requirements CSErrors normal arm64_32 com.apple.xcode.tools.swift.compiler (in target 'CSErrors' from project 'CSErrors')
cd /Users/admin/builder/spi-builder-workspace/.swiftpm/xcode
builtin-Swift-Compilation-Requirements -- /Applications/Xcode-27.0.0-Release.Candidate.app/Contents/Developer/Toolchains/XcodeDefault.xctoolchain/usr/bin/swiftc -parse-as-library -module-name CSErrors -Onone @/Users/admin/builder/spi-builder-workspace/.derivedData/Build/Intermediates.noindex/CSErrors.build/Debug-watchos/CSErrors-t.build/Objects-normal/arm64_32/CSErrors.SwiftFileList -DSWIFT_PACKAGE -DDEBUG -DSWIFT_MODULE_RESOURCE_BUNDLE_UNAVAILABLE -DFoundation -Ddefault -DXcode -plugin-path /Applications/Xcode-27.0.0-Release.Candidate.app/Contents/Developer/Toolchains/XcodeDefault.xctoolchain/usr/lib/swift/host/plugins/testing -enable-experimental-feature DebugDescriptionMacro -sdk /Applications/Xcode-27.0.0-Release.Candidate.app/Contents/Developer/Platforms/WatchOS.platform/Developer/SDKs/WatchOS27.0.sdk -target arm64_32-apple-watchos9.0 -g -module-cache-path /Users/admin/builder/spi-builder-workspace/.derivedData/ModuleCache.noindex -Xfrontend -serialize-debugging-options -enable-testing -suppress-warnings -index-store-path /Users/admin/builder/spi-builder-workspace/.derivedData/Index.noindex/DataStore -Xcc -D_LIBCPP_HARDENING_MODE\=_LIBCPP_HARDENING_MODE_DEBUG -swift-version 6 -I /Users/admin/builder/spi-builder-workspace/.derivedData/Build/Products/Debug-watchos -Isystem /Applications/Xcode-27.0.0-Release.Candidate.app/Contents/Developer/Platforms/WatchOS.platform/Developer/usr/lib -F /Users/admin/builder/spi-builder-workspace/.derivedData/Build/Products/Debug-watchos -F /Applications/Xcode-27.0.0-Release.Candidate.app/Contents/Developer/Platforms/WatchOS.platform/Developer/Library/Frameworks -F /Applications/Xcode-27.0.0-Release.Candidate.app/Contents/Developer/Platforms/WatchOS.platform/Developer/SDKs/WatchOS27.0.sdk/Developer/Library/Frameworks -c -j10 -enable-batch-mode -incremental -Xcc -ivfsstatcache -Xcc /Users/admin/builder/spi-builder-workspace/.derivedData/SDKStatCaches.noindex/watchos27.0-24R360-e829b21a6f8c9b70876ba0858053c04477534ef55a1706bf4c1112bbb242f0a2.sdkstatcache -output-file-map /Users/admin/builder/spi-builder-workspace/.derivedData/Build/Intermediates.noindex/CSErrors.build/Debug-watchos/CSErrors-t.build/Objects-normal/arm64_32/CSErrors-OutputFileMap.json -save-temps -no-color-diagnostics -explicit-module-build -module-cache-path /Users/admin/builder/spi-builder-workspace/.derivedData/Build/Intermediates.noindex/SwiftExplicitPrecompiledModules -clang-scanner-module-cache-path /Users/admin/builder/spi-builder-workspace/.derivedData/ModuleCache.noindex -sdk-module-cache-path /Users/admin/builder/spi-builder-workspace/.derivedData/SDKExplicitPrecompiledModules -emit-dependencies -emit-module -emit-module-path /Users/admin/builder/spi-builder-workspace/.derivedData/Build/Intermediates.noindex/CSErrors.build/Debug-watchos/CSErrors-t.build/Objects-normal/arm64_32/CSErrors.swiftmodule -serialize-diagnostics -dependency-scan-serialize-diagnostics-path /Users/admin/builder/spi-builder-workspace/.derivedData/Build/Intermediates.noindex/CSErrors.build/Debug-watchos/CSErrors-t.build/Objects-normal/arm64_32/CSErrors-dependency-scan.dia -user-module-version 2.1.0 -validate-clang-modules-once -clang-build-session-file /Users/admin/builder/spi-builder-workspace/.derivedData/ModuleCache.noindex/Session.modulevalidation -Xcc -fmodules-prune-interval\=86400 -Xcc -fmodules-prune-after\=345600 -package-name cserrors -emit-const-values -const-gather-protocols-list /Users/admin/builder/spi-builder-workspace/.derivedData/Build/Intermediates.noindex/CSErrors.build/Debug-watchos/CSErrors-t.build/Objects-normal/arm64_32/CSErrors_const_extract_protocols.json -Xcc -I/Users/admin/builder/spi-builder-workspace/.derivedData/Build/Products/Debug-watchos/include -Xcc -I/Users/admin/builder/spi-builder-workspace/.derivedData/Build/Intermediates.noindex/CSErrors.build/Debug-watchos/CSErrors-t.build/DerivedSources-normal/arm64_32 -Xcc -I/Users/admin/builder/spi-builder-workspace/.derivedData/Build/Intermediates.noindex/CSErrors.build/Debug-watchos/CSErrors-t.build/DerivedSources/arm64_32 -Xcc -I/Users/admin/builder/spi-builder-workspace/.derivedData/Build/Intermediates.noindex/CSErrors.build/Debug-watchos/CSErrors-t.build/DerivedSources -Xcc -DSWIFT_PACKAGE -Xcc -DDEBUG\=1 -emit-objc-header -emit-objc-header-path /Users/admin/builder/spi-builder-workspace/.derivedData/Build/Intermediates.noindex/CSErrors.build/Debug-watchos/CSErrors-t.build/Objects-normal/arm64_32/CSErrors-Swift.h -working-directory /Users/admin/builder/spi-builder-workspace/.swiftpm/xcode -experimental-emit-module-separately -disable-cmo
SwiftDriverJobDiscovery normal arm64 Emitting module for CSErrors (in target 'CSErrors' from project 'CSErrors')
SwiftDriver\ Compilation\ Requirements CSErrors normal arm64 com.apple.xcode.tools.swift.compiler (in target 'CSErrors' from project 'CSErrors')
cd /Users/admin/builder/spi-builder-workspace/.swiftpm/xcode
builtin-Swift-Compilation-Requirements -- /Applications/Xcode-27.0.0-Release.Candidate.app/Contents/Developer/Toolchains/XcodeDefault.xctoolchain/usr/bin/swiftc -parse-as-library -module-name CSErrors -Onone @/Users/admin/builder/spi-builder-workspace/.derivedData/Build/Intermediates.noindex/CSErrors.build/Debug-watchos/CSErrors-t.build/Objects-normal/arm64/CSErrors.SwiftFileList -DSWIFT_PACKAGE -DDEBUG -DSWIFT_MODULE_RESOURCE_BUNDLE_UNAVAILABLE -DFoundation -Ddefault -DXcode -plugin-path /Applications/Xcode-27.0.0-Release.Candidate.app/Contents/Developer/Toolchains/XcodeDefault.xctoolchain/usr/lib/swift/host/plugins/testing -enable-experimental-feature DebugDescriptionMacro -sdk /Applications/Xcode-27.0.0-Release.Candidate.app/Contents/Developer/Platforms/WatchOS.platform/Developer/SDKs/WatchOS27.0.sdk -target arm64-apple-watchos9.0 -g -module-cache-path /Users/admin/builder/spi-builder-workspace/.derivedData/ModuleCache.noindex -Xfrontend -serialize-debugging-options -enable-testing -suppress-warnings -index-store-path /Users/admin/builder/spi-builder-workspace/.derivedData/Index.noindex/DataStore -Xcc -D_LIBCPP_HARDENING_MODE\=_LIBCPP_HARDENING_MODE_DEBUG -swift-version 6 -I /Users/admin/builder/spi-builder-workspace/.derivedData/Build/Products/Debug-watchos -Isystem /Applications/Xcode-27.0.0-Release.Candidate.app/Contents/Developer/Platforms/WatchOS.platform/Developer/usr/lib -F /Users/admin/builder/spi-builder-workspace/.derivedData/Build/Products/Debug-watchos -F /Applications/Xcode-27.0.0-Release.Candidate.app/Contents/Developer/Platforms/WatchOS.platform/Developer/Library/Frameworks -F /Applications/Xcode-27.0.0-Release.Candidate.app/Contents/Developer/Platforms/WatchOS.platform/Developer/SDKs/WatchOS27.0.sdk/Developer/Library/Frameworks -c -j10 -enable-batch-mode -incremental -Xcc -ivfsstatcache -Xcc /Users/admin/builder/spi-builder-workspace/.derivedData/SDKStatCaches.noindex/watchos27.0-24R360-e829b21a6f8c9b70876ba0858053c04477534ef55a1706bf4c1112bbb242f0a2.sdkstatcache -output-file-map /Users/admin/builder/spi-builder-workspace/.derivedData/Build/Intermediates.noindex/CSErrors.build/Debug-watchos/CSErrors-t.build/Objects-normal/arm64/CSErrors-OutputFileMap.json -save-temps -no-color-diagnostics -explicit-module-build -module-cache-path /Users/admin/builder/spi-builder-workspace/.derivedData/Build/Intermediates.noindex/SwiftExplicitPrecompiledModules -clang-scanner-module-cache-path /Users/admin/builder/spi-builder-workspace/.derivedData/ModuleCache.noindex -sdk-module-cache-path /Users/admin/builder/spi-builder-workspace/.derivedData/SDKExplicitPrecompiledModules -emit-dependencies -emit-module -emit-module-path /Users/admin/builder/spi-builder-workspace/.derivedData/Build/Intermediates.noindex/CSErrors.build/Debug-watchos/CSErrors-t.build/Objects-normal/arm64/CSErrors.swiftmodule -serialize-diagnostics -dependency-scan-serialize-diagnostics-path /Users/admin/builder/spi-builder-workspace/.derivedData/Build/Intermediates.noindex/CSErrors.build/Debug-watchos/CSErrors-t.build/Objects-normal/arm64/CSErrors-dependency-scan.dia -user-module-version 2.1.0 -validate-clang-modules-once -clang-build-session-file /Users/admin/builder/spi-builder-workspace/.derivedData/ModuleCache.noindex/Session.modulevalidation -Xcc -fmodules-prune-interval\=86400 -Xcc -fmodules-prune-after\=345600 -package-name cserrors -emit-const-values -const-gather-protocols-list /Users/admin/builder/spi-builder-workspace/.derivedData/Build/Intermediates.noindex/CSErrors.build/Debug-watchos/CSErrors-t.build/Objects-normal/arm64/CSErrors_const_extract_protocols.json -Xcc -I/Users/admin/builder/spi-builder-workspace/.derivedData/Build/Products/Debug-watchos/include -Xcc -I/Users/admin/builder/spi-builder-workspace/.derivedData/Build/Intermediates.noindex/CSErrors.build/Debug-watchos/CSErrors-t.build/DerivedSources-normal/arm64 -Xcc -I/Users/admin/builder/spi-builder-workspace/.derivedData/Build/Intermediates.noindex/CSErrors.build/Debug-watchos/CSErrors-t.build/DerivedSources/arm64 -Xcc -I/Users/admin/builder/spi-builder-workspace/.derivedData/Build/Intermediates.noindex/CSErrors.build/Debug-watchos/CSErrors-t.build/DerivedSources -Xcc -DSWIFT_PACKAGE -Xcc -DDEBUG\=1 -emit-objc-header -emit-objc-header-path /Users/admin/builder/spi-builder-workspace/.derivedData/Build/Intermediates.noindex/CSErrors.build/Debug-watchos/CSErrors-t.build/Objects-normal/arm64/CSErrors-Swift.h -working-directory /Users/admin/builder/spi-builder-workspace/.swiftpm/xcode -experimental-emit-module-separately -disable-cmo
Copy /Users/admin/builder/spi-builder-workspace/.derivedData/Build/Products/Debug-watchos/CSErrors.swiftmodule/arm64_32-apple-watchos.swiftmodule /Users/admin/builder/spi-builder-workspace/.derivedData/Build/Intermediates.noindex/CSErrors.build/Debug-watchos/CSErrors-t.build/Objects-normal/arm64_32/CSErrors.swiftmodule (in target 'CSErrors' from project 'CSErrors')
cd /Users/admin/builder/spi-builder-workspace/.dependencies/checkouts/CSErrors
builtin-copy -exclude .DS_Store -exclude CVS -exclude .svn -exclude .git -exclude .hg -resolve-src-symlinks -rename /Users/admin/builder/spi-builder-workspace/.derivedData/Build/Intermediates.noindex/CSErrors.build/Debug-watchos/CSErrors-t.build/Objects-normal/arm64_32/CSErrors.swiftmodule /Users/admin/builder/spi-builder-workspace/.derivedData/Build/Products/Debug-watchos/CSErrors.swiftmodule/arm64_32-apple-watchos.swiftmodule
SwiftMergeGeneratedHeaders /Users/admin/builder/spi-builder-workspace/.derivedData/Build/Intermediates.noindex/GeneratedModuleMaps-watchos/CSErrors-Swift.h /Users/admin/builder/spi-builder-workspace/.derivedData/Build/Intermediates.noindex/CSErrors.build/Debug-watchos/CSErrors-t.build/Objects-normal/arm64/CSErrors-Swift.h /Users/admin/builder/spi-builder-workspace/.derivedData/Build/Intermediates.noindex/CSErrors.build/Debug-watchos/CSErrors-t.build/Objects-normal/arm64_32/CSErrors-Swift.h (in target 'CSErrors' from project 'CSErrors')
cd /Users/admin/builder/spi-builder-workspace/.dependencies/checkouts/CSErrors
builtin-swiftHeaderTool -arch arm64 /Users/admin/builder/spi-builder-workspace/.derivedData/Build/Intermediates.noindex/CSErrors.build/Debug-watchos/CSErrors-t.build/Objects-normal/arm64/CSErrors-Swift.h -arch arm64_32 /Users/admin/builder/spi-builder-workspace/.derivedData/Build/Intermediates.noindex/CSErrors.build/Debug-watchos/CSErrors-t.build/Objects-normal/arm64_32/CSErrors-Swift.h -o /Users/admin/builder/spi-builder-workspace/.derivedData/Build/Intermediates.noindex/GeneratedModuleMaps-watchos/CSErrors-Swift.h
Copy /Users/admin/builder/spi-builder-workspace/.derivedData/Build/Products/Debug-watchos/CSErrors.swiftmodule/arm64_32-apple-watchos.swiftdoc /Users/admin/builder/spi-builder-workspace/.derivedData/Build/Intermediates.noindex/CSErrors.build/Debug-watchos/CSErrors-t.build/Objects-normal/arm64_32/CSErrors.swiftdoc (in target 'CSErrors' from project 'CSErrors')
cd /Users/admin/builder/spi-builder-workspace/.dependencies/checkouts/CSErrors
builtin-copy -exclude .DS_Store -exclude CVS -exclude .svn -exclude .git -exclude .hg -resolve-src-symlinks -rename /Users/admin/builder/spi-builder-workspace/.derivedData/Build/Intermediates.noindex/CSErrors.build/Debug-watchos/CSErrors-t.build/Objects-normal/arm64_32/CSErrors.swiftdoc /Users/admin/builder/spi-builder-workspace/.derivedData/Build/Products/Debug-watchos/CSErrors.swiftmodule/arm64_32-apple-watchos.swiftdoc
Copy /Users/admin/builder/spi-builder-workspace/.derivedData/Build/Products/Debug-watchos/CSErrors.swiftmodule/arm64_32-apple-watchos.abi.json /Users/admin/builder/spi-builder-workspace/.derivedData/Build/Intermediates.noindex/CSErrors.build/Debug-watchos/CSErrors-t.build/Objects-normal/arm64_32/CSErrors.abi.json (in target 'CSErrors' from project 'CSErrors')
cd /Users/admin/builder/spi-builder-workspace/.dependencies/checkouts/CSErrors
builtin-copy -exclude .DS_Store -exclude CVS -exclude .svn -exclude .git -exclude .hg -resolve-src-symlinks -rename /Users/admin/builder/spi-builder-workspace/.derivedData/Build/Intermediates.noindex/CSErrors.build/Debug-watchos/CSErrors-t.build/Objects-normal/arm64_32/CSErrors.abi.json /Users/admin/builder/spi-builder-workspace/.derivedData/Build/Products/Debug-watchos/CSErrors.swiftmodule/arm64_32-apple-watchos.abi.json
Copy /Users/admin/builder/spi-builder-workspace/.derivedData/Build/Products/Debug-watchos/CSErrors.swiftmodule/arm64-apple-watchos.swiftmodule /Users/admin/builder/spi-builder-workspace/.derivedData/Build/Intermediates.noindex/CSErrors.build/Debug-watchos/CSErrors-t.build/Objects-normal/arm64/CSErrors.swiftmodule (in target 'CSErrors' from project 'CSErrors')
cd /Users/admin/builder/spi-builder-workspace/.dependencies/checkouts/CSErrors
builtin-copy -exclude .DS_Store -exclude CVS -exclude .svn -exclude .git -exclude .hg -resolve-src-symlinks -rename /Users/admin/builder/spi-builder-workspace/.derivedData/Build/Intermediates.noindex/CSErrors.build/Debug-watchos/CSErrors-t.build/Objects-normal/arm64/CSErrors.swiftmodule /Users/admin/builder/spi-builder-workspace/.derivedData/Build/Products/Debug-watchos/CSErrors.swiftmodule/arm64-apple-watchos.swiftmodule
Copy /Users/admin/builder/spi-builder-workspace/.derivedData/Build/Products/Debug-watchos/CSErrors.swiftmodule/arm64-apple-watchos.swiftdoc /Users/admin/builder/spi-builder-workspace/.derivedData/Build/Intermediates.noindex/CSErrors.build/Debug-watchos/CSErrors-t.build/Objects-normal/arm64/CSErrors.swiftdoc (in target 'CSErrors' from project 'CSErrors')
cd /Users/admin/builder/spi-builder-workspace/.dependencies/checkouts/CSErrors
builtin-copy -exclude .DS_Store -exclude CVS -exclude .svn -exclude .git -exclude .hg -resolve-src-symlinks -rename /Users/admin/builder/spi-builder-workspace/.derivedData/Build/Intermediates.noindex/CSErrors.build/Debug-watchos/CSErrors-t.build/Objects-normal/arm64/CSErrors.swiftdoc /Users/admin/builder/spi-builder-workspace/.derivedData/Build/Products/Debug-watchos/CSErrors.swiftmodule/arm64-apple-watchos.swiftdoc
Copy /Users/admin/builder/spi-builder-workspace/.derivedData/Build/Products/Debug-watchos/CSErrors.swiftmodule/arm64-apple-watchos.abi.json /Users/admin/builder/spi-builder-workspace/.derivedData/Build/Intermediates.noindex/CSErrors.build/Debug-watchos/CSErrors-t.build/Objects-normal/arm64/CSErrors.abi.json (in target 'CSErrors' from project 'CSErrors')
cd /Users/admin/builder/spi-builder-workspace/.dependencies/checkouts/CSErrors
builtin-copy -exclude .DS_Store -exclude CVS -exclude .svn -exclude .git -exclude .hg -resolve-src-symlinks -rename /Users/admin/builder/spi-builder-workspace/.derivedData/Build/Intermediates.noindex/CSErrors.build/Debug-watchos/CSErrors-t.build/Objects-normal/arm64/CSErrors.abi.json /Users/admin/builder/spi-builder-workspace/.derivedData/Build/Products/Debug-watchos/CSErrors.swiftmodule/arm64-apple-watchos.abi.json
Copy /Users/admin/builder/spi-builder-workspace/.derivedData/Build/Products/Debug-watchos/CSErrors.swiftmodule/Project/arm64_32-apple-watchos.swiftsourceinfo /Users/admin/builder/spi-builder-workspace/.derivedData/Build/Intermediates.noindex/CSErrors.build/Debug-watchos/CSErrors-t.build/Objects-normal/arm64_32/CSErrors.swiftsourceinfo (in target 'CSErrors' from project 'CSErrors')
cd /Users/admin/builder/spi-builder-workspace/.dependencies/checkouts/CSErrors
builtin-copy -exclude .DS_Store -exclude CVS -exclude .svn -exclude .git -exclude .hg -resolve-src-symlinks -rename /Users/admin/builder/spi-builder-workspace/.derivedData/Build/Intermediates.noindex/CSErrors.build/Debug-watchos/CSErrors-t.build/Objects-normal/arm64_32/CSErrors.swiftsourceinfo /Users/admin/builder/spi-builder-workspace/.derivedData/Build/Products/Debug-watchos/CSErrors.swiftmodule/Project/arm64_32-apple-watchos.swiftsourceinfo
Copy /Users/admin/builder/spi-builder-workspace/.derivedData/Build/Products/Debug-watchos/CSErrors.swiftmodule/Project/arm64-apple-watchos.swiftsourceinfo /Users/admin/builder/spi-builder-workspace/.derivedData/Build/Intermediates.noindex/CSErrors.build/Debug-watchos/CSErrors-t.build/Objects-normal/arm64/CSErrors.swiftsourceinfo (in target 'CSErrors' from project 'CSErrors')
cd /Users/admin/builder/spi-builder-workspace/.dependencies/checkouts/CSErrors
builtin-copy -exclude .DS_Store -exclude CVS -exclude .svn -exclude .git -exclude .hg -resolve-src-symlinks -rename /Users/admin/builder/spi-builder-workspace/.derivedData/Build/Intermediates.noindex/CSErrors.build/Debug-watchos/CSErrors-t.build/Objects-normal/arm64/CSErrors.swiftsourceinfo /Users/admin/builder/spi-builder-workspace/.derivedData/Build/Products/Debug-watchos/CSErrors.swiftmodule/Project/arm64-apple-watchos.swiftsourceinfo
SwiftDriverJobDiscovery normal arm64_32 Compiling Internal.swift (in target 'CSErrors' from project 'CSErrors')
SwiftCompile normal arm64 Compiling\ Error+CSErrors.swift,\ ErrorMetadata.swift /Users/admin/builder/spi-builder-workspace/.dependencies/checkouts/CSErrors/Sources/CSErrors/Error+CSErrors.swift /Users/admin/builder/spi-builder-workspace/.dependencies/checkouts/CSErrors/Sources/CSErrors/ErrorMetadata.swift (in target 'CSErrors' from project 'CSErrors')
SwiftCompile normal arm64 /Users/admin/builder/spi-builder-workspace/.dependencies/checkouts/CSErrors/Sources/CSErrors/Error+CSErrors.swift (in target 'CSErrors' from project 'CSErrors')
cd /Users/admin/builder/spi-builder-workspace/.swiftpm/xcode
builtin-SwiftPerFileCompile Error+CSErrors.swift
SwiftCompile normal arm64 /Users/admin/builder/spi-builder-workspace/.dependencies/checkouts/CSErrors/Sources/CSErrors/ErrorMetadata.swift (in target 'CSErrors' from project 'CSErrors')
cd /Users/admin/builder/spi-builder-workspace/.swiftpm/xcode
builtin-SwiftPerFileCompile ErrorMetadata.swift
SwiftCompile normal arm64 Compiling\ Internal.swift /Users/admin/builder/spi-builder-workspace/.dependencies/checkouts/CSErrors/Sources/CSErrors/Internal.swift (in target 'CSErrors' from project 'CSErrors')
SwiftCompile normal arm64 /Users/admin/builder/spi-builder-workspace/.dependencies/checkouts/CSErrors/Sources/CSErrors/Internal.swift (in target 'CSErrors' from project 'CSErrors')
cd /Users/admin/builder/spi-builder-workspace/.swiftpm/xcode
builtin-SwiftPerFileCompile Internal.swift
SwiftCompile normal arm64 Compiling\ NSError+CSErrors.swift /Users/admin/builder/spi-builder-workspace/.dependencies/checkouts/CSErrors/Sources/CSErrors/NSError+CSErrors.swift (in target 'CSErrors' from project 'CSErrors')
SwiftCompile normal arm64 /Users/admin/builder/spi-builder-workspace/.dependencies/checkouts/CSErrors/Sources/CSErrors/NSError+CSErrors.swift (in target 'CSErrors' from project 'CSErrors')
cd /Users/admin/builder/spi-builder-workspace/.swiftpm/xcode
builtin-SwiftPerFileCompile NSError+CSErrors.swift
SwiftDriverJobDiscovery normal arm64_32 Compiling Stderr.swift (in target 'CSErrors' from project 'CSErrors')
SwiftCompile normal arm64 Compiling\ POSIX\ Errors.swift /Users/admin/builder/spi-builder-workspace/.dependencies/checkouts/CSErrors/Sources/CSErrors/POSIX\ Errors.swift (in target 'CSErrors' from project 'CSErrors')
SwiftCompile normal arm64 /Users/admin/builder/spi-builder-workspace/.dependencies/checkouts/CSErrors/Sources/CSErrors/POSIX\ Errors.swift (in target 'CSErrors' from project 'CSErrors')
cd /Users/admin/builder/spi-builder-workspace/.swiftpm/xcode
builtin-SwiftPerFileCompile POSIX\ Errors.swift
SwiftDriverJobDiscovery normal arm64 Compiling Internal.swift (in target 'CSErrors' from project 'CSErrors')
SwiftDriverJobDiscovery normal arm64_32 Compiling NSError+CSErrors.swift (in target 'CSErrors' from project 'CSErrors')
SwiftCompile normal arm64 Compiling\ CSErrorProtocol.swift,\ CocoaError+CSErrors.swift /Users/admin/builder/spi-builder-workspace/.dependencies/checkouts/CSErrors/Sources/CSErrors/CSErrorProtocol.swift /Users/admin/builder/spi-builder-workspace/.dependencies/checkouts/CSErrors/Sources/CSErrors/CocoaError+CSErrors.swift (in target 'CSErrors' from project 'CSErrors')
SwiftCompile normal arm64 /Users/admin/builder/spi-builder-workspace/.dependencies/checkouts/CSErrors/Sources/CSErrors/CSErrorProtocol.swift (in target 'CSErrors' from project 'CSErrors')
cd /Users/admin/builder/spi-builder-workspace/.swiftpm/xcode
builtin-SwiftPerFileCompile CSErrorProtocol.swift
SwiftCompile normal arm64 /Users/admin/builder/spi-builder-workspace/.dependencies/checkouts/CSErrors/Sources/CSErrors/CocoaError+CSErrors.swift (in target 'CSErrors' from project 'CSErrors')
cd /Users/admin/builder/spi-builder-workspace/.swiftpm/xcode
builtin-SwiftPerFileCompile CocoaError+CSErrors.swift
SwiftDriverJobDiscovery normal arm64_32 Compiling HTTPError.swift (in target 'CSErrors' from project 'CSErrors')
SwiftCompile normal arm64 Compiling\ OSStatus\ Errors.swift /Users/admin/builder/spi-builder-workspace/.dependencies/checkouts/CSErrors/Sources/CSErrors/OSStatus\ Errors.swift (in target 'CSErrors' from project 'CSErrors')
SwiftCompile normal arm64 /Users/admin/builder/spi-builder-workspace/.dependencies/checkouts/CSErrors/Sources/CSErrors/OSStatus\ Errors.swift (in target 'CSErrors' from project 'CSErrors')
cd /Users/admin/builder/spi-builder-workspace/.swiftpm/xcode
builtin-SwiftPerFileCompile OSStatus\ Errors.swift
SwiftCompile normal arm64 Compiling\ Stderr.swift /Users/admin/builder/spi-builder-workspace/.dependencies/checkouts/CSErrors/Sources/CSErrors/Stderr.swift (in target 'CSErrors' from project 'CSErrors')
SwiftCompile normal arm64 /Users/admin/builder/spi-builder-workspace/.dependencies/checkouts/CSErrors/Sources/CSErrors/Stderr.swift (in target 'CSErrors' from project 'CSErrors')
cd /Users/admin/builder/spi-builder-workspace/.swiftpm/xcode
builtin-SwiftPerFileCompile Stderr.swift
SwiftDriverJobDiscovery normal arm64_32 Compiling URLError+CSErrors.swift (in target 'CSErrors' from project 'CSErrors')
SwiftDriverJobDiscovery normal arm64_32 Compiling Recoverability.swift (in target 'CSErrors' from project 'CSErrors')
SwiftCompile normal arm64 Compiling\ URLError+CSErrors.swift /Users/admin/builder/spi-builder-workspace/.dependencies/checkouts/CSErrors/Sources/CSErrors/URLError+CSErrors.swift (in target 'CSErrors' from project 'CSErrors')
SwiftCompile normal arm64 /Users/admin/builder/spi-builder-workspace/.dependencies/checkouts/CSErrors/Sources/CSErrors/URLError+CSErrors.swift (in target 'CSErrors' from project 'CSErrors')
cd /Users/admin/builder/spi-builder-workspace/.swiftpm/xcode
builtin-SwiftPerFileCompile URLError+CSErrors.swift
SwiftCompile normal arm64 Compiling\ Recoverability.swift /Users/admin/builder/spi-builder-workspace/.dependencies/checkouts/CSErrors/Sources/CSErrors/Recoverability.swift (in target 'CSErrors' from project 'CSErrors')
SwiftCompile normal arm64 /Users/admin/builder/spi-builder-workspace/.dependencies/checkouts/CSErrors/Sources/CSErrors/Recoverability.swift (in target 'CSErrors' from project 'CSErrors')
cd /Users/admin/builder/spi-builder-workspace/.swiftpm/xcode
builtin-SwiftPerFileCompile Recoverability.swift
SwiftDriverJobDiscovery normal arm64_32 Compiling Error+CSErrors.swift, ErrorMetadata.swift (in target 'CSErrors' from project 'CSErrors')
SwiftCompile normal arm64_32 Compiling\ CSErrorProtocol.swift,\ CocoaError+CSErrors.swift /Users/admin/builder/spi-builder-workspace/.dependencies/checkouts/CSErrors/Sources/CSErrors/CSErrorProtocol.swift /Users/admin/builder/spi-builder-workspace/.dependencies/checkouts/CSErrors/Sources/CSErrors/CocoaError+CSErrors.swift (in target 'CSErrors' from project 'CSErrors')
SwiftCompile normal arm64_32 /Users/admin/builder/spi-builder-workspace/.dependencies/checkouts/CSErrors/Sources/CSErrors/CSErrorProtocol.swift (in target 'CSErrors' from project 'CSErrors')
cd /Users/admin/builder/spi-builder-workspace/.swiftpm/xcode
builtin-SwiftPerFileCompile CSErrorProtocol.swift
SwiftCompile normal arm64_32 /Users/admin/builder/spi-builder-workspace/.dependencies/checkouts/CSErrors/Sources/CSErrors/CocoaError+CSErrors.swift (in target 'CSErrors' from project 'CSErrors')
cd /Users/admin/builder/spi-builder-workspace/.swiftpm/xcode
builtin-SwiftPerFileCompile CocoaError+CSErrors.swift
SwiftDriverJobDiscovery normal arm64_32 Compiling OSStatus Errors.swift (in target 'CSErrors' from project 'CSErrors')
SwiftCompile normal arm64 Compiling\ HTTPError.swift /Users/admin/builder/spi-builder-workspace/.dependencies/checkouts/CSErrors/Sources/CSErrors/HTTPError.swift (in target 'CSErrors' from project 'CSErrors')
SwiftCompile normal arm64 /Users/admin/builder/spi-builder-workspace/.dependencies/checkouts/CSErrors/Sources/CSErrors/HTTPError.swift (in target 'CSErrors' from project 'CSErrors')
cd /Users/admin/builder/spi-builder-workspace/.swiftpm/xcode
builtin-SwiftPerFileCompile HTTPError.swift
SwiftDriverJobDiscovery normal arm64_32 Compiling POSIX Errors.swift (in target 'CSErrors' from project 'CSErrors')
SwiftDriverJobDiscovery normal arm64 Compiling Stderr.swift (in target 'CSErrors' from project 'CSErrors')
SwiftDriver CSCodeSignature normal arm64 com.apple.xcode.tools.swift.compiler (in target 'CSCodeSignature' from project 'CSCodeSignature')
cd /Users/admin/builder/spi-builder-workspace/.swiftpm/xcode
builtin-SwiftDriver -- /Applications/Xcode-27.0.0-Release.Candidate.app/Contents/Developer/Toolchains/XcodeDefault.xctoolchain/usr/bin/swiftc -parse-as-library -module-name CSCodeSignature -Onone @/Users/admin/builder/spi-builder-workspace/.derivedData/Build/Intermediates.noindex/CSCodeSignature.build/Debug-watchos/CSCodeSignature-t.build/Objects-normal/arm64/CSCodeSignature.SwiftFileList -DSWIFT_PACKAGE -DDEBUG -DSWIFT_MODULE_RESOURCE_BUNDLE_UNAVAILABLE -DXcode -plugin-path /Applications/Xcode-27.0.0-Release.Candidate.app/Contents/Developer/Toolchains/XcodeDefault.xctoolchain/usr/lib/swift/host/plugins/testing -enable-experimental-feature DebugDescriptionMacro -sdk /Applications/Xcode-27.0.0-Release.Candidate.app/Contents/Developer/Platforms/WatchOS.platform/Developer/SDKs/WatchOS27.0.sdk -target arm64-apple-watchos9.0 -g -module-cache-path /Users/admin/builder/spi-builder-workspace/.derivedData/ModuleCache.noindex -Xfrontend -serialize-debugging-options -enable-testing -index-store-path /Users/admin/builder/spi-builder-workspace/.derivedData/Index.noindex/DataStore -Xcc -D_LIBCPP_HARDENING_MODE\=_LIBCPP_HARDENING_MODE_DEBUG -swift-version 6 -I /Users/admin/builder/spi-builder-workspace/.derivedData/Build/Products/Debug-watchos -Isystem /Applications/Xcode-27.0.0-Release.Candidate.app/Contents/Developer/Platforms/WatchOS.platform/Developer/usr/lib -F /Users/admin/builder/spi-builder-workspace/.derivedData/Build/Products/Debug-watchos/PackageFrameworks -F /Users/admin/builder/spi-builder-workspace/.derivedData/Build/Products/Debug-watchos -F /Applications/Xcode-27.0.0-Release.Candidate.app/Contents/Developer/Platforms/WatchOS.platform/Developer/Library/Frameworks -F /Applications/Xcode-27.0.0-Release.Candidate.app/Contents/Developer/Platforms/WatchOS.platform/Developer/SDKs/WatchOS27.0.sdk/Developer/Library/Frameworks -c -j10 -enable-batch-mode -incremental -Xcc -ivfsstatcache -Xcc /Users/admin/builder/spi-builder-workspace/.derivedData/SDKStatCaches.noindex/watchos27.0-24R360-e829b21a6f8c9b70876ba0858053c04477534ef55a1706bf4c1112bbb242f0a2.sdkstatcache -output-file-map /Users/admin/builder/spi-builder-workspace/.derivedData/Build/Intermediates.noindex/CSCodeSignature.build/Debug-watchos/CSCodeSignature-t.build/Objects-normal/arm64/CSCodeSignature-OutputFileMap.json -save-temps -no-color-diagnostics -explicit-module-build -module-cache-path /Users/admin/builder/spi-builder-workspace/.derivedData/Build/Intermediates.noindex/SwiftExplicitPrecompiledModules -clang-scanner-module-cache-path /Users/admin/builder/spi-builder-workspace/.derivedData/ModuleCache.noindex -sdk-module-cache-path /Users/admin/builder/spi-builder-workspace/.derivedData/SDKExplicitPrecompiledModules -emit-dependencies -emit-module -emit-module-path /Users/admin/builder/spi-builder-workspace/.derivedData/Build/Intermediates.noindex/CSCodeSignature.build/Debug-watchos/CSCodeSignature-t.build/Objects-normal/arm64/CSCodeSignature.swiftmodule -serialize-diagnostics -dependency-scan-serialize-diagnostics-path /Users/admin/builder/spi-builder-workspace/.derivedData/Build/Intermediates.noindex/CSCodeSignature.build/Debug-watchos/CSCodeSignature-t.build/Objects-normal/arm64/CSCodeSignature-dependency-scan.dia -validate-clang-modules-once -clang-build-session-file /Users/admin/builder/spi-builder-workspace/.derivedData/ModuleCache.noindex/Session.modulevalidation -Xcc -fmodules-prune-interval\=86400 -Xcc -fmodules-prune-after\=345600 -package-name spi_builder_workspace -emit-const-values -const-gather-protocols-list /Users/admin/builder/spi-builder-workspace/.derivedData/Build/Intermediates.noindex/CSCodeSignature.build/Debug-watchos/CSCodeSignature-t.build/Objects-normal/arm64/CSCodeSignature_const_extract_protocols.json -Xcc -I/Users/admin/builder/spi-builder-workspace/.derivedData/Build/Products/Debug-watchos/include -Xcc -I/Users/admin/builder/spi-builder-workspace/.derivedData/Build/Intermediates.noindex/CSCodeSignature.build/Debug-watchos/CSCodeSignature-t.build/DerivedSources-normal/arm64 -Xcc -I/Users/admin/builder/spi-builder-workspace/.derivedData/Build/Intermediates.noindex/CSCodeSignature.build/Debug-watchos/CSCodeSignature-t.build/DerivedSources/arm64 -Xcc -I/Users/admin/builder/spi-builder-workspace/.derivedData/Build/Intermediates.noindex/CSCodeSignature.build/Debug-watchos/CSCodeSignature-t.build/DerivedSources -Xcc -DSWIFT_PACKAGE -Xcc -DDEBUG\=1 -emit-objc-header -emit-objc-header-path /Users/admin/builder/spi-builder-workspace/.derivedData/Build/Intermediates.noindex/CSCodeSignature.build/Debug-watchos/CSCodeSignature-t.build/Objects-normal/arm64/CSCodeSignature-Swift.h -working-directory /Users/admin/builder/spi-builder-workspace/.swiftpm/xcode -experimental-emit-module-separately -disable-cmo
SwiftDriver CSCodeSignature normal arm64_32 com.apple.xcode.tools.swift.compiler (in target 'CSCodeSignature' from project 'CSCodeSignature')
cd /Users/admin/builder/spi-builder-workspace/.swiftpm/xcode
builtin-SwiftDriver -- /Applications/Xcode-27.0.0-Release.Candidate.app/Contents/Developer/Toolchains/XcodeDefault.xctoolchain/usr/bin/swiftc -parse-as-library -module-name CSCodeSignature -Onone @/Users/admin/builder/spi-builder-workspace/.derivedData/Build/Intermediates.noindex/CSCodeSignature.build/Debug-watchos/CSCodeSignature-t.build/Objects-normal/arm64_32/CSCodeSignature.SwiftFileList -DSWIFT_PACKAGE -DDEBUG -DSWIFT_MODULE_RESOURCE_BUNDLE_UNAVAILABLE -DXcode -plugin-path /Applications/Xcode-27.0.0-Release.Candidate.app/Contents/Developer/Toolchains/XcodeDefault.xctoolchain/usr/lib/swift/host/plugins/testing -enable-experimental-feature DebugDescriptionMacro -sdk /Applications/Xcode-27.0.0-Release.Candidate.app/Contents/Developer/Platforms/WatchOS.platform/Developer/SDKs/WatchOS27.0.sdk -target arm64_32-apple-watchos9.0 -g -module-cache-path /Users/admin/builder/spi-builder-workspace/.derivedData/ModuleCache.noindex -Xfrontend -serialize-debugging-options -enable-testing -index-store-path /Users/admin/builder/spi-builder-workspace/.derivedData/Index.noindex/DataStore -Xcc -D_LIBCPP_HARDENING_MODE\=_LIBCPP_HARDENING_MODE_DEBUG -swift-version 6 -I /Users/admin/builder/spi-builder-workspace/.derivedData/Build/Products/Debug-watchos -Isystem /Applications/Xcode-27.0.0-Release.Candidate.app/Contents/Developer/Platforms/WatchOS.platform/Developer/usr/lib -F /Users/admin/builder/spi-builder-workspace/.derivedData/Build/Products/Debug-watchos/PackageFrameworks -F /Users/admin/builder/spi-builder-workspace/.derivedData/Build/Products/Debug-watchos -F /Applications/Xcode-27.0.0-Release.Candidate.app/Contents/Developer/Platforms/WatchOS.platform/Developer/Library/Frameworks -F /Applications/Xcode-27.0.0-Release.Candidate.app/Contents/Developer/Platforms/WatchOS.platform/Developer/SDKs/WatchOS27.0.sdk/Developer/Library/Frameworks -c -j10 -enable-batch-mode -incremental -Xcc -ivfsstatcache -Xcc /Users/admin/builder/spi-builder-workspace/.derivedData/SDKStatCaches.noindex/watchos27.0-24R360-e829b21a6f8c9b70876ba0858053c04477534ef55a1706bf4c1112bbb242f0a2.sdkstatcache -output-file-map /Users/admin/builder/spi-builder-workspace/.derivedData/Build/Intermediates.noindex/CSCodeSignature.build/Debug-watchos/CSCodeSignature-t.build/Objects-normal/arm64_32/CSCodeSignature-OutputFileMap.json -save-temps -no-color-diagnostics -explicit-module-build -module-cache-path /Users/admin/builder/spi-builder-workspace/.derivedData/Build/Intermediates.noindex/SwiftExplicitPrecompiledModules -clang-scanner-module-cache-path /Users/admin/builder/spi-builder-workspace/.derivedData/ModuleCache.noindex -sdk-module-cache-path /Users/admin/builder/spi-builder-workspace/.derivedData/SDKExplicitPrecompiledModules -emit-dependencies -emit-module -emit-module-path /Users/admin/builder/spi-builder-workspace/.derivedData/Build/Intermediates.noindex/CSCodeSignature.build/Debug-watchos/CSCodeSignature-t.build/Objects-normal/arm64_32/CSCodeSignature.swiftmodule -serialize-diagnostics -dependency-scan-serialize-diagnostics-path /Users/admin/builder/spi-builder-workspace/.derivedData/Build/Intermediates.noindex/CSCodeSignature.build/Debug-watchos/CSCodeSignature-t.build/Objects-normal/arm64_32/CSCodeSignature-dependency-scan.dia -validate-clang-modules-once -clang-build-session-file /Users/admin/builder/spi-builder-workspace/.derivedData/ModuleCache.noindex/Session.modulevalidation -Xcc -fmodules-prune-interval\=86400 -Xcc -fmodules-prune-after\=345600 -package-name spi_builder_workspace -emit-const-values -const-gather-protocols-list /Users/admin/builder/spi-builder-workspace/.derivedData/Build/Intermediates.noindex/CSCodeSignature.build/Debug-watchos/CSCodeSignature-t.build/Objects-normal/arm64_32/CSCodeSignature_const_extract_protocols.json -Xcc -I/Users/admin/builder/spi-builder-workspace/.derivedData/Build/Products/Debug-watchos/include -Xcc -I/Users/admin/builder/spi-builder-workspace/.derivedData/Build/Intermediates.noindex/CSCodeSignature.build/Debug-watchos/CSCodeSignature-t.build/DerivedSources-normal/arm64_32 -Xcc -I/Users/admin/builder/spi-builder-workspace/.derivedData/Build/Intermediates.noindex/CSCodeSignature.build/Debug-watchos/CSCodeSignature-t.build/DerivedSources/arm64_32 -Xcc -I/Users/admin/builder/spi-builder-workspace/.derivedData/Build/Intermediates.noindex/CSCodeSignature.build/Debug-watchos/CSCodeSignature-t.build/DerivedSources -Xcc -DSWIFT_PACKAGE -Xcc -DDEBUG\=1 -emit-objc-header -emit-objc-header-path /Users/admin/builder/spi-builder-workspace/.derivedData/Build/Intermediates.noindex/CSCodeSignature.build/Debug-watchos/CSCodeSignature-t.build/Objects-normal/arm64_32/CSCodeSignature-Swift.h -working-directory /Users/admin/builder/spi-builder-workspace/.swiftpm/xcode -experimental-emit-module-separately -disable-cmo
SwiftDriverJobDiscovery normal arm64_32 Compiling CSErrorProtocol.swift, CocoaError+CSErrors.swift (in target 'CSErrors' from project 'CSErrors')
SwiftDriver\ Compilation CSErrors normal arm64_32 com.apple.xcode.tools.swift.compiler (in target 'CSErrors' from project 'CSErrors')
cd /Users/admin/builder/spi-builder-workspace/.swiftpm/xcode
builtin-Swift-Compilation -- /Applications/Xcode-27.0.0-Release.Candidate.app/Contents/Developer/Toolchains/XcodeDefault.xctoolchain/usr/bin/swiftc -parse-as-library -module-name CSErrors -Onone @/Users/admin/builder/spi-builder-workspace/.derivedData/Build/Intermediates.noindex/CSErrors.build/Debug-watchos/CSErrors-t.build/Objects-normal/arm64_32/CSErrors.SwiftFileList -DSWIFT_PACKAGE -DDEBUG -DSWIFT_MODULE_RESOURCE_BUNDLE_UNAVAILABLE -DFoundation -Ddefault -DXcode -plugin-path /Applications/Xcode-27.0.0-Release.Candidate.app/Contents/Developer/Toolchains/XcodeDefault.xctoolchain/usr/lib/swift/host/plugins/testing -enable-experimental-feature DebugDescriptionMacro -sdk /Applications/Xcode-27.0.0-Release.Candidate.app/Contents/Developer/Platforms/WatchOS.platform/Developer/SDKs/WatchOS27.0.sdk -target arm64_32-apple-watchos9.0 -g -module-cache-path /Users/admin/builder/spi-builder-workspace/.derivedData/ModuleCache.noindex -Xfrontend -serialize-debugging-options -enable-testing -suppress-warnings -index-store-path /Users/admin/builder/spi-builder-workspace/.derivedData/Index.noindex/DataStore -Xcc -D_LIBCPP_HARDENING_MODE\=_LIBCPP_HARDENING_MODE_DEBUG -swift-version 6 -I /Users/admin/builder/spi-builder-workspace/.derivedData/Build/Products/Debug-watchos -Isystem /Applications/Xcode-27.0.0-Release.Candidate.app/Contents/Developer/Platforms/WatchOS.platform/Developer/usr/lib -F /Users/admin/builder/spi-builder-workspace/.derivedData/Build/Products/Debug-watchos -F /Applications/Xcode-27.0.0-Release.Candidate.app/Contents/Developer/Platforms/WatchOS.platform/Developer/Library/Frameworks -F /Applications/Xcode-27.0.0-Release.Candidate.app/Contents/Developer/Platforms/WatchOS.platform/Developer/SDKs/WatchOS27.0.sdk/Developer/Library/Frameworks -c -j10 -enable-batch-mode -incremental -Xcc -ivfsstatcache -Xcc /Users/admin/builder/spi-builder-workspace/.derivedData/SDKStatCaches.noindex/watchos27.0-24R360-e829b21a6f8c9b70876ba0858053c04477534ef55a1706bf4c1112bbb242f0a2.sdkstatcache -output-file-map /Users/admin/builder/spi-builder-workspace/.derivedData/Build/Intermediates.noindex/CSErrors.build/Debug-watchos/CSErrors-t.build/Objects-normal/arm64_32/CSErrors-OutputFileMap.json -save-temps -no-color-diagnostics -explicit-module-build -module-cache-path /Users/admin/builder/spi-builder-workspace/.derivedData/Build/Intermediates.noindex/SwiftExplicitPrecompiledModules -clang-scanner-module-cache-path /Users/admin/builder/spi-builder-workspace/.derivedData/ModuleCache.noindex -sdk-module-cache-path /Users/admin/builder/spi-builder-workspace/.derivedData/SDKExplicitPrecompiledModules -emit-dependencies -emit-module -emit-module-path /Users/admin/builder/spi-builder-workspace/.derivedData/Build/Intermediates.noindex/CSErrors.build/Debug-watchos/CSErrors-t.build/Objects-normal/arm64_32/CSErrors.swiftmodule -serialize-diagnostics -dependency-scan-serialize-diagnostics-path /Users/admin/builder/spi-builder-workspace/.derivedData/Build/Intermediates.noindex/CSErrors.build/Debug-watchos/CSErrors-t.build/Objects-normal/arm64_32/CSErrors-dependency-scan.dia -user-module-version 2.1.0 -validate-clang-modules-once -clang-build-session-file /Users/admin/builder/spi-builder-workspace/.derivedData/ModuleCache.noindex/Session.modulevalidation -Xcc -fmodules-prune-interval\=86400 -Xcc -fmodules-prune-after\=345600 -package-name cserrors -emit-const-values -const-gather-protocols-list /Users/admin/builder/spi-builder-workspace/.derivedData/Build/Intermediates.noindex/CSErrors.build/Debug-watchos/CSErrors-t.build/Objects-normal/arm64_32/CSErrors_const_extract_protocols.json -Xcc -I/Users/admin/builder/spi-builder-workspace/.derivedData/Build/Products/Debug-watchos/include -Xcc -I/Users/admin/builder/spi-builder-workspace/.derivedData/Build/Intermediates.noindex/CSErrors.build/Debug-watchos/CSErrors-t.build/DerivedSources-normal/arm64_32 -Xcc -I/Users/admin/builder/spi-builder-workspace/.derivedData/Build/Intermediates.noindex/CSErrors.build/Debug-watchos/CSErrors-t.build/DerivedSources/arm64_32 -Xcc -I/Users/admin/builder/spi-builder-workspace/.derivedData/Build/Intermediates.noindex/CSErrors.build/Debug-watchos/CSErrors-t.build/DerivedSources -Xcc -DSWIFT_PACKAGE -Xcc -DDEBUG\=1 -emit-objc-header -emit-objc-header-path /Users/admin/builder/spi-builder-workspace/.derivedData/Build/Intermediates.noindex/CSErrors.build/Debug-watchos/CSErrors-t.build/Objects-normal/arm64_32/CSErrors-Swift.h -working-directory /Users/admin/builder/spi-builder-workspace/.swiftpm/xcode -experimental-emit-module-separately -disable-cmo
SwiftEmitModule normal arm64 Emitting\ module\ for\ CSCodeSignature (in target 'CSCodeSignature' from project 'CSCodeSignature')
/Users/admin/builder/spi-builder-workspace/Sources/CSCodeSignature/CSCodeSignature.swift:80:59: error: cannot find type 'SecStaticCode' in scope
78 | }
79 |
80 | private static func getStaticCode(url: URL) throws -> SecStaticCode {
| `- error: cannot find type 'SecStaticCode' in scope
81 | var code: SecStaticCode?
82 | let err = SecStaticCodeCreateWithPath(url as CFURL, [], &code)
/Users/admin/builder/spi-builder-workspace/Sources/CSCodeSignature/CSCodeSignature.swift:95:41: error: cannot find type 'SecStaticCode' in scope
93 | }
94 |
95 | private static func getStatus(code: SecStaticCode, url: URL) -> Status {
| `- error: cannot find type 'SecStaticCode' in scope
96 | var error: Unmanaged<CFError>?
97 | let err = SecStaticCodeCheckValidityWithErrors(code, [], nil, &error)
/Users/admin/builder/spi-builder-workspace/Sources/CSCodeSignature/CSCodeSignature.swift:110:39: error: cannot find type 'SecStaticCode' in scope
108 | }
109 |
110 | private static func getInfo(code: SecStaticCode, url: URL) throws -> Info {
| `- error: cannot find type 'SecStaticCode' in scope
111 | let infoDictionary = try self.getInfoDictionary(code: code, url: url)
112 |
/Users/admin/builder/spi-builder-workspace/Sources/CSCodeSignature/CSCodeSignature.swift:134:49: error: cannot find type 'SecStaticCode' in scope
132 | }
133 |
134 | private static func getInfoDictionary(code: SecStaticCode, url: URL) throws -> [AnyHashable: Any] {
| `- error: cannot find type 'SecStaticCode' in scope
135 | var cfInfo: CFDictionary?
136 | let flags = SecCSFlags(rawValue: kSecCSSigningInformation | kSecCSRequirementInformation)
Failed frontend command:
/Applications/Xcode-27.0.0-Release.Candidate.app/Contents/Developer/Toolchains/XcodeDefault.xctoolchain/usr/bin/swift-frontend -frontend -emit-module -experimental-skip-non-inlinable-function-bodies-without-types /Users/admin/builder/spi-builder-workspace/Sources/CSCodeSignature/CSCodeSignature.swift -target arm64-apple-watchos9.0 -disable-cross-import-overlay-search -load-resolved-plugin /Applications/Xcode-27.0.0-Release.Candidate.app/Contents/Developer/Platforms/WatchOS.platform/Developer/usr/lib/swift/host/plugins/libFoundationMacros.dylib\#/Applications/Xcode-27.0.0-Release.Candidate.app/Contents/Developer/Platforms/WatchOS.platform/Developer/usr/bin/swift-plugin-server\#FoundationMacros -load-resolved-plugin /Applications/Xcode-27.0.0-Release.Candidate.app/Contents/Developer/Platforms/WatchOS.platform/Developer/usr/lib/swift/host/plugins/libObservationMacros.dylib\#/Applications/Xcode-27.0.0-Release.Candidate.app/Contents/Developer/Platforms/WatchOS.platform/Developer/usr/bin/swift-plugin-server\#ObservationMacros -load-resolved-plugin /Applications/Xcode-27.0.0-Release.Candidate.app/Contents/Developer/Platforms/WatchOS.platform/Developer/usr/lib/swift/host/plugins/libSwiftMacros.dylib\#/Applications/Xcode-27.0.0-Release.Candidate.app/Contents/Developer/Platforms/WatchOS.platform/Developer/usr/bin/swift-plugin-server\#SwiftMacros -disable-implicit-swift-modules -Xcc -fno-implicit-modules -Xcc -fno-implicit-module-maps -explicit-swift-module-map-file /Users/admin/builder/spi-builder-workspace/.derivedData/Build/Intermediates.noindex/CSCodeSignature.build/Debug-watchos/CSCodeSignature-t.build/Objects-normal/arm64/CSCodeSignature-dependencies-1.json -Xllvm -aarch64-use-tbi -enable-objc-interop -stack-check -sdk /Applications/Xcode-27.0.0-Release.Candidate.app/Contents/Developer/Platforms/WatchOS.platform/Developer/SDKs/WatchOS27.0.sdk -I /Users/admin/builder/spi-builder-workspace/.derivedData/Build/Products/Debug-watchos -Isystem /Applications/Xcode-27.0.0-Release.Candidate.app/Contents/Developer/Platforms/WatchOS.platform/Developer/usr/lib -F /Users/admin/builder/spi-builder-workspace/.derivedData/Build/Products/Debug-watchos/PackageFrameworks -F /Users/admin/builder/spi-builder-workspace/.derivedData/Build/Products/Debug-watchos -F /Applications/Xcode-27.0.0-Release.Candidate.app/Contents/Developer/Platforms/WatchOS.platform/Developer/Library/Frameworks -F /Applications/Xcode-27.0.0-Release.Candidate.app/Contents/Developer/Platforms/WatchOS.platform/Developer/SDKs/WatchOS27.0.sdk/Developer/Library/Frameworks -module-cache-path /Users/admin/builder/spi-builder-workspace/.derivedData/Build/Intermediates.noindex/SwiftExplicitPrecompiledModules -no-color-diagnostics -Xcc -fno-color-diagnostics -enable-testing -g -debug-info-format\=dwarf -dwarf-version\=4 -swift-version 6 -Onone -D SWIFT_PACKAGE -D DEBUG -D SWIFT_MODULE_RESOURCE_BUNDLE_UNAVAILABLE -D Xcode -serialize-debugging-options -enable-experimental-feature DebugDescriptionMacro -empty-abi-descriptor -validate-clang-modules-once -clang-build-session-file /Users/admin/builder/spi-builder-workspace/.derivedData/ModuleCache.noindex/Session.modulevalidation -Xcc -working-directory -Xcc /Users/admin/builder/spi-builder-workspace/.swiftpm/xcode -enable-anonymous-context-mangled-names -file-compilation-dir /Users/admin/builder/spi-builder-workspace/.swiftpm/xcode -Xcc -D_LIBCPP_HARDENING_MODE\=_LIBCPP_HARDENING_MODE_DEBUG -Xcc -ivfsstatcache -Xcc /Users/admin/builder/spi-builder-workspace/.derivedData/SDKStatCaches.noindex/watchos27.0-24R360-e829b21a6f8c9b70876ba0858053c04477534ef55a1706bf4c1112bbb242f0a2.sdkstatcache -Xcc -fmodules-prune-interval\=86400 -Xcc -fmodules-prune-after\=345600 -Xcc -I/Users/admin/builder/spi-builder-workspace/.derivedData/Build/Products/Debug-watchos/include -Xcc -I/Users/admin/builder/spi-builder-workspace/.derivedData/Build/Intermediates.noindex/CSCodeSignature.build/Debug-watchos/CSCodeSignature-t.build/DerivedSources-normal/arm64 -Xcc -I/Users/admin/builder/spi-builder-workspace/.derivedData/Build/Intermediates.noindex/CSCodeSignature.build/Debug-watchos/CSCodeSignature-t.build/DerivedSources/arm64 -Xcc -I/Users/admin/builder/spi-builder-workspace/.derivedData/Build/Intermediates.noindex/CSCodeSignature.build/Debug-watchos/CSCodeSignature-t.build/DerivedSources -Xcc -DSWIFT_PACKAGE -Xcc -DDEBUG\=1 -no-auto-bridging-header-chaining -module-name CSCodeSignature -package-name spi_builder_workspace -const-gather-protocols-file /Users/admin/builder/spi-builder-workspace/.derivedData/Build/Intermediates.noindex/CSCodeSignature.build/Debug-watchos/CSCodeSignature-t.build/Objects-normal/arm64/CSCodeSignature_const_extract_protocols.json -disable-clang-spi -clang-target arm64-apple-watchos27.0 -target-sdk-version 27.0 -target-sdk-name watchos27.0 -in-process-plugin-server-path /Applications/Xcode-27.0.0-Release.Candidate.app/Contents/Developer/Toolchains/XcodeDefault.xctoolchain/usr/lib/swift/host/libSwiftInProcPluginServer.dylib -emit-module-doc-path /Users/admin/builder/spi-builder-workspace/.derivedData/Build/Intermediates.noindex/CSCodeSignature.build/Debug-watchos/CSCodeSignature-t.build/Objects-normal/arm64/CSCodeSignature.swiftdoc -emit-module-source-info-path /Users/admin/builder/spi-builder-workspace/.derivedData/Build/Intermediates.noindex/CSCodeSignature.build/Debug-watchos/CSCodeSignature-t.build/Objects-normal/arm64/CSCodeSignature.swiftsourceinfo -emit-objc-header-path /Users/admin/builder/spi-builder-workspace/.derivedData/Build/Intermediates.noindex/CSCodeSignature.build/Debug-watchos/CSCodeSignature-t.build/Objects-normal/arm64/CSCodeSignature-Swift.h -serialize-diagnostics-path /Users/admin/builder/spi-builder-workspace/.derivedData/Build/Intermediates.noindex/CSCodeSignature.build/Debug-watchos/CSCodeSignature-t.build/Objects-normal/arm64/CSCodeSignature-primary-emit-module.dia -emit-dependencies-path /Users/admin/builder/spi-builder-workspace/.derivedData/Build/Intermediates.noindex/CSCodeSignature.build/Debug-watchos/CSCodeSignature-t.build/Objects-normal/arm64/CSCodeSignature-primary-emit-module.d -parse-as-library -o /Users/admin/builder/spi-builder-workspace/.derivedData/Build/Intermediates.noindex/CSCodeSignature.build/Debug-watchos/CSCodeSignature-t.build/Objects-normal/arm64/CSCodeSignature.swiftmodule -emit-abi-descriptor-path /Users/admin/builder/spi-builder-workspace/.derivedData/Build/Intermediates.noindex/CSCodeSignature.build/Debug-watchos/CSCodeSignature-t.build/Objects-normal/arm64/CSCodeSignature.abi.json
SwiftCompile normal arm64 (in target 'CSCodeSignature' from project 'CSCodeSignature')
cd /Users/admin/builder/spi-builder-workspace/.swiftpm/xcode
Ld /Users/admin/builder/spi-builder-workspace/.derivedData/Build/Intermediates.noindex/CSErrors.build/Debug-watchos/CSErrors-t.build/Objects-normal/arm64_32/Binary/CSErrors.o normal arm64_32 (in target 'CSErrors' from project 'CSErrors')
cd /Users/admin/builder/spi-builder-workspace/.dependencies/checkouts/CSErrors
/Applications/Xcode-27.0.0-Release.Candidate.app/Contents/Developer/Toolchains/XcodeDefault.xctoolchain/usr/bin/clang -Xlinker -reproducible -target arm64_32-apple-watchos9.0 -r -isysroot /Applications/Xcode-27.0.0-Release.Candidate.app/Contents/Developer/Platforms/WatchOS.platform/Developer/SDKs/WatchOS27.0.sdk -O0 -w -Xlinker -no_warn_duplicate_libraries -F/Users/admin/builder/spi-builder-workspace/.derivedData/Build/Intermediates.noindex/EagerLinkingTBDs/Debug-watchos -F/Users/admin/builder/spi-builder-workspace/.derivedData/Build/Products/Debug-watchos -iframework /Applications/Xcode-27.0.0-Release.Candidate.app/Contents/Developer/Platforms/WatchOS.platform/Developer/Library/Frameworks -iframework /Applications/Xcode-27.0.0-Release.Candidate.app/Contents/Developer/Platforms/WatchOS.platform/Developer/SDKs/WatchOS27.0.sdk/Developer/Library/Frameworks -filelist /Users/admin/builder/spi-builder-workspace/.derivedData/Build/Intermediates.noindex/CSErrors.build/Debug-watchos/CSErrors-t.build/Objects-normal/arm64_32/CSErrors.LinkFileList -nostdlib -Xlinker -object_path_lto -Xlinker /Users/admin/builder/spi-builder-workspace/.derivedData/Build/Intermediates.noindex/CSErrors.build/Debug-watchos/CSErrors-t.build/Objects-normal/arm64_32/CSErrors_lto.o -Xlinker -no_deduplicate -Xlinker -dependency_info -Xlinker /Users/admin/builder/spi-builder-workspace/.derivedData/Build/Intermediates.noindex/CSErrors.build/Debug-watchos/CSErrors-t.build/Objects-normal/arm64_32/CSErrors_dependency_info.dat -fobjc-link-runtime -L/Applications/Xcode-27.0.0-Release.Candidate.app/Contents/Developer/Toolchains/XcodeDefault.xctoolchain/usr/lib/swift/watchos -L/usr/lib/swift -Xlinker -add_ast_path -Xlinker /Users/admin/builder/spi-builder-workspace/.derivedData/Build/Intermediates.noindex/CSErrors.build/Debug-watchos/CSErrors-t.build/Objects-normal/arm64_32/CSErrors.swiftmodule -o /Users/admin/builder/spi-builder-workspace/.derivedData/Build/Intermediates.noindex/CSErrors.build/Debug-watchos/CSErrors-t.build/Objects-normal/arm64_32/Binary/CSErrors.o
SwiftDriverJobDiscovery normal arm64 Compiling NSError+CSErrors.swift (in target 'CSErrors' from project 'CSErrors')
SwiftCompile normal arm64 Compiling\ CSCodeSignature.swift /Users/admin/builder/spi-builder-workspace/Sources/CSCodeSignature/CSCodeSignature.swift (in target 'CSCodeSignature' from project 'CSCodeSignature')
SwiftCompile normal arm64 /Users/admin/builder/spi-builder-workspace/Sources/CSCodeSignature/CSCodeSignature.swift (in target 'CSCodeSignature' from project 'CSCodeSignature')
cd /Users/admin/builder/spi-builder-workspace/.swiftpm/xcode
builtin-SwiftPerFileCompile CSCodeSignature.swift
SwiftDriverJobDiscovery normal arm64 Compiling Error+CSErrors.swift, ErrorMetadata.swift (in target 'CSErrors' from project 'CSErrors')
SwiftEmitModule normal arm64_32 Emitting\ module\ for\ CSCodeSignature (in target 'CSCodeSignature' from project 'CSCodeSignature')
SwiftCompile normal arm64_32 (in target 'CSCodeSignature' from project 'CSCodeSignature')
cd /Users/admin/builder/spi-builder-workspace/.swiftpm/xcode
SwiftCompile normal arm64_32 Compiling\ CSCodeSignature.swift /Users/admin/builder/spi-builder-workspace/Sources/CSCodeSignature/CSCodeSignature.swift (in target 'CSCodeSignature' from project 'CSCodeSignature')
SwiftCompile normal arm64_32 /Users/admin/builder/spi-builder-workspace/Sources/CSCodeSignature/CSCodeSignature.swift (in target 'CSCodeSignature' from project 'CSCodeSignature')
cd /Users/admin/builder/spi-builder-workspace/.swiftpm/xcode
builtin-SwiftPerFileCompile CSCodeSignature.swift
SwiftDriverJobDiscovery normal arm64 Compiling URLError+CSErrors.swift (in target 'CSErrors' from project 'CSErrors')
PruneExplicitPrecompiledModules /Users/admin/builder/spi-builder-workspace/.derivedData/Build/Intermediates.noindex/SwiftExplicitPrecompiledModules
PruneExplicitPrecompiledModules /Users/admin/builder/spi-builder-workspace/.derivedData/Build/Intermediates.noindex/ExplicitPrecompiledModules
PruneExplicitPrecompiledModules /Users/admin/builder/spi-builder-workspace/.derivedData/SDKExplicitPrecompiledModules
2026-09-24 06:49:52.539 xcodebuild[722:4383] [MT] IDERunDestination: Supported platforms for the buildables in the current scheme is empty.
** BUILD FAILED **
The following build commands failed:
SwiftEmitModule normal arm64 Emitting\ module\ for\ CSCodeSignature (in target 'CSCodeSignature' from project 'CSCodeSignature')
SwiftCompile normal arm64 (in target 'CSCodeSignature' from project 'CSCodeSignature')
Building workspace CSCodeSignature with scheme CSCodeSignature
(3 failures)
Command line invocation:
/Applications/Xcode-27.0.0-Release.Candidate.app/Contents/Developer/usr/bin/xcodebuild -IDEClonedSourcePackagesDirPathOverride=/Users/admin/builder/spi-builder-workspace/.dependencies -resolvePackageDependencies
Resolve Package Graph
Resolved source packages:
CSCodeSignature: /Users/admin/builder/spi-builder-workspace
CSErrors: https://github.com/CharlesJS/CSErrors @ 2.1.0
swift-system: https://github.com/apple/swift-system @ 1.8.1
resolved source packages: CSCodeSignature, CSErrors, swift-system
2026-09-24 06:49:59.614 xcodebuild[833:4942] [MT] IDERunDestination: Supported platforms for the buildables in the current scheme is empty.
{
"dependencies" : [
{
"identity" : "cserrors",
"requirement" : {
"range" : [
{
"lower_bound" : "2.0.0",
"upper_bound" : "3.0.0"
}
]
},
"type" : "sourceControl",
"url" : "https://github.com/CharlesJS/CSErrors"
}
],
"manifest_display_name" : "CSCodeSignature",
"name" : "CSCodeSignature",
"path" : "/Users/admin/builder/spi-builder-workspace",
"platforms" : [
{
"name" : "macos",
"version" : "10.15"
}
],
"products" : [
{
"name" : "CSCodeSignature",
"targets" : [
"CSCodeSignature"
],
"type" : {
"library" : [
"automatic"
]
}
}
],
"targets" : [
{
"c99name" : "CSCodeSignature",
"module_type" : "SwiftTarget",
"name" : "CSCodeSignature",
"path" : "Sources/CSCodeSignature",
"product_dependencies" : [
"CSErrors"
],
"product_memberships" : [
"CSCodeSignature"
],
"sources" : [
"CSCodeSignature.swift"
],
"type" : "library"
}
],
"tools_version" : "6.1"
}
{
"workspace" : {
"name" : "CSCodeSignature",
"schemes" : [
"CSCodeSignature"
]
}
}
2026-09-24 06:50:00.988 xcodebuild[841:5008] [MT] IDERunDestination: Supported platforms for the buildables in the current scheme is empty.
Running build ...
env DEVELOPER_DIR=/Applications/Xcode-27.0.0-Release.Candidate.app xcrun xcodebuild -IDEClonedSourcePackagesDirPathOverride=$PWD/.dependencies -skipMacroValidation -skipPackagePluginValidation -derivedDataPath $PWD/.derivedData build -scheme CSCodeSignature -destination generic/platform=watchOS
Command line invocation:
/Applications/Xcode-27.0.0-Release.Candidate.app/Contents/Developer/usr/bin/xcodebuild -IDEClonedSourcePackagesDirPathOverride=/Users/admin/builder/spi-builder-workspace/.dependencies -skipMacroValidation -skipPackagePluginValidation -derivedDataPath /Users/admin/builder/spi-builder-workspace/.derivedData build -scheme CSCodeSignature -destination generic/platform=watchOS
Resolve Package Graph
Resolved source packages:
CSErrors: https://github.com/CharlesJS/CSErrors @ 2.1.0
swift-system: https://github.com/apple/swift-system @ 1.8.1
CSCodeSignature: /Users/admin/builder/spi-builder-workspace
ComputePackagePrebuildTargetDependencyGraph
Prepare packages
CreateBuildRequest
SendProjectDescription
CreateBuildOperation
ComputeTargetDependencyGraph
note: Building targets in dependency order
note: Target dependency graph (4 targets)
Target 'CSCodeSignature-product' in project 'CSCodeSignature'
➜ Explicit dependency on target 'CSCodeSignature' in project 'CSCodeSignature'
➜ Explicit dependency on target 'CSErrors-product' in project 'CSErrors'
Target 'CSCodeSignature' in project 'CSCodeSignature'
➜ Explicit dependency on target 'CSErrors-product' in project 'CSErrors'
Target 'CSErrors-product' in project 'CSErrors'
➜ Explicit dependency on target 'CSErrors' in project 'CSErrors'
Target 'CSErrors' in project 'CSErrors' (no dependencies)
GatherProvisioningInputs
CreateBuildDescription
ClangStatCache /Applications/Xcode-27.0.0-Release.Candidate.app/Contents/Developer/Toolchains/XcodeDefault.xctoolchain/usr/bin/clang-stat-cache /Applications/Xcode-27.0.0-Release.Candidate.app/Contents/Developer/Platforms/WatchOS.platform/Developer/SDKs/WatchOS27.0.sdk /Users/admin/builder/spi-builder-workspace/.derivedData/SDKStatCaches.noindex/watchos27.0-24R360-e829b21a6f8c9b70876ba0858053c04477534ef55a1706bf4c1112bbb242f0a2.sdkstatcache
cd /Users/admin/builder/spi-builder-workspace/.swiftpm/xcode
/Applications/Xcode-27.0.0-Release.Candidate.app/Contents/Developer/Toolchains/XcodeDefault.xctoolchain/usr/bin/clang-stat-cache /Applications/Xcode-27.0.0-Release.Candidate.app/Contents/Developer/Platforms/WatchOS.platform/Developer/SDKs/WatchOS27.0.sdk -o /Users/admin/builder/spi-builder-workspace/.derivedData/SDKStatCaches.noindex/watchos27.0-24R360-e829b21a6f8c9b70876ba0858053c04477534ef55a1706bf4c1112bbb242f0a2.sdkstatcache
SwiftDriver CSCodeSignature normal arm64 com.apple.xcode.tools.swift.compiler (in target 'CSCodeSignature' from project 'CSCodeSignature')
cd /Users/admin/builder/spi-builder-workspace/.swiftpm/xcode
builtin-SwiftDriver -- /Applications/Xcode-27.0.0-Release.Candidate.app/Contents/Developer/Toolchains/XcodeDefault.xctoolchain/usr/bin/swiftc -parse-as-library -module-name CSCodeSignature -Onone @/Users/admin/builder/spi-builder-workspace/.derivedData/Build/Intermediates.noindex/CSCodeSignature.build/Debug-watchos/CSCodeSignature-t.build/Objects-normal/arm64/CSCodeSignature.SwiftFileList -DSWIFT_PACKAGE -DDEBUG -DSWIFT_MODULE_RESOURCE_BUNDLE_UNAVAILABLE -DXcode -plugin-path /Applications/Xcode-27.0.0-Release.Candidate.app/Contents/Developer/Toolchains/XcodeDefault.xctoolchain/usr/lib/swift/host/plugins/testing -enable-experimental-feature DebugDescriptionMacro -sdk /Applications/Xcode-27.0.0-Release.Candidate.app/Contents/Developer/Platforms/WatchOS.platform/Developer/SDKs/WatchOS27.0.sdk -target arm64-apple-watchos9.0 -g -module-cache-path /Users/admin/builder/spi-builder-workspace/.derivedData/ModuleCache.noindex -Xfrontend -serialize-debugging-options -enable-testing -index-store-path /Users/admin/builder/spi-builder-workspace/.derivedData/Index.noindex/DataStore -Xcc -D_LIBCPP_HARDENING_MODE\=_LIBCPP_HARDENING_MODE_DEBUG -swift-version 6 -I /Users/admin/builder/spi-builder-workspace/.derivedData/Build/Products/Debug-watchos -Isystem /Applications/Xcode-27.0.0-Release.Candidate.app/Contents/Developer/Platforms/WatchOS.platform/Developer/usr/lib -F /Users/admin/builder/spi-builder-workspace/.derivedData/Build/Products/Debug-watchos/PackageFrameworks -F /Users/admin/builder/spi-builder-workspace/.derivedData/Build/Products/Debug-watchos -F /Applications/Xcode-27.0.0-Release.Candidate.app/Contents/Developer/Platforms/WatchOS.platform/Developer/Library/Frameworks -F /Applications/Xcode-27.0.0-Release.Candidate.app/Contents/Developer/Platforms/WatchOS.platform/Developer/SDKs/WatchOS27.0.sdk/Developer/Library/Frameworks -c -j10 -enable-batch-mode -incremental -Xcc -ivfsstatcache -Xcc /Users/admin/builder/spi-builder-workspace/.derivedData/SDKStatCaches.noindex/watchos27.0-24R360-e829b21a6f8c9b70876ba0858053c04477534ef55a1706bf4c1112bbb242f0a2.sdkstatcache -output-file-map /Users/admin/builder/spi-builder-workspace/.derivedData/Build/Intermediates.noindex/CSCodeSignature.build/Debug-watchos/CSCodeSignature-t.build/Objects-normal/arm64/CSCodeSignature-OutputFileMap.json -save-temps -no-color-diagnostics -explicit-module-build -module-cache-path /Users/admin/builder/spi-builder-workspace/.derivedData/Build/Intermediates.noindex/SwiftExplicitPrecompiledModules -clang-scanner-module-cache-path /Users/admin/builder/spi-builder-workspace/.derivedData/ModuleCache.noindex -sdk-module-cache-path /Users/admin/builder/spi-builder-workspace/.derivedData/SDKExplicitPrecompiledModules -emit-dependencies -emit-module -emit-module-path /Users/admin/builder/spi-builder-workspace/.derivedData/Build/Intermediates.noindex/CSCodeSignature.build/Debug-watchos/CSCodeSignature-t.build/Objects-normal/arm64/CSCodeSignature.swiftmodule -serialize-diagnostics -dependency-scan-serialize-diagnostics-path /Users/admin/builder/spi-builder-workspace/.derivedData/Build/Intermediates.noindex/CSCodeSignature.build/Debug-watchos/CSCodeSignature-t.build/Objects-normal/arm64/CSCodeSignature-dependency-scan.dia -validate-clang-modules-once -clang-build-session-file /Users/admin/builder/spi-builder-workspace/.derivedData/ModuleCache.noindex/Session.modulevalidation -Xcc -fmodules-prune-interval\=86400 -Xcc -fmodules-prune-after\=345600 -package-name spi_builder_workspace -emit-const-values -const-gather-protocols-list /Users/admin/builder/spi-builder-workspace/.derivedData/Build/Intermediates.noindex/CSCodeSignature.build/Debug-watchos/CSCodeSignature-t.build/Objects-normal/arm64/CSCodeSignature_const_extract_protocols.json -Xcc -I/Users/admin/builder/spi-builder-workspace/.derivedData/Build/Products/Debug-watchos/include -Xcc -I/Users/admin/builder/spi-builder-workspace/.derivedData/Build/Intermediates.noindex/CSCodeSignature.build/Debug-watchos/CSCodeSignature-t.build/DerivedSources-normal/arm64 -Xcc -I/Users/admin/builder/spi-builder-workspace/.derivedData/Build/Intermediates.noindex/CSCodeSignature.build/Debug-watchos/CSCodeSignature-t.build/DerivedSources/arm64 -Xcc -I/Users/admin/builder/spi-builder-workspace/.derivedData/Build/Intermediates.noindex/CSCodeSignature.build/Debug-watchos/CSCodeSignature-t.build/DerivedSources -Xcc -DSWIFT_PACKAGE -Xcc -DDEBUG\=1 -emit-objc-header -emit-objc-header-path /Users/admin/builder/spi-builder-workspace/.derivedData/Build/Intermediates.noindex/CSCodeSignature.build/Debug-watchos/CSCodeSignature-t.build/Objects-normal/arm64/CSCodeSignature-Swift.h -working-directory /Users/admin/builder/spi-builder-workspace/.swiftpm/xcode -experimental-emit-module-separately -disable-cmo
SwiftDriver CSErrors normal arm64 com.apple.xcode.tools.swift.compiler (in target 'CSErrors' from project 'CSErrors')
cd /Users/admin/builder/spi-builder-workspace/.swiftpm/xcode
builtin-SwiftDriver -- /Applications/Xcode-27.0.0-Release.Candidate.app/Contents/Developer/Toolchains/XcodeDefault.xctoolchain/usr/bin/swiftc -parse-as-library -module-name CSErrors -Onone @/Users/admin/builder/spi-builder-workspace/.derivedData/Build/Intermediates.noindex/CSErrors.build/Debug-watchos/CSErrors-t.build/Objects-normal/arm64/CSErrors.SwiftFileList -DSWIFT_PACKAGE -DDEBUG -DSWIFT_MODULE_RESOURCE_BUNDLE_UNAVAILABLE -DFoundation -Ddefault -DXcode -plugin-path /Applications/Xcode-27.0.0-Release.Candidate.app/Contents/Developer/Toolchains/XcodeDefault.xctoolchain/usr/lib/swift/host/plugins/testing -enable-experimental-feature DebugDescriptionMacro -sdk /Applications/Xcode-27.0.0-Release.Candidate.app/Contents/Developer/Platforms/WatchOS.platform/Developer/SDKs/WatchOS27.0.sdk -target arm64-apple-watchos9.0 -g -module-cache-path /Users/admin/builder/spi-builder-workspace/.derivedData/ModuleCache.noindex -Xfrontend -serialize-debugging-options -enable-testing -suppress-warnings -index-store-path /Users/admin/builder/spi-builder-workspace/.derivedData/Index.noindex/DataStore -Xcc -D_LIBCPP_HARDENING_MODE\=_LIBCPP_HARDENING_MODE_DEBUG -swift-version 6 -I /Users/admin/builder/spi-builder-workspace/.derivedData/Build/Products/Debug-watchos -Isystem /Applications/Xcode-27.0.0-Release.Candidate.app/Contents/Developer/Platforms/WatchOS.platform/Developer/usr/lib -F /Users/admin/builder/spi-builder-workspace/.derivedData/Build/Products/Debug-watchos -F /Applications/Xcode-27.0.0-Release.Candidate.app/Contents/Developer/Platforms/WatchOS.platform/Developer/Library/Frameworks -F /Applications/Xcode-27.0.0-Release.Candidate.app/Contents/Developer/Platforms/WatchOS.platform/Developer/SDKs/WatchOS27.0.sdk/Developer/Library/Frameworks -c -j10 -enable-batch-mode -incremental -Xcc -ivfsstatcache -Xcc /Users/admin/builder/spi-builder-workspace/.derivedData/SDKStatCaches.noindex/watchos27.0-24R360-e829b21a6f8c9b70876ba0858053c04477534ef55a1706bf4c1112bbb242f0a2.sdkstatcache -output-file-map /Users/admin/builder/spi-builder-workspace/.derivedData/Build/Intermediates.noindex/CSErrors.build/Debug-watchos/CSErrors-t.build/Objects-normal/arm64/CSErrors-OutputFileMap.json -save-temps -no-color-diagnostics -explicit-module-build -module-cache-path /Users/admin/builder/spi-builder-workspace/.derivedData/Build/Intermediates.noindex/SwiftExplicitPrecompiledModules -clang-scanner-module-cache-path /Users/admin/builder/spi-builder-workspace/.derivedData/ModuleCache.noindex -sdk-module-cache-path /Users/admin/builder/spi-builder-workspace/.derivedData/SDKExplicitPrecompiledModules -emit-dependencies -emit-module -emit-module-path /Users/admin/builder/spi-builder-workspace/.derivedData/Build/Intermediates.noindex/CSErrors.build/Debug-watchos/CSErrors-t.build/Objects-normal/arm64/CSErrors.swiftmodule -serialize-diagnostics -dependency-scan-serialize-diagnostics-path /Users/admin/builder/spi-builder-workspace/.derivedData/Build/Intermediates.noindex/CSErrors.build/Debug-watchos/CSErrors-t.build/Objects-normal/arm64/CSErrors-dependency-scan.dia -user-module-version 2.1.0 -validate-clang-modules-once -clang-build-session-file /Users/admin/builder/spi-builder-workspace/.derivedData/ModuleCache.noindex/Session.modulevalidation -Xcc -fmodules-prune-interval\=86400 -Xcc -fmodules-prune-after\=345600 -package-name cserrors -emit-const-values -const-gather-protocols-list /Users/admin/builder/spi-builder-workspace/.derivedData/Build/Intermediates.noindex/CSErrors.build/Debug-watchos/CSErrors-t.build/Objects-normal/arm64/CSErrors_const_extract_protocols.json -Xcc -I/Users/admin/builder/spi-builder-workspace/.derivedData/Build/Products/Debug-watchos/include -Xcc -I/Users/admin/builder/spi-builder-workspace/.derivedData/Build/Intermediates.noindex/CSErrors.build/Debug-watchos/CSErrors-t.build/DerivedSources-normal/arm64 -Xcc -I/Users/admin/builder/spi-builder-workspace/.derivedData/Build/Intermediates.noindex/CSErrors.build/Debug-watchos/CSErrors-t.build/DerivedSources/arm64 -Xcc -I/Users/admin/builder/spi-builder-workspace/.derivedData/Build/Intermediates.noindex/CSErrors.build/Debug-watchos/CSErrors-t.build/DerivedSources -Xcc -DSWIFT_PACKAGE -Xcc -DDEBUG\=1 -emit-objc-header -emit-objc-header-path /Users/admin/builder/spi-builder-workspace/.derivedData/Build/Intermediates.noindex/CSErrors.build/Debug-watchos/CSErrors-t.build/Objects-normal/arm64/CSErrors-Swift.h -working-directory /Users/admin/builder/spi-builder-workspace/.swiftpm/xcode -experimental-emit-module-separately -disable-cmo
SwiftDriver CSCodeSignature normal arm64_32 com.apple.xcode.tools.swift.compiler (in target 'CSCodeSignature' from project 'CSCodeSignature')
cd /Users/admin/builder/spi-builder-workspace/.swiftpm/xcode
builtin-SwiftDriver -- /Applications/Xcode-27.0.0-Release.Candidate.app/Contents/Developer/Toolchains/XcodeDefault.xctoolchain/usr/bin/swiftc -parse-as-library -module-name CSCodeSignature -Onone @/Users/admin/builder/spi-builder-workspace/.derivedData/Build/Intermediates.noindex/CSCodeSignature.build/Debug-watchos/CSCodeSignature-t.build/Objects-normal/arm64_32/CSCodeSignature.SwiftFileList -DSWIFT_PACKAGE -DDEBUG -DSWIFT_MODULE_RESOURCE_BUNDLE_UNAVAILABLE -DXcode -plugin-path /Applications/Xcode-27.0.0-Release.Candidate.app/Contents/Developer/Toolchains/XcodeDefault.xctoolchain/usr/lib/swift/host/plugins/testing -enable-experimental-feature DebugDescriptionMacro -sdk /Applications/Xcode-27.0.0-Release.Candidate.app/Contents/Developer/Platforms/WatchOS.platform/Developer/SDKs/WatchOS27.0.sdk -target arm64_32-apple-watchos9.0 -g -module-cache-path /Users/admin/builder/spi-builder-workspace/.derivedData/ModuleCache.noindex -Xfrontend -serialize-debugging-options -enable-testing -index-store-path /Users/admin/builder/spi-builder-workspace/.derivedData/Index.noindex/DataStore -Xcc -D_LIBCPP_HARDENING_MODE\=_LIBCPP_HARDENING_MODE_DEBUG -swift-version 6 -I /Users/admin/builder/spi-builder-workspace/.derivedData/Build/Products/Debug-watchos -Isystem /Applications/Xcode-27.0.0-Release.Candidate.app/Contents/Developer/Platforms/WatchOS.platform/Developer/usr/lib -F /Users/admin/builder/spi-builder-workspace/.derivedData/Build/Products/Debug-watchos/PackageFrameworks -F /Users/admin/builder/spi-builder-workspace/.derivedData/Build/Products/Debug-watchos -F /Applications/Xcode-27.0.0-Release.Candidate.app/Contents/Developer/Platforms/WatchOS.platform/Developer/Library/Frameworks -F /Applications/Xcode-27.0.0-Release.Candidate.app/Contents/Developer/Platforms/WatchOS.platform/Developer/SDKs/WatchOS27.0.sdk/Developer/Library/Frameworks -c -j10 -enable-batch-mode -incremental -Xcc -ivfsstatcache -Xcc /Users/admin/builder/spi-builder-workspace/.derivedData/SDKStatCaches.noindex/watchos27.0-24R360-e829b21a6f8c9b70876ba0858053c04477534ef55a1706bf4c1112bbb242f0a2.sdkstatcache -output-file-map /Users/admin/builder/spi-builder-workspace/.derivedData/Build/Intermediates.noindex/CSCodeSignature.build/Debug-watchos/CSCodeSignature-t.build/Objects-normal/arm64_32/CSCodeSignature-OutputFileMap.json -save-temps -no-color-diagnostics -explicit-module-build -module-cache-path /Users/admin/builder/spi-builder-workspace/.derivedData/Build/Intermediates.noindex/SwiftExplicitPrecompiledModules -clang-scanner-module-cache-path /Users/admin/builder/spi-builder-workspace/.derivedData/ModuleCache.noindex -sdk-module-cache-path /Users/admin/builder/spi-builder-workspace/.derivedData/SDKExplicitPrecompiledModules -emit-dependencies -emit-module -emit-module-path /Users/admin/builder/spi-builder-workspace/.derivedData/Build/Intermediates.noindex/CSCodeSignature.build/Debug-watchos/CSCodeSignature-t.build/Objects-normal/arm64_32/CSCodeSignature.swiftmodule -serialize-diagnostics -dependency-scan-serialize-diagnostics-path /Users/admin/builder/spi-builder-workspace/.derivedData/Build/Intermediates.noindex/CSCodeSignature.build/Debug-watchos/CSCodeSignature-t.build/Objects-normal/arm64_32/CSCodeSignature-dependency-scan.dia -validate-clang-modules-once -clang-build-session-file /Users/admin/builder/spi-builder-workspace/.derivedData/ModuleCache.noindex/Session.modulevalidation -Xcc -fmodules-prune-interval\=86400 -Xcc -fmodules-prune-after\=345600 -package-name spi_builder_workspace -emit-const-values -const-gather-protocols-list /Users/admin/builder/spi-builder-workspace/.derivedData/Build/Intermediates.noindex/CSCodeSignature.build/Debug-watchos/CSCodeSignature-t.build/Objects-normal/arm64_32/CSCodeSignature_const_extract_protocols.json -Xcc -I/Users/admin/builder/spi-builder-workspace/.derivedData/Build/Products/Debug-watchos/include -Xcc -I/Users/admin/builder/spi-builder-workspace/.derivedData/Build/Intermediates.noindex/CSCodeSignature.build/Debug-watchos/CSCodeSignature-t.build/DerivedSources-normal/arm64_32 -Xcc -I/Users/admin/builder/spi-builder-workspace/.derivedData/Build/Intermediates.noindex/CSCodeSignature.build/Debug-watchos/CSCodeSignature-t.build/DerivedSources/arm64_32 -Xcc -I/Users/admin/builder/spi-builder-workspace/.derivedData/Build/Intermediates.noindex/CSCodeSignature.build/Debug-watchos/CSCodeSignature-t.build/DerivedSources -Xcc -DSWIFT_PACKAGE -Xcc -DDEBUG\=1 -emit-objc-header -emit-objc-header-path /Users/admin/builder/spi-builder-workspace/.derivedData/Build/Intermediates.noindex/CSCodeSignature.build/Debug-watchos/CSCodeSignature-t.build/Objects-normal/arm64_32/CSCodeSignature-Swift.h -working-directory /Users/admin/builder/spi-builder-workspace/.swiftpm/xcode -experimental-emit-module-separately -disable-cmo
SwiftCompile normal arm64 Compiling\ OSStatus\ Errors.swift /Users/admin/builder/spi-builder-workspace/.dependencies/checkouts/CSErrors/Sources/CSErrors/OSStatus\ Errors.swift (in target 'CSErrors' from project 'CSErrors')
SwiftCompile normal arm64 /Users/admin/builder/spi-builder-workspace/.dependencies/checkouts/CSErrors/Sources/CSErrors/OSStatus\ Errors.swift (in target 'CSErrors' from project 'CSErrors')
cd /Users/admin/builder/spi-builder-workspace/.swiftpm/xcode
builtin-SwiftPerFileCompile OSStatus\ Errors.swift
SwiftEmitModule normal arm64 Emitting\ module\ for\ CSErrors (in target 'CSErrors' from project 'CSErrors')
SwiftCompile normal arm64 (in target 'CSErrors' from project 'CSErrors')
cd /Users/admin/builder/spi-builder-workspace/.swiftpm/xcode
SwiftCompile normal arm64 Compiling\ POSIX\ Errors.swift /Users/admin/builder/spi-builder-workspace/.dependencies/checkouts/CSErrors/Sources/CSErrors/POSIX\ Errors.swift (in target 'CSErrors' from project 'CSErrors')
SwiftCompile normal arm64 /Users/admin/builder/spi-builder-workspace/.dependencies/checkouts/CSErrors/Sources/CSErrors/POSIX\ Errors.swift (in target 'CSErrors' from project 'CSErrors')
cd /Users/admin/builder/spi-builder-workspace/.swiftpm/xcode
builtin-SwiftPerFileCompile POSIX\ Errors.swift
SwiftCompile normal arm64 Compiling\ HTTPError.swift /Users/admin/builder/spi-builder-workspace/.dependencies/checkouts/CSErrors/Sources/CSErrors/HTTPError.swift (in target 'CSErrors' from project 'CSErrors')
SwiftCompile normal arm64 /Users/admin/builder/spi-builder-workspace/.dependencies/checkouts/CSErrors/Sources/CSErrors/HTTPError.swift (in target 'CSErrors' from project 'CSErrors')
cd /Users/admin/builder/spi-builder-workspace/.swiftpm/xcode
builtin-SwiftPerFileCompile HTTPError.swift
SwiftEmitModule normal arm64 Emitting\ module\ for\ CSCodeSignature (in target 'CSCodeSignature' from project 'CSCodeSignature')
/Users/admin/builder/spi-builder-workspace/Sources/CSCodeSignature/CSCodeSignature.swift:80:59: error: cannot find type 'SecStaticCode' in scope
78 | }
79 |
80 | private static func getStaticCode(url: URL) throws -> SecStaticCode {
| `- error: cannot find type 'SecStaticCode' in scope
81 | var code: SecStaticCode?
82 | let err = SecStaticCodeCreateWithPath(url as CFURL, [], &code)
/Users/admin/builder/spi-builder-workspace/Sources/CSCodeSignature/CSCodeSignature.swift:95:41: error: cannot find type 'SecStaticCode' in scope
93 | }
94 |
95 | private static func getStatus(code: SecStaticCode, url: URL) -> Status {
| `- error: cannot find type 'SecStaticCode' in scope
96 | var error: Unmanaged<CFError>?
97 | let err = SecStaticCodeCheckValidityWithErrors(code, [], nil, &error)
/Users/admin/builder/spi-builder-workspace/Sources/CSCodeSignature/CSCodeSignature.swift:110:39: error: cannot find type 'SecStaticCode' in scope
108 | }
109 |
110 | private static func getInfo(code: SecStaticCode, url: URL) throws -> Info {
| `- error: cannot find type 'SecStaticCode' in scope
111 | let infoDictionary = try self.getInfoDictionary(code: code, url: url)
112 |
/Users/admin/builder/spi-builder-workspace/Sources/CSCodeSignature/CSCodeSignature.swift:134:49: error: cannot find type 'SecStaticCode' in scope
132 | }
133 |
134 | private static func getInfoDictionary(code: SecStaticCode, url: URL) throws -> [AnyHashable: Any] {
| `- error: cannot find type 'SecStaticCode' in scope
135 | var cfInfo: CFDictionary?
136 | let flags = SecCSFlags(rawValue: kSecCSSigningInformation | kSecCSRequirementInformation)
Failed frontend command:
/Applications/Xcode-27.0.0-Release.Candidate.app/Contents/Developer/Toolchains/XcodeDefault.xctoolchain/usr/bin/swift-frontend -frontend -emit-module -experimental-skip-non-inlinable-function-bodies-without-types /Users/admin/builder/spi-builder-workspace/Sources/CSCodeSignature/CSCodeSignature.swift -target arm64-apple-watchos9.0 -disable-cross-import-overlay-search -load-resolved-plugin /Applications/Xcode-27.0.0-Release.Candidate.app/Contents/Developer/Platforms/WatchOS.platform/Developer/usr/lib/swift/host/plugins/libFoundationMacros.dylib\#/Applications/Xcode-27.0.0-Release.Candidate.app/Contents/Developer/Platforms/WatchOS.platform/Developer/usr/bin/swift-plugin-server\#FoundationMacros -load-resolved-plugin /Applications/Xcode-27.0.0-Release.Candidate.app/Contents/Developer/Platforms/WatchOS.platform/Developer/usr/lib/swift/host/plugins/libObservationMacros.dylib\#/Applications/Xcode-27.0.0-Release.Candidate.app/Contents/Developer/Platforms/WatchOS.platform/Developer/usr/bin/swift-plugin-server\#ObservationMacros -load-resolved-plugin /Applications/Xcode-27.0.0-Release.Candidate.app/Contents/Developer/Platforms/WatchOS.platform/Developer/usr/lib/swift/host/plugins/libSwiftMacros.dylib\#/Applications/Xcode-27.0.0-Release.Candidate.app/Contents/Developer/Platforms/WatchOS.platform/Developer/usr/bin/swift-plugin-server\#SwiftMacros -disable-implicit-swift-modules -Xcc -fno-implicit-modules -Xcc -fno-implicit-module-maps -explicit-swift-module-map-file /Users/admin/builder/spi-builder-workspace/.derivedData/Build/Intermediates.noindex/CSCodeSignature.build/Debug-watchos/CSCodeSignature-t.build/Objects-normal/arm64/CSCodeSignature-dependencies-1.json -Xllvm -aarch64-use-tbi -enable-objc-interop -stack-check -sdk /Applications/Xcode-27.0.0-Release.Candidate.app/Contents/Developer/Platforms/WatchOS.platform/Developer/SDKs/WatchOS27.0.sdk -I /Users/admin/builder/spi-builder-workspace/.derivedData/Build/Products/Debug-watchos -Isystem /Applications/Xcode-27.0.0-Release.Candidate.app/Contents/Developer/Platforms/WatchOS.platform/Developer/usr/lib -F /Users/admin/builder/spi-builder-workspace/.derivedData/Build/Products/Debug-watchos/PackageFrameworks -F /Users/admin/builder/spi-builder-workspace/.derivedData/Build/Products/Debug-watchos -F /Applications/Xcode-27.0.0-Release.Candidate.app/Contents/Developer/Platforms/WatchOS.platform/Developer/Library/Frameworks -F /Applications/Xcode-27.0.0-Release.Candidate.app/Contents/Developer/Platforms/WatchOS.platform/Developer/SDKs/WatchOS27.0.sdk/Developer/Library/Frameworks -module-cache-path /Users/admin/builder/spi-builder-workspace/.derivedData/Build/Intermediates.noindex/SwiftExplicitPrecompiledModules -no-color-diagnostics -Xcc -fno-color-diagnostics -enable-testing -g -debug-info-format\=dwarf -dwarf-version\=4 -swift-version 6 -Onone -D SWIFT_PACKAGE -D DEBUG -D SWIFT_MODULE_RESOURCE_BUNDLE_UNAVAILABLE -D Xcode -serialize-debugging-options -enable-experimental-feature DebugDescriptionMacro -empty-abi-descriptor -validate-clang-modules-once -clang-build-session-file /Users/admin/builder/spi-builder-workspace/.derivedData/ModuleCache.noindex/Session.modulevalidation -Xcc -working-directory -Xcc /Users/admin/builder/spi-builder-workspace/.swiftpm/xcode -enable-anonymous-context-mangled-names -file-compilation-dir /Users/admin/builder/spi-builder-workspace/.swiftpm/xcode -Xcc -D_LIBCPP_HARDENING_MODE\=_LIBCPP_HARDENING_MODE_DEBUG -Xcc -ivfsstatcache -Xcc /Users/admin/builder/spi-builder-workspace/.derivedData/SDKStatCaches.noindex/watchos27.0-24R360-e829b21a6f8c9b70876ba0858053c04477534ef55a1706bf4c1112bbb242f0a2.sdkstatcache -Xcc -fmodules-prune-interval\=86400 -Xcc -fmodules-prune-after\=345600 -Xcc -I/Users/admin/builder/spi-builder-workspace/.derivedData/Build/Products/Debug-watchos/include -Xcc -I/Users/admin/builder/spi-builder-workspace/.derivedData/Build/Intermediates.noindex/CSCodeSignature.build/Debug-watchos/CSCodeSignature-t.build/DerivedSources-normal/arm64 -Xcc -I/Users/admin/builder/spi-builder-workspace/.derivedData/Build/Intermediates.noindex/CSCodeSignature.build/Debug-watchos/CSCodeSignature-t.build/DerivedSources/arm64 -Xcc -I/Users/admin/builder/spi-builder-workspace/.derivedData/Build/Intermediates.noindex/CSCodeSignature.build/Debug-watchos/CSCodeSignature-t.build/DerivedSources -Xcc -DSWIFT_PACKAGE -Xcc -DDEBUG\=1 -no-auto-bridging-header-chaining -module-name CSCodeSignature -package-name spi_builder_workspace -const-gather-protocols-file /Users/admin/builder/spi-builder-workspace/.derivedData/Build/Intermediates.noindex/CSCodeSignature.build/Debug-watchos/CSCodeSignature-t.build/Objects-normal/arm64/CSCodeSignature_const_extract_protocols.json -disable-clang-spi -clang-target arm64-apple-watchos27.0 -target-sdk-version 27.0 -target-sdk-name watchos27.0 -in-process-plugin-server-path /Applications/Xcode-27.0.0-Release.Candidate.app/Contents/Developer/Toolchains/XcodeDefault.xctoolchain/usr/lib/swift/host/libSwiftInProcPluginServer.dylib -emit-module-doc-path /Users/admin/builder/spi-builder-workspace/.derivedData/Build/Intermediates.noindex/CSCodeSignature.build/Debug-watchos/CSCodeSignature-t.build/Objects-normal/arm64/CSCodeSignature.swiftdoc -emit-module-source-info-path /Users/admin/builder/spi-builder-workspace/.derivedData/Build/Intermediates.noindex/CSCodeSignature.build/Debug-watchos/CSCodeSignature-t.build/Objects-normal/arm64/CSCodeSignature.swiftsourceinfo -emit-objc-header-path /Users/admin/builder/spi-builder-workspace/.derivedData/Build/Intermediates.noindex/CSCodeSignature.build/Debug-watchos/CSCodeSignature-t.build/Objects-normal/arm64/CSCodeSignature-Swift.h -serialize-diagnostics-path /Users/admin/builder/spi-builder-workspace/.derivedData/Build/Intermediates.noindex/CSCodeSignature.build/Debug-watchos/CSCodeSignature-t.build/Objects-normal/arm64/CSCodeSignature-primary-emit-module.dia -emit-dependencies-path /Users/admin/builder/spi-builder-workspace/.derivedData/Build/Intermediates.noindex/CSCodeSignature.build/Debug-watchos/CSCodeSignature-t.build/Objects-normal/arm64/CSCodeSignature-primary-emit-module.d -parse-as-library -o /Users/admin/builder/spi-builder-workspace/.derivedData/Build/Intermediates.noindex/CSCodeSignature.build/Debug-watchos/CSCodeSignature-t.build/Objects-normal/arm64/CSCodeSignature.swiftmodule -emit-abi-descriptor-path /Users/admin/builder/spi-builder-workspace/.derivedData/Build/Intermediates.noindex/CSCodeSignature.build/Debug-watchos/CSCodeSignature-t.build/Objects-normal/arm64/CSCodeSignature.abi.json
SwiftCompile normal arm64 (in target 'CSCodeSignature' from project 'CSCodeSignature')
cd /Users/admin/builder/spi-builder-workspace/.swiftpm/xcode
SwiftCompile normal arm64 Compiling\ CSErrorProtocol.swift /Users/admin/builder/spi-builder-workspace/.dependencies/checkouts/CSErrors/Sources/CSErrors/CSErrorProtocol.swift (in target 'CSErrors' from project 'CSErrors')
SwiftCompile normal arm64 /Users/admin/builder/spi-builder-workspace/.dependencies/checkouts/CSErrors/Sources/CSErrors/CSErrorProtocol.swift (in target 'CSErrors' from project 'CSErrors')
cd /Users/admin/builder/spi-builder-workspace/.swiftpm/xcode
builtin-SwiftPerFileCompile CSErrorProtocol.swift
SwiftCompile normal arm64 Compiling\ Recoverability.swift /Users/admin/builder/spi-builder-workspace/.dependencies/checkouts/CSErrors/Sources/CSErrors/Recoverability.swift (in target 'CSErrors' from project 'CSErrors')
SwiftCompile normal arm64 /Users/admin/builder/spi-builder-workspace/.dependencies/checkouts/CSErrors/Sources/CSErrors/Recoverability.swift (in target 'CSErrors' from project 'CSErrors')
cd /Users/admin/builder/spi-builder-workspace/.swiftpm/xcode
builtin-SwiftPerFileCompile Recoverability.swift
SwiftCompile normal arm64 Compiling\ CSCodeSignature.swift /Users/admin/builder/spi-builder-workspace/Sources/CSCodeSignature/CSCodeSignature.swift (in target 'CSCodeSignature' from project 'CSCodeSignature')
/Users/admin/builder/spi-builder-workspace/Sources/CSCodeSignature/CSCodeSignature.swift:80:59: error: cannot find type 'SecStaticCode' in scope
78 | }
79 |
80 | private static func getStaticCode(url: URL) throws -> SecStaticCode {
| `- error: cannot find type 'SecStaticCode' in scope
81 | var code: SecStaticCode?
82 | let err = SecStaticCodeCreateWithPath(url as CFURL, [], &code)
/Users/admin/builder/spi-builder-workspace/Sources/CSCodeSignature/CSCodeSignature.swift:95:41: error: cannot find type 'SecStaticCode' in scope
93 | }
94 |
95 | private static func getStatus(code: SecStaticCode, url: URL) -> Status {
| `- error: cannot find type 'SecStaticCode' in scope
96 | var error: Unmanaged<CFError>?
97 | let err = SecStaticCodeCheckValidityWithErrors(code, [], nil, &error)
/Users/admin/builder/spi-builder-workspace/Sources/CSCodeSignature/CSCodeSignature.swift:110:39: error: cannot find type 'SecStaticCode' in scope
108 | }
109 |
110 | private static func getInfo(code: SecStaticCode, url: URL) throws -> Info {
| `- error: cannot find type 'SecStaticCode' in scope
111 | let infoDictionary = try self.getInfoDictionary(code: code, url: url)
112 |
SwiftCompile normal arm64 /Users/admin/builder/spi-builder-workspace/Sources/CSCodeSignature/CSCodeSignature.swift (in target 'CSCodeSignature' from project 'CSCodeSignature')
cd /Users/admin/builder/spi-builder-workspace/.swiftpm/xcode
builtin-SwiftPerFileCompile CSCodeSignature.swift
SwiftEmitModule normal arm64_32 Emitting\ module\ for\ CSCodeSignature (in target 'CSCodeSignature' from project 'CSCodeSignature')
/Users/admin/builder/spi-builder-workspace/Sources/CSCodeSignature/CSCodeSignature.swift:80:59: error: cannot find type 'SecStaticCode' in scope
78 | }
79 |
80 | private static func getStaticCode(url: URL) throws -> SecStaticCode {
| `- error: cannot find type 'SecStaticCode' in scope
81 | var code: SecStaticCode?
82 | let err = SecStaticCodeCreateWithPath(url as CFURL, [], &code)
/Users/admin/builder/spi-builder-workspace/Sources/CSCodeSignature/CSCodeSignature.swift:95:41: error: cannot find type 'SecStaticCode' in scope
93 | }
94 |
95 | private static func getStatus(code: SecStaticCode, url: URL) -> Status {
| `- error: cannot find type 'SecStaticCode' in scope
96 | var error: Unmanaged<CFError>?
97 | let err = SecStaticCodeCheckValidityWithErrors(code, [], nil, &error)
/Users/admin/builder/spi-builder-workspace/Sources/CSCodeSignature/CSCodeSignature.swift:110:39: error: cannot find type 'SecStaticCode' in scope
108 | }
109 |
110 | private static func getInfo(code: SecStaticCode, url: URL) throws -> Info {
| `- error: cannot find type 'SecStaticCode' in scope
111 | let infoDictionary = try self.getInfoDictionary(code: code, url: url)
112 |
/Users/admin/builder/spi-builder-workspace/Sources/CSCodeSignature/CSCodeSignature.swift:134:49: error: cannot find type 'SecStaticCode' in scope
132 | }
133 |
134 | private static func getInfoDictionary(code: SecStaticCode, url: URL) throws -> [AnyHashable: Any] {
| `- error: cannot find type 'SecStaticCode' in scope
135 | var cfInfo: CFDictionary?
136 | let flags = SecCSFlags(rawValue: kSecCSSigningInformation | kSecCSRequirementInformation)
Failed frontend command:
/Applications/Xcode-27.0.0-Release.Candidate.app/Contents/Developer/Toolchains/XcodeDefault.xctoolchain/usr/bin/swift-frontend -frontend -emit-module -experimental-skip-non-inlinable-function-bodies-without-types /Users/admin/builder/spi-builder-workspace/Sources/CSCodeSignature/CSCodeSignature.swift -target arm64_32-apple-watchos9.0 -disable-cross-import-overlay-search -load-resolved-plugin /Applications/Xcode-27.0.0-Release.Candidate.app/Contents/Developer/Platforms/WatchOS.platform/Developer/usr/lib/swift/host/plugins/libFoundationMacros.dylib\#/Applications/Xcode-27.0.0-Release.Candidate.app/Contents/Developer/Platforms/WatchOS.platform/Developer/usr/bin/swift-plugin-server\#FoundationMacros -load-resolved-plugin /Applications/Xcode-27.0.0-Release.Candidate.app/Contents/Developer/Platforms/WatchOS.platform/Developer/usr/lib/swift/host/plugins/libObservationMacros.dylib\#/Applications/Xcode-27.0.0-Release.Candidate.app/Contents/Developer/Platforms/WatchOS.platform/Developer/usr/bin/swift-plugin-server\#ObservationMacros -load-resolved-plugin /Applications/Xcode-27.0.0-Release.Candidate.app/Contents/Developer/Platforms/WatchOS.platform/Developer/usr/lib/swift/host/plugins/libSwiftMacros.dylib\#/Applications/Xcode-27.0.0-Release.Candidate.app/Contents/Developer/Platforms/WatchOS.platform/Developer/usr/bin/swift-plugin-server\#SwiftMacros -disable-implicit-swift-modules -Xcc -fno-implicit-modules -Xcc -fno-implicit-module-maps -explicit-swift-module-map-file /Users/admin/builder/spi-builder-workspace/.derivedData/Build/Intermediates.noindex/CSCodeSignature.build/Debug-watchos/CSCodeSignature-t.build/Objects-normal/arm64_32/CSCodeSignature-dependencies-2.json -enable-objc-interop -sdk /Applications/Xcode-27.0.0-Release.Candidate.app/Contents/Developer/Platforms/WatchOS.platform/Developer/SDKs/WatchOS27.0.sdk -I /Users/admin/builder/spi-builder-workspace/.derivedData/Build/Products/Debug-watchos -Isystem /Applications/Xcode-27.0.0-Release.Candidate.app/Contents/Developer/Platforms/WatchOS.platform/Developer/usr/lib -F /Users/admin/builder/spi-builder-workspace/.derivedData/Build/Products/Debug-watchos/PackageFrameworks -F /Users/admin/builder/spi-builder-workspace/.derivedData/Build/Products/Debug-watchos -F /Applications/Xcode-27.0.0-Release.Candidate.app/Contents/Developer/Platforms/WatchOS.platform/Developer/Library/Frameworks -F /Applications/Xcode-27.0.0-Release.Candidate.app/Contents/Developer/Platforms/WatchOS.platform/Developer/SDKs/WatchOS27.0.sdk/Developer/Library/Frameworks -module-cache-path /Users/admin/builder/spi-builder-workspace/.derivedData/Build/Intermediates.noindex/SwiftExplicitPrecompiledModules -no-color-diagnostics -Xcc -fno-color-diagnostics -enable-testing -g -debug-info-format\=dwarf -dwarf-version\=4 -swift-version 6 -Onone -D SWIFT_PACKAGE -D DEBUG -D SWIFT_MODULE_RESOURCE_BUNDLE_UNAVAILABLE -D Xcode -serialize-debugging-options -enable-experimental-feature DebugDescriptionMacro -empty-abi-descriptor -validate-clang-modules-once -clang-build-session-file /Users/admin/builder/spi-builder-workspace/.derivedData/ModuleCache.noindex/Session.modulevalidation -Xcc -working-directory -Xcc /Users/admin/builder/spi-builder-workspace/.swiftpm/xcode -enable-anonymous-context-mangled-names -file-compilation-dir /Users/admin/builder/spi-builder-workspace/.swiftpm/xcode -Xcc -D_LIBCPP_HARDENING_MODE\=_LIBCPP_HARDENING_MODE_DEBUG -Xcc -ivfsstatcache -Xcc /Users/admin/builder/spi-builder-workspace/.derivedData/SDKStatCaches.noindex/watchos27.0-24R360-e829b21a6f8c9b70876ba0858053c04477534ef55a1706bf4c1112bbb242f0a2.sdkstatcache -Xcc -fmodules-prune-interval\=86400 -Xcc -fmodules-prune-after\=345600 -Xcc -I/Users/admin/builder/spi-builder-workspace/.derivedData/Build/Products/Debug-watchos/include -Xcc -I/Users/admin/builder/spi-builder-workspace/.derivedData/Build/Intermediates.noindex/CSCodeSignature.build/Debug-watchos/CSCodeSignature-t.build/DerivedSources-normal/arm64_32 -Xcc -I/Users/admin/builder/spi-builder-workspace/.derivedData/Build/Intermediates.noindex/CSCodeSignature.build/Debug-watchos/CSCodeSignature-t.build/DerivedSources/arm64_32 -Xcc -I/Users/admin/builder/spi-builder-workspace/.derivedData/Build/Intermediates.noindex/CSCodeSignature.build/Debug-watchos/CSCodeSignature-t.build/DerivedSources -Xcc -DSWIFT_PACKAGE -Xcc -DDEBUG\=1 -no-auto-bridging-header-chaining -module-name CSCodeSignature -package-name spi_builder_workspace -const-gather-protocols-file /Users/admin/builder/spi-builder-workspace/.derivedData/Build/Intermediates.noindex/CSCodeSignature.build/Debug-watchos/CSCodeSignature-t.build/Objects-normal/arm64_32/CSCodeSignature_const_extract_protocols.json -disable-clang-spi -clang-target arm64_32-apple-watchos27.0 -target-sdk-version 27.0 -target-sdk-name watchos27.0 -in-process-plugin-server-path /Applications/Xcode-27.0.0-Release.Candidate.app/Contents/Developer/Toolchains/XcodeDefault.xctoolchain/usr/lib/swift/host/libSwiftInProcPluginServer.dylib -emit-module-doc-path /Users/admin/builder/spi-builder-workspace/.derivedData/Build/Intermediates.noindex/CSCodeSignature.build/Debug-watchos/CSCodeSignature-t.build/Objects-normal/arm64_32/CSCodeSignature.swiftdoc -emit-module-source-info-path /Users/admin/builder/spi-builder-workspace/.derivedData/Build/Intermediates.noindex/CSCodeSignature.build/Debug-watchos/CSCodeSignature-t.build/Objects-normal/arm64_32/CSCodeSignature.swiftsourceinfo -emit-objc-header-path /Users/admin/builder/spi-builder-workspace/.derivedData/Build/Intermediates.noindex/CSCodeSignature.build/Debug-watchos/CSCodeSignature-t.build/Objects-normal/arm64_32/CSCodeSignature-Swift.h -serialize-diagnostics-path /Users/admin/builder/spi-builder-workspace/.derivedData/Build/Intermediates.noindex/CSCodeSignature.build/Debug-watchos/CSCodeSignature-t.build/Objects-normal/arm64_32/CSCodeSignature-primary-emit-module.dia -emit-dependencies-path /Users/admin/builder/spi-builder-workspace/.derivedData/Build/Intermediates.noindex/CSCodeSignature.build/Debug-watchos/CSCodeSignature-t.build/Objects-normal/arm64_32/CSCodeSignature-primary-emit-module.d -parse-as-library -o /Users/admin/builder/spi-builder-workspace/.derivedData/Build/Intermediates.noindex/CSCodeSignature.build/Debug-watchos/CSCodeSignature-t.build/Objects-normal/arm64_32/CSCodeSignature.swiftmodule -emit-abi-descriptor-path /Users/admin/builder/spi-builder-workspace/.derivedData/Build/Intermediates.noindex/CSCodeSignature.build/Debug-watchos/CSCodeSignature-t.build/Objects-normal/arm64_32/CSCodeSignature.abi.json
SwiftCompile normal arm64_32 (in target 'CSCodeSignature' from project 'CSCodeSignature')
cd /Users/admin/builder/spi-builder-workspace/.swiftpm/xcode
SwiftCompile normal arm64 Compiling\ CocoaError+CSErrors.swift /Users/admin/builder/spi-builder-workspace/.dependencies/checkouts/CSErrors/Sources/CSErrors/CocoaError+CSErrors.swift (in target 'CSErrors' from project 'CSErrors')
SwiftCompile normal arm64 /Users/admin/builder/spi-builder-workspace/.dependencies/checkouts/CSErrors/Sources/CSErrors/CocoaError+CSErrors.swift (in target 'CSErrors' from project 'CSErrors')
cd /Users/admin/builder/spi-builder-workspace/.swiftpm/xcode
builtin-SwiftPerFileCompile CocoaError+CSErrors.swift
SwiftCompile normal arm64_32 Compiling\ CSCodeSignature.swift /Users/admin/builder/spi-builder-workspace/Sources/CSCodeSignature/CSCodeSignature.swift (in target 'CSCodeSignature' from project 'CSCodeSignature')
SwiftCompile normal arm64_32 /Users/admin/builder/spi-builder-workspace/Sources/CSCodeSignature/CSCodeSignature.swift (in target 'CSCodeSignature' from project 'CSCodeSignature')
cd /Users/admin/builder/spi-builder-workspace/.swiftpm/xcode
builtin-SwiftPerFileCompile CSCodeSignature.swift
PruneExplicitPrecompiledModules /Users/admin/builder/spi-builder-workspace/.derivedData/Build/Intermediates.noindex/ExplicitPrecompiledModules
PruneExplicitPrecompiledModules /Users/admin/builder/spi-builder-workspace/.derivedData/SDKExplicitPrecompiledModules
PruneExplicitPrecompiledModules /Users/admin/builder/spi-builder-workspace/.derivedData/Build/Intermediates.noindex/SwiftExplicitPrecompiledModules
2026-09-24 06:50:02.092 xcodebuild[842:5040] [MT] IDERunDestination: Supported platforms for the buildables in the current scheme is empty.
** BUILD FAILED **
The following build commands failed:
SwiftEmitModule normal arm64 Emitting\ module\ for\ CSCodeSignature (in target 'CSCodeSignature' from project 'CSCodeSignature')
SwiftCompile normal arm64 (in target 'CSCodeSignature' from project 'CSCodeSignature')
SwiftEmitModule normal arm64_32 Emitting\ module\ for\ CSCodeSignature (in target 'CSCodeSignature' from project 'CSCodeSignature')
SwiftCompile normal arm64_32 (in target 'CSCodeSignature' from project 'CSCodeSignature')
Building workspace CSCodeSignature with scheme CSCodeSignature
(5 failures)
BUILD FAILURE 6.4 watchOS